Aug 23 03:32:34.690364 n-d-749052-7 devstack@n-api.service[116739]: DEBUG oslo_concurrency.lockutils [None req-a5257f96-8cc3-4ad4-abde-593f5c8c00a6 tempest-HypervisorAdminV228Test-797246460 tempest-HypervisorAdminV228Test-797246460-project-admin] Lock "02c9ffcb-72f7-4dc5-86a4-d6f0a2657859" released by "nova.context.set_target_cell..get_or_set_cached_cell_and_set_connections" :: held 0.002s {{(pid=116739) inner /usr/local/lib/python3.8/dist-packages/oslo_concurrency/lockutils.py:367}}
Aug 23 03:32:34.698149 n-d-749052-7 devstack@n-api.service[116740]: DEBUG nova.api.openstack.wsgi [None req-8cc8fbe9-8026-4682-a080-859d3f73a16b tempest-AggregatesAdminNegativeTestJSON-1304524190 tempest-AggregatesAdminNegativeTestJSON-1304524190-project-admin] Action: 'create', calling method: >, body: {"aggregate": {"name": "tempest-test_aggregate-1401542474"}} {{(pid=116740) _process_stack /opt/stack/nova/nova/api/openstack/wsgi.py:511}}
Aug 23 03:32:34.700280 n-d-749052-7 devstack@n-api.service[116740]: /usr/local/lib/python3.8/dist-packages/oslo_policy/policy.py:1064: UserWarning: Policy os_compute_api:os-aggregates:create failed scope check. The token used to make the request was project scoped but the policy requires ['system'] scope. This behavior may change in the future where using the intended scope is required
Aug 23 03:32:34.700280 n-d-749052-7 devstack@n-api.service[116740]: warnings.warn(msg)
Aug 23 03:32:34.707476 n-d-749052-7 devstack@n-api.service[116740]: DEBUG nova.objects.aggregate [None req-8cc8fbe9-8026-4682-a080-859d3f73a16b tempest-AggregatesAdminNegativeTestJSON-1304524190 tempest-AggregatesAdminNegativeTestJSON-1304524190-project-admin] Generated uuid 696ecb93-d4f0-4066-8f39-e2b38afa6d4c for aggregate {{(pid=116740) create /opt/stack/nova/nova/objects/aggregate.py:298}}
Aug 23 03:32:34.712599 n-d-749052-7 devstack@n-api.service[116739]: DEBUG oslo_concurrency.lockutils [None req-a5257f96-8cc3-4ad4-abde-593f5c8c00a6 tempest-HypervisorAdminV228Test-797246460 tempest-HypervisorAdminV228Test-797246460-project-admin] Lock "02c9ffcb-72f7-4dc5-86a4-d6f0a2657859" acquired by "nova.context.set_target_cell..get_or_set_cached_cell_and_set_connections" :: waited 0.000s {{(pid=116739) inner /usr/local/lib/python3.8/dist-packages/oslo_concurrency/lockutils.py:355}}
Aug 23 03:32:34.713062 n-d-749052-7 devstack@n-api.service[116739]: DEBUG oslo_concurrency.lockutils [None req-a5257f96-8cc3-4ad4-abde-593f5c8c00a6 tempest-HypervisorAdminV228Test-797246460 tempest-HypervisorAdminV228Test-797246460-project-admin] Lock "02c9ffcb-72f7-4dc5-86a4-d6f0a2657859" released by "nova.context.set_target_cell..get_or_set_cached_cell_and_set_connections" :: held 0.001s {{(pid=116739) inner /usr/local/lib/python3.8/dist-packages/oslo_concurrency/lockutils.py:367}}
Aug 23 03:32:34.738083 n-d-749052-7 devstack@n-api.service[116739]: DEBUG oslo_concurrency.lockutils [None req-a5257f96-8cc3-4ad4-abde-593f5c8c00a6 tempest-HypervisorAdminV228Test-797246460 tempest-HypervisorAdminV228Test-797246460-project-admin] Lock "02c9ffcb-72f7-4dc5-86a4-d6f0a2657859" acquired by "nova.context.set_target_cell..get_or_set_cached_cell_and_set_connections" :: waited 0.000s {{(pid=116739) inner /usr/local/lib/python3.8/dist-packages/oslo_concurrency/lockutils.py:355}}
Aug 23 03:32:34.738885 n-d-749052-7 devstack@n-api.service[116739]: DEBUG oslo_concurrency.lockutils [None req-a5257f96-8cc3-4ad4-abde-593f5c8c00a6 tempest-HypervisorAdminV228Test-797246460 tempest-HypervisorAdminV228Test-797246460-project-admin] Lock "02c9ffcb-72f7-4dc5-86a4-d6f0a2657859" released by "nova.context.set_target_cell..get_or_set_cached_cell_and_set_connections" :: held 0.001s {{(pid=116739) inner /usr/local/lib/python3.8/dist-packages/oslo_concurrency/lockutils.py:367}}
Aug 23 03:32:34.745439 n-d-749052-7 devstack@n-api.service[116739]: INFO nova.api.openstack.requestlog [None req-a5257f96-8cc3-4ad4-abde-593f5c8c00a6 tempest-HypervisorAdminV228Test-797246460 tempest-HypervisorAdminV228Test-797246460-project-admin] 10.222.0.20 "GET /compute/v2.1/os-hypervisors" status: 200 len: 191 microversion: 2.28 time: 0.259558
Aug 23 03:32:34.746009 n-d-749052-7 devstack@n-api.service[116739]: [pid: 116739|app: 0|req: 140/280] 10.222.0.20 () {60 vars in 1187 bytes} [Mon Aug 23 03:32:34 2021] GET /compute/v2.1/os-hypervisors => generated 191 bytes in 261 msecs (HTTP/1.1 200) 9 headers in 359 bytes (1 switches on core 0)
Aug 23 03:32:34.756563 n-d-749052-7 devstack@n-api.service[116739]: DEBUG nova.api.openstack.wsgi [None req-d7bf40d9-c66a-4639-8cce-8cf64ea4f488 tempest-HypervisorAdminV228Test-797246460 tempest-HypervisorAdminV228Test-797246460-project-admin] Calling method '.version_select at 0x7f8965f8d820>' {{(pid=116739) _process_stack /opt/stack/nova/nova/api/openstack/wsgi.py:513}}
Aug 23 03:32:34.757409 n-d-749052-7 devstack@n-api.service[116739]: /usr/local/lib/python3.8/dist-packages/oslo_policy/policy.py:1064: UserWarning: Policy os_compute_api:os-hypervisors:show failed scope check. The token used to make the request was project scoped but the policy requires ['system'] scope. This behavior may change in the future where using the intended scope is required
Aug 23 03:32:34.757409 n-d-749052-7 devstack@n-api.service[116739]: warnings.warn(msg)
Aug 23 03:32:34.759022 n-d-749052-7 devstack@n-api.service[116739]: DEBUG oslo_concurrency.lockutils [None req-d7bf40d9-c66a-4639-8cce-8cf64ea4f488 tempest-HypervisorAdminV228Test-797246460 tempest-HypervisorAdminV228Test-797246460-project-admin] Lock "02c9ffcb-72f7-4dc5-86a4-d6f0a2657859" acquired by "nova.context.set_target_cell..get_or_set_cached_cell_and_set_connections" :: waited 0.000s {{(pid=116739) inner /usr/local/lib/python3.8/dist-packages/oslo_concurrency/lockutils.py:355}}
Aug 23 03:32:34.759479 n-d-749052-7 devstack@n-api.service[116739]: DEBUG oslo_concurrency.lockutils [None req-d7bf40d9-c66a-4639-8cce-8cf64ea4f488 tempest-HypervisorAdminV228Test-797246460 tempest-HypervisorAdminV228Test-797246460-project-admin] Lock "02c9ffcb-72f7-4dc5-86a4-d6f0a2657859" released by "nova.context.set_target_cell..get_or_set_cached_cell_and_set_connections" :: held 0.000s {{(pid=116739) inner /usr/local/lib/python3.8/dist-packages/oslo_concurrency/lockutils.py:367}}
Aug 23 03:32:34.775802 n-d-749052-7 devstack@n-api.service[116739]: DEBUG oslo_concurrency.lockutils [None req-d7bf40d9-c66a-4639-8cce-8cf64ea4f488 tempest-HypervisorAdminV228Test-797246460 tempest-HypervisorAdminV228Test-797246460-project-admin] Lock "02c9ffcb-72f7-4dc5-86a4-d6f0a2657859" acquired by "nova.context.set_target_cell..get_or_set_cached_cell_and_set_connections" :: waited 0.000s {{(pid=116739) inner /usr/local/lib/python3.8/dist-packages/oslo_concurrency/lockutils.py:355}}
Aug 23 03:32:34.776244 n-d-749052-7 devstack@n-api.service[116739]: DEBUG oslo_concurrency.lockutils [None req-d7bf40d9-c66a-4639-8cce-8cf64ea4f488 tempest-HypervisorAdminV228Test-797246460 tempest-HypervisorAdminV228Test-797246460-project-admin] Lock "02c9ffcb-72f7-4dc5-86a4-d6f0a2657859" released by "nova.context.set_target_cell..get_or_set_cached_cell_and_set_connections" :: held 0.001s {{(pid=116739) inner /usr/local/lib/python3.8/dist-packages/oslo_concurrency/lockutils.py:367}}
Aug 23 03:32:34.782801 n-d-749052-7 devstack@n-api.service[116739]: INFO nova.api.openstack.requestlog [None req-d7bf40d9-c66a-4639-8cce-8cf64ea4f488 tempest-HypervisorAdminV228Test-797246460 tempest-HypervisorAdminV228Test-797246460-project-admin] 10.222.0.20 "GET /compute/v2.1/os-hypervisors/1" status: 200 len: 718 microversion: 2.28 time: 0.030117
Aug 23 03:32:34.785325 n-d-749052-7 devstack@n-api.service[116739]: [pid: 116739|app: 0|req: 141/281] 10.222.0.20 () {60 vars in 1193 bytes} [Mon Aug 23 03:32:34 2021] GET /compute/v2.1/os-hypervisors/1 => generated 718 bytes in 33 msecs (HTTP/1.1 200) 9 headers in 359 bytes (1 switches on core 0)
Aug 23 03:32:34.816329 n-d-749052-7 devstack@n-api.service[116740]: INFO nova.api.openstack.requestlog [None req-8cc8fbe9-8026-4682-a080-859d3f73a16b tempest-AggregatesAdminNegativeTestJSON-1304524190 tempest-AggregatesAdminNegativeTestJSON-1304524190-project-admin] 10.222.0.20 "POST /compute/v2.1/os-aggregates" status: 200 len: 199 microversion: 2.1 time: 0.125180
Aug 23 03:32:34.817629 n-d-749052-7 devstack@n-api.service[116740]: [pid: 116740|app: 0|req: 141/282] 10.222.0.20 () {60 vars in 1164 bytes} [Mon Aug 23 03:32:34 2021] POST /compute/v2.1/os-aggregates => generated 199 bytes in 128 msecs (HTTP/1.1 200) 9 headers in 357 bytes (1 switches on core 0)
Aug 23 03:32:34.832254 n-d-749052-7 devstack@n-api.service[116739]: DEBUG nova.api.openstack.wsgi [None req-2791120f-bb07-4eb1-b2d5-4db73730bee9 tempest-AggregatesAdminNegativeTestJSON-1304524190 tempest-AggregatesAdminNegativeTestJSON-1304524190-project-admin] Action: 'action', calling method: >, body: {"add_host": {"host": "n-h2-749052-7"}} {{(pid=116739) _process_stack /opt/stack/nova/nova/api/openstack/wsgi.py:511}}
Aug 23 03:32:34.833577 n-d-749052-7 devstack@n-api.service[116739]: /usr/local/lib/python3.8/dist-packages/oslo_policy/policy.py:1064: UserWarning: Policy os_compute_api:os-aggregates:add_host failed scope check. The token used to make the request was project scoped but the policy requires ['system'] scope. This behavior may change in the future where using the intended scope is required
Aug 23 03:32:34.833577 n-d-749052-7 devstack@n-api.service[116739]: warnings.warn(msg)
Aug 23 03:32:34.844646 n-d-749052-7 devstack@n-api.service[116739]: DEBUG oslo_concurrency.lockutils [None req-2791120f-bb07-4eb1-b2d5-4db73730bee9 tempest-AggregatesAdminNegativeTestJSON-1304524190 tempest-AggregatesAdminNegativeTestJSON-1304524190-project-admin] Lock "02c9ffcb-72f7-4dc5-86a4-d6f0a2657859" acquired by "nova.context.set_target_cell..get_or_set_cached_cell_and_set_connections" :: waited 0.000s {{(pid=116739) inner /usr/local/lib/python3.8/dist-packages/oslo_concurrency/lockutils.py:355}}
Aug 23 03:32:34.845125 n-d-749052-7 devstack@n-api.service[116739]: DEBUG oslo_concurrency.lockutils [None req-2791120f-bb07-4eb1-b2d5-4db73730bee9 tempest-AggregatesAdminNegativeTestJSON-1304524190 tempest-AggregatesAdminNegativeTestJSON-1304524190-project-admin] Lock "02c9ffcb-72f7-4dc5-86a4-d6f0a2657859" released by "nova.context.set_target_cell..get_or_set_cached_cell_and_set_connections" :: held 0.001s {{(pid=116739) inner /usr/local/lib/python3.8/dist-packages/oslo_concurrency/lockutils.py:367}}
Aug 23 03:32:34.861844 n-d-749052-7 devstack@n-api.service[116740]: DEBUG nova.api.openstack.wsgi [None req-903aa723-cf9f-48f7-972f-91edf18d3fc6 tempest-ServersWithSpecificFlavorTestJSON-168220789 tempest-ServersWithSpecificFlavorTestJSON-168220789-project] Calling method '>' {{(pid=116740) _process_stack /opt/stack/nova/nova/api/openstack/wsgi.py:513}}
Aug 23 03:32:34.862735 n-d-749052-7 devstack@n-api.service[116740]: DEBUG nova.compute.api [None req-903aa723-cf9f-48f7-972f-91edf18d3fc6 tempest-ServersWithSpecificFlavorTestJSON-168220789 tempest-ServersWithSpecificFlavorTestJSON-168220789-project] [instance: 24cb193f-6cb1-491d-9c18-6e70aaaac4a7] Fetching instance by UUID {{(pid=116740) get /opt/stack/nova/nova/compute/api.py:2825}}
Aug 23 03:32:34.874587 n-d-749052-7 devstack@n-api.service[116740]: DEBUG oslo_concurrency.lockutils [None req-903aa723-cf9f-48f7-972f-91edf18d3fc6 tempest-ServersWithSpecificFlavorTestJSON-168220789 tempest-ServersWithSpecificFlavorTestJSON-168220789-project] Lock "02c9ffcb-72f7-4dc5-86a4-d6f0a2657859" acquired by "nova.context.set_target_cell..get_or_set_cached_cell_and_set_connections" :: waited 0.000s {{(pid=116740) inner /usr/local/lib/python3.8/dist-packages/oslo_concurrency/lockutils.py:355}}
Aug 23 03:32:34.875772 n-d-749052-7 devstack@n-api.service[116740]: DEBUG oslo_concurrency.lockutils [None req-903aa723-cf9f-48f7-972f-91edf18d3fc6 tempest-ServersWithSpecificFlavorTestJSON-168220789 tempest-ServersWithSpecificFlavorTestJSON-168220789-project] Lock "02c9ffcb-72f7-4dc5-86a4-d6f0a2657859" released by "nova.context.set_target_cell..get_or_set_cached_cell_and_set_connections" :: held 0.001s {{(pid=116740) inner /usr/local/lib/python3.8/dist-packages/oslo_concurrency/lockutils.py:367}}
Aug 23 03:32:34.876787 n-d-749052-7 devstack@n-api.service[116740]: DEBUG oslo_concurrency.lockutils [None req-903aa723-cf9f-48f7-972f-91edf18d3fc6 tempest-ServersWithSpecificFlavorTestJSON-168220789 tempest-ServersWithSpecificFlavorTestJSON-168220789-project] Lock "02c9ffcb-72f7-4dc5-86a4-d6f0a2657859" acquired by "nova.context.set_target_cell..get_or_set_cached_cell_and_set_connections" :: waited 0.000s {{(pid=116740) inner /usr/local/lib/python3.8/dist-packages/oslo_concurrency/lockutils.py:355}}
Aug 23 03:32:34.877276 n-d-749052-7 devstack@n-api.service[116740]: DEBUG oslo_concurrency.lockutils [None req-903aa723-cf9f-48f7-972f-91edf18d3fc6 tempest-ServersWithSpecificFlavorTestJSON-168220789 tempest-ServersWithSpecificFlavorTestJSON-168220789-project] Lock "02c9ffcb-72f7-4dc5-86a4-d6f0a2657859" released by "nova.context.set_target_cell..get_or_set_cached_cell_and_set_connections" :: held 0.000s {{(pid=116740) inner /usr/local/lib/python3.8/dist-packages/oslo_concurrency/lockutils.py:367}}
Aug 23 03:32:35.173310 n-d-749052-7 devstack@n-api.service[116740]: DEBUG nova.policy [None req-903aa723-cf9f-48f7-972f-91edf18d3fc6 tempest-ServersWithSpecificFlavorTestJSON-168220789 tempest-ServersWithSpecificFlavorTestJSON-168220789-project] Policy check for os_compute_api:os-extended-server-attributes failed with credentials {'is_admin': False, 'user_id': 'c09e820e927c4baabf3ae9dea8735367', 'user_domain_id': 'default', 'system_scope': None, 'domain_id': None, 'project_id': '9b2a52da400e46c5a077f830248eb7bd', 'project_domain_id': 'default', 'roles': ['reader', 'member'], 'is_admin_project': True, 'service_user_id': None, 'service_user_domain_id': None, 'service_project_id': None, 'service_project_domain_id': None, 'service_roles': []} {{(pid=116740) authorize /opt/stack/nova/nova/policy.py:199}}
Aug 23 03:32:35.182692 n-d-749052-7 devstack@n-api.service[116740]: INFO nova.api.openstack.requestlog [None req-903aa723-cf9f-48f7-972f-91edf18d3fc6 tempest-ServersWithSpecificFlavorTestJSON-168220789 tempest-ServersWithSpecificFlavorTestJSON-168220789-project] 10.222.0.20 "GET /compute/v2.1/servers/24cb193f-6cb1-491d-9c18-6e70aaaac4a7" status: 200 len: 1390 microversion: 2.1 time: 0.326795
Aug 23 03:32:35.190271 n-d-749052-7 devstack@n-api.service[116740]: [pid: 116740|app: 0|req: 142/283] 10.222.0.20 () {58 vars in 1236 bytes} [Mon Aug 23 03:32:34 2021] GET /compute/v2.1/servers/24cb193f-6cb1-491d-9c18-6e70aaaac4a7 => generated 1390 bytes in 330 msecs (HTTP/1.1 200) 9 headers in 358 bytes (2 switches on core 0)
Aug 23 03:32:35.193465 n-d-749052-7 devstack@n-api.service[116740]: DEBUG nova.api.openstack.wsgi [None req-f309d96f-c921-4d2a-a559-69c47ac720c7 tempest-ServersAdminTestJSON-1161287948 tempest-ServersAdminTestJSON-1161287948-project] Calling method '>' {{(pid=116740) _process_stack /opt/stack/nova/nova/api/openstack/wsgi.py:513}}
Aug 23 03:32:35.198189 n-d-749052-7 devstack@n-api.service[116740]: DEBUG nova.compute.api [None req-f309d96f-c921-4d2a-a559-69c47ac720c7 tempest-ServersAdminTestJSON-1161287948 tempest-ServersAdminTestJSON-1161287948-project] [instance: 8320ec87-8250-446c-b2fa-1e78bb7d1233] Fetching instance by UUID {{(pid=116740) get /opt/stack/nova/nova/compute/api.py:2825}}
Aug 23 03:32:35.209335 n-d-749052-7 devstack@n-api.service[116740]: DEBUG oslo_concurrency.lockutils [None req-f309d96f-c921-4d2a-a559-69c47ac720c7 tempest-ServersAdminTestJSON-1161287948 tempest-ServersAdminTestJSON-1161287948-project] Lock "02c9ffcb-72f7-4dc5-86a4-d6f0a2657859" acquired by "nova.context.set_target_cell..get_or_set_cached_cell_and_set_connections" :: waited 0.000s {{(pid=116740) inner /usr/local/lib/python3.8/dist-packages/oslo_concurrency/lockutils.py:355}}
Aug 23 03:32:35.214527 n-d-749052-7 devstack@n-api.service[116740]: DEBUG oslo_concurrency.lockutils [None req-f309d96f-c921-4d2a-a559-69c47ac720c7 tempest-ServersAdminTestJSON-1161287948 tempest-ServersAdminTestJSON-1161287948-project] Lock "02c9ffcb-72f7-4dc5-86a4-d6f0a2657859" released by "nova.context.set_target_cell..get_or_set_cached_cell_and_set_connections" :: held 0.002s {{(pid=116740) inner /usr/local/lib/python3.8/dist-packages/oslo_concurrency/lockutils.py:367}}
Aug 23 03:32:35.219192 n-d-749052-7 devstack@n-api.service[116739]: INFO nova.api.openstack.requestlog [None req-2791120f-bb07-4eb1-b2d5-4db73730bee9 tempest-AggregatesAdminNegativeTestJSON-1304524190 tempest-AggregatesAdminNegativeTestJSON-1304524190-project-admin] 10.222.0.20 "POST /compute/v2.1/os-aggregates/16/action" status: 200 len: 243 microversion: 2.1 time: 0.391659
Aug 23 03:32:35.219192 n-d-749052-7 devstack@n-api.service[116739]: [pid: 116739|app: 0|req: 142/284] 10.222.0.20 () {60 vars in 1194 bytes} [Mon Aug 23 03:32:34 2021] POST /compute/v2.1/os-aggregates/16/action => generated 243 bytes in 393 msecs (HTTP/1.1 200) 9 headers in 357 bytes (1 switches on core 0)
Aug 23 03:32:35.219439 n-d-749052-7 devstack@n-api.service[116740]: DEBUG oslo_concurrency.lockutils [None req-f309d96f-c921-4d2a-a559-69c47ac720c7 tempest-ServersAdminTestJSON-1161287948 tempest-ServersAdminTestJSON-1161287948-project] Lock "02c9ffcb-72f7-4dc5-86a4-d6f0a2657859" acquired by "nova.context.set_target_cell..get_or_set_cached_cell_and_set_connections" :: waited 0.000s {{(pid=116740) inner /usr/local/lib/python3.8/dist-packages/oslo_concurrency/lockutils.py:355}}
Aug 23 03:32:35.219918 n-d-749052-7 devstack@n-api.service[116740]: DEBUG oslo_concurrency.lockutils [None req-f309d96f-c921-4d2a-a559-69c47ac720c7 tempest-ServersAdminTestJSON-1161287948 tempest-ServersAdminTestJSON-1161287948-project] Lock "02c9ffcb-72f7-4dc5-86a4-d6f0a2657859" released by "nova.context.set_target_cell..get_or_set_cached_cell_and_set_connections" :: held 0.002s {{(pid=116740) inner /usr/local/lib/python3.8/dist-packages/oslo_concurrency/lockutils.py:367}}
Aug 23 03:32:35.227990 n-d-749052-7 devstack@n-api.service[116739]: DEBUG nova.api.openstack.wsgi [None req-44850110-251b-4f4e-8625-eb26a311d760 tempest-AggregatesAdminNegativeTestJSON-663520507 tempest-AggregatesAdminNegativeTestJSON-663520507-project] Action: 'action', calling method: >, body: {"remove_host": {"host": "n-h2-749052-7"}} {{(pid=116739) _process_stack /opt/stack/nova/nova/api/openstack/wsgi.py:511}}
Aug 23 03:32:35.229865 n-d-749052-7 devstack@n-api.service[116739]: /usr/local/lib/python3.8/dist-packages/oslo_policy/policy.py:1064: UserWarning: Policy os_compute_api:os-aggregates:remove_host failed scope check. The token used to make the request was project scoped but the policy requires ['system'] scope. This behavior may change in the future where using the intended scope is required
Aug 23 03:32:35.229865 n-d-749052-7 devstack@n-api.service[116739]: warnings.warn(msg)
Aug 23 03:32:35.230824 n-d-749052-7 devstack@n-api.service[116739]: DEBUG nova.policy [None req-44850110-251b-4f4e-8625-eb26a311d760 tempest-AggregatesAdminNegativeTestJSON-663520507 tempest-AggregatesAdminNegativeTestJSON-663520507-project] Policy check for os_compute_api:os-aggregates:remove_host failed with credentials {'is_admin': False, 'user_id': '6f0dd52757454d17b2f9f9764fc7423c', 'user_domain_id': 'default', 'system_scope': None, 'domain_id': None, 'project_id': 'c160247c3db24057bc8c431e45a975ec', 'project_domain_id': 'default', 'roles': ['reader', 'member'], 'is_admin_project': True, 'service_user_id': None, 'service_user_domain_id': None, 'service_project_id': None, 'service_project_domain_id': None, 'service_roles': []} {{(pid=116739) authorize /opt/stack/nova/nova/policy.py:199}}
Aug 23 03:32:35.234172 n-d-749052-7 devstack@n-api.service[116739]: DEBUG nova.api.openstack.wsgi [None req-44850110-251b-4f4e-8625-eb26a311d760 tempest-AggregatesAdminNegativeTestJSON-663520507 tempest-AggregatesAdminNegativeTestJSON-663520507-project] Returning 403 to user: Policy doesn't allow os_compute_api:os-aggregates:remove_host to be performed. {{(pid=116739) __call__ /opt/stack/nova/nova/api/openstack/wsgi.py:927}}
Aug 23 03:32:35.235682 n-d-749052-7 devstack@n-api.service[116739]: INFO nova.api.openstack.requestlog [None req-44850110-251b-4f4e-8625-eb26a311d760 tempest-AggregatesAdminNegativeTestJSON-663520507 tempest-AggregatesAdminNegativeTestJSON-663520507-project] 10.222.0.20 "POST /compute/v2.1/os-aggregates/16/action" status: 403 len: 121 microversion: 2.1 time: 0.011555
Aug 23 03:32:35.239057 n-d-749052-7 devstack@n-api.service[116739]: [pid: 116739|app: 0|req: 143/285] 10.222.0.20 () {60 vars in 1194 bytes} [Mon Aug 23 03:32:35 2021] POST /compute/v2.1/os-aggregates/16/action => generated 121 bytes in 15 msecs (HTTP/1.1 403) 9 headers in 379 bytes (1 switches on core 0)
Aug 23 03:32:35.252533 n-d-749052-7 devstack@n-api.service[116739]: DEBUG nova.api.openstack.wsgi [None req-4ee4f81c-2cf5-46f2-9de1-ce09ef09d45b tempest-AggregatesAdminNegativeTestJSON-1304524190 tempest-AggregatesAdminNegativeTestJSON-1304524190-project-admin] Action: 'action', calling method: >, body: {"remove_host": {"host": "n-h2-749052-7"}} {{(pid=116739) _process_stack /opt/stack/nova/nova/api/openstack/wsgi.py:511}}
Aug 23 03:32:35.294132 n-d-749052-7 devstack@n-api.service[116739]: DEBUG oslo_concurrency.lockutils [None req-4ee4f81c-2cf5-46f2-9de1-ce09ef09d45b tempest-AggregatesAdminNegativeTestJSON-1304524190 tempest-AggregatesAdminNegativeTestJSON-1304524190-project-admin] Lock "02c9ffcb-72f7-4dc5-86a4-d6f0a2657859" acquired by "nova.context.set_target_cell..get_or_set_cached_cell_and_set_connections" :: waited 0.000s {{(pid=116739) inner /usr/local/lib/python3.8/dist-packages/oslo_concurrency/lockutils.py:355}}
Aug 23 03:32:35.302383 n-d-749052-7 devstack@n-api.service[116739]: DEBUG oslo_concurrency.lockutils [None req-4ee4f81c-2cf5-46f2-9de1-ce09ef09d45b tempest-AggregatesAdminNegativeTestJSON-1304524190 tempest-AggregatesAdminNegativeTestJSON-1304524190-project-admin] Lock "02c9ffcb-72f7-4dc5-86a4-d6f0a2657859" released by "nova.context.set_target_cell..get_or_set_cached_cell_and_set_connections" :: held 0.001s {{(pid=116739) inner /usr/local/lib/python3.8/dist-packages/oslo_concurrency/lockutils.py:367}}
Aug 23 03:32:35.528735 n-d-749052-7 devstack@n-api.service[116740]: DEBUG nova.policy [None req-f309d96f-c921-4d2a-a559-69c47ac720c7 tempest-ServersAdminTestJSON-1161287948 tempest-ServersAdminTestJSON-1161287948-project] Policy check for os_compute_api:os-extended-server-attributes failed with credentials {'is_admin': False, 'user_id': '12f4d3fd585449779733aa577a5e505a', 'user_domain_id': 'default', 'system_scope': None, 'domain_id': None, 'project_id': '6431d385a201402384e6d5e5ed1c2bbd', 'project_domain_id': 'default', 'roles': ['reader', 'member'], 'is_admin_project': True, 'service_user_id': None, 'service_user_domain_id': None, 'service_project_id': None, 'service_project_domain_id': None, 'service_roles': []} {{(pid=116740) authorize /opt/stack/nova/nova/policy.py:199}}
Aug 23 03:32:35.546288 n-d-749052-7 devstack@n-api.service[116740]: INFO nova.api.openstack.requestlog [None req-f309d96f-c921-4d2a-a559-69c47ac720c7 tempest-ServersAdminTestJSON-1161287948 tempest-ServersAdminTestJSON-1161287948-project] 10.222.0.20 "GET /compute/v2.1/servers/8320ec87-8250-446c-b2fa-1e78bb7d1233" status: 200 len: 1314 microversion: 2.1 time: 0.359303
Aug 23 03:32:35.547644 n-d-749052-7 devstack@n-api.service[116740]: [pid: 116740|app: 0|req: 143/286] 10.222.0.20 () {58 vars in 1236 bytes} [Mon Aug 23 03:32:35 2021] GET /compute/v2.1/servers/8320ec87-8250-446c-b2fa-1e78bb7d1233 => generated 1314 bytes in 361 msecs (HTTP/1.1 200) 9 headers in 358 bytes (1 switches on core 0)
Aug 23 03:32:35.594310 n-d-749052-7 devstack@n-api.service[116740]: DEBUG nova.api.openstack.wsgi [None req-64eb5128-480e-44c6-a6dd-acabccd8c386 tempest-LiveMigrationTest-624849074 tempest-LiveMigrationTest-624849074-project] Calling method '>' {{(pid=116740) _process_stack /opt/stack/nova/nova/api/openstack/wsgi.py:513}}
Aug 23 03:32:35.596279 n-d-749052-7 devstack@n-api.service[116740]: DEBUG nova.compute.api [None req-64eb5128-480e-44c6-a6dd-acabccd8c386 tempest-LiveMigrationTest-624849074 tempest-LiveMigrationTest-624849074-project] [instance: 7ebd6a57-3cc6-4ba8-a21c-8c343e04a457] Fetching instance by UUID {{(pid=116740) get /opt/stack/nova/nova/compute/api.py:2825}}
Aug 23 03:32:35.606660 n-d-749052-7 devstack@n-api.service[116739]: INFO nova.api.openstack.requestlog [None req-4ee4f81c-2cf5-46f2-9de1-ce09ef09d45b tempest-AggregatesAdminNegativeTestJSON-1304524190 tempest-AggregatesAdminNegativeTestJSON-1304524190-project-admin] 10.222.0.20 "POST /compute/v2.1/os-aggregates/16/action" status: 200 len: 228 microversion: 2.1 time: 0.357412
Aug 23 03:32:35.607555 n-d-749052-7 devstack@n-api.service[116739]: [pid: 116739|app: 0|req: 144/287] 10.222.0.20 () {60 vars in 1194 bytes} [Mon Aug 23 03:32:35 2021] POST /compute/v2.1/os-aggregates/16/action => generated 228 bytes in 359 msecs (HTTP/1.1 200) 9 headers in 357 bytes (1 switches on core 0)
Aug 23 03:32:35.608595 n-d-749052-7 devstack@n-api.service[116740]: DEBUG oslo_concurrency.lockutils [None req-64eb5128-480e-44c6-a6dd-acabccd8c386 tempest-LiveMigrationTest-624849074 tempest-LiveMigrationTest-624849074-project] Lock "02c9ffcb-72f7-4dc5-86a4-d6f0a2657859" acquired by "nova.context.set_target_cell..get_or_set_cached_cell_and_set_connections" :: waited 0.000s {{(pid=116740) inner /usr/local/lib/python3.8/dist-packages/oslo_concurrency/lockutils.py:355}}
Aug 23 03:32:35.609821 n-d-749052-7 devstack@n-api.service[116740]: DEBUG oslo_concurrency.lockutils [None req-64eb5128-480e-44c6-a6dd-acabccd8c386 tempest-LiveMigrationTest-624849074 tempest-LiveMigrationTest-624849074-project] Lock "02c9ffcb-72f7-4dc5-86a4-d6f0a2657859" released by "nova.context.set_target_cell..get_or_set_cached_cell_and_set_connections" :: held 0.002s {{(pid=116740) inner /usr/local/lib/python3.8/dist-packages/oslo_concurrency/lockutils.py:367}}
Aug 23 03:32:35.610777 n-d-749052-7 devstack@n-api.service[116740]: DEBUG oslo_concurrency.lockutils [None req-64eb5128-480e-44c6-a6dd-acabccd8c386 tempest-LiveMigrationTest-624849074 tempest-LiveMigrationTest-624849074-project] Lock "02c9ffcb-72f7-4dc5-86a4-d6f0a2657859" acquired by "nova.context.set_target_cell..get_or_set_cached_cell_and_set_connections" :: waited 0.000s {{(pid=116740) inner /usr/local/lib/python3.8/dist-packages/oslo_concurrency/lockutils.py:355}}
Aug 23 03:32:35.611416 n-d-749052-7 devstack@n-api.service[116740]: DEBUG oslo_concurrency.lockutils [None req-64eb5128-480e-44c6-a6dd-acabccd8c386 tempest-LiveMigrationTest-624849074 tempest-LiveMigrationTest-624849074-project] Lock "02c9ffcb-72f7-4dc5-86a4-d6f0a2657859" released by "nova.context.set_target_cell..get_or_set_cached_cell_and_set_connections" :: held 0.001s {{(pid=116740) inner /usr/local/lib/python3.8/dist-packages/oslo_concurrency/lockutils.py:367}}
Aug 23 03:32:35.617211 n-d-749052-7 devstack@n-api.service[116739]: DEBUG nova.api.openstack.wsgi [None req-77874145-babd-4994-a46c-cf91e9b4273b tempest-MigrationsAdminTest-1391297514 tempest-MigrationsAdminTest-1391297514-project] Calling method '>' {{(pid=116739) _process_stack /opt/stack/nova/nova/api/openstack/wsgi.py:513}}
Aug 23 03:32:35.619783 n-d-749052-7 devstack@n-api.service[116739]: DEBUG nova.compute.api [None req-77874145-babd-4994-a46c-cf91e9b4273b tempest-MigrationsAdminTest-1391297514 tempest-MigrationsAdminTest-1391297514-project] [instance: 1a108fb0-acc6-4900-9d2a-4243d140cb18] Fetching instance by UUID {{(pid=116739) get /opt/stack/nova/nova/compute/api.py:2825}}
Aug 23 03:32:35.648517 n-d-749052-7 devstack@n-api.service[116739]: DEBUG oslo_concurrency.lockutils [None req-77874145-babd-4994-a46c-cf91e9b4273b tempest-MigrationsAdminTest-1391297514 tempest-MigrationsAdminTest-1391297514-project] Lock "02c9ffcb-72f7-4dc5-86a4-d6f0a2657859" acquired by "nova.context.set_target_cell..get_or_set_cached_cell_and_set_connections" :: waited 0.000s {{(pid=116739) inner /usr/local/lib/python3.8/dist-packages/oslo_concurrency/lockutils.py:355}}
Aug 23 03:32:35.648999 n-d-749052-7 devstack@n-api.service[116739]: DEBUG oslo_concurrency.lockutils [None req-77874145-babd-4994-a46c-cf91e9b4273b tempest-MigrationsAdminTest-1391297514 tempest-MigrationsAdminTest-1391297514-project] Lock "02c9ffcb-72f7-4dc5-86a4-d6f0a2657859" released by "nova.context.set_target_cell..get_or_set_cached_cell_and_set_connections" :: held 0.001s {{(pid=116739) inner /usr/local/lib/python3.8/dist-packages/oslo_concurrency/lockutils.py:367}}
Aug 23 03:32:35.658112 n-d-749052-7 devstack@n-api.service[116739]: DEBUG oslo_concurrency.lockutils [None req-77874145-babd-4994-a46c-cf91e9b4273b tempest-MigrationsAdminTest-1391297514 tempest-MigrationsAdminTest-1391297514-project] Lock "02c9ffcb-72f7-4dc5-86a4-d6f0a2657859" acquired by "nova.context.set_target_cell..get_or_set_cached_cell_and_set_connections" :: waited 0.002s {{(pid=116739) inner /usr/local/lib/python3.8/dist-packages/oslo_concurrency/lockutils.py:355}}
Aug 23 03:32:35.659935 n-d-749052-7 devstack@n-api.service[116739]: DEBUG oslo_concurrency.lockutils [None req-77874145-babd-4994-a46c-cf91e9b4273b tempest-MigrationsAdminTest-1391297514 tempest-MigrationsAdminTest-1391297514-project] Lock "02c9ffcb-72f7-4dc5-86a4-d6f0a2657859" released by "nova.context.set_target_cell..get_or_set_cached_cell_and_set_connections" :: held 0.001s {{(pid=116739) inner /usr/local/lib/python3.8/dist-packages/oslo_concurrency/lockutils.py:367}}
Aug 23 03:32:35.803347 n-d-749052-7 devstack@n-api.service[116739]: DEBUG nova.policy [None req-77874145-babd-4994-a46c-cf91e9b4273b tempest-MigrationsAdminTest-1391297514 tempest-MigrationsAdminTest-1391297514-project] Policy check for os_compute_api:os-extended-server-attributes failed with credentials {'is_admin': False, 'user_id': 'deb4c3f4d7ab408091f621ece6e7d096', 'user_domain_id': 'default', 'system_scope': None, 'domain_id': None, 'project_id': '20f616f4226d41c0bc8d4e12b5359c6e', 'project_domain_id': 'default', 'roles': ['reader', 'member'], 'is_admin_project': True, 'service_user_id': None, 'service_user_domain_id': None, 'service_project_id': None, 'service_project_domain_id': None, 'service_roles': []} {{(pid=116739) authorize /opt/stack/nova/nova/policy.py:199}}
Aug 23 03:32:35.822916 n-d-749052-7 devstack@n-api.service[116739]: INFO nova.api.openstack.requestlog [None req-77874145-babd-4994-a46c-cf91e9b4273b tempest-MigrationsAdminTest-1391297514 tempest-MigrationsAdminTest-1391297514-project] 10.222.0.20 "GET /compute/v2.1/servers/1a108fb0-acc6-4900-9d2a-4243d140cb18" status: 200 len: 1269 microversion: 2.1 time: 0.213891
Aug 23 03:32:35.830793 n-d-749052-7 devstack@n-api.service[116739]: [pid: 116739|app: 0|req: 145/288] 10.222.0.20 () {58 vars in 1236 bytes} [Mon Aug 23 03:32:35 2021] GET /compute/v2.1/servers/1a108fb0-acc6-4900-9d2a-4243d140cb18 => generated 1269 bytes in 216 msecs (HTTP/1.1 200) 9 headers in 358 bytes (1 switches on core 0)
Aug 23 03:32:35.830793 n-d-749052-7 devstack@n-api.service[116739]: DEBUG nova.api.openstack.wsgi [None req-76e7fa6a-a105-4643-9d58-fe73165d22b5 tempest-FloatingIPsAssociationTestJSON-573677811 tempest-FloatingIPsAssociationTestJSON-573677811-project] Calling method '>' {{(pid=116739) _process_stack /opt/stack/nova/nova/api/openstack/wsgi.py:513}}
Aug 23 03:32:35.830793 n-d-749052-7 devstack@n-api.service[116739]: DEBUG nova.compute.api [None req-76e7fa6a-a105-4643-9d58-fe73165d22b5 tempest-FloatingIPsAssociationTestJSON-573677811 tempest-FloatingIPsAssociationTestJSON-573677811-project] [instance: 31bdf8f6-0186-4da4-b9b2-3277f31aabbe] Fetching instance by UUID {{(pid=116739) get /opt/stack/nova/nova/compute/api.py:2825}}
Aug 23 03:32:35.837192 n-d-749052-7 devstack@n-api.service[116739]: DEBUG oslo_concurrency.lockutils [None req-76e7fa6a-a105-4643-9d58-fe73165d22b5 tempest-FloatingIPsAssociationTestJSON-573677811 tempest-FloatingIPsAssociationTestJSON-573677811-project] Lock "02c9ffcb-72f7-4dc5-86a4-d6f0a2657859" acquired by "nova.context.set_target_cell..get_or_set_cached_cell_and_set_connections" :: waited 0.000s {{(pid=116739) inner /usr/local/lib/python3.8/dist-packages/oslo_concurrency/lockutils.py:355}}
Aug 23 03:32:35.837814 n-d-749052-7 devstack@n-api.service[116739]: DEBUG oslo_concurrency.lockutils [None req-76e7fa6a-a105-4643-9d58-fe73165d22b5 tempest-FloatingIPsAssociationTestJSON-573677811 tempest-FloatingIPsAssociationTestJSON-573677811-project] Lock "02c9ffcb-72f7-4dc5-86a4-d6f0a2657859" released by "nova.context.set_target_cell..get_or_set_cached_cell_and_set_connections" :: held 0.001s {{(pid=116739) inner /usr/local/lib/python3.8/dist-packages/oslo_concurrency/lockutils.py:367}}
Aug 23 03:32:35.838738 n-d-749052-7 devstack@n-api.service[116739]: DEBUG oslo_concurrency.lockutils [None req-76e7fa6a-a105-4643-9d58-fe73165d22b5 tempest-FloatingIPsAssociationTestJSON-573677811 tempest-FloatingIPsAssociationTestJSON-573677811-project] Lock "02c9ffcb-72f7-4dc5-86a4-d6f0a2657859" acquired by "nova.context.set_target_cell..get_or_set_cached_cell_and_set_connections" :: waited 0.000s {{(pid=116739) inner /usr/local/lib/python3.8/dist-packages/oslo_concurrency/lockutils.py:355}}
Aug 23 03:32:35.839417 n-d-749052-7 devstack@n-api.service[116739]: DEBUG oslo_concurrency.lockutils [None req-76e7fa6a-a105-4643-9d58-fe73165d22b5 tempest-FloatingIPsAssociationTestJSON-573677811 tempest-FloatingIPsAssociationTestJSON-573677811-project] Lock "02c9ffcb-72f7-4dc5-86a4-d6f0a2657859" released by "nova.context.set_target_cell..get_or_set_cached_cell_and_set_connections" :: held 0.001s {{(pid=116739) inner /usr/local/lib/python3.8/dist-packages/oslo_concurrency/lockutils.py:367}}
Aug 23 03:32:35.878693 n-d-749052-7 devstack@n-api.service[116740]: DEBUG nova.policy [None req-64eb5128-480e-44c6-a6dd-acabccd8c386 tempest-LiveMigrationTest-624849074 tempest-LiveMigrationTest-624849074-project] Policy check for os_compute_api:os-extended-server-attributes failed with credentials {'is_admin': False, 'user_id': 'cac8aef1535d483496356a0164deb7a6', 'user_domain_id': 'default', 'system_scope': None, 'domain_id': None, 'project_id': '168d4dbdb06d40e2868bcbafccb7d54c', 'project_domain_id': 'default', 'roles': ['reader', 'member'], 'is_admin_project': True, 'service_user_id': None, 'service_user_domain_id': None, 'service_project_id': None, 'service_project_domain_id': None, 'service_roles': []} {{(pid=116740) authorize /opt/stack/nova/nova/policy.py:199}}
Aug 23 03:32:35.892492 n-d-749052-7 devstack@n-api.service[116740]: INFO nova.api.openstack.requestlog [None req-64eb5128-480e-44c6-a6dd-acabccd8c386 tempest-LiveMigrationTest-624849074 tempest-LiveMigrationTest-624849074-project] 10.222.0.20 "GET /compute/v2.1/servers/7ebd6a57-3cc6-4ba8-a21c-8c343e04a457" status: 200 len: 1311 microversion: 2.1 time: 0.309232
Aug 23 03:32:35.903231 n-d-749052-7 devstack@n-api.service[116740]: [pid: 116740|app: 0|req: 144/289] 10.222.0.20 () {58 vars in 1236 bytes} [Mon Aug 23 03:32:35 2021] GET /compute/v2.1/servers/7ebd6a57-3cc6-4ba8-a21c-8c343e04a457 => generated 1311 bytes in 354 msecs (HTTP/1.1 200) 9 headers in 358 bytes (1 switches on core 0)
Aug 23 03:32:35.912655 n-d-749052-7 devstack@n-api.service[116740]: DEBUG nova.api.openstack.wsgi [None req-11deffab-aba3-4e44-be1d-b394f6281bec tempest-AggregatesAdminNegativeTestJSON-1304524190 tempest-AggregatesAdminNegativeTestJSON-1304524190-project-admin] Calling method '>' {{(pid=116740) _process_stack /opt/stack/nova/nova/api/openstack/wsgi.py:513}}
Aug 23 03:32:35.914470 n-d-749052-7 devstack@n-api.service[116740]: /usr/local/lib/python3.8/dist-packages/oslo_policy/policy.py:1064: UserWarning: Policy os_compute_api:os-aggregates:delete failed scope check. The token used to make the request was project scoped but the policy requires ['system'] scope. This behavior may change in the future where using the intended scope is required
Aug 23 03:32:35.914470 n-d-749052-7 devstack@n-api.service[116740]: warnings.warn(msg)
Aug 23 03:32:35.947536 n-d-749052-7 devstack@n-api.service[116739]: DEBUG nova.policy [None req-76e7fa6a-a105-4643-9d58-fe73165d22b5 tempest-FloatingIPsAssociationTestJSON-573677811 tempest-FloatingIPsAssociationTestJSON-573677811-project] Policy check for os_compute_api:os-extended-server-attributes failed with credentials {'is_admin': False, 'user_id': '50229a582f5a468eb890781554e7677e', 'user_domain_id': 'default', 'system_scope': None, 'domain_id': None, 'project_id': '95cece949db0401ca2ade9d75cee1dd9', 'project_domain_id': 'default', 'roles': ['reader', 'member'], 'is_admin_project': True, 'service_user_id': None, 'service_user_domain_id': None, 'service_project_id': None, 'service_project_domain_id': None, 'service_roles': []} {{(pid=116739) authorize /opt/stack/nova/nova/policy.py:199}}
Aug 23 03:32:35.970381 n-d-749052-7 devstack@n-api.service[116739]: INFO nova.api.openstack.requestlog [None req-76e7fa6a-a105-4643-9d58-fe73165d22b5 tempest-FloatingIPsAssociationTestJSON-573677811 tempest-FloatingIPsAssociationTestJSON-573677811-project] 10.222.0.20 "GET /compute/v2.1/servers/31bdf8f6-0186-4da4-b9b2-3277f31aabbe" status: 200 len: 1228 microversion: 2.1 time: 0.145094
Aug 23 03:32:35.972864 n-d-749052-7 devstack@n-api.service[116739]: [pid: 116739|app: 0|req: 146/290] 10.222.0.20 () {58 vars in 1236 bytes} [Mon Aug 23 03:32:35 2021] GET /compute/v2.1/servers/31bdf8f6-0186-4da4-b9b2-3277f31aabbe => generated 1228 bytes in 148 msecs (HTTP/1.1 200) 9 headers in 358 bytes (1 switches on core 0)
Aug 23 03:32:36.006070 n-d-749052-7 devstack@n-api.service[116740]: INFO nova.api.openstack.requestlog [None req-11deffab-aba3-4e44-be1d-b394f6281bec tempest-AggregatesAdminNegativeTestJSON-1304524190 tempest-AggregatesAdminNegativeTestJSON-1304524190-project-admin] 10.222.0.20 "DELETE /compute/v2.1/os-aggregates/16" status: 200 len: 0 microversion: 2.1 time: 0.100944
Aug 23 03:32:36.007480 n-d-749052-7 devstack@n-api.service[116740]: [pid: 116740|app: 0|req: 145/291] 10.222.0.20 () {58 vars in 1155 bytes} [Mon Aug 23 03:32:35 2021] DELETE /compute/v2.1/os-aggregates/16 => generated 0 bytes in 103 msecs (HTTP/1.1 200) 9 headers in 355 bytes (1 switches on core 0)
Aug 23 03:32:36.019577 n-d-749052-7 devstack@n-api.service[116739]: DEBUG nova.api.openstack.wsgi [None req-9babfd3b-a033-473d-8e3e-03f918dfadd8 tempest-AggregatesAdminNegativeTestJSON-1304524190 tempest-AggregatesAdminNegativeTestJSON-1304524190-project-admin] Action: 'create', calling method: >, body: {"aggregate": {"name": "tempest-test_aggregate-348157991"}} {{(pid=116739) _process_stack /opt/stack/nova/nova/api/openstack/wsgi.py:511}}
Aug 23 03:32:36.021572 n-d-749052-7 devstack@n-api.service[116739]: /usr/local/lib/python3.8/dist-packages/oslo_policy/policy.py:1064: UserWarning: Policy os_compute_api:os-aggregates:create failed scope check. The token used to make the request was project scoped but the policy requires ['system'] scope. This behavior may change in the future where using the intended scope is required
Aug 23 03:32:36.021572 n-d-749052-7 devstack@n-api.service[116739]: warnings.warn(msg)
Aug 23 03:32:36.023181 n-d-749052-7 devstack@n-api.service[116739]: DEBUG nova.objects.aggregate [None req-9babfd3b-a033-473d-8e3e-03f918dfadd8 tempest-AggregatesAdminNegativeTestJSON-1304524190 tempest-AggregatesAdminNegativeTestJSON-1304524190-project-admin] Generated uuid 33603e25-e3da-4a51-9761-f2b98ae21468 for aggregate {{(pid=116739) create /opt/stack/nova/nova/objects/aggregate.py:298}}
Aug 23 03:32:36.125719 n-d-749052-7 devstack@n-api.service[116739]: INFO nova.api.openstack.requestlog [None req-9babfd3b-a033-473d-8e3e-03f918dfadd8 tempest-AggregatesAdminNegativeTestJSON-1304524190 tempest-AggregatesAdminNegativeTestJSON-1304524190-project-admin] 10.222.0.20 "POST /compute/v2.1/os-aggregates" status: 200 len: 198 microversion: 2.1 time: 0.111836
Aug 23 03:32:36.126320 n-d-749052-7 devstack@n-api.service[116739]: [pid: 116739|app: 0|req: 147/292] 10.222.0.20 () {60 vars in 1164 bytes} [Mon Aug 23 03:32:36 2021] POST /compute/v2.1/os-aggregates => generated 198 bytes in 114 msecs (HTTP/1.1 200) 9 headers in 357 bytes (1 switches on core 0)
Aug 23 03:32:36.136897 n-d-749052-7 devstack@n-api.service[116740]: DEBUG nova.api.openstack.wsgi [None req-c6ebb2e0-1857-45c9-86d8-8c21be312ffc tempest-AggregatesAdminNegativeTestJSON-1304524190 tempest-AggregatesAdminNegativeTestJSON-1304524190-project-admin] Action: 'action', calling method: >, body: {"remove_host": {"host": "nonexist_host"}} {{(pid=116740) _process_stack /opt/stack/nova/nova/api/openstack/wsgi.py:511}}
Aug 23 03:32:36.138404 n-d-749052-7 devstack@n-api.service[116740]: /usr/local/lib/python3.8/dist-packages/oslo_policy/policy.py:1064: UserWarning: Policy os_compute_api:os-aggregates:remove_host failed scope check. The token used to make the request was project scoped but the policy requires ['system'] scope. This behavior may change in the future where using the intended scope is required
Aug 23 03:32:36.138404 n-d-749052-7 devstack@n-api.service[116740]: warnings.warn(msg)
Aug 23 03:32:36.148561 n-d-749052-7 devstack@n-api.service[116740]: DEBUG oslo_concurrency.lockutils [None req-c6ebb2e0-1857-45c9-86d8-8c21be312ffc tempest-AggregatesAdminNegativeTestJSON-1304524190 tempest-AggregatesAdminNegativeTestJSON-1304524190-project-admin] Lock "00000000-0000-0000-0000-000000000000" acquired by "nova.context.set_target_cell..get_or_set_cached_cell_and_set_connections" :: waited 0.000s {{(pid=116740) inner /usr/local/lib/python3.8/dist-packages/oslo_concurrency/lockutils.py:355}}
Aug 23 03:32:36.149469 n-d-749052-7 devstack@n-api.service[116740]: DEBUG oslo_concurrency.lockutils [None req-c6ebb2e0-1857-45c9-86d8-8c21be312ffc tempest-AggregatesAdminNegativeTestJSON-1304524190 tempest-AggregatesAdminNegativeTestJSON-1304524190-project-admin] Lock "00000000-0000-0000-0000-000000000000" released by "nova.context.set_target_cell..get_or_set_cached_cell_and_set_connections" :: held 0.001s {{(pid=116740) inner /usr/local/lib/python3.8/dist-packages/oslo_concurrency/lockutils.py:367}}
Aug 23 03:32:36.156850 n-d-749052-7 devstack@n-api.service[116740]: DEBUG oslo_concurrency.lockutils [None req-c6ebb2e0-1857-45c9-86d8-8c21be312ffc tempest-AggregatesAdminNegativeTestJSON-1304524190 tempest-AggregatesAdminNegativeTestJSON-1304524190-project-admin] Lock "02c9ffcb-72f7-4dc5-86a4-d6f0a2657859" acquired by "nova.context.set_target_cell..get_or_set_cached_cell_and_set_connections" :: waited 0.000s {{(pid=116740) inner /usr/local/lib/python3.8/dist-packages/oslo_concurrency/lockutils.py:355}}
Aug 23 03:32:36.157568 n-d-749052-7 devstack@n-api.service[116740]: DEBUG oslo_concurrency.lockutils [None req-c6ebb2e0-1857-45c9-86d8-8c21be312ffc tempest-AggregatesAdminNegativeTestJSON-1304524190 tempest-AggregatesAdminNegativeTestJSON-1304524190-project-admin] Lock "02c9ffcb-72f7-4dc5-86a4-d6f0a2657859" released by "nova.context.set_target_cell..get_or_set_cached_cell_and_set_connections" :: held 0.001s {{(pid=116740) inner /usr/local/lib/python3.8/dist-packages/oslo_concurrency/lockutils.py:367}}
Aug 23 03:32:36.169456 n-d-749052-7 devstack@n-api.service[116740]: ERROR nova.api.openstack.compute.aggregates [None req-c6ebb2e0-1857-45c9-86d8-8c21be312ffc tempest-AggregatesAdminNegativeTestJSON-1304524190 tempest-AggregatesAdminNegativeTestJSON-1304524190-project-admin] Failed to remove host nonexist_host from aggregate 17. Error: Compute host nonexist_host could not be found.: nova.exception.ComputeHostNotFound: Compute host nonexist_host could not be found.
Aug 23 03:32:36.170231 n-d-749052-7 devstack@n-api.service[116740]: INFO nova.api.openstack.wsgi [None req-c6ebb2e0-1857-45c9-86d8-8c21be312ffc tempest-AggregatesAdminNegativeTestJSON-1304524190 tempest-AggregatesAdminNegativeTestJSON-1304524190-project-admin] HTTP exception thrown: Cannot remove host nonexist_host in aggregate 17
Aug 23 03:32:36.171091 n-d-749052-7 devstack@n-api.service[116740]: DEBUG nova.api.openstack.wsgi [None req-c6ebb2e0-1857-45c9-86d8-8c21be312ffc tempest-AggregatesAdminNegativeTestJSON-1304524190 tempest-AggregatesAdminNegativeTestJSON-1304524190-project-admin] Returning 404 to user: Cannot remove host nonexist_host in aggregate 17 {{(pid=116740) __call__ /opt/stack/nova/nova/api/openstack/wsgi.py:927}}
Aug 23 03:32:36.172232 n-d-749052-7 devstack@n-api.service[116740]: INFO nova.api.openstack.requestlog [None req-c6ebb2e0-1857-45c9-86d8-8c21be312ffc tempest-AggregatesAdminNegativeTestJSON-1304524190 tempest-AggregatesAdminNegativeTestJSON-1304524190-project-admin] 10.222.0.20 "POST /compute/v2.1/os-aggregates/17/action" status: 404 len: 94 microversion: 2.1 time: 0.039389
Aug 23 03:32:36.173693 n-d-749052-7 devstack@n-api.service[116740]: [pid: 116740|app: 0|req: 146/293] 10.222.0.20 () {60 vars in 1194 bytes} [Mon Aug 23 03:32:36 2021] POST /compute/v2.1/os-aggregates/17/action => generated 94 bytes in 41 msecs (HTTP/1.1 404) 9 headers in 378 bytes (1 switches on core 0)
Aug 23 03:32:36.182303 n-d-749052-7 devstack@n-api.service[116739]: DEBUG nova.api.openstack.wsgi [None req-0ae625b0-1452-4658-b49d-f37ae9227065 tempest-AggregatesAdminNegativeTestJSON-1304524190 tempest-AggregatesAdminNegativeTestJSON-1304524190-project-admin] Calling method '>' {{(pid=116739) _process_stack /opt/stack/nova/nova/api/openstack/wsgi.py:513}}
Aug 23 03:32:36.183804 n-d-749052-7 devstack@n-api.service[116739]: /usr/local/lib/python3.8/dist-packages/oslo_policy/policy.py:1064: UserWarning: Policy os_compute_api:os-aggregates:delete failed scope check. The token used to make the request was project scoped but the policy requires ['system'] scope. This behavior may change in the future where using the intended scope is required
Aug 23 03:32:36.183804 n-d-749052-7 devstack@n-api.service[116739]: warnings.warn(msg)
Aug 23 03:32:36.202344 n-d-749052-7 devstack@n-api.service[116740]: DEBUG nova.api.openstack.wsgi [None req-ac4e0377-4c8a-43c1-ac2d-cf08ec2a1e91 tempest-ServersWithSpecificFlavorTestJSON-168220789 tempest-ServersWithSpecificFlavorTestJSON-168220789-project] Calling method '>' {{(pid=116740) _process_stack /opt/stack/nova/nova/api/openstack/wsgi.py:513}}
Aug 23 03:32:36.203535 n-d-749052-7 devstack@n-api.service[116740]: DEBUG nova.compute.api [None req-ac4e0377-4c8a-43c1-ac2d-cf08ec2a1e91 tempest-ServersWithSpecificFlavorTestJSON-168220789 tempest-ServersWithSpecificFlavorTestJSON-168220789-project] [instance: 24cb193f-6cb1-491d-9c18-6e70aaaac4a7] Fetching instance by UUID {{(pid=116740) get /opt/stack/nova/nova/compute/api.py:2825}}
Aug 23 03:32:36.219786 n-d-749052-7 devstack@n-api.service[116740]: DEBUG oslo_concurrency.lockutils [None req-ac4e0377-4c8a-43c1-ac2d-cf08ec2a1e91 tempest-ServersWithSpecificFlavorTestJSON-168220789 tempest-ServersWithSpecificFlavorTestJSON-168220789-project] Lock "02c9ffcb-72f7-4dc5-86a4-d6f0a2657859" acquired by "nova.context.set_target_cell..get_or_set_cached_cell_and_set_connections" :: waited 0.000s {{(pid=116740) inner /usr/local/lib/python3.8/dist-packages/oslo_concurrency/lockutils.py:355}}
Aug 23 03:32:36.220249 n-d-749052-7 devstack@n-api.service[116740]: DEBUG oslo_concurrency.lockutils [None req-ac4e0377-4c8a-43c1-ac2d-cf08ec2a1e91 tempest-ServersWithSpecificFlavorTestJSON-168220789 tempest-ServersWithSpecificFlavorTestJSON-168220789-project] Lock "02c9ffcb-72f7-4dc5-86a4-d6f0a2657859" released by "nova.context.set_target_cell..get_or_set_cached_cell_and_set_connections" :: held 0.001s {{(pid=116740) inner /usr/local/lib/python3.8/dist-packages/oslo_concurrency/lockutils.py:367}}
Aug 23 03:32:36.221062 n-d-749052-7 devstack@n-api.service[116740]: DEBUG oslo_concurrency.lockutils [None req-ac4e0377-4c8a-43c1-ac2d-cf08ec2a1e91 tempest-ServersWithSpecificFlavorTestJSON-168220789 tempest-ServersWithSpecificFlavorTestJSON-168220789-project] Lock "02c9ffcb-72f7-4dc5-86a4-d6f0a2657859" acquired by "nova.context.set_target_cell..get_or_set_cached_cell_and_set_connections" :: waited 0.000s {{(pid=116740) inner /usr/local/lib/python3.8/dist-packages/oslo_concurrency/lockutils.py:355}}
Aug 23 03:32:36.221501 n-d-749052-7 devstack@n-api.service[116740]: DEBUG oslo_concurrency.lockutils [None req-ac4e0377-4c8a-43c1-ac2d-cf08ec2a1e91 tempest-ServersWithSpecificFlavorTestJSON-168220789 tempest-ServersWithSpecificFlavorTestJSON-168220789-project] Lock "02c9ffcb-72f7-4dc5-86a4-d6f0a2657859" released by "nova.context.set_target_cell..get_or_set_cached_cell_and_set_connections" :: held 0.000s {{(pid=116740) inner /usr/local/lib/python3.8/dist-packages/oslo_concurrency/lockutils.py:367}}
Aug 23 03:32:36.280889 n-d-749052-7 devstack@n-api.service[116739]: INFO nova.api.openstack.requestlog [None req-0ae625b0-1452-4658-b49d-f37ae9227065 tempest-AggregatesAdminNegativeTestJSON-1304524190 tempest-AggregatesAdminNegativeTestJSON-1304524190-project-admin] 10.222.0.20 "DELETE /compute/v2.1/os-aggregates/17" status: 200 len: 0 microversion: 2.1 time: 0.103270
Aug 23 03:32:36.286025 n-d-749052-7 devstack@n-api.service[116739]: [pid: 116739|app: 0|req: 148/294] 10.222.0.20 () {58 vars in 1155 bytes} [Mon Aug 23 03:32:36 2021] DELETE /compute/v2.1/os-aggregates/17 => generated 0 bytes in 109 msecs (HTTP/1.1 200) 9 headers in 355 bytes (2 switches on core 0)
