May 17 15:10:47.885851 n-d-742170-8 devstack@n-api.service[94434]: DEBUG oslo_concurrency.lockutils [None req-a3550941-7f0a-4851-9f7f-0f8b92caf42f tempest-HypervisorAdminTestJSON-630203434 tempest-HypervisorAdminTestJSON-630203434-project-admin] Lock "321b22eb-1f74-4037-8667-a644a198ce5e" acquired by "nova.context.set_target_cell..get_or_set_cached_cell_and_set_connections" :: waited 0.000s {{(pid=94434) inner /usr/local/lib/python3.8/dist-packages/oslo_concurrency/lockutils.py:355}}
May 17 15:10:47.900727 n-d-742170-8 devstack@n-api.service[94434]: DEBUG oslo_concurrency.lockutils [None req-a3550941-7f0a-4851-9f7f-0f8b92caf42f tempest-HypervisorAdminTestJSON-630203434 tempest-HypervisorAdminTestJSON-630203434-project-admin] Lock "321b22eb-1f74-4037-8667-a644a198ce5e" released by "nova.context.set_target_cell..get_or_set_cached_cell_and_set_connections" :: held 0.015s {{(pid=94434) inner /usr/local/lib/python3.8/dist-packages/oslo_concurrency/lockutils.py:367}}
May 17 15:10:47.904358 n-d-742170-8 devstack@n-api.service[94433]: DEBUG oslo_concurrency.lockutils [req-413f9ae1-22bb-475c-9ee2-278249c932e3 req-9ebffc09-a9b4-4f34-96f1-69dd10eb9486 service nova] Lock "321b22eb-1f74-4037-8667-a644a198ce5e" acquired by "nova.context.set_target_cell..get_or_set_cached_cell_and_set_connections" :: waited 0.000s {{(pid=94433) inner /usr/local/lib/python3.8/dist-packages/oslo_concurrency/lockutils.py:355}}
May 17 15:10:47.905189 n-d-742170-8 devstack@n-api.service[94433]: DEBUG oslo_concurrency.lockutils [req-413f9ae1-22bb-475c-9ee2-278249c932e3 req-9ebffc09-a9b4-4f34-96f1-69dd10eb9486 service nova] Lock "321b22eb-1f74-4037-8667-a644a198ce5e" released by "nova.context.set_target_cell..get_or_set_cached_cell_and_set_connections" :: held 0.013s {{(pid=94433) inner /usr/local/lib/python3.8/dist-packages/oslo_concurrency/lockutils.py:367}}
May 17 15:10:47.971901 n-d-742170-8 devstack@n-api.service[94434]: DEBUG oslo_concurrency.lockutils [None req-a3550941-7f0a-4851-9f7f-0f8b92caf42f tempest-HypervisorAdminTestJSON-630203434 tempest-HypervisorAdminTestJSON-630203434-project-admin] Lock "321b22eb-1f74-4037-8667-a644a198ce5e" acquired by "nova.context.set_target_cell..get_or_set_cached_cell_and_set_connections" :: waited 0.000s {{(pid=94434) inner /usr/local/lib/python3.8/dist-packages/oslo_concurrency/lockutils.py:355}}
May 17 15:10:47.972356 n-d-742170-8 devstack@n-api.service[94434]: DEBUG oslo_concurrency.lockutils [None req-a3550941-7f0a-4851-9f7f-0f8b92caf42f tempest-HypervisorAdminTestJSON-630203434 tempest-HypervisorAdminTestJSON-630203434-project-admin] Lock "321b22eb-1f74-4037-8667-a644a198ce5e" released by "nova.context.set_target_cell..get_or_set_cached_cell_and_set_connections" :: held 0.001s {{(pid=94434) inner /usr/local/lib/python3.8/dist-packages/oslo_concurrency/lockutils.py:367}}
May 17 15:10:47.984114 n-d-742170-8 devstack@n-api.service[94433]: INFO nova.api.openstack.compute.server_external_events [req-413f9ae1-22bb-475c-9ee2-278249c932e3 req-9ebffc09-a9b4-4f34-96f1-69dd10eb9486 service nova] Creating event network-changed:690e0010-fa61-41fc-b1f7-19398a4d9f18 for instance d63cc6e5-5c27-432f-abc3-b2487dba03ba on n-h1-742170-8
May 17 15:10:47.984675 n-d-742170-8 devstack@n-api.service[94433]: DEBUG oslo_concurrency.lockutils [req-413f9ae1-22bb-475c-9ee2-278249c932e3 req-9ebffc09-a9b4-4f34-96f1-69dd10eb9486 service nova] Acquired lock "compute-rpcapi-router" {{(pid=94433) lock /usr/local/lib/python3.8/dist-packages/oslo_concurrency/lockutils.py:266}}
May 17 15:10:47.992316 n-d-742170-8 devstack@n-api.service[94433]: DEBUG oslo_concurrency.lockutils [None req-f01bdc3d-719e-4d03-8969-64c10f212322 None None] Lock "00000000-0000-0000-0000-000000000000" acquired by "nova.context.set_target_cell..get_or_set_cached_cell_and_set_connections" :: waited 0.006s {{(pid=94433) inner /usr/local/lib/python3.8/dist-packages/oslo_concurrency/lockutils.py:355}}
May 17 15:10:47.998026 n-d-742170-8 devstack@n-api.service[94433]: DEBUG oslo_concurrency.lockutils [None req-f01bdc3d-719e-4d03-8969-64c10f212322 None None] Lock "00000000-0000-0000-0000-000000000000" released by "nova.context.set_target_cell..get_or_set_cached_cell_and_set_connections" :: held 0.006s {{(pid=94433) inner /usr/local/lib/python3.8/dist-packages/oslo_concurrency/lockutils.py:367}}
May 17 15:10:47.999253 n-d-742170-8 devstack@n-api.service[94433]: DEBUG oslo_concurrency.lockutils [None req-f01bdc3d-719e-4d03-8969-64c10f212322 None None] Lock "321b22eb-1f74-4037-8667-a644a198ce5e" acquired by "nova.context.set_target_cell..get_or_set_cached_cell_and_set_connections" :: waited 0.000s {{(pid=94433) inner /usr/local/lib/python3.8/dist-packages/oslo_concurrency/lockutils.py:355}}
May 17 15:10:48.002851 n-d-742170-8 devstack@n-api.service[94433]: DEBUG oslo_concurrency.lockutils [None req-f01bdc3d-719e-4d03-8969-64c10f212322 None None] Lock "321b22eb-1f74-4037-8667-a644a198ce5e" released by "nova.context.set_target_cell..get_or_set_cached_cell_and_set_connections" :: held 0.004s {{(pid=94433) inner /usr/local/lib/python3.8/dist-packages/oslo_concurrency/lockutils.py:367}}
May 17 15:10:48.032732 n-d-742170-8 devstack@n-api.service[94434]: DEBUG oslo_concurrency.lockutils [None req-a3550941-7f0a-4851-9f7f-0f8b92caf42f tempest-HypervisorAdminTestJSON-630203434 tempest-HypervisorAdminTestJSON-630203434-project-admin] Lock "321b22eb-1f74-4037-8667-a644a198ce5e" acquired by "nova.context.set_target_cell..get_or_set_cached_cell_and_set_connections" :: waited 0.000s {{(pid=94434) inner /usr/local/lib/python3.8/dist-packages/oslo_concurrency/lockutils.py:355}}
May 17 15:10:48.037223 n-d-742170-8 devstack@n-api.service[94433]: INFO nova.compute.rpcapi [None req-f01bdc3d-719e-4d03-8969-64c10f212322 None None] Automatically selected compute RPC version 6.0 from minimum service version 56
May 17 15:10:48.051904 n-d-742170-8 devstack@n-api.service[94433]: DEBUG oslo_concurrency.lockutils [None req-f01bdc3d-719e-4d03-8969-64c10f212322 None None] Releasing lock "compute-rpcapi-router" {{(pid=94433) lock /usr/local/lib/python3.8/dist-packages/oslo_concurrency/lockutils.py:282}}
May 17 15:10:48.064591 n-d-742170-8 devstack@n-api.service[94434]: DEBUG oslo_concurrency.lockutils [None req-a3550941-7f0a-4851-9f7f-0f8b92caf42f tempest-HypervisorAdminTestJSON-630203434 tempest-HypervisorAdminTestJSON-630203434-project-admin] Lock "321b22eb-1f74-4037-8667-a644a198ce5e" released by "nova.context.set_target_cell..get_or_set_cached_cell_and_set_connections" :: held 0.001s {{(pid=94434) inner /usr/local/lib/python3.8/dist-packages/oslo_concurrency/lockutils.py:367}}
May 17 15:10:48.093790 n-d-742170-8 devstack@n-api.service[94434]: INFO nova.api.openstack.requestlog [None req-a3550941-7f0a-4851-9f7f-0f8b92caf42f tempest-HypervisorAdminTestJSON-630203434 tempest-HypervisorAdminTestJSON-630203434-project-admin] 10.222.0.41 "GET /compute/v2.1/os-hypervisors" status: 200 len: 191 microversion: 2.1 time: 0.213728
May 17 15:10:48.098069 n-d-742170-8 devstack@n-api.service[94434]: [pid: 94434|app: 0|req: 30/50] 10.222.0.41 () {58 vars in 1146 bytes} [Mon May 17 15:10:47 2021] GET /compute/v2.1/os-hypervisors => generated 191 bytes in 221 msecs (HTTP/1.1 200) 9 headers in 357 bytes (2 switches on core 0)
May 17 15:10:48.113348 n-d-742170-8 devstack@n-api.service[94434]: DEBUG nova.api.openstack.wsgi [None req-c899c36b-91df-4108-9605-090f7d8b0a7a tempest-HypervisorAdminTestJSON-630203434 tempest-HypervisorAdminTestJSON-630203434-project-admin] Calling method '.version_select at 0x7f3e68e99310>' {{(pid=94434) _process_stack /opt/stack/nova/nova/api/openstack/wsgi.py:513}}
May 17 15:10:48.117005 n-d-742170-8 devstack@n-api.service[94434]: /usr/local/lib/python3.8/dist-packages/oslo_policy/policy.py:1064: UserWarning: Policy os_compute_api:os-hypervisors:show failed scope check. The token used to make the request was project scoped but the policy requires ['system'] scope. This behavior may change in the future where using the intended scope is required
May 17 15:10:48.117005 n-d-742170-8 devstack@n-api.service[94434]: warnings.warn(msg)
May 17 15:10:48.121111 n-d-742170-8 devstack@n-api.service[94434]: DEBUG oslo_concurrency.lockutils [None req-c899c36b-91df-4108-9605-090f7d8b0a7a tempest-HypervisorAdminTestJSON-630203434 tempest-HypervisorAdminTestJSON-630203434-project-admin] Lock "321b22eb-1f74-4037-8667-a644a198ce5e" acquired by "nova.context.set_target_cell..get_or_set_cached_cell_and_set_connections" :: waited 0.000s {{(pid=94434) inner /usr/local/lib/python3.8/dist-packages/oslo_concurrency/lockutils.py:355}}
May 17 15:10:48.126933 n-d-742170-8 devstack@n-api.service[94434]: DEBUG oslo_concurrency.lockutils [None req-c899c36b-91df-4108-9605-090f7d8b0a7a tempest-HypervisorAdminTestJSON-630203434 tempest-HypervisorAdminTestJSON-630203434-project-admin] Lock "321b22eb-1f74-4037-8667-a644a198ce5e" released by "nova.context.set_target_cell..get_or_set_cached_cell_and_set_connections" :: held 0.006s {{(pid=94434) inner /usr/local/lib/python3.8/dist-packages/oslo_concurrency/lockutils.py:367}}
May 17 15:10:48.157332 n-d-742170-8 devstack@n-api.service[94433]: INFO nova.api.openstack.requestlog [None req-f01bdc3d-719e-4d03-8969-64c10f212322 None None] 10.222.0.41 "POST /compute/v2.1/os-server-external-events" status: 200 len: 179 microversion: 2.1 time: 0.903083
May 17 15:10:48.159165 n-d-742170-8 devstack@n-api.service[94433]: [pid: 94433|app: 0|req: 21/51] 10.222.0.41 () {64 vars in 1318 bytes} [Mon May 17 15:10:47 2021] POST /compute/v2.1/os-server-external-events => generated 179 bytes in 907 msecs (HTTP/1.1 200) 9 headers in 357 bytes (1 switches on core 0)
May 17 15:10:48.193251 n-d-742170-8 devstack@n-api.service[94434]: DEBUG oslo_concurrency.lockutils [None req-c899c36b-91df-4108-9605-090f7d8b0a7a tempest-HypervisorAdminTestJSON-630203434 tempest-HypervisorAdminTestJSON-630203434-project-admin] Lock "321b22eb-1f74-4037-8667-a644a198ce5e" acquired by "nova.context.set_target_cell..get_or_set_cached_cell_and_set_connections" :: waited 0.000s {{(pid=94434) inner /usr/local/lib/python3.8/dist-packages/oslo_concurrency/lockutils.py:355}}
May 17 15:10:48.193701 n-d-742170-8 devstack@n-api.service[94434]: DEBUG oslo_concurrency.lockutils [None req-c899c36b-91df-4108-9605-090f7d8b0a7a tempest-HypervisorAdminTestJSON-630203434 tempest-HypervisorAdminTestJSON-630203434-project-admin] Lock "321b22eb-1f74-4037-8667-a644a198ce5e" released by "nova.context.set_target_cell..get_or_set_cached_cell_and_set_connections" :: held 0.001s {{(pid=94434) inner /usr/local/lib/python3.8/dist-packages/oslo_concurrency/lockutils.py:367}}
May 17 15:10:48.219245 n-d-742170-8 devstack@n-api.service[94433]: DEBUG nova.api.openstack.wsgi [None req-63f0d211-21d1-46a3-be40-4540a9232ac9 tempest-QuotasAdminTestJSON-1312552775 tempest-QuotasAdminTestJSON-1312552775-project-admin] Calling method '.version_select at 0x7f3e686805e0>' {{(pid=94433) _process_stack /opt/stack/nova/nova/api/openstack/wsgi.py:513}}
May 17 15:10:48.221859 n-d-742170-8 devstack@n-api.service[94434]: INFO nova.api.openstack.requestlog [None req-c899c36b-91df-4108-9605-090f7d8b0a7a tempest-HypervisorAdminTestJSON-630203434 tempest-HypervisorAdminTestJSON-630203434-project-admin] 10.222.0.41 "GET /compute/v2.1/os-hypervisors/1" status: 200 len: 758 microversion: 2.1 time: 0.117832
May 17 15:10:48.225941 n-d-742170-8 devstack@n-api.service[94434]: [pid: 94434|app: 0|req: 31/52] 10.222.0.41 () {58 vars in 1152 bytes} [Mon May 17 15:10:48 2021] GET /compute/v2.1/os-hypervisors/1 => generated 758 bytes in 123 msecs (HTTP/1.1 200) 9 headers in 357 bytes (1 switches on core 0)
May 17 15:10:48.244679 n-d-742170-8 devstack@n-api.service[94434]: DEBUG nova.api.openstack.wsgi [None req-e5efd9d7-2515-4d18-b4b2-dc32b053b350 tempest-HypervisorAdminTestJSON-630203434 tempest-HypervisorAdminTestJSON-630203434-project-admin] Calling method '.version_select at 0x7f3e68e99f70>' {{(pid=94434) _process_stack /opt/stack/nova/nova/api/openstack/wsgi.py:513}}
May 17 15:10:48.245645 n-d-742170-8 devstack@n-api.service[94434]: /usr/local/lib/python3.8/dist-packages/oslo_policy/policy.py:1064: UserWarning: Policy os_compute_api:os-hypervisors:show failed scope check. The token used to make the request was project scoped but the policy requires ['system'] scope. This behavior may change in the future where using the intended scope is required
May 17 15:10:48.245645 n-d-742170-8 devstack@n-api.service[94434]: warnings.warn(msg)
May 17 15:10:48.257007 n-d-742170-8 devstack@n-api.service[94434]: DEBUG oslo_concurrency.lockutils [None req-e5efd9d7-2515-4d18-b4b2-dc32b053b350 tempest-HypervisorAdminTestJSON-630203434 tempest-HypervisorAdminTestJSON-630203434-project-admin] Lock "321b22eb-1f74-4037-8667-a644a198ce5e" acquired by "nova.context.set_target_cell..get_or_set_cached_cell_and_set_connections" :: waited 0.000s {{(pid=94434) inner /usr/local/lib/python3.8/dist-packages/oslo_concurrency/lockutils.py:355}}
May 17 15:10:48.257618 n-d-742170-8 devstack@n-api.service[94434]: DEBUG oslo_concurrency.lockutils [None req-e5efd9d7-2515-4d18-b4b2-dc32b053b350 tempest-HypervisorAdminTestJSON-630203434 tempest-HypervisorAdminTestJSON-630203434-project-admin] Lock "321b22eb-1f74-4037-8667-a644a198ce5e" released by "nova.context.set_target_cell..get_or_set_cached_cell_and_set_connections" :: held 0.006s {{(pid=94434) inner /usr/local/lib/python3.8/dist-packages/oslo_concurrency/lockutils.py:367}}
May 17 15:10:48.332774 n-d-742170-8 devstack@n-api.service[94434]: DEBUG oslo_concurrency.lockutils [None req-e5efd9d7-2515-4d18-b4b2-dc32b053b350 tempest-HypervisorAdminTestJSON-630203434 tempest-HypervisorAdminTestJSON-630203434-project-admin] Lock "321b22eb-1f74-4037-8667-a644a198ce5e" acquired by "nova.context.set_target_cell..get_or_set_cached_cell_and_set_connections" :: waited 0.000s {{(pid=94434) inner /usr/local/lib/python3.8/dist-packages/oslo_concurrency/lockutils.py:355}}
May 17 15:10:48.333218 n-d-742170-8 devstack@n-api.service[94434]: DEBUG oslo_concurrency.lockutils [None req-e5efd9d7-2515-4d18-b4b2-dc32b053b350 tempest-HypervisorAdminTestJSON-630203434 tempest-HypervisorAdminTestJSON-630203434-project-admin] Lock "321b22eb-1f74-4037-8667-a644a198ce5e" released by "nova.context.set_target_cell..get_or_set_cached_cell_and_set_connections" :: held 0.001s {{(pid=94434) inner /usr/local/lib/python3.8/dist-packages/oslo_concurrency/lockutils.py:367}}
May 17 15:10:48.355739 n-d-742170-8 devstack@n-api.service[94434]: INFO nova.api.openstack.requestlog [None req-e5efd9d7-2515-4d18-b4b2-dc32b053b350 tempest-HypervisorAdminTestJSON-630203434 tempest-HypervisorAdminTestJSON-630203434-project-admin] 10.222.0.41 "GET /compute/v2.1/os-hypervisors/2" status: 200 len: 757 microversion: 2.1 time: 0.124364
May 17 15:10:48.361157 n-d-742170-8 devstack@n-api.service[94434]: [pid: 94434|app: 0|req: 32/53] 10.222.0.41 () {58 vars in 1152 bytes} [Mon May 17 15:10:48 2021] GET /compute/v2.1/os-hypervisors/2 => generated 757 bytes in 130 msecs (HTTP/1.1 200) 9 headers in 357 bytes (1 switches on core 0)
May 17 15:10:48.382143 n-d-742170-8 devstack@n-api.service[94434]: DEBUG nova.api.openstack.wsgi [None req-bf2e5e24-5e35-4090-ad0f-56b319a61dc2 tempest-AggregatesAdminTestJSON-341522498 tempest-AggregatesAdminTestJSON-341522498-project] Calling method '>' {{(pid=94434) _process_stack /opt/stack/nova/nova/api/openstack/wsgi.py:513}}
May 17 15:10:48.382143 n-d-742170-8 devstack@n-api.service[94434]: DEBUG nova.compute.api [None req-bf2e5e24-5e35-4090-ad0f-56b319a61dc2 tempest-AggregatesAdminTestJSON-341522498 tempest-AggregatesAdminTestJSON-341522498-project] [instance: d63cc6e5-5c27-432f-abc3-b2487dba03ba] Fetching instance by UUID {{(pid=94434) get /opt/stack/nova/nova/compute/api.py:2790}}
May 17 15:10:48.401006 n-d-742170-8 devstack@n-api.service[94434]: DEBUG oslo_concurrency.lockutils [None req-bf2e5e24-5e35-4090-ad0f-56b319a61dc2 tempest-AggregatesAdminTestJSON-341522498 tempest-AggregatesAdminTestJSON-341522498-project] Lock "321b22eb-1f74-4037-8667-a644a198ce5e" acquired by "nova.context.set_target_cell..get_or_set_cached_cell_and_set_connections" :: waited 0.000s {{(pid=94434) inner /usr/local/lib/python3.8/dist-packages/oslo_concurrency/lockutils.py:355}}
May 17 15:10:48.401461 n-d-742170-8 devstack@n-api.service[94434]: DEBUG oslo_concurrency.lockutils [None req-bf2e5e24-5e35-4090-ad0f-56b319a61dc2 tempest-AggregatesAdminTestJSON-341522498 tempest-AggregatesAdminTestJSON-341522498-project] Lock "321b22eb-1f74-4037-8667-a644a198ce5e" released by "nova.context.set_target_cell..get_or_set_cached_cell_and_set_connections" :: held 0.001s {{(pid=94434) inner /usr/local/lib/python3.8/dist-packages/oslo_concurrency/lockutils.py:367}}
May 17 15:10:48.412609 n-d-742170-8 devstack@n-api.service[94434]: DEBUG oslo_concurrency.lockutils [None req-bf2e5e24-5e35-4090-ad0f-56b319a61dc2 tempest-AggregatesAdminTestJSON-341522498 tempest-AggregatesAdminTestJSON-341522498-project] Lock "321b22eb-1f74-4037-8667-a644a198ce5e" acquired by "nova.context.set_target_cell..get_or_set_cached_cell_and_set_connections" :: waited 0.000s {{(pid=94434) inner /usr/local/lib/python3.8/dist-packages/oslo_concurrency/lockutils.py:355}}
May 17 15:10:48.413064 n-d-742170-8 devstack@n-api.service[94434]: DEBUG oslo_concurrency.lockutils [None req-bf2e5e24-5e35-4090-ad0f-56b319a61dc2 tempest-AggregatesAdminTestJSON-341522498 tempest-AggregatesAdminTestJSON-341522498-project] Lock "321b22eb-1f74-4037-8667-a644a198ce5e" released by "nova.context.set_target_cell..get_or_set_cached_cell_and_set_connections" :: held 0.001s {{(pid=94434) inner /usr/local/lib/python3.8/dist-packages/oslo_concurrency/lockutils.py:367}}
May 17 15:10:49.009268 n-d-742170-8 devstack@n-api.service[94433]: INFO nova.api.openstack.requestlog [None req-63f0d211-21d1-46a3-be40-4540a9232ac9 tempest-QuotasAdminTestJSON-1312552775 tempest-QuotasAdminTestJSON-1312552775-project-admin] 10.222.0.41 "GET /compute/v2.1/os-quota-sets/0c6bf16f39f5447f8ee878229d51bfc0/defaults" status: 200 len: 371 microversion: 2.1 time: 0.796669
May 17 15:10:49.010145 n-d-742170-8 devstack@n-api.service[94433]: [pid: 94433|app: 0|req: 22/54] 10.222.0.41 () {58 vars in 1269 bytes} [Mon May 17 15:10:48 2021] GET /compute/v2.1/os-quota-sets/0c6bf16f39f5447f8ee878229d51bfc0/defaults => generated 371 bytes in 798 msecs (HTTP/1.1 200) 9 headers in 357 bytes (1 switches on core 0)
May 17 15:10:49.014737 n-d-742170-8 devstack@n-api.service[94433]: DEBUG nova.api.openstack.wsgi [None req-13777cf2-82c5-4870-a0e1-08f7975ee5b0 tempest-HypervisorAdminTestJSON-630203434 tempest-HypervisorAdminTestJSON-630203434-project-admin] Calling method '.version_select at 0x7f3e68609b80>' {{(pid=94433) _process_stack /opt/stack/nova/nova/api/openstack/wsgi.py:513}}
May 17 15:10:49.035991 n-d-742170-8 devstack@n-api.service[94433]: /usr/local/lib/python3.8/dist-packages/oslo_policy/policy.py:1064: UserWarning: Policy os_compute_api:os-hypervisors:uptime failed scope check. The token used to make the request was project scoped but the policy requires ['system'] scope. This behavior may change in the future where using the intended scope is required
May 17 15:10:49.035991 n-d-742170-8 devstack@n-api.service[94433]: warnings.warn(msg)
May 17 15:10:49.038028 n-d-742170-8 devstack@n-api.service[94433]: DEBUG oslo_concurrency.lockutils [None req-13777cf2-82c5-4870-a0e1-08f7975ee5b0 tempest-HypervisorAdminTestJSON-630203434 tempest-HypervisorAdminTestJSON-630203434-project-admin] Lock "321b22eb-1f74-4037-8667-a644a198ce5e" acquired by "nova.context.set_target_cell..get_or_set_cached_cell_and_set_connections" :: waited 0.000s {{(pid=94433) inner /usr/local/lib/python3.8/dist-packages/oslo_concurrency/lockutils.py:355}}
May 17 15:10:49.038663 n-d-742170-8 devstack@n-api.service[94433]: DEBUG oslo_concurrency.lockutils [None req-13777cf2-82c5-4870-a0e1-08f7975ee5b0 tempest-HypervisorAdminTestJSON-630203434 tempest-HypervisorAdminTestJSON-630203434-project-admin] Lock "321b22eb-1f74-4037-8667-a644a198ce5e" released by "nova.context.set_target_cell..get_or_set_cached_cell_and_set_connections" :: held 0.001s {{(pid=94433) inner /usr/local/lib/python3.8/dist-packages/oslo_concurrency/lockutils.py:367}}
May 17 15:10:49.099988 n-d-742170-8 devstack@n-api.service[94433]: DEBUG oslo_concurrency.lockutils [None req-13777cf2-82c5-4870-a0e1-08f7975ee5b0 tempest-HypervisorAdminTestJSON-630203434 tempest-HypervisorAdminTestJSON-630203434-project-admin] Lock "321b22eb-1f74-4037-8667-a644a198ce5e" acquired by "nova.context.set_target_cell..get_or_set_cached_cell_and_set_connections" :: waited 0.000s {{(pid=94433) inner /usr/local/lib/python3.8/dist-packages/oslo_concurrency/lockutils.py:355}}
May 17 15:10:49.101012 n-d-742170-8 devstack@n-api.service[94433]: DEBUG oslo_concurrency.lockutils [None req-13777cf2-82c5-4870-a0e1-08f7975ee5b0 tempest-HypervisorAdminTestJSON-630203434 tempest-HypervisorAdminTestJSON-630203434-project-admin] Lock "321b22eb-1f74-4037-8667-a644a198ce5e" released by "nova.context.set_target_cell..get_or_set_cached_cell_and_set_connections" :: held 0.001s {{(pid=94433) inner /usr/local/lib/python3.8/dist-packages/oslo_concurrency/lockutils.py:367}}
May 17 15:10:49.132830 n-d-742170-8 devstack@n-api.service[94433]: DEBUG oslo_concurrency.lockutils [None req-13777cf2-82c5-4870-a0e1-08f7975ee5b0 tempest-HypervisorAdminTestJSON-630203434 tempest-HypervisorAdminTestJSON-630203434-project-admin] Lock "321b22eb-1f74-4037-8667-a644a198ce5e" acquired by "nova.context.set_target_cell..get_or_set_cached_cell_and_set_connections" :: waited 0.000s {{(pid=94433) inner /usr/local/lib/python3.8/dist-packages/oslo_concurrency/lockutils.py:355}}
May 17 15:10:49.133554 n-d-742170-8 devstack@n-api.service[94433]: DEBUG oslo_concurrency.lockutils [None req-13777cf2-82c5-4870-a0e1-08f7975ee5b0 tempest-HypervisorAdminTestJSON-630203434 tempest-HypervisorAdminTestJSON-630203434-project-admin] Lock "321b22eb-1f74-4037-8667-a644a198ce5e" released by "nova.context.set_target_cell..get_or_set_cached_cell_and_set_connections" :: held 0.001s {{(pid=94433) inner /usr/local/lib/python3.8/dist-packages/oslo_concurrency/lockutils.py:367}}
May 17 15:10:49.205502 n-d-742170-8 devstack@n-api.service[94433]: INFO nova.api.openstack.requestlog [None req-13777cf2-82c5-4870-a0e1-08f7975ee5b0 tempest-HypervisorAdminTestJSON-630203434 tempest-HypervisorAdminTestJSON-630203434-project-admin] 10.222.0.41 "GET /compute/v2.1/os-hypervisors/1/uptime" status: 200 len: 175 microversion: 2.1 time: 0.193504
May 17 15:10:49.206710 n-d-742170-8 devstack@n-api.service[94433]: [pid: 94433|app: 0|req: 23/55] 10.222.0.41 () {58 vars in 1173 bytes} [Mon May 17 15:10:49 2021] GET /compute/v2.1/os-hypervisors/1/uptime => generated 175 bytes in 196 msecs (HTTP/1.1 200) 9 headers in 357 bytes (1 switches on core 0)
May 17 15:10:49.615413 n-d-742170-8 devstack@n-api.service[94434]: DEBUG nova.policy [None req-bf2e5e24-5e35-4090-ad0f-56b319a61dc2 tempest-AggregatesAdminTestJSON-341522498 tempest-AggregatesAdminTestJSON-341522498-project] Policy check for os_compute_api:os-extended-server-attributes failed with credentials {'is_admin': False, 'user_id': 'd9fca43eca314eeba8e07ee4c6f7cddb', 'user_domain_id': 'default', 'system_scope': None, 'domain_id': None, 'project_id': 'ff594f5e006e40c29e4b81e2d2a89842', 'project_domain_id': 'default', 'roles': ['reader', 'member'], 'is_admin_project': True, 'service_user_id': None, 'service_user_domain_id': None, 'service_project_id': None, 'service_project_domain_id': None, 'service_roles': []} {{(pid=94434) authorize /opt/stack/nova/nova/policy.py:200}}
May 17 15:10:49.629691 n-d-742170-8 devstack@n-api.service[94434]: INFO nova.api.openstack.requestlog [None req-bf2e5e24-5e35-4090-ad0f-56b319a61dc2 tempest-AggregatesAdminTestJSON-341522498 tempest-AggregatesAdminTestJSON-341522498-project] 10.222.0.41 "GET /compute/v2.1/servers/d63cc6e5-5c27-432f-abc3-b2487dba03ba" status: 200 len: 1337 microversion: 2.1 time: 1.267350
May 17 15:10:49.636679 n-d-742170-8 devstack@n-api.service[94434]: [pid: 94434|app: 0|req: 33/56] 10.222.0.41 () {58 vars in 1236 bytes} [Mon May 17 15:10:48 2021] GET /compute/v2.1/servers/d63cc6e5-5c27-432f-abc3-b2487dba03ba => generated 1337 bytes in 1275 msecs (HTTP/1.1 200) 9 headers in 358 bytes (1 switches on core 0)
May 17 15:10:49.652676 n-d-742170-8 devstack@n-api.service[94434]: DEBUG nova.api.openstack.wsgi [None req-2a4d2e91-bfa0-49c4-b25a-b3919f9f9937 tempest-QuotasAdminTestJSON-1312552775 tempest-QuotasAdminTestJSON-1312552775-project-admin] Action: 'update', calling method: .version_select at 0x7f3e68e9c5e0>, body: {"quota_set": {"force": true, "metadata_items": 256, "ram": 10240, "key_pairs": 200, "instances": 20, "server_groups": 20, "server_group_members": 20, "cores": 2, "fixed_ips": 10, "floating_ips": 20, "security_group_rules": 20, "security_groups": 20, "injected_file_content_bytes": 20480, "injected_file_path_bytes": 512, "injected_files": 10}} {{(pid=94434) _process_stack /opt/stack/nova/nova/api/openstack/wsgi.py:511}}
May 17 15:10:49.661422 n-d-742170-8 devstack@n-api.service[94434]: /usr/local/lib/python3.8/dist-packages/oslo_policy/policy.py:1064: UserWarning: Policy os_compute_api:os-quota-sets:update failed scope check. The token used to make the request was project scoped but the policy requires ['system'] scope. This behavior may change in the future where using the intended scope is required
May 17 15:10:49.661422 n-d-742170-8 devstack@n-api.service[94434]: warnings.warn(msg)
May 17 15:10:50.059532 n-d-742170-8 devstack@n-api.service[94433]: DEBUG nova.api.openstack.wsgi [None req-357aa76d-1beb-407d-bbf8-3ae7476008c9 tempest-DeleteServersAdminTestJSON-1294963165 tempest-DeleteServersAdminTestJSON-1294963165-project] Action: 'create', calling method: >, body: {"server": {"name": "tempest-DeleteServersAdminTestJSON-server-638949753", "imageRef": "32a6ed1b-b7ba-4619-9512-30ec60abc90f", "flavorRef": "452"}} {{(pid=94433) _process_stack /opt/stack/nova/nova/api/openstack/wsgi.py:511}}
May 17 15:10:50.234960 n-d-742170-8 devstack@n-api.service[94433]: DEBUG nova.network.neutron [None req-357aa76d-1beb-407d-bbf8-3ae7476008c9 tempest-DeleteServersAdminTestJSON-1294963165 tempest-DeleteServersAdminTestJSON-1294963165-project] validate_networks() for None {{(pid=94433) validate_networks /opt/stack/nova/nova/network/neutron.py:2374}}
May 17 15:10:50.614523 n-d-742170-8 devstack@n-api.service[94434]: DEBUG oslo_concurrency.lockutils [None req-2a4d2e91-bfa0-49c4-b25a-b3919f9f9937 tempest-QuotasAdminTestJSON-1312552775 tempest-QuotasAdminTestJSON-1312552775-project-admin] Lock "00000000-0000-0000-0000-000000000000" acquired by "nova.context.set_target_cell..get_or_set_cached_cell_and_set_connections" :: waited 0.002s {{(pid=94434) inner /usr/local/lib/python3.8/dist-packages/oslo_concurrency/lockutils.py:355}}
May 17 15:10:50.616641 n-d-742170-8 devstack@n-api.service[94434]: DEBUG oslo_concurrency.lockutils [None req-2a4d2e91-bfa0-49c4-b25a-b3919f9f9937 tempest-QuotasAdminTestJSON-1312552775 tempest-QuotasAdminTestJSON-1312552775-project-admin] Lock "00000000-0000-0000-0000-000000000000" released by "nova.context.set_target_cell..get_or_set_cached_cell_and_set_connections" :: held 0.002s {{(pid=94434) inner /usr/local/lib/python3.8/dist-packages/oslo_concurrency/lockutils.py:367}}
May 17 15:10:50.624520 n-d-742170-8 devstack@n-api.service[94434]: DEBUG oslo_concurrency.lockutils [None req-2a4d2e91-bfa0-49c4-b25a-b3919f9f9937 tempest-QuotasAdminTestJSON-1312552775 tempest-QuotasAdminTestJSON-1312552775-project-admin] Lock "321b22eb-1f74-4037-8667-a644a198ce5e" acquired by "nova.context.set_target_cell..get_or_set_cached_cell_and_set_connections" :: waited 0.000s {{(pid=94434) inner /usr/local/lib/python3.8/dist-packages/oslo_concurrency/lockutils.py:355}}
May 17 15:10:50.630198 n-d-742170-8 devstack@n-api.service[94434]: DEBUG oslo_concurrency.lockutils [None req-2a4d2e91-bfa0-49c4-b25a-b3919f9f9937 tempest-QuotasAdminTestJSON-1312552775 tempest-QuotasAdminTestJSON-1312552775-project-admin] Lock "321b22eb-1f74-4037-8667-a644a198ce5e" released by "nova.context.set_target_cell..get_or_set_cached_cell_and_set_connections" :: held 0.003s {{(pid=94434) inner /usr/local/lib/python3.8/dist-packages/oslo_concurrency/lockutils.py:367}}
May 17 15:10:50.921384 n-d-742170-8 devstack@n-api.service[94433]: DEBUG nova.virt.hardware [None req-357aa76d-1beb-407d-bbf8-3ae7476008c9 tempest-DeleteServersAdminTestJSON-1294963165 tempest-DeleteServersAdminTestJSON-1294963165-project] Flavor limits 0:0:0 {{(pid=94433) get_cpu_topology_constraints /opt/stack/nova/nova/virt/hardware.py:344}}
May 17 15:10:50.922431 n-d-742170-8 devstack@n-api.service[94433]: DEBUG nova.virt.hardware [None req-357aa76d-1beb-407d-bbf8-3ae7476008c9 tempest-DeleteServersAdminTestJSON-1294963165 tempest-DeleteServersAdminTestJSON-1294963165-project] Image limits 0:0:0 {{(pid=94433) get_cpu_topology_constraints /opt/stack/nova/nova/virt/hardware.py:348}}
May 17 15:10:50.923131 n-d-742170-8 devstack@n-api.service[94433]: DEBUG nova.virt.hardware [None req-357aa76d-1beb-407d-bbf8-3ae7476008c9 tempest-DeleteServersAdminTestJSON-1294963165 tempest-DeleteServersAdminTestJSON-1294963165-project] Flavor pref 0:0:0 {{(pid=94433) get_cpu_topology_constraints /opt/stack/nova/nova/virt/hardware.py:384}}
May 17 15:10:50.923808 n-d-742170-8 devstack@n-api.service[94433]: DEBUG nova.virt.hardware [None req-357aa76d-1beb-407d-bbf8-3ae7476008c9 tempest-DeleteServersAdminTestJSON-1294963165 tempest-DeleteServersAdminTestJSON-1294963165-project] Image pref 0:0:0 {{(pid=94433) get_cpu_topology_constraints /opt/stack/nova/nova/virt/hardware.py:388}}
May 17 15:10:50.924741 n-d-742170-8 devstack@n-api.service[94433]: DEBUG nova.virt.hardware [None req-357aa76d-1beb-407d-bbf8-3ae7476008c9 tempest-DeleteServersAdminTestJSON-1294963165 tempest-DeleteServersAdminTestJSON-1294963165-project] Chose sockets=0, cores=0, threads=0; limits were sockets=65536, cores=65536, threads=65536 {{(pid=94433) get_cpu_topology_constraints /opt/stack/nova/nova/virt/hardware.py:426}}
May 17 15:10:50.946090 n-d-742170-8 devstack@n-api.service[94433]: DEBUG oslo_concurrency.lockutils [None req-357aa76d-1beb-407d-bbf8-3ae7476008c9 tempest-DeleteServersAdminTestJSON-1294963165 tempest-DeleteServersAdminTestJSON-1294963165-project] Lock "00000000-0000-0000-0000-000000000000" acquired by "nova.context.set_target_cell..get_or_set_cached_cell_and_set_connections" :: waited 0.000s {{(pid=94433) inner /usr/local/lib/python3.8/dist-packages/oslo_concurrency/lockutils.py:355}}
May 17 15:10:50.947027 n-d-742170-8 devstack@n-api.service[94433]: DEBUG oslo_concurrency.lockutils [None req-357aa76d-1beb-407d-bbf8-3ae7476008c9 tempest-DeleteServersAdminTestJSON-1294963165 tempest-DeleteServersAdminTestJSON-1294963165-project] Lock "00000000-0000-0000-0000-000000000000" released by "nova.context.set_target_cell..get_or_set_cached_cell_and_set_connections" :: held 0.001s {{(pid=94433) inner /usr/local/lib/python3.8/dist-packages/oslo_concurrency/lockutils.py:367}}
May 17 15:10:50.948447 n-d-742170-8 devstack@n-api.service[94433]: DEBUG oslo_concurrency.lockutils [None req-357aa76d-1beb-407d-bbf8-3ae7476008c9 tempest-DeleteServersAdminTestJSON-1294963165 tempest-DeleteServersAdminTestJSON-1294963165-project] Lock "321b22eb-1f74-4037-8667-a644a198ce5e" acquired by "nova.context.set_target_cell..get_or_set_cached_cell_and_set_connections" :: waited 0.000s {{(pid=94433) inner /usr/local/lib/python3.8/dist-packages/oslo_concurrency/lockutils.py:355}}
May 17 15:10:50.949779 n-d-742170-8 devstack@n-api.service[94433]: DEBUG oslo_concurrency.lockutils [None req-357aa76d-1beb-407d-bbf8-3ae7476008c9 tempest-DeleteServersAdminTestJSON-1294963165 tempest-DeleteServersAdminTestJSON-1294963165-project] Lock "321b22eb-1f74-4037-8667-a644a198ce5e" released by "nova.context.set_target_cell..get_or_set_cached_cell_and_set_connections" :: held 0.001s {{(pid=94433) inner /usr/local/lib/python3.8/dist-packages/oslo_concurrency/lockutils.py:367}}
May 17 15:10:50.985992 n-d-742170-8 devstack@n-api.service[94433]: DEBUG nova.quota [None req-357aa76d-1beb-407d-bbf8-3ae7476008c9 tempest-DeleteServersAdminTestJSON-1294963165 tempest-DeleteServersAdminTestJSON-1294963165-project] Getting quotas for project d2727528592240e69c8bc3e54b9abc10. Resources: {'cores', 'ram', 'instances'} {{(pid=94433) _get_quotas /opt/stack/nova/nova/quota.py:387}}
May 17 15:10:50.995487 n-d-742170-8 devstack@n-api.service[94433]: DEBUG nova.quota [None req-357aa76d-1beb-407d-bbf8-3ae7476008c9 tempest-DeleteServersAdminTestJSON-1294963165 tempest-DeleteServersAdminTestJSON-1294963165-project] Getting quotas for user fca39dca31ad4e29bde3304f4120745c and project d2727528592240e69c8bc3e54b9abc10. Resources: {'cores', 'ram', 'instances'} {{(pid=94433) _get_quotas /opt/stack/nova/nova/quota.py:377}}
May 17 15:10:51.017033 n-d-742170-8 devstack@n-api.service[94433]: DEBUG nova.compute.api [None req-357aa76d-1beb-407d-bbf8-3ae7476008c9 tempest-DeleteServersAdminTestJSON-1294963165 tempest-DeleteServersAdminTestJSON-1294963165-project] Going to run 1 instances... {{(pid=94433) _provision_instances /opt/stack/nova/nova/compute/api.py:1283}}
May 17 15:10:51.029413 n-d-742170-8 devstack@n-api.service[94433]: DEBUG nova.compute.api [None req-357aa76d-1beb-407d-bbf8-3ae7476008c9 tempest-DeleteServersAdminTestJSON-1294963165 tempest-DeleteServersAdminTestJSON-1294963165-project] [instance: e5f1fa12-099f-4a4b-9560-d959f4a9c4c6] block_device_mapping [BlockDeviceMapping(attachment_id=,boot_index=0,connection_info=None,created_at=,delete_on_termination=True,deleted=,deleted_at=,destination_type='local',device_name=None,device_type='disk',disk_bus=None,guest_format=None,id=,image_id='32a6ed1b-b7ba-4619-9512-30ec60abc90f',instance=,instance_uuid=,no_device=False,snapshot_id=None,source_type='image',tag=None,updated_at=,uuid=,volume_id=None,volume_size=None,volume_type=None)] {{(pid=94433) _bdm_validate_set_size_and_instance /opt/stack/nova/nova/compute/api.py:1685}}
May 17 15:10:51.108143 n-d-742170-8 devstack@n-api.service[94434]: INFO nova.api.openstack.requestlog [None req-2a4d2e91-bfa0-49c4-b25a-b3919f9f9937 tempest-QuotasAdminTestJSON-1312552775 tempest-QuotasAdminTestJSON-1312552775-project-admin] 10.222.0.41 "PUT /compute/v2.1/os-quota-sets/0c6bf16f39f5447f8ee878229d51bfc0" status: 200 len: 329 microversion: 2.1 time: 1.470292
May 17 15:10:51.109187 n-d-742170-8 devstack@n-api.service[94434]: [pid: 94434|app: 0|req: 34/57] 10.222.0.41 () {60 vars in 1263 bytes} [Mon May 17 15:10:49 2021] PUT /compute/v2.1/os-quota-sets/0c6bf16f39f5447f8ee878229d51bfc0 => generated 329 bytes in 1472 msecs (HTTP/1.1 200) 9 headers in 357 bytes (1 switches on core 0)
May 17 15:10:51.134743 n-d-742170-8 devstack@n-api.service[94434]: DEBUG nova.api.openstack.wsgi [None req-22bda6c0-1b9c-417e-90a8-54e45fb8e880 tempest-AggregatesAdminTestJSON-341522498 tempest-AggregatesAdminTestJSON-341522498-project] Calling method '>' {{(pid=94434) _process_stack /opt/stack/nova/nova/api/openstack/wsgi.py:513}}
May 17 15:10:51.138445 n-d-742170-8 devstack@n-api.service[94434]: DEBUG nova.compute.api [None req-22bda6c0-1b9c-417e-90a8-54e45fb8e880 tempest-AggregatesAdminTestJSON-341522498 tempest-AggregatesAdminTestJSON-341522498-project] [instance: d63cc6e5-5c27-432f-abc3-b2487dba03ba] Fetching instance by UUID {{(pid=94434) get /opt/stack/nova/nova/compute/api.py:2790}}
May 17 15:10:51.165119 n-d-742170-8 devstack@n-api.service[94434]: DEBUG oslo_concurrency.lockutils [None req-22bda6c0-1b9c-417e-90a8-54e45fb8e880 tempest-AggregatesAdminTestJSON-341522498 tempest-AggregatesAdminTestJSON-341522498-project] Lock "321b22eb-1f74-4037-8667-a644a198ce5e" acquired by "nova.context.set_target_cell..get_or_set_cached_cell_and_set_connections" :: waited 0.000s {{(pid=94434) inner /usr/local/lib/python3.8/dist-packages/oslo_concurrency/lockutils.py:355}}
May 17 15:10:51.167249 n-d-742170-8 devstack@n-api.service[94434]: DEBUG oslo_concurrency.lockutils [None req-22bda6c0-1b9c-417e-90a8-54e45fb8e880 tempest-AggregatesAdminTestJSON-341522498 tempest-AggregatesAdminTestJSON-341522498-project] Lock "321b22eb-1f74-4037-8667-a644a198ce5e" released by "nova.context.set_target_cell..get_or_set_cached_cell_and_set_connections" :: held 0.003s {{(pid=94434) inner /usr/local/lib/python3.8/dist-packages/oslo_concurrency/lockutils.py:367}}
May 17 15:10:51.172532 n-d-742170-8 devstack@n-api.service[94434]: DEBUG oslo_concurrency.lockutils [None req-22bda6c0-1b9c-417e-90a8-54e45fb8e880 tempest-AggregatesAdminTestJSON-341522498 tempest-AggregatesAdminTestJSON-341522498-project] Lock "321b22eb-1f74-4037-8667-a644a198ce5e" acquired by "nova.context.set_target_cell..get_or_set_cached_cell_and_set_connections" :: waited 0.000s {{(pid=94434) inner /usr/local/lib/python3.8/dist-packages/oslo_concurrency/lockutils.py:355}}
May 17 15:10:51.174962 n-d-742170-8 devstack@n-api.service[94434]: DEBUG oslo_concurrency.lockutils [None req-22bda6c0-1b9c-417e-90a8-54e45fb8e880 tempest-AggregatesAdminTestJSON-341522498 tempest-AggregatesAdminTestJSON-341522498-project] Lock "321b22eb-1f74-4037-8667-a644a198ce5e" released by "nova.context.set_target_cell..get_or_set_cached_cell_and_set_connections" :: held 0.005s {{(pid=94434) inner /usr/local/lib/python3.8/dist-packages/oslo_concurrency/lockutils.py:367}}
May 17 15:10:51.253492 n-d-742170-8 devstack@n-api.service[94433]: INFO nova.api.openstack.requestlog [None req-357aa76d-1beb-407d-bbf8-3ae7476008c9 tempest-DeleteServersAdminTestJSON-1294963165 tempest-DeleteServersAdminTestJSON-1294963165-project] 10.222.0.41 "POST /compute/v2.1/servers" status: 202 len: 380 microversion: 2.1 time: 2.045017
May 17 15:10:51.259374 n-d-742170-8 devstack@n-api.service[94433]: [pid: 94433|app: 0|req: 24/58] 10.222.0.41 () {60 vars in 1147 bytes} [Mon May 17 15:10:49 2021] POST /compute/v2.1/servers => generated 380 bytes in 2051 msecs (HTTP/1.1 202) 10 headers in 451 bytes (1 switches on core 0)
May 17 15:10:51.268908 n-d-742170-8 devstack@n-api.service[94433]: DEBUG nova.api.openstack.wsgi [None req-90b8e8e3-1bd9-4e0e-8e91-52585214a996 tempest-QuotasAdminTestJSON-1312552775 tempest-QuotasAdminTestJSON-1312552775-project-admin] Action: 'update', calling method: .version_select at 0x7f3e68611c10>, body: {"quota_set": {"cores": 20, "fixed_ips": -1, "floating_ips": -1, "injected_file_content_bytes": 10240, "injected_file_path_bytes": 255, "injected_files": 5, "instances": 10, "key_pairs": 100, "metadata_items": 128, "ram": 51200, "security_group_rules": -1, "security_groups": -1, "server_group_members": 10, "server_groups": 10}} {{(pid=94433) _process_stack /opt/stack/nova/nova/api/openstack/wsgi.py:511}}
May 17 15:10:51.278000 n-d-742170-8 devstack@n-api.service[94433]: /usr/local/lib/python3.8/dist-packages/oslo_policy/policy.py:1064: UserWarning: Policy os_compute_api:os-quota-sets:update failed scope check. The token used to make the request was project scoped but the policy requires ['system'] scope. This behavior may change in the future where using the intended scope is required
May 17 15:10:51.278000 n-d-742170-8 devstack@n-api.service[94433]: warnings.warn(msg)
May 17 15:10:52.045598 n-d-742170-8 devstack@n-api.service[94434]: DEBUG nova.policy [None req-22bda6c0-1b9c-417e-90a8-54e45fb8e880 tempest-AggregatesAdminTestJSON-341522498 tempest-AggregatesAdminTestJSON-341522498-project] Policy check for os_compute_api:os-extended-server-attributes failed with credentials {'is_admin': False, 'user_id': 'd9fca43eca314eeba8e07ee4c6f7cddb', 'user_domain_id': 'default', 'system_scope': None, 'domain_id': None, 'project_id': 'ff594f5e006e40c29e4b81e2d2a89842', 'project_domain_id': 'default', 'roles': ['reader', 'member'], 'is_admin_project': True, 'service_user_id': None, 'service_user_domain_id': None, 'service_project_id': None, 'service_project_domain_id': None, 'service_roles': []} {{(pid=94434) authorize /opt/stack/nova/nova/policy.py:200}}
May 17 15:10:52.055702 n-d-742170-8 devstack@n-api.service[94434]: INFO nova.api.openstack.requestlog [None req-22bda6c0-1b9c-417e-90a8-54e45fb8e880 tempest-AggregatesAdminTestJSON-341522498 tempest-AggregatesAdminTestJSON-341522498-project] 10.222.0.41 "GET /compute/v2.1/servers/d63cc6e5-5c27-432f-abc3-b2487dba03ba" status: 200 len: 1337 microversion: 2.1 time: 0.945074
May 17 15:10:52.060226 n-d-742170-8 devstack@n-api.service[94434]: [pid: 94434|app: 0|req: 35/59] 10.222.0.41 () {58 vars in 1236 bytes} [Mon May 17 15:10:51 2021] GET /compute/v2.1/servers/d63cc6e5-5c27-432f-abc3-b2487dba03ba => generated 1337 bytes in 950 msecs (HTTP/1.1 200) 9 headers in 358 bytes (1 switches on core 0)
May 17 15:10:52.065097 n-d-742170-8 devstack@n-api.service[94434]: DEBUG nova.api.openstack.wsgi [None req-03f81604-5c8a-4cc5-a297-b0eeb278b199 tempest-DeleteServersAdminTestJSON-1294963165 tempest-DeleteServersAdminTestJSON-1294963165-project] Calling method '>' {{(pid=94434) _process_stack /opt/stack/nova/nova/api/openstack/wsgi.py:513}}
May 17 15:10:52.067939 n-d-742170-8 devstack@n-api.service[94434]: DEBUG nova.compute.api [None req-03f81604-5c8a-4cc5-a297-b0eeb278b199 tempest-DeleteServersAdminTestJSON-1294963165 tempest-DeleteServersAdminTestJSON-1294963165-project] [instance: e5f1fa12-099f-4a4b-9560-d959f4a9c4c6] Fetching instance by UUID {{(pid=94434) get /opt/stack/nova/nova/compute/api.py:2790}}
May 17 15:10:52.145161 n-d-742170-8 devstack@n-api.service[94433]: DEBUG oslo_concurrency.lockutils [None req-90b8e8e3-1bd9-4e0e-8e91-52585214a996 tempest-QuotasAdminTestJSON-1312552775 tempest-QuotasAdminTestJSON-1312552775-project-admin] Lock "00000000-0000-0000-0000-000000000000" acquired by "nova.context.set_target_cell..get_or_set_cached_cell_and_set_connections" :: waited 0.000s {{(pid=94433) inner /usr/local/lib/python3.8/dist-packages/oslo_concurrency/lockutils.py:355}}
May 17 15:10:52.147204 n-d-742170-8 devstack@n-api.service[94433]: DEBUG oslo_concurrency.lockutils [None req-90b8e8e3-1bd9-4e0e-8e91-52585214a996 tempest-QuotasAdminTestJSON-1312552775 tempest-QuotasAdminTestJSON-1312552775-project-admin] Lock "00000000-0000-0000-0000-000000000000" released by "nova.context.set_target_cell..get_or_set_cached_cell_and_set_connections" :: held 0.003s {{(pid=94433) inner /usr/local/lib/python3.8/dist-packages/oslo_concurrency/lockutils.py:367}}
May 17 15:10:52.150781 n-d-742170-8 devstack@n-api.service[94433]: DEBUG oslo_concurrency.lockutils [None req-90b8e8e3-1bd9-4e0e-8e91-52585214a996 tempest-QuotasAdminTestJSON-1312552775 tempest-QuotasAdminTestJSON-1312552775-project-admin] Lock "321b22eb-1f74-4037-8667-a644a198ce5e" acquired by "nova.context.set_target_cell..get_or_set_cached_cell_and_set_connections" :: waited 0.000s {{(pid=94433) inner /usr/local/lib/python3.8/dist-packages/oslo_concurrency/lockutils.py:355}}
May 17 15:10:52.152041 n-d-742170-8 devstack@n-api.service[94433]: DEBUG oslo_concurrency.lockutils [None req-90b8e8e3-1bd9-4e0e-8e91-52585214a996 tempest-QuotasAdminTestJSON-1312552775 tempest-QuotasAdminTestJSON-1312552775-project-admin] Lock "321b22eb-1f74-4037-8667-a644a198ce5e" released by "nova.context.set_target_cell..get_or_set_cached_cell_and_set_connections" :: held 0.003s {{(pid=94433) inner /usr/local/lib/python3.8/dist-packages/oslo_concurrency/lockutils.py:367}}
May 17 15:10:52.204575 n-d-742170-8 devstack@n-api.service[94434]: DEBUG nova.policy [None req-03f81604-5c8a-4cc5-a297-b0eeb278b199 tempest-DeleteServersAdminTestJSON-1294963165 tempest-DeleteServersAdminTestJSON-1294963165-project] Policy check for os_compute_api:os-extended-server-attributes failed with credentials {'is_admin': False, 'user_id': 'fca39dca31ad4e29bde3304f4120745c', 'user_domain_id': 'default', 'system_scope': None, 'domain_id': None, 'project_id': 'd2727528592240e69c8bc3e54b9abc10', 'project_domain_id': 'default', 'roles': ['reader', 'member'], 'is_admin_project': True, 'service_user_id': None, 'service_user_domain_id': None, 'service_project_id': None, 'service_project_domain_id': None, 'service_roles': []} {{(pid=94434) authorize /opt/stack/nova/nova/policy.py:200}}
May 17 15:10:52.240712 n-d-742170-8 devstack@n-api.service[94434]: INFO nova.api.openstack.requestlog [None req-03f81604-5c8a-4cc5-a297-b0eeb278b199 tempest-DeleteServersAdminTestJSON-1294963165 tempest-DeleteServersAdminTestJSON-1294963165-project] 10.222.0.41 "GET /compute/v2.1/servers/e5f1fa12-099f-4a4b-9560-d959f4a9c4c6" status: 200 len: 1219 microversion: 2.1 time: 0.177690
May 17 15:10:52.253256 n-d-742170-8 devstack@n-api.service[94434]: [pid: 94434|app: 0|req: 36/60] 10.222.0.41 () {58 vars in 1236 bytes} [Mon May 17 15:10:52 2021] GET /compute/v2.1/servers/e5f1fa12-099f-4a4b-9560-d959f4a9c4c6 => generated 1219 bytes in 182 msecs (HTTP/1.1 200) 9 headers in 358 bytes (1 switches on core 0)
May 17 15:10:52.634078 n-d-742170-8 devstack@n-api.service[94434]: DEBUG nova.api.openstack.wsgi [None req-1fc28219-fa78-4f79-86f9-a62149ab7a2b tempest-FlavorsExtraSpecsNegativeTestJSON-969967919 tempest-FlavorsExtraSpecsNegativeTestJSON-969967919-project-admin] Action: 'create', calling method: >, body: {"flavor": {"name": "tempest-test_flavor-66779552", "ram": 512, "vcpus": 1, "disk": 10, "id": 970089028, "swap": 1024, "rxtx_factor": 1, "OS-FLV-EXT-DATA:ephemeral": 10}} {{(pid=94434) _process_stack /opt/stack/nova/nova/api/openstack/wsgi.py:511}}
May 17 15:10:52.637067 n-d-742170-8 devstack@n-api.service[94434]: /usr/local/lib/python3.8/dist-packages/oslo_policy/policy.py:1064: UserWarning: Policy os_compute_api:os-flavor-manage:create failed scope check. The token used to make the request was project scoped but the policy requires ['system'] scope. This behavior may change in the future where using the intended scope is required
May 17 15:10:52.637067 n-d-742170-8 devstack@n-api.service[94434]: warnings.warn(msg)
May 17 15:10:52.743227 n-d-742170-8 devstack@n-api.service[94434]: INFO nova.api.openstack.requestlog [None req-1fc28219-fa78-4f79-86f9-a62149ab7a2b tempest-FlavorsExtraSpecsNegativeTestJSON-969967919 tempest-FlavorsExtraSpecsNegativeTestJSON-969967919-project-admin] 10.222.0.41 "POST /compute/v2.1/flavors" status: 200 len: 411 microversion: 2.1 time: 0.461919
May 17 15:10:52.759783 n-d-742170-8 devstack@n-api.service[94434]: [pid: 94434|app: 0|req: 37/61] 10.222.0.41 () {60 vars in 1147 bytes} [Mon May 17 15:10:52 2021] POST /compute/v2.1/flavors => generated 411 bytes in 506 msecs (HTTP/1.1 200) 9 headers in 357 bytes (1 switches on core 0)
May 17 15:10:52.983387 n-d-742170-8 devstack@n-api.service[94433]: INFO nova.api.openstack.requestlog [None req-90b8e8e3-1bd9-4e0e-8e91-52585214a996 tempest-QuotasAdminTestJSON-1312552775 tempest-QuotasAdminTestJSON-1312552775-project-admin] 10.222.0.41 "PUT /compute/v2.1/os-quota-sets/0c6bf16f39f5447f8ee878229d51bfc0" status: 200 len: 329 microversion: 2.1 time: 1.722140
May 17 15:10:52.984403 n-d-742170-8 devstack@n-api.service[94433]: [pid: 94433|app: 0|req: 25/62] 10.222.0.41 () {60 vars in 1263 bytes} [Mon May 17 15:10:51 2021] PUT /compute/v2.1/os-quota-sets/0c6bf16f39f5447f8ee878229d51bfc0 => generated 329 bytes in 1724 msecs (HTTP/1.1 200) 9 headers in 357 bytes (1 switches on core 0)
May 17 15:10:53.075831 n-d-742170-8 devstack@n-api.service[94433]: DEBUG nova.api.openstack.wsgi [None req-2af579d5-b43c-4789-88c1-03d592d4b6ad tempest-AggregatesAdminTestJSON-341522498 tempest-AggregatesAdminTestJSON-341522498-project] Calling method '>' {{(pid=94433) _process_stack /opt/stack/nova/nova/api/openstack/wsgi.py:513}}
May 17 15:10:53.076650 n-d-742170-8 devstack@n-api.service[94433]: DEBUG nova.compute.api [None req-2af579d5-b43c-4789-88c1-03d592d4b6ad tempest-AggregatesAdminTestJSON-341522498 tempest-AggregatesAdminTestJSON-341522498-project] [instance: d63cc6e5-5c27-432f-abc3-b2487dba03ba] Fetching instance by UUID {{(pid=94433) get /opt/stack/nova/nova/compute/api.py:2790}}
May 17 15:10:53.097196 n-d-742170-8 devstack@n-api.service[94433]: DEBUG oslo_concurrency.lockutils [None req-2af579d5-b43c-4789-88c1-03d592d4b6ad tempest-AggregatesAdminTestJSON-341522498 tempest-AggregatesAdminTestJSON-341522498-project] Lock "321b22eb-1f74-4037-8667-a644a198ce5e" acquired by "nova.context.set_target_cell..get_or_set_cached_cell_and_set_connections" :: waited 0.000s {{(pid=94433) inner /usr/local/lib/python3.8/dist-packages/oslo_concurrency/lockutils.py:355}}
May 17 15:10:53.098686 n-d-742170-8 devstack@n-api.service[94433]: DEBUG oslo_concurrency.lockutils [None req-2af579d5-b43c-4789-88c1-03d592d4b6ad tempest-AggregatesAdminTestJSON-341522498 tempest-AggregatesAdminTestJSON-341522498-project] Lock "321b22eb-1f74-4037-8667-a644a198ce5e" released by "nova.context.set_target_cell..get_or_set_cached_cell_and_set_connections" :: held 0.001s {{(pid=94433) inner /usr/local/lib/python3.8/dist-packages/oslo_concurrency/lockutils.py:367}}
May 17 15:10:53.108084 n-d-742170-8 devstack@n-api.service[94433]: DEBUG oslo_concurrency.lockutils [None req-2af579d5-b43c-4789-88c1-03d592d4b6ad tempest-AggregatesAdminTestJSON-341522498 tempest-AggregatesAdminTestJSON-341522498-project] Lock "321b22eb-1f74-4037-8667-a644a198ce5e" acquired by "nova.context.set_target_cell..get_or_set_cached_cell_and_set_connections" :: waited 0.000s {{(pid=94433) inner /usr/local/lib/python3.8/dist-packages/oslo_concurrency/lockutils.py:355}}
May 17 15:10:53.108828 n-d-742170-8 devstack@n-api.service[94433]: DEBUG oslo_concurrency.lockutils [None req-2af579d5-b43c-4789-88c1-03d592d4b6ad tempest-AggregatesAdminTestJSON-341522498 tempest-AggregatesAdminTestJSON-341522498-project] Lock "321b22eb-1f74-4037-8667-a644a198ce5e" released by "nova.context.set_target_cell..get_or_set_cached_cell_and_set_connections" :: held 0.001s {{(pid=94433) inner /usr/local/lib/python3.8/dist-packages/oslo_concurrency/lockutils.py:367}}
