May 17 15:12:52.129838 n-d-742170-8 devstack@g-api.service[88153]: [pid: 88153|app: 0|req: 44/71] 127.0.0.1 () {42 vars in 991 bytes} [Mon May 17 15:12:52 2021] GET /v2/schemas/image => generated 6083 bytes in 12 msecs (HTTP/1.1 200) 4 headers in 158 bytes (1 switches on core 0)
May 17 15:12:53.906903 n-d-742170-8 devstack@g-api.service[88154]: [pid: 88154|app: 0|req: 28/72] 127.0.0.1 () {40 vars in 854 bytes} [Mon May 17 15:12:33 2021] GET /v2/images/32a6ed1b-b7ba-4619-9512-30ec60abc90f/file => generated 645922816 bytes in 20718 msecs (HTTP/1.1 200) 5 headers in 218 bytes (10164 switches on core 0)
May 17 15:12:54.616764 n-d-742170-8 devstack@g-api.service[88153]: DEBUG glance.api.middleware.version_negotiation [None req-d7c4f127-176a-44c0-9700-1672bec92f7c tempest-FloatingIPsAssociationNegativeTestJSON-1869335020 tempest-FloatingIPsAssociationNegativeTestJSON-1869335020-project] Determining version of request: GET /v2/images/32a6ed1b-b7ba-4619-9512-30ec60abc90f Accept: */* {{(pid=88153) process_request /opt/stack/glance/glance/api/middleware/version_negotiation.py:44}}
May 17 15:12:54.617941 n-d-742170-8 devstack@g-api.service[88153]: DEBUG glance.api.middleware.version_negotiation [None req-d7c4f127-176a-44c0-9700-1672bec92f7c tempest-FloatingIPsAssociationNegativeTestJSON-1869335020 tempest-FloatingIPsAssociationNegativeTestJSON-1869335020-project] Using url versioning {{(pid=88153) process_request /opt/stack/glance/glance/api/middleware/version_negotiation.py:57}}
May 17 15:12:54.618552 n-d-742170-8 devstack@g-api.service[88153]: DEBUG glance.api.middleware.version_negotiation [None req-d7c4f127-176a-44c0-9700-1672bec92f7c tempest-FloatingIPsAssociationNegativeTestJSON-1869335020 tempest-FloatingIPsAssociationNegativeTestJSON-1869335020-project] Matched version: v2 {{(pid=88153) process_request /opt/stack/glance/glance/api/middleware/version_negotiation.py:69}}
May 17 15:12:54.619226 n-d-742170-8 devstack@g-api.service[88153]: DEBUG glance.api.middleware.version_negotiation [None req-d7c4f127-176a-44c0-9700-1672bec92f7c tempest-FloatingIPsAssociationNegativeTestJSON-1869335020 tempest-FloatingIPsAssociationNegativeTestJSON-1869335020-project] new path /v2/images/32a6ed1b-b7ba-4619-9512-30ec60abc90f {{(pid=88153) process_request /opt/stack/glance/glance/api/middleware/version_negotiation.py:70}}
May 17 15:12:54.757379 n-d-742170-8 devstack@g-api.service[88153]: [pid: 88153|app: 0|req: 45/73] 127.0.0.1 () {40 vars in 844 bytes} [Mon May 17 15:12:54 2021] GET /v2/images/32a6ed1b-b7ba-4619-9512-30ec60abc90f => generated 946 bytes in 142 msecs (HTTP/1.1 200) 4 headers in 157 bytes (1 switches on core 0)
May 17 15:12:54.765457 n-d-742170-8 devstack@g-api.service[88154]: DEBUG glance.api.middleware.version_negotiation [None req-590421d9-6287-4f54-a9d0-3e6f1619fb61 tempest-ServersTestBootFromVolume-458106378 tempest-ServersTestBootFromVolume-458106378-project] Determining version of request: GET /v2/schemas/image Accept: */* {{(pid=88154) process_request /opt/stack/glance/glance/api/middleware/version_negotiation.py:44}}
May 17 15:12:54.766367 n-d-742170-8 devstack@g-api.service[88154]: DEBUG glance.api.middleware.version_negotiation [None req-590421d9-6287-4f54-a9d0-3e6f1619fb61 tempest-ServersTestBootFromVolume-458106378 tempest-ServersTestBootFromVolume-458106378-project] Using url versioning {{(pid=88154) process_request /opt/stack/glance/glance/api/middleware/version_negotiation.py:57}}
May 17 15:12:54.767156 n-d-742170-8 devstack@g-api.service[88154]: DEBUG glance.api.middleware.version_negotiation [None req-590421d9-6287-4f54-a9d0-3e6f1619fb61 tempest-ServersTestBootFromVolume-458106378 tempest-ServersTestBootFromVolume-458106378-project] Matched version: v2 {{(pid=88154) process_request /opt/stack/glance/glance/api/middleware/version_negotiation.py:69}}
May 17 15:12:54.767563 n-d-742170-8 devstack@g-api.service[88154]: DEBUG glance.api.middleware.version_negotiation [None req-590421d9-6287-4f54-a9d0-3e6f1619fb61 tempest-ServersTestBootFromVolume-458106378 tempest-ServersTestBootFromVolume-458106378-project] new path /v2/schemas/image {{(pid=88154) process_request /opt/stack/glance/glance/api/middleware/version_negotiation.py:70}}
May 17 15:12:54.774239 n-d-742170-8 devstack@g-api.service[88154]: [pid: 88154|app: 0|req: 29/74] 127.0.0.1 () {40 vars in 784 bytes} [Mon May 17 15:12:54 2021] GET /v2/schemas/image => generated 6083 bytes in 10 msecs (HTTP/1.1 200) 4 headers in 158 bytes (1 switches on core 0)
May 17 15:12:56.076086 n-d-742170-8 devstack@g-api.service[88153]: DEBUG glance.api.middleware.version_negotiation [None req-590421d9-6287-4f54-a9d0-3e6f1619fb61 tempest-ServersTestBootFromVolume-458106378 tempest-ServersTestBootFromVolume-458106378-project] Determining version of request: GET /v2/images/32a6ed1b-b7ba-4619-9512-30ec60abc90f Accept: */* {{(pid=88153) process_request /opt/stack/glance/glance/api/middleware/version_negotiation.py:44}}
May 17 15:12:56.076548 n-d-742170-8 devstack@g-api.service[88153]: DEBUG glance.api.middleware.version_negotiation [None req-590421d9-6287-4f54-a9d0-3e6f1619fb61 tempest-ServersTestBootFromVolume-458106378 tempest-ServersTestBootFromVolume-458106378-project] Using url versioning {{(pid=88153) process_request /opt/stack/glance/glance/api/middleware/version_negotiation.py:57}}
May 17 15:12:56.076640 n-d-742170-8 devstack@g-api.service[88153]: DEBUG glance.api.middleware.version_negotiation [None req-590421d9-6287-4f54-a9d0-3e6f1619fb61 tempest-ServersTestBootFromVolume-458106378 tempest-ServersTestBootFromVolume-458106378-project] Matched version: v2 {{(pid=88153) process_request /opt/stack/glance/glance/api/middleware/version_negotiation.py:69}}
May 17 15:12:56.076937 n-d-742170-8 devstack@g-api.service[88153]: DEBUG glance.api.middleware.version_negotiation [None req-590421d9-6287-4f54-a9d0-3e6f1619fb61 tempest-ServersTestBootFromVolume-458106378 tempest-ServersTestBootFromVolume-458106378-project] new path /v2/images/32a6ed1b-b7ba-4619-9512-30ec60abc90f {{(pid=88153) process_request /opt/stack/glance/glance/api/middleware/version_negotiation.py:70}}
May 17 15:12:56.158696 n-d-742170-8 devstack@g-api.service[88153]: [pid: 88153|app: 0|req: 46/75] 127.0.0.1 () {40 vars in 844 bytes} [Mon May 17 15:12:56 2021] GET /v2/images/32a6ed1b-b7ba-4619-9512-30ec60abc90f => generated 946 bytes in 83 msecs (HTTP/1.1 200) 4 headers in 157 bytes (1 switches on core 0)
May 17 15:12:56.165736 n-d-742170-8 devstack@g-api.service[88154]: DEBUG glance.api.middleware.version_negotiation [None req-590421d9-6287-4f54-a9d0-3e6f1619fb61 tempest-ServersTestBootFromVolume-458106378 tempest-ServersTestBootFromVolume-458106378-project] Determining version of request: GET /v2/schemas/image Accept: */* {{(pid=88154) process_request /opt/stack/glance/glance/api/middleware/version_negotiation.py:44}}
May 17 15:12:56.166621 n-d-742170-8 devstack@g-api.service[88154]: DEBUG glance.api.middleware.version_negotiation [None req-590421d9-6287-4f54-a9d0-3e6f1619fb61 tempest-ServersTestBootFromVolume-458106378 tempest-ServersTestBootFromVolume-458106378-project] Using url versioning {{(pid=88154) process_request /opt/stack/glance/glance/api/middleware/version_negotiation.py:57}}
May 17 15:12:56.167220 n-d-742170-8 devstack@g-api.service[88154]: DEBUG glance.api.middleware.version_negotiation [None req-590421d9-6287-4f54-a9d0-3e6f1619fb61 tempest-ServersTestBootFromVolume-458106378 tempest-ServersTestBootFromVolume-458106378-project] Matched version: v2 {{(pid=88154) process_request /opt/stack/glance/glance/api/middleware/version_negotiation.py:69}}
May 17 15:12:56.167730 n-d-742170-8 devstack@g-api.service[88154]: DEBUG glance.api.middleware.version_negotiation [None req-590421d9-6287-4f54-a9d0-3e6f1619fb61 tempest-ServersTestBootFromVolume-458106378 tempest-ServersTestBootFromVolume-458106378-project] new path /v2/schemas/image {{(pid=88154) process_request /opt/stack/glance/glance/api/middleware/version_negotiation.py:70}}
May 17 15:12:56.173012 n-d-742170-8 devstack@g-api.service[88154]: [pid: 88154|app: 0|req: 30/76] 127.0.0.1 () {40 vars in 784 bytes} [Mon May 17 15:12:56 2021] GET /v2/schemas/image => generated 6083 bytes in 8 msecs (HTTP/1.1 200) 4 headers in 158 bytes (1 switches on core 0)
May 17 15:12:59.139469 n-d-742170-8 devstack@g-api.service[88153]: DEBUG glance.api.middleware.version_negotiation [None req-590421d9-6287-4f54-a9d0-3e6f1619fb61 tempest-ServersTestBootFromVolume-458106378 tempest-ServersTestBootFromVolume-458106378-project] Determining version of request: GET /v2/images/32a6ed1b-b7ba-4619-9512-30ec60abc90f Accept: */* {{(pid=88153) process_request /opt/stack/glance/glance/api/middleware/version_negotiation.py:44}}
May 17 15:12:59.141235 n-d-742170-8 devstack@g-api.service[88153]: DEBUG glance.api.middleware.version_negotiation [None req-590421d9-6287-4f54-a9d0-3e6f1619fb61 tempest-ServersTestBootFromVolume-458106378 tempest-ServersTestBootFromVolume-458106378-project] Using url versioning {{(pid=88153) process_request /opt/stack/glance/glance/api/middleware/version_negotiation.py:57}}
May 17 15:12:59.141940 n-d-742170-8 devstack@g-api.service[88153]: DEBUG glance.api.middleware.version_negotiation [None req-590421d9-6287-4f54-a9d0-3e6f1619fb61 tempest-ServersTestBootFromVolume-458106378 tempest-ServersTestBootFromVolume-458106378-project] Matched version: v2 {{(pid=88153) process_request /opt/stack/glance/glance/api/middleware/version_negotiation.py:69}}
May 17 15:12:59.142541 n-d-742170-8 devstack@g-api.service[88153]: DEBUG glance.api.middleware.version_negotiation [None req-590421d9-6287-4f54-a9d0-3e6f1619fb61 tempest-ServersTestBootFromVolume-458106378 tempest-ServersTestBootFromVolume-458106378-project] new path /v2/images/32a6ed1b-b7ba-4619-9512-30ec60abc90f {{(pid=88153) process_request /opt/stack/glance/glance/api/middleware/version_negotiation.py:70}}
May 17 15:12:59.195747 n-d-742170-8 devstack@g-api.service[88153]: [pid: 88153|app: 0|req: 47/77] 127.0.0.1 () {40 vars in 844 bytes} [Mon May 17 15:12:59 2021] GET /v2/images/32a6ed1b-b7ba-4619-9512-30ec60abc90f => generated 946 bytes in 57 msecs (HTTP/1.1 200) 4 headers in 157 bytes (1 switches on core 0)
May 17 15:12:59.207166 n-d-742170-8 devstack@g-api.service[88154]: DEBUG glance.api.middleware.version_negotiation [None req-590421d9-6287-4f54-a9d0-3e6f1619fb61 tempest-ServersTestBootFromVolume-458106378 tempest-ServersTestBootFromVolume-458106378-project] Determining version of request: GET /v2/schemas/image Accept: */* {{(pid=88154) process_request /opt/stack/glance/glance/api/middleware/version_negotiation.py:44}}
May 17 15:12:59.208301 n-d-742170-8 devstack@g-api.service[88154]: DEBUG glance.api.middleware.version_negotiation [None req-590421d9-6287-4f54-a9d0-3e6f1619fb61 tempest-ServersTestBootFromVolume-458106378 tempest-ServersTestBootFromVolume-458106378-project] Using url versioning {{(pid=88154) process_request /opt/stack/glance/glance/api/middleware/version_negotiation.py:57}}
May 17 15:12:59.208848 n-d-742170-8 devstack@g-api.service[88154]: DEBUG glance.api.middleware.version_negotiation [None req-590421d9-6287-4f54-a9d0-3e6f1619fb61 tempest-ServersTestBootFromVolume-458106378 tempest-ServersTestBootFromVolume-458106378-project] Matched version: v2 {{(pid=88154) process_request /opt/stack/glance/glance/api/middleware/version_negotiation.py:69}}
May 17 15:12:59.209360 n-d-742170-8 devstack@g-api.service[88154]: DEBUG glance.api.middleware.version_negotiation [None req-590421d9-6287-4f54-a9d0-3e6f1619fb61 tempest-ServersTestBootFromVolume-458106378 tempest-ServersTestBootFromVolume-458106378-project] new path /v2/schemas/image {{(pid=88154) process_request /opt/stack/glance/glance/api/middleware/version_negotiation.py:70}}
May 17 15:12:59.213917 n-d-742170-8 devstack@g-api.service[88154]: [pid: 88154|app: 0|req: 31/78] 127.0.0.1 () {40 vars in 784 bytes} [Mon May 17 15:12:59 2021] GET /v2/schemas/image => generated 6083 bytes in 7 msecs (HTTP/1.1 200) 4 headers in 158 bytes (1 switches on core 0)
May 17 15:13:10.000011 n-d-742170-8 devstack@g-api.service[88153]: DEBUG glance.api.middleware.version_negotiation [None req-590421d9-6287-4f54-a9d0-3e6f1619fb61 tempest-ServersTestBootFromVolume-458106378 tempest-ServersTestBootFromVolume-458106378-project] Determining version of request: GET /v2/images/32a6ed1b-b7ba-4619-9512-30ec60abc90f Accept: */* {{(pid=88153) process_request /opt/stack/glance/glance/api/middleware/version_negotiation.py:44}}
May 17 15:13:10.000634 n-d-742170-8 devstack@g-api.service[88153]: DEBUG glance.api.middleware.version_negotiation [None req-590421d9-6287-4f54-a9d0-3e6f1619fb61 tempest-ServersTestBootFromVolume-458106378 tempest-ServersTestBootFromVolume-458106378-project] Using url versioning {{(pid=88153) process_request /opt/stack/glance/glance/api/middleware/version_negotiation.py:57}}
May 17 15:13:10.000751 n-d-742170-8 devstack@g-api.service[88153]: DEBUG glance.api.middleware.version_negotiation [None req-590421d9-6287-4f54-a9d0-3e6f1619fb61 tempest-ServersTestBootFromVolume-458106378 tempest-ServersTestBootFromVolume-458106378-project] Matched version: v2 {{(pid=88153) process_request /opt/stack/glance/glance/api/middleware/version_negotiation.py:69}}
May 17 15:13:10.001006 n-d-742170-8 devstack@g-api.service[88153]: DEBUG glance.api.middleware.version_negotiation [None req-590421d9-6287-4f54-a9d0-3e6f1619fb61 tempest-ServersTestBootFromVolume-458106378 tempest-ServersTestBootFromVolume-458106378-project] new path /v2/images/32a6ed1b-b7ba-4619-9512-30ec60abc90f {{(pid=88153) process_request /opt/stack/glance/glance/api/middleware/version_negotiation.py:70}}
May 17 15:13:10.032879 n-d-742170-8 devstack@g-api.service[88153]: [pid: 88153|app: 0|req: 48/79] 127.0.0.1 () {42 vars in 1051 bytes} [Mon May 17 15:13:09 2021] GET /v2/images/32a6ed1b-b7ba-4619-9512-30ec60abc90f => generated 946 bytes in 34 msecs (HTTP/1.1 200) 4 headers in 157 bytes (1 switches on core 0)
May 17 15:13:10.041309 n-d-742170-8 devstack@g-api.service[88154]: DEBUG glance.api.middleware.version_negotiation [None req-590421d9-6287-4f54-a9d0-3e6f1619fb61 tempest-ServersTestBootFromVolume-458106378 tempest-ServersTestBootFromVolume-458106378-project] Determining version of request: GET /v2/schemas/image Accept: */* {{(pid=88154) process_request /opt/stack/glance/glance/api/middleware/version_negotiation.py:44}}
May 17 15:13:10.041309 n-d-742170-8 devstack@g-api.service[88154]: DEBUG glance.api.middleware.version_negotiation [None req-590421d9-6287-4f54-a9d0-3e6f1619fb61 tempest-ServersTestBootFromVolume-458106378 tempest-ServersTestBootFromVolume-458106378-project] Using url versioning {{(pid=88154) process_request /opt/stack/glance/glance/api/middleware/version_negotiation.py:57}}
May 17 15:13:10.041309 n-d-742170-8 devstack@g-api.service[88154]: DEBUG glance.api.middleware.version_negotiation [None req-590421d9-6287-4f54-a9d0-3e6f1619fb61 tempest-ServersTestBootFromVolume-458106378 tempest-ServersTestBootFromVolume-458106378-project] Matched version: v2 {{(pid=88154) process_request /opt/stack/glance/glance/api/middleware/version_negotiation.py:69}}
May 17 15:13:10.041309 n-d-742170-8 devstack@g-api.service[88154]: DEBUG glance.api.middleware.version_negotiation [None req-590421d9-6287-4f54-a9d0-3e6f1619fb61 tempest-ServersTestBootFromVolume-458106378 tempest-ServersTestBootFromVolume-458106378-project] new path /v2/schemas/image {{(pid=88154) process_request /opt/stack/glance/glance/api/middleware/version_negotiation.py:70}}
May 17 15:13:10.046866 n-d-742170-8 devstack@g-api.service[88154]: [pid: 88154|app: 0|req: 32/80] 127.0.0.1 () {42 vars in 991 bytes} [Mon May 17 15:13:10 2021] GET /v2/schemas/image => generated 6083 bytes in 9 msecs (HTTP/1.1 200) 4 headers in 158 bytes (1 switches on core 0)
May 17 15:13:11.211487 n-d-742170-8 devstack@g-api.service[88153]: DEBUG glance.api.middleware.version_negotiation [None req-a03316c6-c9ae-40de-9d6c-c9ef0211e207 tempest-TenantUsagesTestJSON-1119158695 tempest-TenantUsagesTestJSON-1119158695-project] Determining version of request: GET /v2/images/32a6ed1b-b7ba-4619-9512-30ec60abc90f Accept: */* {{(pid=88153) process_request /opt/stack/glance/glance/api/middleware/version_negotiation.py:44}}
May 17 15:13:11.212429 n-d-742170-8 devstack@g-api.service[88153]: DEBUG glance.api.middleware.version_negotiation [None req-a03316c6-c9ae-40de-9d6c-c9ef0211e207 tempest-TenantUsagesTestJSON-1119158695 tempest-TenantUsagesTestJSON-1119158695-project] Using url versioning {{(pid=88153) process_request /opt/stack/glance/glance/api/middleware/version_negotiation.py:57}}
May 17 15:13:11.213018 n-d-742170-8 devstack@g-api.service[88153]: DEBUG glance.api.middleware.version_negotiation [None req-a03316c6-c9ae-40de-9d6c-c9ef0211e207 tempest-TenantUsagesTestJSON-1119158695 tempest-TenantUsagesTestJSON-1119158695-project] Matched version: v2 {{(pid=88153) process_request /opt/stack/glance/glance/api/middleware/version_negotiation.py:69}}
May 17 15:13:11.213543 n-d-742170-8 devstack@g-api.service[88153]: DEBUG glance.api.middleware.version_negotiation [None req-a03316c6-c9ae-40de-9d6c-c9ef0211e207 tempest-TenantUsagesTestJSON-1119158695 tempest-TenantUsagesTestJSON-1119158695-project] new path /v2/images/32a6ed1b-b7ba-4619-9512-30ec60abc90f {{(pid=88153) process_request /opt/stack/glance/glance/api/middleware/version_negotiation.py:70}}
May 17 15:13:11.245964 n-d-742170-8 devstack@g-api.service[88153]: [pid: 88153|app: 0|req: 49/81] 127.0.0.1 () {42 vars in 1051 bytes} [Mon May 17 15:13:11 2021] GET /v2/images/32a6ed1b-b7ba-4619-9512-30ec60abc90f => generated 946 bytes in 35 msecs (HTTP/1.1 200) 4 headers in 157 bytes (1 switches on core 0)
May 17 15:13:11.256879 n-d-742170-8 devstack@g-api.service[88154]: DEBUG glance.api.middleware.version_negotiation [None req-a03316c6-c9ae-40de-9d6c-c9ef0211e207 tempest-TenantUsagesTestJSON-1119158695 tempest-TenantUsagesTestJSON-1119158695-project] Determining version of request: GET /v2/schemas/image Accept: */* {{(pid=88154) process_request /opt/stack/glance/glance/api/middleware/version_negotiation.py:44}}
May 17 15:13:11.257726 n-d-742170-8 devstack@g-api.service[88154]: DEBUG glance.api.middleware.version_negotiation [None req-a03316c6-c9ae-40de-9d6c-c9ef0211e207 tempest-TenantUsagesTestJSON-1119158695 tempest-TenantUsagesTestJSON-1119158695-project] Using url versioning {{(pid=88154) process_request /opt/stack/glance/glance/api/middleware/version_negotiation.py:57}}
May 17 15:13:11.258427 n-d-742170-8 devstack@g-api.service[88154]: DEBUG glance.api.middleware.version_negotiation [None req-a03316c6-c9ae-40de-9d6c-c9ef0211e207 tempest-TenantUsagesTestJSON-1119158695 tempest-TenantUsagesTestJSON-1119158695-project] Matched version: v2 {{(pid=88154) process_request /opt/stack/glance/glance/api/middleware/version_negotiation.py:69}}
May 17 15:13:11.259088 n-d-742170-8 devstack@g-api.service[88154]: DEBUG glance.api.middleware.version_negotiation [None req-a03316c6-c9ae-40de-9d6c-c9ef0211e207 tempest-TenantUsagesTestJSON-1119158695 tempest-TenantUsagesTestJSON-1119158695-project] new path /v2/schemas/image {{(pid=88154) process_request /opt/stack/glance/glance/api/middleware/version_negotiation.py:70}}
May 17 15:13:11.290024 n-d-742170-8 devstack@g-api.service[88154]: [pid: 88154|app: 0|req: 33/82] 127.0.0.1 () {42 vars in 991 bytes} [Mon May 17 15:13:11 2021] GET /v2/schemas/image => generated 6083 bytes in 35 msecs (HTTP/1.1 200) 4 headers in 158 bytes (1 switches on core 0)
May 17 15:13:11.857155 n-d-742170-8 devstack@g-api.service[88153]: DEBUG glance.api.middleware.version_negotiation [None req-06f0f0d1-0b4e-421b-b2ef-422975cd2514 tempest-ServersAdminTestJSON-219692854 tempest-ServersAdminTestJSON-219692854-project] Determining version of request: GET /v2/images/32a6ed1b-b7ba-4619-9512-30ec60abc90f Accept: */* {{(pid=88153) process_request /opt/stack/glance/glance/api/middleware/version_negotiation.py:44}}
May 17 15:13:11.857565 n-d-742170-8 devstack@g-api.service[88153]: DEBUG glance.api.middleware.version_negotiation [None req-06f0f0d1-0b4e-421b-b2ef-422975cd2514 tempest-ServersAdminTestJSON-219692854 tempest-ServersAdminTestJSON-219692854-project] Using url versioning {{(pid=88153) process_request /opt/stack/glance/glance/api/middleware/version_negotiation.py:57}}
May 17 15:13:11.858090 n-d-742170-8 devstack@g-api.service[88153]: DEBUG glance.api.middleware.version_negotiation [None req-06f0f0d1-0b4e-421b-b2ef-422975cd2514 tempest-ServersAdminTestJSON-219692854 tempest-ServersAdminTestJSON-219692854-project] Matched version: v2 {{(pid=88153) process_request /opt/stack/glance/glance/api/middleware/version_negotiation.py:69}}
May 17 15:13:11.858537 n-d-742170-8 devstack@g-api.service[88153]: DEBUG glance.api.middleware.version_negotiation [None req-06f0f0d1-0b4e-421b-b2ef-422975cd2514 tempest-ServersAdminTestJSON-219692854 tempest-ServersAdminTestJSON-219692854-project] new path /v2/images/32a6ed1b-b7ba-4619-9512-30ec60abc90f {{(pid=88153) process_request /opt/stack/glance/glance/api/middleware/version_negotiation.py:70}}
May 17 15:13:11.946376 n-d-742170-8 devstack@g-api.service[88153]: [pid: 88153|app: 0|req: 50/83] 127.0.0.1 () {40 vars in 844 bytes} [Mon May 17 15:13:11 2021] GET /v2/images/32a6ed1b-b7ba-4619-9512-30ec60abc90f => generated 946 bytes in 90 msecs (HTTP/1.1 200) 4 headers in 157 bytes (1 switches on core 0)
May 17 15:13:11.953987 n-d-742170-8 devstack@g-api.service[88154]: DEBUG glance.api.middleware.version_negotiation [None req-06f0f0d1-0b4e-421b-b2ef-422975cd2514 tempest-ServersAdminTestJSON-219692854 tempest-ServersAdminTestJSON-219692854-project] Determining version of request: GET /v2/schemas/image Accept: */* {{(pid=88154) process_request /opt/stack/glance/glance/api/middleware/version_negotiation.py:44}}
May 17 15:13:11.954752 n-d-742170-8 devstack@g-api.service[88154]: DEBUG glance.api.middleware.version_negotiation [None req-06f0f0d1-0b4e-421b-b2ef-422975cd2514 tempest-ServersAdminTestJSON-219692854 tempest-ServersAdminTestJSON-219692854-project] Using url versioning {{(pid=88154) process_request /opt/stack/glance/glance/api/middleware/version_negotiation.py:57}}
May 17 15:13:11.955458 n-d-742170-8 devstack@g-api.service[88154]: DEBUG glance.api.middleware.version_negotiation [None req-06f0f0d1-0b4e-421b-b2ef-422975cd2514 tempest-ServersAdminTestJSON-219692854 tempest-ServersAdminTestJSON-219692854-project] Matched version: v2 {{(pid=88154) process_request /opt/stack/glance/glance/api/middleware/version_negotiation.py:69}}
May 17 15:13:11.956402 n-d-742170-8 devstack@g-api.service[88154]: DEBUG glance.api.middleware.version_negotiation [None req-06f0f0d1-0b4e-421b-b2ef-422975cd2514 tempest-ServersAdminTestJSON-219692854 tempest-ServersAdminTestJSON-219692854-project] new path /v2/schemas/image {{(pid=88154) process_request /opt/stack/glance/glance/api/middleware/version_negotiation.py:70}}
May 17 15:13:11.972941 n-d-742170-8 devstack@g-api.service[88154]: [pid: 88154|app: 0|req: 34/84] 127.0.0.1 () {40 vars in 784 bytes} [Mon May 17 15:13:11 2021] GET /v2/schemas/image => generated 6083 bytes in 20 msecs (HTTP/1.1 200) 4 headers in 158 bytes (1 switches on core 0)
May 17 15:13:20.232157 n-d-742170-8 devstack@g-api.service[88153]: DEBUG glance.api.middleware.version_negotiation [None req-06f0f0d1-0b4e-421b-b2ef-422975cd2514 tempest-ServersAdminTestJSON-219692854 tempest-ServersAdminTestJSON-219692854-project] Determining version of request: GET /v2/images/32a6ed1b-b7ba-4619-9512-30ec60abc90f Accept: */* {{(pid=88153) process_request /opt/stack/glance/glance/api/middleware/version_negotiation.py:44}}
May 17 15:13:20.232760 n-d-742170-8 devstack@g-api.service[88153]: DEBUG glance.api.middleware.version_negotiation [None req-06f0f0d1-0b4e-421b-b2ef-422975cd2514 tempest-ServersAdminTestJSON-219692854 tempest-ServersAdminTestJSON-219692854-project] Using url versioning {{(pid=88153) process_request /opt/stack/glance/glance/api/middleware/version_negotiation.py:57}}
May 17 15:13:20.232860 n-d-742170-8 devstack@g-api.service[88153]: DEBUG glance.api.middleware.version_negotiation [None req-06f0f0d1-0b4e-421b-b2ef-422975cd2514 tempest-ServersAdminTestJSON-219692854 tempest-ServersAdminTestJSON-219692854-project] Matched version: v2 {{(pid=88153) process_request /opt/stack/glance/glance/api/middleware/version_negotiation.py:69}}
May 17 15:13:20.233107 n-d-742170-8 devstack@g-api.service[88153]: DEBUG glance.api.middleware.version_negotiation [None req-06f0f0d1-0b4e-421b-b2ef-422975cd2514 tempest-ServersAdminTestJSON-219692854 tempest-ServersAdminTestJSON-219692854-project] new path /v2/images/32a6ed1b-b7ba-4619-9512-30ec60abc90f {{(pid=88153) process_request /opt/stack/glance/glance/api/middleware/version_negotiation.py:70}}
May 17 15:13:20.278490 n-d-742170-8 devstack@g-api.service[88153]: [pid: 88153|app: 0|req: 51/85] 127.0.0.1 () {42 vars in 1051 bytes} [Mon May 17 15:13:20 2021] GET /v2/images/32a6ed1b-b7ba-4619-9512-30ec60abc90f => generated 946 bytes in 47 msecs (HTTP/1.1 200) 4 headers in 157 bytes (1 switches on core 0)
May 17 15:13:20.284098 n-d-742170-8 devstack@g-api.service[88154]: DEBUG glance.api.middleware.version_negotiation [None req-06f0f0d1-0b4e-421b-b2ef-422975cd2514 tempest-ServersAdminTestJSON-219692854 tempest-ServersAdminTestJSON-219692854-project] Determining version of request: GET /v2/schemas/image Accept: */* {{(pid=88154) process_request /opt/stack/glance/glance/api/middleware/version_negotiation.py:44}}
May 17 15:13:20.285130 n-d-742170-8 devstack@g-api.service[88154]: DEBUG glance.api.middleware.version_negotiation [None req-06f0f0d1-0b4e-421b-b2ef-422975cd2514 tempest-ServersAdminTestJSON-219692854 tempest-ServersAdminTestJSON-219692854-project] Using url versioning {{(pid=88154) process_request /opt/stack/glance/glance/api/middleware/version_negotiation.py:57}}
May 17 15:13:20.285628 n-d-742170-8 devstack@g-api.service[88154]: DEBUG glance.api.middleware.version_negotiation [None req-06f0f0d1-0b4e-421b-b2ef-422975cd2514 tempest-ServersAdminTestJSON-219692854 tempest-ServersAdminTestJSON-219692854-project] Matched version: v2 {{(pid=88154) process_request /opt/stack/glance/glance/api/middleware/version_negotiation.py:69}}
May 17 15:13:20.286082 n-d-742170-8 devstack@g-api.service[88154]: DEBUG glance.api.middleware.version_negotiation [None req-06f0f0d1-0b4e-421b-b2ef-422975cd2514 tempest-ServersAdminTestJSON-219692854 tempest-ServersAdminTestJSON-219692854-project] new path /v2/schemas/image {{(pid=88154) process_request /opt/stack/glance/glance/api/middleware/version_negotiation.py:70}}
May 17 15:13:20.292332 n-d-742170-8 devstack@g-api.service[88154]: [pid: 88154|app: 0|req: 35/86] 127.0.0.1 () {42 vars in 991 bytes} [Mon May 17 15:13:20 2021] GET /v2/schemas/image => generated 6083 bytes in 9 msecs (HTTP/1.1 200) 4 headers in 158 bytes (1 switches on core 0)
May 17 15:13:48.412966 n-d-742170-8 devstack@g-api.service[88153]: DEBUG glance.api.middleware.version_negotiation [None req-0682a3ad-6763-47e2-bb97-440ec676eef4 tempest-ServersWithSpecificFlavorTestJSON-2019693840 tempest-ServersWithSpecificFlavorTestJSON-2019693840-project] Determining version of request: GET /v2/images/32a6ed1b-b7ba-4619-9512-30ec60abc90f Accept: application/json {{(pid=88153) process_request /opt/stack/glance/glance/api/middleware/version_negotiation.py:44}}
May 17 15:13:48.413716 n-d-742170-8 devstack@g-api.service[88153]: DEBUG glance.api.middleware.version_negotiation [None req-0682a3ad-6763-47e2-bb97-440ec676eef4 tempest-ServersWithSpecificFlavorTestJSON-2019693840 tempest-ServersWithSpecificFlavorTestJSON-2019693840-project] Using url versioning {{(pid=88153) process_request /opt/stack/glance/glance/api/middleware/version_negotiation.py:57}}
May 17 15:13:48.414080 n-d-742170-8 devstack@g-api.service[88153]: DEBUG glance.api.middleware.version_negotiation [None req-0682a3ad-6763-47e2-bb97-440ec676eef4 tempest-ServersWithSpecificFlavorTestJSON-2019693840 tempest-ServersWithSpecificFlavorTestJSON-2019693840-project] Matched version: v2 {{(pid=88153) process_request /opt/stack/glance/glance/api/middleware/version_negotiation.py:69}}
May 17 15:13:48.414381 n-d-742170-8 devstack@g-api.service[88153]: DEBUG glance.api.middleware.version_negotiation [None req-0682a3ad-6763-47e2-bb97-440ec676eef4 tempest-ServersWithSpecificFlavorTestJSON-2019693840 tempest-ServersWithSpecificFlavorTestJSON-2019693840-project] new path /v2/images/32a6ed1b-b7ba-4619-9512-30ec60abc90f {{(pid=88153) process_request /opt/stack/glance/glance/api/middleware/version_negotiation.py:70}}
May 17 15:13:48.835646 n-d-742170-8 devstack@g-api.service[88154]: DEBUG glance.api.middleware.version_negotiation [None req-0682a3ad-6763-47e2-bb97-440ec676eef4 tempest-ServersWithSpecificFlavorTestJSON-2019693840 tempest-ServersWithSpecificFlavorTestJSON-2019693840-project] Determining version of request: GET /v2/images/32a6ed1b-b7ba-4619-9512-30ec60abc90f/file Accept: application/json {{(pid=88154) process_request /opt/stack/glance/glance/api/middleware/version_negotiation.py:44}}
May 17 15:13:48.836203 n-d-742170-8 devstack@g-api.service[88154]: DEBUG glance.api.middleware.version_negotiation [None req-0682a3ad-6763-47e2-bb97-440ec676eef4 tempest-ServersWithSpecificFlavorTestJSON-2019693840 tempest-ServersWithSpecificFlavorTestJSON-2019693840-project] Using url versioning {{(pid=88154) process_request /opt/stack/glance/glance/api/middleware/version_negotiation.py:57}}
May 17 15:13:48.836305 n-d-742170-8 devstack@g-api.service[88154]: DEBUG glance.api.middleware.version_negotiation [None req-0682a3ad-6763-47e2-bb97-440ec676eef4 tempest-ServersWithSpecificFlavorTestJSON-2019693840 tempest-ServersWithSpecificFlavorTestJSON-2019693840-project] Matched version: v2 {{(pid=88154) process_request /opt/stack/glance/glance/api/middleware/version_negotiation.py:69}}
May 17 15:13:48.836596 n-d-742170-8 devstack@g-api.service[88154]: DEBUG glance.api.middleware.version_negotiation [None req-0682a3ad-6763-47e2-bb97-440ec676eef4 tempest-ServersWithSpecificFlavorTestJSON-2019693840 tempest-ServersWithSpecificFlavorTestJSON-2019693840-project] new path /v2/images/32a6ed1b-b7ba-4619-9512-30ec60abc90f/file {{(pid=88154) process_request /opt/stack/glance/glance/api/middleware/version_negotiation.py:70}}
May 17 15:13:48.848412 n-d-742170-8 devstack@g-api.service[88153]: [pid: 88153|app: 0|req: 52/87] 127.0.0.1 () {38 vars in 775 bytes} [Mon May 17 15:13:48 2021] GET /v2/images/32a6ed1b-b7ba-4619-9512-30ec60abc90f => generated 946 bytes in 436 msecs (HTTP/1.1 200) 4 headers in 157 bytes (1 switches on core 0)
May 17 15:13:48.861859 n-d-742170-8 devstack@g-api.service[88154]: DEBUG glance.api.middleware.cache [None req-f2f5eed6-a016-4071-90f9-7ea88c783e22 tempest-AttachSCSIVolumeTestJSON-358403565 tempest-AttachSCSIVolumeTestJSON-358403565-project-admin] Cache hit for image '32a6ed1b-b7ba-4619-9512-30ec60abc90f' {{(pid=88154) process_request /opt/stack/glance/glance/api/middleware/cache.py:174}}
May 17 15:13:53.567782 n-d-742170-8 devstack@g-api.service[88154]: [pid: 88154|app: 0|req: 36/88] 127.0.0.1 () {38 vars in 785 bytes} [Mon May 17 15:13:48 2021] GET /v2/images/32a6ed1b-b7ba-4619-9512-30ec60abc90f/file => generated 645922816 bytes in 4733 msecs (HTTP/1.1 200) 5 headers in 218 bytes (10123 switches on core 0)
May 17 15:14:03.575822 n-d-742170-8 devstack@g-api.service[88153]: DEBUG glance.api.middleware.version_negotiation [None req-c80329c7-668c-46f4-9507-58948abeb844 tempest-AttachSCSIVolumeTestJSON-358403565 tempest-AttachSCSIVolumeTestJSON-358403565-project-admin] Determining version of request: POST /v2/images Accept: application/json {{(pid=88153) process_request /opt/stack/glance/glance/api/middleware/version_negotiation.py:44}}
May 17 15:14:03.577550 n-d-742170-8 devstack@g-api.service[88153]: DEBUG glance.api.middleware.version_negotiation [None req-c80329c7-668c-46f4-9507-58948abeb844 tempest-AttachSCSIVolumeTestJSON-358403565 tempest-AttachSCSIVolumeTestJSON-358403565-project-admin] Using url versioning {{(pid=88153) process_request /opt/stack/glance/glance/api/middleware/version_negotiation.py:57}}
May 17 15:14:03.578305 n-d-742170-8 devstack@g-api.service[88153]: DEBUG glance.api.middleware.version_negotiation [None req-c80329c7-668c-46f4-9507-58948abeb844 tempest-AttachSCSIVolumeTestJSON-358403565 tempest-AttachSCSIVolumeTestJSON-358403565-project-admin] Matched version: v2 {{(pid=88153) process_request /opt/stack/glance/glance/api/middleware/version_negotiation.py:69}}
May 17 15:14:03.579022 n-d-742170-8 devstack@g-api.service[88153]: DEBUG glance.api.middleware.version_negotiation [None req-c80329c7-668c-46f4-9507-58948abeb844 tempest-AttachSCSIVolumeTestJSON-358403565 tempest-AttachSCSIVolumeTestJSON-358403565-project-admin] new path /v2/images {{(pid=88153) process_request /opt/stack/glance/glance/api/middleware/version_negotiation.py:70}}
May 17 15:14:03.691795 n-d-742170-8 devstack@g-api.service[88153]: [pid: 88153|app: 0|req: 53/89] 127.0.0.1 () {40 vars in 723 bytes} [Mon May 17 15:14:03 2021] POST /v2/images => generated 689 bytes in 119 msecs (HTTP/1.1 201) 6 headers in 314 bytes (1 switches on core 0)
May 17 15:14:03.698119 n-d-742170-8 devstack@g-api.service[88154]: DEBUG glance.api.middleware.version_negotiation [None req-f2f5eed6-a016-4071-90f9-7ea88c783e22 tempest-AttachSCSIVolumeTestJSON-358403565 tempest-AttachSCSIVolumeTestJSON-358403565-project-admin] Determining version of request: PUT /v2/images/81b46edb-6e6b-49d4-a821-a4b3ee98c6fd/file Accept: {{(pid=88154) process_request /opt/stack/glance/glance/api/middleware/version_negotiation.py:44}}
May 17 15:14:03.698947 n-d-742170-8 devstack@g-api.service[88154]: DEBUG glance.api.middleware.version_negotiation [None req-f2f5eed6-a016-4071-90f9-7ea88c783e22 tempest-AttachSCSIVolumeTestJSON-358403565 tempest-AttachSCSIVolumeTestJSON-358403565-project-admin] Using url versioning {{(pid=88154) process_request /opt/stack/glance/glance/api/middleware/version_negotiation.py:57}}
May 17 15:14:03.699483 n-d-742170-8 devstack@g-api.service[88154]: DEBUG glance.api.middleware.version_negotiation [None req-f2f5eed6-a016-4071-90f9-7ea88c783e22 tempest-AttachSCSIVolumeTestJSON-358403565 tempest-AttachSCSIVolumeTestJSON-358403565-project-admin] Matched version: v2 {{(pid=88154) process_request /opt/stack/glance/glance/api/middleware/version_negotiation.py:69}}
May 17 15:14:03.700006 n-d-742170-8 devstack@g-api.service[88154]: DEBUG glance.api.middleware.version_negotiation [None req-f2f5eed6-a016-4071-90f9-7ea88c783e22 tempest-AttachSCSIVolumeTestJSON-358403565 tempest-AttachSCSIVolumeTestJSON-358403565-project-admin] new path /v2/images/81b46edb-6e6b-49d4-a821-a4b3ee98c6fd/file {{(pid=88154) process_request /opt/stack/glance/glance/api/middleware/version_negotiation.py:70}}
May 17 15:14:03.737559 n-d-742170-8 devstack@g-api.service[88154]: INFO glance.api.v2.image_data [None req-22e65d5a-14b5-4e76-8979-44c140616b62 tempest-AttachSCSIVolumeTestJSON-358403565 tempest-AttachSCSIVolumeTestJSON-358403565-project-admin] Unable to create trust: no such option collect_timing in group [keystone_authtoken] Use the existing user token.
May 17 15:14:03.835391 n-d-742170-8 devstack@g-api.service[88154]: DEBUG glance.location [None req-22e65d5a-14b5-4e76-8979-44c140616b62 tempest-AttachSCSIVolumeTestJSON-358403565 tempest-AttachSCSIVolumeTestJSON-358403565-project-admin] Enabling in-flight format inspection for vhdx {{(pid=88154) set_data /opt/stack/glance/glance/location.py:563}}
May 17 15:14:03.839400 n-d-742170-8 devstack@g-api.service[88154]: DEBUG glance_store.backend [None req-22e65d5a-14b5-4e76-8979-44c140616b62 tempest-AttachSCSIVolumeTestJSON-358403565 tempest-AttachSCSIVolumeTestJSON-358403565-project-admin] Attempting to import store swift {{(pid=88154) _load_store /usr/local/lib/python3.8/dist-packages/glance_store/backend.py:217}}
May 17 15:14:03.847450 n-d-742170-8 devstack@g-api.service[88154]: DEBUG glance_store.capabilities [None req-22e65d5a-14b5-4e76-8979-44c140616b62 tempest-AttachSCSIVolumeTestJSON-358403565 tempest-AttachSCSIVolumeTestJSON-358403565-project-admin] Store glance_store._drivers.swift.store.SingleTenantStore doesn't support updating dynamic storage capabilities. Please overwrite 'update_capabilities' method of the store to implement updating logics if needed. {{(pid=88154) update_capabilities /usr/local/lib/python3.8/dist-packages/glance_store/capabilities.py:91}}
May 17 15:14:03.848115 n-d-742170-8 devstack@g-api.service[88154]: DEBUG glance_store.driver [None req-22e65d5a-14b5-4e76-8979-44c140616b62 tempest-AttachSCSIVolumeTestJSON-358403565 tempest-AttachSCSIVolumeTestJSON-358403565-project-admin] Late loading location class glance_store._drivers.swift.store.StoreLocation {{(pid=88154) get_store_location_class /usr/local/lib/python3.8/dist-packages/glance_store/driver.py:117}}
May 17 15:14:03.849096 n-d-742170-8 devstack@g-api.service[88154]: DEBUG glance_store.location [None req-22e65d5a-14b5-4e76-8979-44c140616b62 tempest-AttachSCSIVolumeTestJSON-358403565 tempest-AttachSCSIVolumeTestJSON-358403565-project-admin] Registering scheme swift+https with {'store': , 'location_class': , 'store_entry': 'swift'} {{(pid=88154) register_scheme_map /usr/local/lib/python3.8/dist-packages/glance_store/location.py:146}}
May 17 15:14:03.849603 n-d-742170-8 devstack@g-api.service[88154]: DEBUG glance_store.location [None req-22e65d5a-14b5-4e76-8979-44c140616b62 tempest-AttachSCSIVolumeTestJSON-358403565 tempest-AttachSCSIVolumeTestJSON-358403565-project-admin] Registering scheme swift+https with {'store': , 'location_class': , 'store_entry': 'swift'} {{(pid=88154) register_scheme_map /usr/local/lib/python3.8/dist-packages/glance_store/location.py:146}}
May 17 15:14:03.850043 n-d-742170-8 devstack@g-api.service[88154]: DEBUG glance_store.location [None req-22e65d5a-14b5-4e76-8979-44c140616b62 tempest-AttachSCSIVolumeTestJSON-358403565 tempest-AttachSCSIVolumeTestJSON-358403565-project-admin] Registering scheme swift with {'store': , 'location_class': , 'store_entry': 'swift'} {{(pid=88154) register_scheme_map /usr/local/lib/python3.8/dist-packages/glance_store/location.py:146}}
May 17 15:14:03.851046 n-d-742170-8 devstack@g-api.service[88154]: DEBUG glance_store.location [None req-22e65d5a-14b5-4e76-8979-44c140616b62 tempest-AttachSCSIVolumeTestJSON-358403565 tempest-AttachSCSIVolumeTestJSON-358403565-project-admin] Registering scheme swift+https with {'store': , 'location_class': , 'store_entry': 'swift'} {{(pid=88154) register_scheme_map /usr/local/lib/python3.8/dist-packages/glance_store/location.py:146}}
May 17 15:14:03.852000 n-d-742170-8 devstack@g-api.service[88154]: DEBUG glance_store.location [None req-22e65d5a-14b5-4e76-8979-44c140616b62 tempest-AttachSCSIVolumeTestJSON-358403565 tempest-AttachSCSIVolumeTestJSON-358403565-project-admin] Registering scheme swift with {'store': , 'location_class': , 'store_entry': 'swift'} {{(pid=88154) register_scheme_map /usr/local/lib/python3.8/dist-packages/glance_store/location.py:146}}
May 17 15:14:03.852899 n-d-742170-8 devstack@g-api.service[88154]: DEBUG glance_store.location [None req-22e65d5a-14b5-4e76-8979-44c140616b62 tempest-AttachSCSIVolumeTestJSON-358403565 tempest-AttachSCSIVolumeTestJSON-358403565-project-admin] Registering scheme swift+http with {'store': , 'location_class': , 'store_entry': 'swift'} {{(pid=88154) register_scheme_map /usr/local/lib/python3.8/dist-packages/glance_store/location.py:146}}
May 17 15:14:03.853398 n-d-742170-8 devstack@g-api.service[88154]: DEBUG glance_store.location [None req-22e65d5a-14b5-4e76-8979-44c140616b62 tempest-AttachSCSIVolumeTestJSON-358403565 tempest-AttachSCSIVolumeTestJSON-358403565-project-admin] Registering scheme swift+https with {'store': , 'location_class': , 'store_entry': 'swift'} {{(pid=88154) register_scheme_map /usr/local/lib/python3.8/dist-packages/glance_store/location.py:146}}
May 17 15:14:03.853879 n-d-742170-8 devstack@g-api.service[88154]: DEBUG glance_store.location [None req-22e65d5a-14b5-4e76-8979-44c140616b62 tempest-AttachSCSIVolumeTestJSON-358403565 tempest-AttachSCSIVolumeTestJSON-358403565-project-admin] Registering scheme swift with {'store': , 'location_class': , 'store_entry': 'swift'} {{(pid=88154) register_scheme_map /usr/local/lib/python3.8/dist-packages/glance_store/location.py:146}}
May 17 15:14:03.854367 n-d-742170-8 devstack@g-api.service[88154]: DEBUG glance_store.location [None req-22e65d5a-14b5-4e76-8979-44c140616b62 tempest-AttachSCSIVolumeTestJSON-358403565 tempest-AttachSCSIVolumeTestJSON-358403565-project-admin] Registering scheme swift+http with {'store': , 'location_class': , 'store_entry': 'swift'} {{(pid=88154) register_scheme_map /usr/local/lib/python3.8/dist-packages/glance_store/location.py:146}}
May 17 15:14:03.854843 n-d-742170-8 devstack@g-api.service[88154]: DEBUG glance_store.location [None req-22e65d5a-14b5-4e76-8979-44c140616b62 tempest-AttachSCSIVolumeTestJSON-358403565 tempest-AttachSCSIVolumeTestJSON-358403565-project-admin] Registering scheme swift+config with {'store': , 'location_class': , 'store_entry': 'swift'} {{(pid=88154) register_scheme_map /usr/local/lib/python3.8/dist-packages/glance_store/location.py:146}}
May 17 15:14:04.509192 n-d-742170-8 devstack@g-api.service[88154]: DEBUG swiftclient [None req-22e65d5a-14b5-4e76-8979-44c140616b62 tempest-AttachSCSIVolumeTestJSON-358403565 tempest-AttachSCSIVolumeTestJSON-358403565-project-admin] REQ: curl -i http://10.222.0.41:8080/v1/AUTH_311f957f1eab47109f390915b5f21164/glance -I -H "X-Auth-Token: gAAAAABgoog7JaZm..." {{(pid=88154) http_log /usr/local/lib/python3.8/dist-packages/swiftclient/client.py:187}}
May 17 15:14:04.509192 n-d-742170-8 devstack@g-api.service[88154]: DEBUG swiftclient [None req-22e65d5a-14b5-4e76-8979-44c140616b62 tempest-AttachSCSIVolumeTestJSON-358403565 tempest-AttachSCSIVolumeTestJSON-358403565-project-admin] RESP STATUS: 204 No Content {{(pid=88154) http_log /usr/local/lib/python3.8/dist-packages/swiftclient/client.py:188}}
May 17 15:14:04.509566 n-d-742170-8 devstack@g-api.service[88154]: DEBUG swiftclient [None req-22e65d5a-14b5-4e76-8979-44c140616b62 tempest-AttachSCSIVolumeTestJSON-358403565 tempest-AttachSCSIVolumeTestJSON-358403565-project-admin] RESP HEADERS: {'Content-Type': 'text/plain; charset=utf-8', 'X-Container-Object-Count': '1', 'X-Container-Bytes-Used': '645922816', 'X-Timestamp': '1621263736.12227', 'Last-Modified': 'Mon, 17 May 2021 15:02:17 GMT', 'Accept-Ranges': 'bytes', 'X-Storage-Policy': 'Policy-0', 'X-Container-Sharding': 'False', 'Vary': 'Accept', 'Content-Length': '0', 'X-Trans-Id': 'tx84156fe6a2a5411d9dcc8-0060a2883c', 'X-Openstack-Request-Id': 'tx84156fe6a2a5411d9dcc8-0060a2883c', 'Date': 'Mon, 17 May 2021 15:14:04 GMT'} {{(pid=88154) http_log /usr/local/lib/python3.8/dist-packages/swiftclient/client.py:189}}
May 17 15:14:04.509958 n-d-742170-8 devstack@g-api.service[88154]: DEBUG glance_store._drivers.swift.store [None req-22e65d5a-14b5-4e76-8979-44c140616b62 tempest-AttachSCSIVolumeTestJSON-358403565 tempest-AttachSCSIVolumeTestJSON-358403565-project-admin] Adding image object '81b46edb-6e6b-49d4-a821-a4b3ee98c6fd' to Swift {{(pid=88154) add /usr/local/lib/python3.8/dist-packages/glance_store/_drivers/swift/store.py:945}}
May 17 15:14:04.510201 n-d-742170-8 devstack@g-api.service[88154]: DEBUG glance_store._drivers.swift.store [None req-22e65d5a-14b5-4e76-8979-44c140616b62 tempest-AttachSCSIVolumeTestJSON-358403565 tempest-AttachSCSIVolumeTestJSON-358403565-project-admin] Cannot determine image size because it is either not provided in the request or chunked-transfer encoding is used. Adding image as a segmented object to Swift. {{(pid=88154) add /usr/local/lib/python3.8/dist-packages/glance_store/_drivers/swift/store.py:969}}
May 17 15:14:12.577741 n-d-742170-8 devstack@g-api.service[88154]: DEBUG swiftclient [None req-22e65d5a-14b5-4e76-8979-44c140616b62 tempest-AttachSCSIVolumeTestJSON-358403565 tempest-AttachSCSIVolumeTestJSON-358403565-project-admin] REQ: curl -i http://10.222.0.41:8080/v1/AUTH_311f957f1eab47109f390915b5f21164/glance/81b46edb-6e6b-49d4-a821-a4b3ee98c6fd-00001 -X PUT -H "X-Auth-Token: gAAAAABgoog7JaZm..." {{(pid=88154) http_log /usr/local/lib/python3.8/dist-packages/swiftclient/client.py:187}}
May 17 15:14:12.581484 n-d-742170-8 devstack@g-api.service[88154]: DEBUG swiftclient [None req-22e65d5a-14b5-4e76-8979-44c140616b62 tempest-AttachSCSIVolumeTestJSON-358403565 tempest-AttachSCSIVolumeTestJSON-358403565-project-admin] RESP STATUS: 201 Created {{(pid=88154) http_log /usr/local/lib/python3.8/dist-packages/swiftclient/client.py:188}}
May 17 15:14:12.581484 n-d-742170-8 devstack@g-api.service[88154]: DEBUG swiftclient [None req-22e65d5a-14b5-4e76-8979-44c140616b62 tempest-AttachSCSIVolumeTestJSON-358403565 tempest-AttachSCSIVolumeTestJSON-358403565-project-admin] RESP HEADERS: {'Content-Type': 'text/html; charset=UTF-8', 'Content-Length': '0', 'Etag': '048deade7f6ee243fd159705c19dd024', 'Last-Modified': 'Mon, 17 May 2021 15:14:05 GMT', 'X-Trans-Id': 'txee31c38e5de248e692eb1-0060a2883c', 'X-Openstack-Request-Id': 'txee31c38e5de248e692eb1-0060a2883c', 'Date': 'Mon, 17 May 2021 15:14:12 GMT'} {{(pid=88154) http_log /usr/local/lib/python3.8/dist-packages/swiftclient/client.py:189}}
May 17 15:14:12.581484 n-d-742170-8 devstack@g-api.service[88154]: DEBUG glance_store._drivers.swift.store [None req-22e65d5a-14b5-4e76-8979-44c140616b62 tempest-AttachSCSIVolumeTestJSON-358403565 tempest-AttachSCSIVolumeTestJSON-358403565-project-admin] Wrote chunk 81b46edb-6e6b-49d4-a821-a4b3ee98c6fd-00001 (1/?) of length 204800000 to Swift returning MD5 of content: 048deade7f6ee243fd159705c19dd024 {{(pid=88154) add /usr/local/lib/python3.8/dist-packages/glance_store/_drivers/swift/store.py:1029}}
May 17 15:14:20.679674 n-d-742170-8 devstack@g-api.service[88154]: DEBUG swiftclient [None req-22e65d5a-14b5-4e76-8979-44c140616b62 tempest-AttachSCSIVolumeTestJSON-358403565 tempest-AttachSCSIVolumeTestJSON-358403565-project-admin] REQ: curl -i http://10.222.0.41:8080/v1/AUTH_311f957f1eab47109f390915b5f21164/glance/81b46edb-6e6b-49d4-a821-a4b3ee98c6fd-00002 -X PUT -H "X-Auth-Token: gAAAAABgoog7JaZm..." {{(pid=88154) http_log /usr/local/lib/python3.8/dist-packages/swiftclient/client.py:187}}
May 17 15:14:20.680736 n-d-742170-8 devstack@g-api.service[88154]: DEBUG swiftclient [None req-22e65d5a-14b5-4e76-8979-44c140616b62 tempest-AttachSCSIVolumeTestJSON-358403565 tempest-AttachSCSIVolumeTestJSON-358403565-project-admin] RESP STATUS: 201 Created {{(pid=88154) http_log /usr/local/lib/python3.8/dist-packages/swiftclient/client.py:188}}
May 17 15:14:20.681248 n-d-742170-8 devstack@g-api.service[88154]: DEBUG swiftclient [None req-22e65d5a-14b5-4e76-8979-44c140616b62 tempest-AttachSCSIVolumeTestJSON-358403565 tempest-AttachSCSIVolumeTestJSON-358403565-project-admin] RESP HEADERS: {'Content-Type': 'text/html; charset=UTF-8', 'Content-Length': '0', 'Etag': '0cac3120b17bb1686ec6c5f9aa93c86d', 'Last-Modified': 'Mon, 17 May 2021 15:14:13 GMT', 'X-Trans-Id': 'tx37165d4dc2df43828d556-0060a28844', 'X-Openstack-Request-Id': 'tx37165d4dc2df43828d556-0060a28844', 'Date': 'Mon, 17 May 2021 15:14:20 GMT'} {{(pid=88154) http_log /usr/local/lib/python3.8/dist-packages/swiftclient/client.py:189}}
May 17 15:14:20.681723 n-d-742170-8 devstack@g-api.service[88154]: DEBUG glance_store._drivers.swift.store [None req-22e65d5a-14b5-4e76-8979-44c140616b62 tempest-AttachSCSIVolumeTestJSON-358403565 tempest-AttachSCSIVolumeTestJSON-358403565-project-admin] Wrote chunk 81b46edb-6e6b-49d4-a821-a4b3ee98c6fd-00002 (2/?) of length 204800000 to Swift returning MD5 of content: 0cac3120b17bb1686ec6c5f9aa93c86d {{(pid=88154) add /usr/local/lib/python3.8/dist-packages/glance_store/_drivers/swift/store.py:1029}}
May 17 15:14:28.581716 n-d-742170-8 devstack@g-api.service[88154]: DEBUG swiftclient [None req-22e65d5a-14b5-4e76-8979-44c140616b62 tempest-AttachSCSIVolumeTestJSON-358403565 tempest-AttachSCSIVolumeTestJSON-358403565-project-admin] REQ: curl -i http://10.222.0.41:8080/v1/AUTH_311f957f1eab47109f390915b5f21164/glance/81b46edb-6e6b-49d4-a821-a4b3ee98c6fd-00003 -X PUT -H "X-Auth-Token: gAAAAABgoog7JaZm..." {{(pid=88154) http_log /usr/local/lib/python3.8/dist-packages/swiftclient/client.py:187}}
May 17 15:14:28.582715 n-d-742170-8 devstack@g-api.service[88154]: DEBUG swiftclient [None req-22e65d5a-14b5-4e76-8979-44c140616b62 tempest-AttachSCSIVolumeTestJSON-358403565 tempest-AttachSCSIVolumeTestJSON-358403565-project-admin] RESP STATUS: 201 Created {{(pid=88154) http_log /usr/local/lib/python3.8/dist-packages/swiftclient/client.py:188}}
May 17 15:14:28.582715 n-d-742170-8 devstack@g-api.service[88154]: DEBUG swiftclient [None req-22e65d5a-14b5-4e76-8979-44c140616b62 tempest-AttachSCSIVolumeTestJSON-358403565 tempest-AttachSCSIVolumeTestJSON-358403565-project-admin] RESP HEADERS: {'Content-Type': 'text/html; charset=UTF-8', 'Content-Length': '0', 'Etag': '474c454a7d42aa08dc839c761619c10b', 'Last-Modified': 'Mon, 17 May 2021 15:14:21 GMT', 'X-Trans-Id': 'tx3be6ad85763046ff99a7d-0060a2884c', 'X-Openstack-Request-Id': 'tx3be6ad85763046ff99a7d-0060a2884c', 'Date': 'Mon, 17 May 2021 15:14:28 GMT'} {{(pid=88154) http_log /usr/local/lib/python3.8/dist-packages/swiftclient/client.py:189}}
May 17 15:14:28.582715 n-d-742170-8 devstack@g-api.service[88154]: DEBUG glance_store._drivers.swift.store [None req-22e65d5a-14b5-4e76-8979-44c140616b62 tempest-AttachSCSIVolumeTestJSON-358403565 tempest-AttachSCSIVolumeTestJSON-358403565-project-admin] Wrote chunk 81b46edb-6e6b-49d4-a821-a4b3ee98c6fd-00003 (3/?) of length 204800000 to Swift returning MD5 of content: 474c454a7d42aa08dc839c761619c10b {{(pid=88154) add /usr/local/lib/python3.8/dist-packages/glance_store/_drivers/swift/store.py:1029}}
