Aug 06 19:43:16.043877 n-d-742170-11 devstack@placement-api.service[101176]: DEBUG placement.requestlog [req-5e2e038f-95eb-4adb-a10d-6d463318c136 req-c6249b24-979d-4f38-b5d2-d80f6677b691 None None] Starting request: 10.222.0.67 "GET /placement/allocation_candidates?limit=1000&resources=DISK_GB%3A1%2CMEMORY_MB%3A1024%2CVCPU%3A1&root_required=%21COMPUTE_STATUS_DISABLED" {{(pid=101176) __call__ /opt/stack/placement/placement/requestlog.py:55}}
Aug 06 19:43:16.156725 n-d-742170-11 devstack@placement-api.service[101176]: DEBUG placement.objects.research_context [req-5e2e038f-95eb-4adb-a10d-6d463318c136 req-c6249b24-979d-4f38-b5d2-d80f6677b691 service placement] getting providers with 1 DISK_GB {{(pid=101176) __init__ /opt/stack/placement/placement/objects/research_context.py:126}}
Aug 06 19:43:16.167844 n-d-742170-11 devstack@placement-api.service[101176]: DEBUG placement.objects.research_context [req-5e2e038f-95eb-4adb-a10d-6d463318c136 req-c6249b24-979d-4f38-b5d2-d80f6677b691 service placement] getting providers with 1024 MEMORY_MB {{(pid=101176) __init__ /opt/stack/placement/placement/objects/research_context.py:126}}
Aug 06 19:43:16.186181 n-d-742170-11 devstack@placement-api.service[101176]: DEBUG placement.objects.research_context [req-5e2e038f-95eb-4adb-a10d-6d463318c136 req-c6249b24-979d-4f38-b5d2-d80f6677b691 service placement] getting providers with 1 VCPU {{(pid=101176) __init__ /opt/stack/placement/placement/objects/research_context.py:126}}
Aug 06 19:43:16.202750 n-d-742170-11 devstack@placement-api.service[101176]: DEBUG placement.objects.research_context [req-5e2e038f-95eb-4adb-a10d-6d463318c136 req-c6249b24-979d-4f38-b5d2-d80f6677b691 service placement] found 2 providers with available 1 DISK_GB {{(pid=101176) get_provider_ids_matching /opt/stack/placement/placement/objects/research_context.py:549}}
Aug 06 19:43:16.203030 n-d-742170-11 devstack@placement-api.service[101176]: DEBUG placement.objects.research_context [req-5e2e038f-95eb-4adb-a10d-6d463318c136 req-c6249b24-979d-4f38-b5d2-d80f6677b691 service placement] found 2 providers with available 1024 MEMORY_MB {{(pid=101176) get_provider_ids_matching /opt/stack/placement/placement/objects/research_context.py:549}}
Aug 06 19:43:16.203314 n-d-742170-11 devstack@placement-api.service[101176]: DEBUG placement.objects.research_context [req-5e2e038f-95eb-4adb-a10d-6d463318c136 req-c6249b24-979d-4f38-b5d2-d80f6677b691 service placement] found 2 providers after filtering by previous result {{(pid=101176) get_provider_ids_matching /opt/stack/placement/placement/objects/research_context.py:580}}
Aug 06 19:43:16.204911 n-d-742170-11 devstack@placement-api.service[101176]: DEBUG placement.objects.research_context [req-5e2e038f-95eb-4adb-a10d-6d463318c136 req-c6249b24-979d-4f38-b5d2-d80f6677b691 service placement] found 2 providers with available 1 VCPU {{(pid=101176) get_provider_ids_matching /opt/stack/placement/placement/objects/research_context.py:549}}
Aug 06 19:43:16.205635 n-d-742170-11 devstack@placement-api.service[101176]: DEBUG placement.objects.research_context [req-5e2e038f-95eb-4adb-a10d-6d463318c136 req-c6249b24-979d-4f38-b5d2-d80f6677b691 service placement] found 2 providers after filtering by previous result {{(pid=101176) get_provider_ids_matching /opt/stack/placement/placement/objects/research_context.py:580}}
Aug 06 19:43:16.225855 n-d-742170-11 devstack@placement-api.service[101176]: DEBUG placement.objects.allocation_candidate [req-5e2e038f-95eb-4adb-a10d-6d463318c136 req-c6249b24-979d-4f38-b5d2-d80f6677b691 service placement] RequestGroup(use_same_provider=False, resources={DISK_GB:1, MEMORY_MB:1024, VCPU:1}, traits=[], aggregates=[]) (suffix '') returned 2 matches {{(pid=101176) _get_by_requests /opt/stack/placement/placement/objects/allocation_candidate.py:145}}
Aug 06 19:43:16.226742 n-d-742170-11 devstack@placement-api.service[101176]: DEBUG placement.objects.allocation_candidate [req-5e2e038f-95eb-4adb-a10d-6d463318c136 req-c6249b24-979d-4f38-b5d2-d80f6677b691 service placement] Merging candidates yields 2 allocation requests and 2 provider summaries {{(pid=101176) _merge_candidates /opt/stack/placement/placement/objects/allocation_candidate.py:783}}
Aug 06 19:43:16.231648 n-d-742170-11 devstack@placement-api.service[101176]: INFO placement.requestlog [req-5e2e038f-95eb-4adb-a10d-6d463318c136 req-c6249b24-979d-4f38-b5d2-d80f6677b691 service placement] 10.222.0.67 "GET /placement/allocation_candidates?limit=1000&resources=DISK_GB%3A1%2CMEMORY_MB%3A1024%2CVCPU%3A1&root_required=%21COMPUTE_STATUS_DISABLED" status: 200 len: 1309 microversion: 1.35
Aug 06 19:43:16.232720 n-d-742170-11 devstack@placement-api.service[101176]: [pid: 101176|app: 0|req: 66/130] 10.222.0.67 () {60 vars in 1507 bytes} [Fri Aug 6 19:43:16 2021] GET /placement/allocation_candidates?limit=1000&resources=DISK_GB%3A1%2CMEMORY_MB%3A1024%2CVCPU%3A1&root_required=%21COMPUTE_STATUS_DISABLED => generated 1309 bytes in 189 msecs (HTTP/1.1 200) 8 headers in 297 bytes (2 switches on core 0)
Aug 06 19:43:16.303008 n-d-742170-11 devstack@placement-api.service[101177]: DEBUG placement.requestlog [req-5e2e038f-95eb-4adb-a10d-6d463318c136 req-0d63b3a8-3472-48b2-8fea-e3d3a88e5b27 None None] Starting request: 10.222.0.67 "GET /placement/allocations/c19b1179-dad1-417e-bce9-35137e1948fa" {{(pid=101177) __call__ /opt/stack/placement/placement/requestlog.py:55}}
Aug 06 19:43:16.331125 n-d-742170-11 devstack@placement-api.service[101177]: INFO placement.requestlog [req-5e2e038f-95eb-4adb-a10d-6d463318c136 req-0d63b3a8-3472-48b2-8fea-e3d3a88e5b27 service placement] 10.222.0.67 "GET /placement/allocations/c19b1179-dad1-417e-bce9-35137e1948fa" status: 200 len: 19 microversion: 1.28
Aug 06 19:43:16.331553 n-d-742170-11 devstack@placement-api.service[101177]: [pid: 101177|app: 0|req: 65/131] 10.222.0.67 () {60 vars in 1381 bytes} [Fri Aug 6 19:43:16 2021] GET /placement/allocations/c19b1179-dad1-417e-bce9-35137e1948fa => generated 19 bytes in 29 msecs (HTTP/1.1 200) 8 headers in 295 bytes (1 switches on core 0)
Aug 06 19:43:16.341952 n-d-742170-11 devstack@placement-api.service[101176]: DEBUG placement.requestlog [req-5e2e038f-95eb-4adb-a10d-6d463318c136 req-8685ce72-1d03-478a-943f-29bc20d829e2 None None] Starting request: 10.222.0.67 "PUT /placement/allocations/c19b1179-dad1-417e-bce9-35137e1948fa" {{(pid=101176) __call__ /opt/stack/placement/placement/requestlog.py:55}}
Aug 06 19:43:16.439103 n-d-742170-11 devstack@placement-api.service[101176]: DEBUG placement.handlers.allocation [req-5e2e038f-95eb-4adb-a10d-6d463318c136 req-8685ce72-1d03-478a-943f-29bc20d829e2 service placement] Successfully wrote allocations [, , ] {{(pid=101176) _create_allocations /opt/stack/placement/placement/handlers/allocation.py:435}}
Aug 06 19:43:16.439896 n-d-742170-11 devstack@placement-api.service[101176]: INFO placement.requestlog [req-5e2e038f-95eb-4adb-a10d-6d463318c136 req-8685ce72-1d03-478a-943f-29bc20d829e2 service placement] 10.222.0.67 "PUT /placement/allocations/c19b1179-dad1-417e-bce9-35137e1948fa" status: 204 len: 0 microversion: 1.35
Aug 06 19:43:16.440664 n-d-742170-11 devstack@placement-api.service[101176]: [pid: 101176|app: 0|req: 67/132] 10.222.0.67 () {64 vars in 1434 bytes} [Fri Aug 6 19:43:16 2021] PUT /placement/allocations/c19b1179-dad1-417e-bce9-35137e1948fa => generated 0 bytes in 99 msecs (HTTP/1.1 204) 5 headers in 199 bytes (1 switches on core 0)
Aug 06 19:43:17.002164 n-d-742170-11 devstack@placement-api.service[101177]: DEBUG placement.requestlog [req-5e2e038f-95eb-4adb-a10d-6d463318c136 req-e8ebd16d-d96d-4b3b-89a7-10634e94dda8 None None] Starting request: 10.222.0.43 "GET /placement/allocations/c19b1179-dad1-417e-bce9-35137e1948fa" {{(pid=101177) __call__ /opt/stack/placement/placement/requestlog.py:55}}
Aug 06 19:43:17.039570 n-d-742170-11 devstack@placement-api.service[101177]: INFO placement.requestlog [req-5e2e038f-95eb-4adb-a10d-6d463318c136 req-e8ebd16d-d96d-4b3b-89a7-10634e94dda8 service placement] 10.222.0.43 "GET /placement/allocations/c19b1179-dad1-417e-bce9-35137e1948fa" status: 200 len: 259 microversion: 1.28
Aug 06 19:43:17.042876 n-d-742170-11 devstack@placement-api.service[101177]: [pid: 101177|app: 0|req: 66/133] 10.222.0.43 () {60 vars in 1378 bytes} [Fri Aug 6 19:43:17 2021] GET /placement/allocations/c19b1179-dad1-417e-bce9-35137e1948fa => generated 259 bytes in 41 msecs (HTTP/1.1 200) 8 headers in 296 bytes (1 switches on core 0)
Aug 06 19:43:23.030260 n-d-742170-11 devstack@placement-api.service[101176]: DEBUG placement.requestlog [req-a5b304e2-1fcb-4b94-97a7-795563c9b0f6 req-93a978bd-1d07-4b52-9b18-ddec8af018aa None None] Starting request: 10.222.0.73 "GET /placement/allocations/c07dd156-6af9-4b68-a890-2a5e05b0057f" {{(pid=101176) __call__ /opt/stack/placement/placement/requestlog.py:55}}
Aug 06 19:43:23.263628 n-d-742170-11 devstack@placement-api.service[101176]: INFO placement.requestlog [req-a5b304e2-1fcb-4b94-97a7-795563c9b0f6 req-93a978bd-1d07-4b52-9b18-ddec8af018aa service placement] 10.222.0.73 "GET /placement/allocations/c07dd156-6af9-4b68-a890-2a5e05b0057f" status: 200 len: 259 microversion: 1.28
Aug 06 19:43:23.264322 n-d-742170-11 devstack@placement-api.service[101176]: [pid: 101176|app: 0|req: 68/134] 10.222.0.73 () {60 vars in 1378 bytes} [Fri Aug 6 19:43:23 2021] GET /placement/allocations/c07dd156-6af9-4b68-a890-2a5e05b0057f => generated 259 bytes in 234 msecs (HTTP/1.1 200) 8 headers in 296 bytes (1 switches on core 0)
Aug 06 19:43:23.272457 n-d-742170-11 devstack@placement-api.service[101177]: DEBUG placement.requestlog [req-a5b304e2-1fcb-4b94-97a7-795563c9b0f6 req-4b04d7c8-6e45-42c4-84e0-1d7924c3c39e None None] Starting request: 10.222.0.73 "PUT /placement/allocations/c07dd156-6af9-4b68-a890-2a5e05b0057f" {{(pid=101177) __call__ /opt/stack/placement/placement/requestlog.py:55}}
Aug 06 19:43:23.413006 n-d-742170-11 devstack@placement-api.service[101177]: DEBUG placement.handlers.allocation [req-a5b304e2-1fcb-4b94-97a7-795563c9b0f6 req-4b04d7c8-6e45-42c4-84e0-1d7924c3c39e service placement] Successfully wrote allocations [, , ] {{(pid=101177) _create_allocations /opt/stack/placement/placement/handlers/allocation.py:435}}
Aug 06 19:43:23.413792 n-d-742170-11 devstack@placement-api.service[101177]: INFO placement.requestlog [req-a5b304e2-1fcb-4b94-97a7-795563c9b0f6 req-4b04d7c8-6e45-42c4-84e0-1d7924c3c39e service placement] 10.222.0.73 "PUT /placement/allocations/c07dd156-6af9-4b68-a890-2a5e05b0057f" status: 204 len: 0 microversion: 1.28
Aug 06 19:43:23.414033 n-d-742170-11 devstack@placement-api.service[101177]: [pid: 101177|app: 0|req: 67/135] 10.222.0.73 () {64 vars in 1431 bytes} [Fri Aug 6 19:43:23 2021] PUT /placement/allocations/c07dd156-6af9-4b68-a890-2a5e05b0057f => generated 0 bytes in 142 msecs (HTTP/1.1 204) 5 headers in 199 bytes (2 switches on core 0)
Aug 06 19:43:24.223926 n-d-742170-11 devstack@placement-api.service[101176]: DEBUG placement.requestlog [None req-3b7f1f36-4f6f-4511-ae7b-b8678342ca13 None None] Starting request: 10.222.0.67 "GET /placement/" {{(pid=101176) __call__ /opt/stack/placement/placement/requestlog.py:55}}
Aug 06 19:43:24.226418 n-d-742170-11 devstack@placement-api.service[101176]: INFO placement.requestlog [None req-3b7f1f36-4f6f-4511-ae7b-b8678342ca13 None None] 10.222.0.67 "GET /placement/" status: 200 len: 136 microversion: 1.0
Aug 06 19:43:24.226930 n-d-742170-11 devstack@placement-api.service[101176]: [pid: 101176|app: 0|req: 69/136] 10.222.0.67 () {54 vars in 916 bytes} [Fri Aug 6 19:43:24 2021] GET /placement => generated 136 bytes in 4 msecs (HTTP/1.1 200) 6 headers in 224 bytes (1 switches on core 0)
Aug 06 19:43:24.238489 n-d-742170-11 devstack@placement-api.service[101177]: DEBUG placement.requestlog [req-50caf609-5f48-4428-9c8f-1997b8395904 req-98f1cf36-c076-4a7e-a3c5-a22251a8f905 None None] Starting request: 10.222.0.67 "GET /placement/allocations/dc31ce0e-81ed-4a94-861e-6a5b88272a2b" {{(pid=101177) __call__ /opt/stack/placement/placement/requestlog.py:55}}
Aug 06 19:43:24.615967 n-d-742170-11 devstack@placement-api.service[101177]: INFO placement.requestlog [req-50caf609-5f48-4428-9c8f-1997b8395904 req-98f1cf36-c076-4a7e-a3c5-a22251a8f905 service placement] 10.222.0.67 "GET /placement/allocations/dc31ce0e-81ed-4a94-861e-6a5b88272a2b" status: 200 len: 259 microversion: 1.28
Aug 06 19:43:24.623294 n-d-742170-11 devstack@placement-api.service[101176]: DEBUG placement.requestlog [req-50caf609-5f48-4428-9c8f-1997b8395904 req-7d08f161-c5d6-434f-bfed-99172d34b381 None None] Starting request: 10.222.0.67 "GET /placement/allocations/dc31ce0e-81ed-4a94-861e-6a5b88272a2b" {{(pid=101176) __call__ /opt/stack/placement/placement/requestlog.py:55}}
Aug 06 19:43:24.623546 n-d-742170-11 devstack@placement-api.service[101177]: [pid: 101177|app: 0|req: 68/137] 10.222.0.67 () {60 vars in 1381 bytes} [Fri Aug 6 19:43:24 2021] GET /placement/allocations/dc31ce0e-81ed-4a94-861e-6a5b88272a2b => generated 259 bytes in 384 msecs (HTTP/1.1 200) 8 headers in 296 bytes (1 switches on core 0)
Aug 06 19:43:24.645709 n-d-742170-11 devstack@placement-api.service[101176]: INFO placement.requestlog [req-50caf609-5f48-4428-9c8f-1997b8395904 req-7d08f161-c5d6-434f-bfed-99172d34b381 service placement] 10.222.0.67 "GET /placement/allocations/dc31ce0e-81ed-4a94-861e-6a5b88272a2b" status: 200 len: 259 microversion: 1.28
Aug 06 19:43:24.651488 n-d-742170-11 devstack@placement-api.service[101176]: [pid: 101176|app: 0|req: 70/138] 10.222.0.67 () {60 vars in 1381 bytes} [Fri Aug 6 19:43:24 2021] GET /placement/allocations/dc31ce0e-81ed-4a94-861e-6a5b88272a2b => generated 259 bytes in 29 msecs (HTTP/1.1 200) 8 headers in 296 bytes (2 switches on core 0)
Aug 06 19:43:24.652544 n-d-742170-11 devstack@placement-api.service[101177]: DEBUG placement.requestlog [req-50caf609-5f48-4428-9c8f-1997b8395904 req-dac51529-8d06-49bf-a85a-6898efbdcf18 None None] Starting request: 10.222.0.67 "GET /placement/allocations/9fff542e-955f-4c44-aaca-2c4f7e7f1355" {{(pid=101177) __call__ /opt/stack/placement/placement/requestlog.py:55}}
Aug 06 19:43:24.673648 n-d-742170-11 devstack@placement-api.service[101177]: INFO placement.requestlog [req-50caf609-5f48-4428-9c8f-1997b8395904 req-dac51529-8d06-49bf-a85a-6898efbdcf18 service placement] 10.222.0.67 "GET /placement/allocations/9fff542e-955f-4c44-aaca-2c4f7e7f1355" status: 200 len: 19 microversion: 1.28
Aug 06 19:43:24.684290 n-d-742170-11 devstack@placement-api.service[101177]: [pid: 101177|app: 0|req: 69/139] 10.222.0.67 () {60 vars in 1381 bytes} [Fri Aug 6 19:43:24 2021] GET /placement/allocations/9fff542e-955f-4c44-aaca-2c4f7e7f1355 => generated 19 bytes in 32 msecs (HTTP/1.1 200) 8 headers in 295 bytes (2 switches on core 0)
Aug 06 19:43:24.686140 n-d-742170-11 devstack@placement-api.service[101176]: DEBUG placement.requestlog [req-50caf609-5f48-4428-9c8f-1997b8395904 req-b12bba0c-2ede-4dad-81a1-0fa431800b45 None None] Starting request: 10.222.0.67 "POST /placement/allocations" {{(pid=101176) __call__ /opt/stack/placement/placement/requestlog.py:55}}
Aug 06 19:43:24.808851 n-d-742170-11 devstack@placement-api.service[101176]: DEBUG placement.handlers.allocation [req-50caf609-5f48-4428-9c8f-1997b8395904 req-b12bba0c-2ede-4dad-81a1-0fa431800b45 service placement] Successfully wrote allocations [, , , , , ] {{(pid=101176) _create_allocations /opt/stack/placement/placement/handlers/allocation.py:524}}
Aug 06 19:43:24.811116 n-d-742170-11 devstack@placement-api.service[101176]: INFO placement.requestlog [req-50caf609-5f48-4428-9c8f-1997b8395904 req-b12bba0c-2ede-4dad-81a1-0fa431800b45 service placement] 10.222.0.67 "POST /placement/allocations" status: 204 len: 0 microversion: 1.28
Aug 06 19:43:24.812127 n-d-742170-11 devstack@placement-api.service[101176]: [pid: 101176|app: 0|req: 71/140] 10.222.0.67 () {64 vars in 1324 bytes} [Fri Aug 6 19:43:24 2021] POST /placement/allocations => generated 0 bytes in 127 msecs (HTTP/1.1 204) 5 headers in 199 bytes (1 switches on core 0)
Aug 06 19:43:24.865411 n-d-742170-11 devstack@placement-api.service[101177]: DEBUG placement.requestlog [req-50caf609-5f48-4428-9c8f-1997b8395904 req-bdae8ff5-a95b-4a16-ae55-db8a8cdc55a0 None None] Starting request: 10.222.0.67 "GET /placement/allocations/dc31ce0e-81ed-4a94-861e-6a5b88272a2b" {{(pid=101177) __call__ /opt/stack/placement/placement/requestlog.py:55}}
Aug 06 19:43:24.880293 n-d-742170-11 devstack@placement-api.service[101177]: INFO placement.requestlog [req-50caf609-5f48-4428-9c8f-1997b8395904 req-bdae8ff5-a95b-4a16-ae55-db8a8cdc55a0 service placement] 10.222.0.67 "GET /placement/allocations/dc31ce0e-81ed-4a94-861e-6a5b88272a2b" status: 200 len: 19 microversion: 1.28
Aug 06 19:43:24.885795 n-d-742170-11 devstack@placement-api.service[101177]: [pid: 101177|app: 0|req: 70/141] 10.222.0.67 () {60 vars in 1381 bytes} [Fri Aug 6 19:43:24 2021] GET /placement/allocations/dc31ce0e-81ed-4a94-861e-6a5b88272a2b => generated 19 bytes in 21 msecs (HTTP/1.1 200) 8 headers in 295 bytes (1 switches on core 0)
Aug 06 19:43:24.888965 n-d-742170-11 devstack@placement-api.service[101176]: DEBUG placement.requestlog [req-50caf609-5f48-4428-9c8f-1997b8395904 req-3fa4f08e-6217-4ba4-81be-c011ec604414 None None] Starting request: 10.222.0.67 "PUT /placement/allocations/dc31ce0e-81ed-4a94-861e-6a5b88272a2b" {{(pid=101176) __call__ /opt/stack/placement/placement/requestlog.py:55}}
Aug 06 19:43:25.038109 n-d-742170-11 devstack@placement-api.service[101176]: DEBUG placement.handlers.allocation [req-50caf609-5f48-4428-9c8f-1997b8395904 req-3fa4f08e-6217-4ba4-81be-c011ec604414 service placement] Successfully wrote allocations [, , ] {{(pid=101176) _create_allocations /opt/stack/placement/placement/handlers/allocation.py:435}}
Aug 06 19:43:25.039012 n-d-742170-11 devstack@placement-api.service[101176]: INFO placement.requestlog [req-50caf609-5f48-4428-9c8f-1997b8395904 req-3fa4f08e-6217-4ba4-81be-c011ec604414 service placement] 10.222.0.67 "PUT /placement/allocations/dc31ce0e-81ed-4a94-861e-6a5b88272a2b" status: 204 len: 0 microversion: 1.28
Aug 06 19:43:25.040862 n-d-742170-11 devstack@placement-api.service[101176]: [pid: 101176|app: 0|req: 72/142] 10.222.0.67 () {64 vars in 1434 bytes} [Fri Aug 6 19:43:24 2021] PUT /placement/allocations/dc31ce0e-81ed-4a94-861e-6a5b88272a2b => generated 0 bytes in 152 msecs (HTTP/1.1 204) 5 headers in 199 bytes (1 switches on core 0)
Aug 06 19:43:25.256947 n-d-742170-11 devstack@placement-api.service[101177]: DEBUG placement.requestlog [req-50caf609-5f48-4428-9c8f-1997b8395904 req-dfb9c1db-1a5f-410e-9262-a46941d6eed2 None None] Starting request: 10.222.0.43 "GET /placement/allocations/dc31ce0e-81ed-4a94-861e-6a5b88272a2b" {{(pid=101177) __call__ /opt/stack/placement/placement/requestlog.py:55}}
Aug 06 19:43:25.286763 n-d-742170-11 devstack@placement-api.service[101177]: INFO placement.requestlog [req-50caf609-5f48-4428-9c8f-1997b8395904 req-dfb9c1db-1a5f-410e-9262-a46941d6eed2 service placement] 10.222.0.43 "GET /placement/allocations/dc31ce0e-81ed-4a94-861e-6a5b88272a2b" status: 200 len: 259 microversion: 1.28
Aug 06 19:43:25.290561 n-d-742170-11 devstack@placement-api.service[101177]: [pid: 101177|app: 0|req: 71/143] 10.222.0.43 () {60 vars in 1378 bytes} [Fri Aug 6 19:43:25 2021] GET /placement/allocations/dc31ce0e-81ed-4a94-861e-6a5b88272a2b => generated 259 bytes in 34 msecs (HTTP/1.1 200) 8 headers in 296 bytes (2 switches on core 0)
Aug 06 19:43:27.395811 n-d-742170-11 devstack@placement-api.service[101176]: DEBUG placement.requestlog [req-93b0858f-d523-4dd7-a667-10a0ba8539bd req-54d33abf-c78a-4409-b192-9087382a2dd0 None None] Starting request: 10.222.0.73 "GET /placement/allocations/5ba6da19-c97b-4567-b5f1-57cc60592702" {{(pid=101176) __call__ /opt/stack/placement/placement/requestlog.py:55}}
Aug 06 19:43:27.442171 n-d-742170-11 devstack@placement-api.service[101176]: INFO placement.requestlog [req-93b0858f-d523-4dd7-a667-10a0ba8539bd req-54d33abf-c78a-4409-b192-9087382a2dd0 service placement] 10.222.0.73 "GET /placement/allocations/5ba6da19-c97b-4567-b5f1-57cc60592702" status: 200 len: 259 microversion: 1.28
Aug 06 19:43:27.442658 n-d-742170-11 devstack@placement-api.service[101176]: [pid: 101176|app: 0|req: 73/144] 10.222.0.73 () {60 vars in 1378 bytes} [Fri Aug 6 19:43:27 2021] GET /placement/allocations/5ba6da19-c97b-4567-b5f1-57cc60592702 => generated 259 bytes in 47 msecs (HTTP/1.1 200) 8 headers in 296 bytes (1 switches on core 0)
Aug 06 19:43:28.432158 n-d-742170-11 devstack@placement-api.service[101177]: DEBUG placement.requestlog [req-96fa4935-37c8-4ecc-b201-245dab56aa52 req-4eb46caf-a0bc-458f-802e-96ac848b1eb6 None None] Starting request: 10.222.0.67 "GET /placement/allocation_candidates?limit=1000&resources=DISK_GB%3A1%2CMEMORY_MB%3A1024%2CVCPU%3A1&root_required=%21COMPUTE_STATUS_DISABLED" {{(pid=101177) __call__ /opt/stack/placement/placement/requestlog.py:55}}
Aug 06 19:43:28.488534 n-d-742170-11 devstack@placement-api.service[101177]: DEBUG placement.objects.research_context [req-96fa4935-37c8-4ecc-b201-245dab56aa52 req-4eb46caf-a0bc-458f-802e-96ac848b1eb6 service placement] getting providers with 1 DISK_GB {{(pid=101177) __init__ /opt/stack/placement/placement/objects/research_context.py:126}}
Aug 06 19:43:28.505722 n-d-742170-11 devstack@placement-api.service[101177]: DEBUG placement.objects.research_context [req-96fa4935-37c8-4ecc-b201-245dab56aa52 req-4eb46caf-a0bc-458f-802e-96ac848b1eb6 service placement] getting providers with 1024 MEMORY_MB {{(pid=101177) __init__ /opt/stack/placement/placement/objects/research_context.py:126}}
Aug 06 19:43:28.525539 n-d-742170-11 devstack@placement-api.service[101177]: DEBUG placement.objects.research_context [req-96fa4935-37c8-4ecc-b201-245dab56aa52 req-4eb46caf-a0bc-458f-802e-96ac848b1eb6 service placement] getting providers with 1 VCPU {{(pid=101177) __init__ /opt/stack/placement/placement/objects/research_context.py:126}}
Aug 06 19:43:28.542915 n-d-742170-11 devstack@placement-api.service[101177]: DEBUG placement.objects.research_context [req-96fa4935-37c8-4ecc-b201-245dab56aa52 req-4eb46caf-a0bc-458f-802e-96ac848b1eb6 service placement] found 2 providers with available 1 DISK_GB {{(pid=101177) get_provider_ids_matching /opt/stack/placement/placement/objects/research_context.py:549}}
Aug 06 19:43:28.543187 n-d-742170-11 devstack@placement-api.service[101177]: DEBUG placement.objects.research_context [req-96fa4935-37c8-4ecc-b201-245dab56aa52 req-4eb46caf-a0bc-458f-802e-96ac848b1eb6 service placement] found 2 providers with available 1024 MEMORY_MB {{(pid=101177) get_provider_ids_matching /opt/stack/placement/placement/objects/research_context.py:549}}
Aug 06 19:43:28.543456 n-d-742170-11 devstack@placement-api.service[101177]: DEBUG placement.objects.research_context [req-96fa4935-37c8-4ecc-b201-245dab56aa52 req-4eb46caf-a0bc-458f-802e-96ac848b1eb6 service placement] found 2 providers after filtering by previous result {{(pid=101177) get_provider_ids_matching /opt/stack/placement/placement/objects/research_context.py:580}}
Aug 06 19:43:28.544033 n-d-742170-11 devstack@placement-api.service[101177]: DEBUG placement.objects.research_context [req-96fa4935-37c8-4ecc-b201-245dab56aa52 req-4eb46caf-a0bc-458f-802e-96ac848b1eb6 service placement] found 2 providers with available 1 VCPU {{(pid=101177) get_provider_ids_matching /opt/stack/placement/placement/objects/research_context.py:549}}
Aug 06 19:43:28.544559 n-d-742170-11 devstack@placement-api.service[101177]: DEBUG placement.objects.research_context [req-96fa4935-37c8-4ecc-b201-245dab56aa52 req-4eb46caf-a0bc-458f-802e-96ac848b1eb6 service placement] found 2 providers after filtering by previous result {{(pid=101177) get_provider_ids_matching /opt/stack/placement/placement/objects/research_context.py:580}}
Aug 06 19:43:28.567081 n-d-742170-11 devstack@placement-api.service[101177]: DEBUG placement.objects.allocation_candidate [req-96fa4935-37c8-4ecc-b201-245dab56aa52 req-4eb46caf-a0bc-458f-802e-96ac848b1eb6 service placement] RequestGroup(use_same_provider=False, resources={DISK_GB:1, MEMORY_MB:1024, VCPU:1}, traits=[], aggregates=[]) (suffix '') returned 2 matches {{(pid=101177) _get_by_requests /opt/stack/placement/placement/objects/allocation_candidate.py:145}}
Aug 06 19:43:28.567710 n-d-742170-11 devstack@placement-api.service[101177]: DEBUG placement.objects.allocation_candidate [req-96fa4935-37c8-4ecc-b201-245dab56aa52 req-4eb46caf-a0bc-458f-802e-96ac848b1eb6 service placement] Merging candidates yields 2 allocation requests and 2 provider summaries {{(pid=101177) _merge_candidates /opt/stack/placement/placement/objects/allocation_candidate.py:783}}
Aug 06 19:43:28.569916 n-d-742170-11 devstack@placement-api.service[101177]: INFO placement.requestlog [req-96fa4935-37c8-4ecc-b201-245dab56aa52 req-4eb46caf-a0bc-458f-802e-96ac848b1eb6 service placement] 10.222.0.67 "GET /placement/allocation_candidates?limit=1000&resources=DISK_GB%3A1%2CMEMORY_MB%3A1024%2CVCPU%3A1&root_required=%21COMPUTE_STATUS_DISABLED" status: 200 len: 1309 microversion: 1.35
Aug 06 19:43:28.570694 n-d-742170-11 devstack@placement-api.service[101177]: [pid: 101177|app: 0|req: 72/145] 10.222.0.67 () {60 vars in 1507 bytes} [Fri Aug 6 19:43:28 2021] GET /placement/allocation_candidates?limit=1000&resources=DISK_GB%3A1%2CMEMORY_MB%3A1024%2CVCPU%3A1&root_required=%21COMPUTE_STATUS_DISABLED => generated 1309 bytes in 139 msecs (HTTP/1.1 200) 8 headers in 297 bytes (1 switches on core 0)
Aug 06 19:43:28.653488 n-d-742170-11 devstack@placement-api.service[101176]: DEBUG placement.requestlog [req-96fa4935-37c8-4ecc-b201-245dab56aa52 req-1c66200f-6baa-4dea-bdba-4bd0de098d5a None None] Starting request: 10.222.0.67 "GET /placement/allocations/8b9ffc3c-9c3c-475e-afc5-457b7495e831" {{(pid=101176) __call__ /opt/stack/placement/placement/requestlog.py:55}}
Aug 06 19:43:28.676597 n-d-742170-11 devstack@placement-api.service[101176]: INFO placement.requestlog [req-96fa4935-37c8-4ecc-b201-245dab56aa52 req-1c66200f-6baa-4dea-bdba-4bd0de098d5a service placement] 10.222.0.67 "GET /placement/allocations/8b9ffc3c-9c3c-475e-afc5-457b7495e831" status: 200 len: 19 microversion: 1.28
Aug 06 19:43:28.677477 n-d-742170-11 devstack@placement-api.service[101176]: [pid: 101176|app: 0|req: 74/146] 10.222.0.67 () {60 vars in 1381 bytes} [Fri Aug 6 19:43:28 2021] GET /placement/allocations/8b9ffc3c-9c3c-475e-afc5-457b7495e831 => generated 19 bytes in 25 msecs (HTTP/1.1 200) 8 headers in 295 bytes (1 switches on core 0)
Aug 06 19:43:28.683653 n-d-742170-11 devstack@placement-api.service[101177]: DEBUG placement.requestlog [req-96fa4935-37c8-4ecc-b201-245dab56aa52 req-82a4bb20-195c-498e-91b6-5c8736062eb6 None None] Starting request: 10.222.0.67 "PUT /placement/allocations/8b9ffc3c-9c3c-475e-afc5-457b7495e831" {{(pid=101177) __call__ /opt/stack/placement/placement/requestlog.py:55}}
Aug 06 19:43:28.867362 n-d-742170-11 devstack@placement-api.service[101177]: DEBUG placement.handlers.allocation [req-96fa4935-37c8-4ecc-b201-245dab56aa52 req-82a4bb20-195c-498e-91b6-5c8736062eb6 service placement] Successfully wrote allocations [, , ] {{(pid=101177) _create_allocations /opt/stack/placement/placement/handlers/allocation.py:435}}
Aug 06 19:43:28.867872 n-d-742170-11 devstack@placement-api.service[101177]: INFO placement.requestlog [req-96fa4935-37c8-4ecc-b201-245dab56aa52 req-82a4bb20-195c-498e-91b6-5c8736062eb6 service placement] 10.222.0.67 "PUT /placement/allocations/8b9ffc3c-9c3c-475e-afc5-457b7495e831" status: 204 len: 0 microversion: 1.35
Aug 06 19:43:28.875351 n-d-742170-11 devstack@placement-api.service[101177]: [pid: 101177|app: 0|req: 73/147] 10.222.0.67 () {64 vars in 1434 bytes} [Fri Aug 6 19:43:28 2021] PUT /placement/allocations/8b9ffc3c-9c3c-475e-afc5-457b7495e831 => generated 0 bytes in 185 msecs (HTTP/1.1 204) 5 headers in 199 bytes (2 switches on core 0)
Aug 06 19:43:29.739968 n-d-742170-11 devstack@placement-api.service[101176]: DEBUG placement.requestlog [req-96fa4935-37c8-4ecc-b201-245dab56aa52 req-e244b437-64f0-45f0-bfa5-d8c92f12ca1f None None] Starting request: 10.222.0.73 "GET /placement/allocations/8b9ffc3c-9c3c-475e-afc5-457b7495e831" {{(pid=101176) __call__ /opt/stack/placement/placement/requestlog.py:55}}
Aug 06 19:43:29.775598 n-d-742170-11 devstack@placement-api.service[101176]: INFO placement.requestlog [req-96fa4935-37c8-4ecc-b201-245dab56aa52 req-e244b437-64f0-45f0-bfa5-d8c92f12ca1f service placement] 10.222.0.73 "GET /placement/allocations/8b9ffc3c-9c3c-475e-afc5-457b7495e831" status: 200 len: 259 microversion: 1.28
Aug 06 19:43:29.776580 n-d-742170-11 devstack@placement-api.service[101176]: [pid: 101176|app: 0|req: 75/148] 10.222.0.73 () {60 vars in 1378 bytes} [Fri Aug 6 19:43:29 2021] GET /placement/allocations/8b9ffc3c-9c3c-475e-afc5-457b7495e831 => generated 259 bytes in 37 msecs (HTTP/1.1 200) 8 headers in 296 bytes (1 switches on core 0)
Aug 06 19:43:31.503101 n-d-742170-11 devstack@placement-api.service[101177]: DEBUG placement.requestlog [req-23c76e19-9445-456f-a971-8abf889cfe2b req-c6178118-3b40-48d8-baa6-8915a005995e None None] Starting request: 10.222.0.43 "GET /placement/allocations/ecce6d1e-0f1f-48e1-b56e-61a5f715ef73" {{(pid=101177) __call__ /opt/stack/placement/placement/requestlog.py:55}}
Aug 06 19:43:31.534503 n-d-742170-11 devstack@placement-api.service[101177]: INFO placement.requestlog [req-23c76e19-9445-456f-a971-8abf889cfe2b req-c6178118-3b40-48d8-baa6-8915a005995e service placement] 10.222.0.43 "GET /placement/allocations/ecce6d1e-0f1f-48e1-b56e-61a5f715ef73" status: 200 len: 259 microversion: 1.28
Aug 06 19:43:31.535383 n-d-742170-11 devstack@placement-api.service[101177]: [pid: 101177|app: 0|req: 74/149] 10.222.0.43 () {60 vars in 1378 bytes} [Fri Aug 6 19:43:31 2021] GET /placement/allocations/ecce6d1e-0f1f-48e1-b56e-61a5f715ef73 => generated 259 bytes in 32 msecs (HTTP/1.1 200) 8 headers in 296 bytes (1 switches on core 0)
Aug 06 19:43:31.544925 n-d-742170-11 devstack@placement-api.service[101176]: DEBUG placement.requestlog [req-23c76e19-9445-456f-a971-8abf889cfe2b req-586916ca-5fef-4c80-beec-0220b00b3fb6 None None] Starting request: 10.222.0.43 "PUT /placement/allocations/ecce6d1e-0f1f-48e1-b56e-61a5f715ef73" {{(pid=101176) __call__ /opt/stack/placement/placement/requestlog.py:55}}
Aug 06 19:43:31.643873 n-d-742170-11 devstack@placement-api.service[101176]: DEBUG placement.handlers.allocation [req-23c76e19-9445-456f-a971-8abf889cfe2b req-586916ca-5fef-4c80-beec-0220b00b3fb6 service placement] Successfully wrote allocations [, , ] {{(pid=101176) _create_allocations /opt/stack/placement/placement/handlers/allocation.py:435}}
Aug 06 19:43:31.645358 n-d-742170-11 devstack@placement-api.service[101176]: INFO placement.requestlog [req-23c76e19-9445-456f-a971-8abf889cfe2b req-586916ca-5fef-4c80-beec-0220b00b3fb6 service placement] 10.222.0.43 "PUT /placement/allocations/ecce6d1e-0f1f-48e1-b56e-61a5f715ef73" status: 204 len: 0 microversion: 1.28
Aug 06 19:43:31.645685 n-d-742170-11 devstack@placement-api.service[101176]: [pid: 101176|app: 0|req: 76/150] 10.222.0.43 () {64 vars in 1431 bytes} [Fri Aug 6 19:43:31 2021] PUT /placement/allocations/ecce6d1e-0f1f-48e1-b56e-61a5f715ef73 => generated 0 bytes in 102 msecs (HTTP/1.1 204) 5 headers in 199 bytes (2 switches on core 0)
Aug 06 19:43:36.448294 n-d-742170-11 devstack@placement-api.service[101177]: DEBUG placement.requestlog [req-f138bbdf-0e4a-4334-910e-7ec7bb1ff5f6 req-2b98ed01-93c8-41ff-8272-632e75fd1527 None None] Starting request: 10.222.0.43 "GET /placement/allocations/8e4b7ccb-2348-4151-92cf-d2eb31448133" {{(pid=101177) __call__ /opt/stack/placement/placement/requestlog.py:55}}
Aug 06 19:43:36.519103 n-d-742170-11 devstack@placement-api.service[101177]: INFO placement.requestlog [req-f138bbdf-0e4a-4334-910e-7ec7bb1ff5f6 req-2b98ed01-93c8-41ff-8272-632e75fd1527 service placement] 10.222.0.43 "GET /placement/allocations/8e4b7ccb-2348-4151-92cf-d2eb31448133" status: 200 len: 259 microversion: 1.28
Aug 06 19:43:36.519822 n-d-742170-11 devstack@placement-api.service[101177]: [pid: 101177|app: 0|req: 75/151] 10.222.0.43 () {60 vars in 1378 bytes} [Fri Aug 6 19:43:36 2021] GET /placement/allocations/8e4b7ccb-2348-4151-92cf-d2eb31448133 => generated 259 bytes in 72 msecs (HTTP/1.1 200) 8 headers in 296 bytes (1 switches on core 0)
Aug 06 19:43:36.528188 n-d-742170-11 devstack@placement-api.service[101176]: DEBUG placement.requestlog [req-f138bbdf-0e4a-4334-910e-7ec7bb1ff5f6 req-9cb5e02f-4383-4030-817c-d646b96e274f None None] Starting request: 10.222.0.43 "PUT /placement/allocations/8e4b7ccb-2348-4151-92cf-d2eb31448133" {{(pid=101176) __call__ /opt/stack/placement/placement/requestlog.py:55}}
Aug 06 19:43:36.672636 n-d-742170-11 devstack@placement-api.service[101176]: DEBUG placement.handlers.allocation [req-f138bbdf-0e4a-4334-910e-7ec7bb1ff5f6 req-9cb5e02f-4383-4030-817c-d646b96e274f service placement] Successfully wrote allocations [, , ] {{(pid=101176) _create_allocations /opt/stack/placement/placement/handlers/allocation.py:435}}
Aug 06 19:43:36.674946 n-d-742170-11 devstack@placement-api.service[101176]: INFO placement.requestlog [req-f138bbdf-0e4a-4334-910e-7ec7bb1ff5f6 req-9cb5e02f-4383-4030-817c-d646b96e274f service placement] 10.222.0.43 "PUT /placement/allocations/8e4b7ccb-2348-4151-92cf-d2eb31448133" status: 204 len: 0 microversion: 1.28
Aug 06 19:43:36.676224 n-d-742170-11 devstack@placement-api.service[101176]: [pid: 101176|app: 0|req: 77/152] 10.222.0.43 () {64 vars in 1431 bytes} [Fri Aug 6 19:43:36 2021] PUT /placement/allocations/8e4b7ccb-2348-4151-92cf-d2eb31448133 => generated 0 bytes in 148 msecs (HTTP/1.1 204) 5 headers in 199 bytes (1 switches on core 0)
Aug 06 19:43:40.479717 n-d-742170-11 devstack@placement-api.service[101177]: DEBUG placement.requestlog [req-50caf609-5f48-4428-9c8f-1997b8395904 req-e4d640c8-af15-4d44-a43f-9572a7d96021 None None] Starting request: 10.222.0.73 "GET /placement/resource_providers/7e8677c5-f40a-4b92-9144-1544227292ce/allocations" {{(pid=101177) __call__ /opt/stack/placement/placement/requestlog.py:55}}
Aug 06 19:43:40.534981 n-d-742170-11 devstack@placement-api.service[101177]: INFO placement.requestlog [req-50caf609-5f48-4428-9c8f-1997b8395904 req-e4d640c8-af15-4d44-a43f-9572a7d96021 service placement] 10.222.0.73 "GET /placement/resource_providers/7e8677c5-f40a-4b92-9144-1544227292ce/allocations" status: 200 len: 356 microversion: 1.0
Aug 06 19:43:40.536056 n-d-742170-11 devstack@placement-api.service[101177]: [pid: 101177|app: 0|req: 76/153] 10.222.0.73 () {58 vars in 1391 bytes} [Fri Aug 6 19:43:40 2021] GET /placement/resource_providers/7e8677c5-f40a-4b92-9144-1544227292ce/allocations => generated 356 bytes in 57 msecs (HTTP/1.1 200) 6 headers in 224 bytes (1 switches on core 0)
Aug 06 19:43:40.743463 n-d-742170-11 devstack@placement-api.service[101176]: DEBUG placement.requestlog [req-1b4e6fd8-f996-4903-bb6b-e28b8b69d8a7 req-071fa143-585b-45e6-8ffd-6697915477cf None None] Starting request: 10.222.0.67 "GET /placement/allocation_candidates?limit=1000&resources=DISK_GB%3A1%2CMEMORY_MB%3A1024%2CVCPU%3A1&root_required=%21COMPUTE_STATUS_DISABLED" {{(pid=101176) __call__ /opt/stack/placement/placement/requestlog.py:55}}
Aug 06 19:43:40.825022 n-d-742170-11 devstack@placement-api.service[101176]: DEBUG placement.objects.research_context [req-1b4e6fd8-f996-4903-bb6b-e28b8b69d8a7 req-071fa143-585b-45e6-8ffd-6697915477cf service placement] getting providers with 1 DISK_GB {{(pid=101176) __init__ /opt/stack/placement/placement/objects/research_context.py:126}}
Aug 06 19:43:40.835651 n-d-742170-11 devstack@placement-api.service[101176]: DEBUG placement.objects.research_context [req-1b4e6fd8-f996-4903-bb6b-e28b8b69d8a7 req-071fa143-585b-45e6-8ffd-6697915477cf service placement] getting providers with 1024 MEMORY_MB {{(pid=101176) __init__ /opt/stack/placement/placement/objects/research_context.py:126}}
Aug 06 19:43:40.847331 n-d-742170-11 devstack@placement-api.service[101176]: DEBUG placement.objects.research_context [req-1b4e6fd8-f996-4903-bb6b-e28b8b69d8a7 req-071fa143-585b-45e6-8ffd-6697915477cf service placement] getting providers with 1 VCPU {{(pid=101176) __init__ /opt/stack/placement/placement/objects/research_context.py:126}}
Aug 06 19:43:40.855910 n-d-742170-11 devstack@placement-api.service[101176]: DEBUG placement.objects.research_context [req-1b4e6fd8-f996-4903-bb6b-e28b8b69d8a7 req-071fa143-585b-45e6-8ffd-6697915477cf service placement] found 2 providers with available 1 DISK_GB {{(pid=101176) get_provider_ids_matching /opt/stack/placement/placement/objects/research_context.py:549}}
Aug 06 19:43:40.857112 n-d-742170-11 devstack@placement-api.service[101176]: DEBUG placement.objects.research_context [req-1b4e6fd8-f996-4903-bb6b-e28b8b69d8a7 req-071fa143-585b-45e6-8ffd-6697915477cf service placement] found 2 providers with available 1024 MEMORY_MB {{(pid=101176) get_provider_ids_matching /opt/stack/placement/placement/objects/research_context.py:549}}
Aug 06 19:43:40.857624 n-d-742170-11 devstack@placement-api.service[101176]: DEBUG placement.objects.research_context [req-1b4e6fd8-f996-4903-bb6b-e28b8b69d8a7 req-071fa143-585b-45e6-8ffd-6697915477cf service placement] found 2 providers after filtering by previous result {{(pid=101176) get_provider_ids_matching /opt/stack/placement/placement/objects/research_context.py:580}}
Aug 06 19:43:40.858248 n-d-742170-11 devstack@placement-api.service[101176]: DEBUG placement.objects.research_context [req-1b4e6fd8-f996-4903-bb6b-e28b8b69d8a7 req-071fa143-585b-45e6-8ffd-6697915477cf service placement] found 2 providers with available 1 VCPU {{(pid=101176) get_provider_ids_matching /opt/stack/placement/placement/objects/research_context.py:549}}
Aug 06 19:43:40.858782 n-d-742170-11 devstack@placement-api.service[101176]: DEBUG placement.objects.research_context [req-1b4e6fd8-f996-4903-bb6b-e28b8b69d8a7 req-071fa143-585b-45e6-8ffd-6697915477cf service placement] found 2 providers after filtering by previous result {{(pid=101176) get_provider_ids_matching /opt/stack/placement/placement/objects/research_context.py:580}}
Aug 06 19:43:40.890450 n-d-742170-11 devstack@placement-api.service[101176]: DEBUG placement.objects.allocation_candidate [req-1b4e6fd8-f996-4903-bb6b-e28b8b69d8a7 req-071fa143-585b-45e6-8ffd-6697915477cf service placement] RequestGroup(use_same_provider=False, resources={DISK_GB:1, MEMORY_MB:1024, VCPU:1}, traits=[], aggregates=[]) (suffix '') returned 2 matches {{(pid=101176) _get_by_requests /opt/stack/placement/placement/objects/allocation_candidate.py:145}}
Aug 06 19:43:40.891514 n-d-742170-11 devstack@placement-api.service[101176]: DEBUG placement.objects.allocation_candidate [req-1b4e6fd8-f996-4903-bb6b-e28b8b69d8a7 req-071fa143-585b-45e6-8ffd-6697915477cf service placement] Merging candidates yields 2 allocation requests and 2 provider summaries {{(pid=101176) _merge_candidates /opt/stack/placement/placement/objects/allocation_candidate.py:783}}
Aug 06 19:43:40.894848 n-d-742170-11 devstack@placement-api.service[101176]: INFO placement.requestlog [req-1b4e6fd8-f996-4903-bb6b-e28b8b69d8a7 req-071fa143-585b-45e6-8ffd-6697915477cf service placement] 10.222.0.67 "GET /placement/allocation_candidates?limit=1000&resources=DISK_GB%3A1%2CMEMORY_MB%3A1024%2CVCPU%3A1&root_required=%21COMPUTE_STATUS_DISABLED" status: 200 len: 1309 microversion: 1.35
Aug 06 19:43:40.895732 n-d-742170-11 devstack@placement-api.service[101176]: [pid: 101176|app: 0|req: 78/154] 10.222.0.67 () {60 vars in 1507 bytes} [Fri Aug 6 19:43:40 2021] GET /placement/allocation_candidates?limit=1000&resources=DISK_GB%3A1%2CMEMORY_MB%3A1024%2CVCPU%3A1&root_required=%21COMPUTE_STATUS_DISABLED => generated 1309 bytes in 153 msecs (HTTP/1.1 200) 8 headers in 297 bytes (1 switches on core 0)
Aug 06 19:43:40.910078 n-d-742170-11 devstack@placement-api.service[101177]: DEBUG placement.requestlog [req-50caf609-5f48-4428-9c8f-1997b8395904 req-55dc9939-bc3e-44d2-b3a9-80a7a1e2da2c None None] Starting request: 10.222.0.73 "GET /placement/allocations/9fff542e-955f-4c44-aaca-2c4f7e7f1355" {{(pid=101177) __call__ /opt/stack/placement/placement/requestlog.py:55}}
Aug 06 19:43:40.947669 n-d-742170-11 devstack@placement-api.service[101177]: INFO placement.requestlog [req-50caf609-5f48-4428-9c8f-1997b8395904 req-55dc9939-bc3e-44d2-b3a9-80a7a1e2da2c service placement] 10.222.0.73 "GET /placement/allocations/9fff542e-955f-4c44-aaca-2c4f7e7f1355" status: 200 len: 259 microversion: 1.28
Aug 06 19:43:40.949940 n-d-742170-11 devstack@placement-api.service[101177]: [pid: 101177|app: 0|req: 77/155] 10.222.0.73 () {60 vars in 1378 bytes} [Fri Aug 6 19:43:40 2021] GET /placement/allocations/9fff542e-955f-4c44-aaca-2c4f7e7f1355 => generated 259 bytes in 41 msecs (HTTP/1.1 200) 8 headers in 296 bytes (1 switches on core 0)
Aug 06 19:43:40.961341 n-d-742170-11 devstack@placement-api.service[101176]: DEBUG placement.requestlog [req-50caf609-5f48-4428-9c8f-1997b8395904 req-d78b4a3d-e31b-45f5-a880-0c5ba3f50af7 None None] Starting request: 10.222.0.73 "PUT /placement/allocations/9fff542e-955f-4c44-aaca-2c4f7e7f1355" {{(pid=101176) __call__ /opt/stack/placement/placement/requestlog.py:55}}
Aug 06 19:43:41.001780 n-d-742170-11 devstack@placement-api.service[101177]: DEBUG placement.requestlog [req-1b4e6fd8-f996-4903-bb6b-e28b8b69d8a7 req-18bf7135-b21b-4398-bd5d-68d8179fe9de None None] Starting request: 10.222.0.67 "GET /placement/allocations/3f0495c7-11c5-4fc9-bdf8-c5cbae141073" {{(pid=101177) __call__ /opt/stack/placement/placement/requestlog.py:55}}
Aug 06 19:43:41.029572 n-d-742170-11 devstack@placement-api.service[101177]: INFO placement.requestlog [req-1b4e6fd8-f996-4903-bb6b-e28b8b69d8a7 req-18bf7135-b21b-4398-bd5d-68d8179fe9de service placement] 10.222.0.67 "GET /placement/allocations/3f0495c7-11c5-4fc9-bdf8-c5cbae141073" status: 200 len: 19 microversion: 1.28
Aug 06 19:43:41.039218 n-d-742170-11 devstack@placement-api.service[101177]: [pid: 101177|app: 0|req: 78/156] 10.222.0.67 () {60 vars in 1381 bytes} [Fri Aug 6 19:43:41 2021] GET /placement/allocations/3f0495c7-11c5-4fc9-bdf8-c5cbae141073 => generated 19 bytes in 38 msecs (HTTP/1.1 200) 8 headers in 295 bytes (1 switches on core 0)
Aug 06 19:43:41.040220 n-d-742170-11 devstack@placement-api.service[101177]: DEBUG placement.requestlog [req-1b4e6fd8-f996-4903-bb6b-e28b8b69d8a7 req-02a4c424-4e3d-4c67-bfbb-070df60129b6 None None] Starting request: 10.222.0.67 "PUT /placement/allocations/3f0495c7-11c5-4fc9-bdf8-c5cbae141073" {{(pid=101177) __call__ /opt/stack/placement/placement/requestlog.py:55}}
Aug 06 19:43:41.119264 n-d-742170-11 devstack@placement-api.service[101176]: DEBUG placement.handlers.allocation [req-50caf609-5f48-4428-9c8f-1997b8395904 req-d78b4a3d-e31b-45f5-a880-0c5ba3f50af7 service placement] Successfully wrote allocations [, , ] {{(pid=101176) _create_allocations /opt/stack/placement/placement/handlers/allocation.py:435}}
Aug 06 19:43:41.120143 n-d-742170-11 devstack@placement-api.service[101176]: INFO placement.requestlog [req-50caf609-5f48-4428-9c8f-1997b8395904 req-d78b4a3d-e31b-45f5-a880-0c5ba3f50af7 service placement] 10.222.0.73 "PUT /placement/allocations/9fff542e-955f-4c44-aaca-2c4f7e7f1355" status: 204 len: 0 microversion: 1.28
Aug 06 19:43:41.121088 n-d-742170-11 devstack@placement-api.service[101176]: [pid: 101176|app: 0|req: 79/157] 10.222.0.73 () {64 vars in 1431 bytes} [Fri Aug 6 19:43:40 2021] PUT /placement/allocations/9fff542e-955f-4c44-aaca-2c4f7e7f1355 => generated 0 bytes in 160 msecs (HTTP/1.1 204) 5 headers in 199 bytes (1 switches on core 0)
Aug 06 19:43:41.128741 n-d-742170-11 devstack@placement-api.service[101177]: DEBUG placement.objects.allocation [req-1b4e6fd8-f996-4903-bb6b-e28b8b69d8a7 req-02a4c424-4e3d-4c67-bfbb-070df60129b6 service placement] Retrying allocations write on resource provider generation conflict {{(pid=101177) replace_all /opt/stack/placement/placement/objects/allocation.py:505}}
Aug 06 19:43:41.192122 n-d-742170-11 devstack@placement-api.service[101177]: DEBUG placement.handlers.allocation [req-1b4e6fd8-f996-4903-bb6b-e28b8b69d8a7 req-02a4c424-4e3d-4c67-bfbb-070df60129b6 service placement] Successfully wrote allocations [, , ] {{(pid=101177) _create_allocations /opt/stack/placement/placement/handlers/allocation.py:435}}
Aug 06 19:43:41.193370 n-d-742170-11 devstack@placement-api.service[101177]: INFO placement.requestlog [req-1b4e6fd8-f996-4903-bb6b-e28b8b69d8a7 req-02a4c424-4e3d-4c67-bfbb-070df60129b6 service placement] 10.222.0.67 "PUT /placement/allocations/3f0495c7-11c5-4fc9-bdf8-c5cbae141073" status: 204 len: 0 microversion: 1.35
Aug 06 19:43:41.194714 n-d-742170-11 devstack@placement-api.service[101177]: [pid: 101177|app: 0|req: 79/158] 10.222.0.67 () {64 vars in 1434 bytes} [Fri Aug 6 19:43:41 2021] PUT /placement/allocations/3f0495c7-11c5-4fc9-bdf8-c5cbae141073 => generated 0 bytes in 155 msecs (HTTP/1.1 204) 5 headers in 199 bytes (1 switches on core 0)
Aug 06 19:43:41.787552 n-d-742170-11 devstack@placement-api.service[101176]: DEBUG placement.requestlog [req-1b4e6fd8-f996-4903-bb6b-e28b8b69d8a7 req-ef850026-2833-46fd-8fb0-3f3b2f5cefb9 None None] Starting request: 10.222.0.73 "GET /placement/allocations/3f0495c7-11c5-4fc9-bdf8-c5cbae141073" {{(pid=101176) __call__ /opt/stack/placement/placement/requestlog.py:55}}
Aug 06 19:43:41.830667 n-d-742170-11 devstack@placement-api.service[101176]: INFO placement.requestlog [req-1b4e6fd8-f996-4903-bb6b-e28b8b69d8a7 req-ef850026-2833-46fd-8fb0-3f3b2f5cefb9 service placement] 10.222.0.73 "GET /placement/allocations/3f0495c7-11c5-4fc9-bdf8-c5cbae141073" status: 200 len: 259 microversion: 1.28
Aug 06 19:43:41.831721 n-d-742170-11 devstack@placement-api.service[101176]: [pid: 101176|app: 0|req: 80/159] 10.222.0.73 () {60 vars in 1378 bytes} [Fri Aug 6 19:43:41 2021] GET /placement/allocations/3f0495c7-11c5-4fc9-bdf8-c5cbae141073 => generated 259 bytes in 45 msecs (HTTP/1.1 200) 8 headers in 296 bytes (1 switches on core 0)
Aug 06 19:43:42.979084 n-d-742170-11 devstack@placement-api.service[101177]: DEBUG placement.requestlog [None req-23835dc4-0720-4d93-8aec-2d985898c6b4 None None] Starting request: 10.222.0.67 "GET /placement/" {{(pid=101177) __call__ /opt/stack/placement/placement/requestlog.py:55}}
Aug 06 19:43:42.983880 n-d-742170-11 devstack@placement-api.service[101177]: INFO placement.requestlog [None req-23835dc4-0720-4d93-8aec-2d985898c6b4 None None] 10.222.0.67 "GET /placement/" status: 200 len: 136 microversion: 1.0
Aug 06 19:43:42.985451 n-d-742170-11 devstack@placement-api.service[101177]: [pid: 101177|app: 0|req: 80/160] 10.222.0.67 () {54 vars in 916 bytes} [Fri Aug 6 19:43:42 2021] GET /placement => generated 136 bytes in 7 msecs (HTTP/1.1 200) 6 headers in 224 bytes (2 switches on core 0)
Aug 06 19:43:43.003262 n-d-742170-11 devstack@placement-api.service[101176]: DEBUG placement.requestlog [req-4b4d8727-3869-4138-a61f-71cf4337499a req-7fbd30f8-3339-48f9-a1f8-705ba928a2e0 None None] Starting request: 10.222.0.67 "GET /placement/allocations/c19b1179-dad1-417e-bce9-35137e1948fa" {{(pid=101176) __call__ /opt/stack/placement/placement/requestlog.py:55}}
Aug 06 19:43:43.224377 n-d-742170-11 devstack@placement-api.service[101176]: INFO placement.requestlog [req-4b4d8727-3869-4138-a61f-71cf4337499a req-7fbd30f8-3339-48f9-a1f8-705ba928a2e0 service placement] 10.222.0.67 "GET /placement/allocations/c19b1179-dad1-417e-bce9-35137e1948fa" status: 200 len: 259 microversion: 1.28
Aug 06 19:43:43.234114 n-d-742170-11 devstack@placement-api.service[101176]: [pid: 101176|app: 0|req: 81/161] 10.222.0.67 () {60 vars in 1381 bytes} [Fri Aug 6 19:43:43 2021] GET /placement/allocations/c19b1179-dad1-417e-bce9-35137e1948fa => generated 259 bytes in 231 msecs (HTTP/1.1 200) 8 headers in 296 bytes (1 switches on core 0)
Aug 06 19:43:43.235409 n-d-742170-11 devstack@placement-api.service[101177]: DEBUG placement.requestlog [req-4b4d8727-3869-4138-a61f-71cf4337499a req-e7e9bd17-e398-421a-b2df-634f58aed9ba None None] Starting request: 10.222.0.67 "GET /placement/allocations/c19b1179-dad1-417e-bce9-35137e1948fa" {{(pid=101177) __call__ /opt/stack/placement/placement/requestlog.py:55}}
Aug 06 19:43:43.285181 n-d-742170-11 devstack@placement-api.service[101177]: INFO placement.requestlog [req-4b4d8727-3869-4138-a61f-71cf4337499a req-e7e9bd17-e398-421a-b2df-634f58aed9ba service placement] 10.222.0.67 "GET /placement/allocations/c19b1179-dad1-417e-bce9-35137e1948fa" status: 200 len: 259 microversion: 1.28
Aug 06 19:43:43.285612 n-d-742170-11 devstack@placement-api.service[101177]: [pid: 101177|app: 0|req: 81/162] 10.222.0.67 () {60 vars in 1381 bytes} [Fri Aug 6 19:43:43 2021] GET /placement/allocations/c19b1179-dad1-417e-bce9-35137e1948fa => generated 259 bytes in 51 msecs (HTTP/1.1 200) 8 headers in 296 bytes (1 switches on core 0)
Aug 06 19:43:43.294801 n-d-742170-11 devstack@placement-api.service[101176]: DEBUG placement.requestlog [req-4b4d8727-3869-4138-a61f-71cf4337499a req-15670d89-0521-46b2-a97b-0bd7287f1c0f None None] Starting request: 10.222.0.67 "GET /placement/allocations/3f309dc9-d273-4433-adad-fc58b75ac34e" {{(pid=101176) __call__ /opt/stack/placement/placement/requestlog.py:55}}
Aug 06 19:43:43.315755 n-d-742170-11 devstack@placement-api.service[101176]: INFO placement.requestlog [req-4b4d8727-3869-4138-a61f-71cf4337499a req-15670d89-0521-46b2-a97b-0bd7287f1c0f service placement] 10.222.0.67 "GET /placement/allocations/3f309dc9-d273-4433-adad-fc58b75ac34e" status: 200 len: 19 microversion: 1.28
Aug 06 19:43:43.325883 n-d-742170-11 devstack@placement-api.service[101176]: [pid: 101176|app: 0|req: 82/163] 10.222.0.67 () {60 vars in 1381 bytes} [Fri Aug 6 19:43:43 2021] GET /placement/allocations/3f309dc9-d273-4433-adad-fc58b75ac34e => generated 19 bytes in 31 msecs (HTTP/1.1 200) 8 headers in 295 bytes (1 switches on core 0)
