Aug 06 20:05:11.376869 n-d-742170-11 devstack@placement-api.service[101177]: DEBUG placement.objects.research_context [req-ab4de514-7213-4c82-af07-96ef284f380f req-3aec8f57-1ab0-4c1e-8908-eefc6186a4e6 service placement] getting providers with 1024 MEMORY_MB {{(pid=101177) __init__ /opt/stack/placement/placement/objects/research_context.py:126}}
Aug 06 20:05:11.432291 n-d-742170-11 devstack@placement-api.service[101177]: DEBUG placement.objects.research_context [req-ab4de514-7213-4c82-af07-96ef284f380f req-3aec8f57-1ab0-4c1e-8908-eefc6186a4e6 service placement] getting providers with 1 VCPU {{(pid=101177) __init__ /opt/stack/placement/placement/objects/research_context.py:126}}
Aug 06 20:05:11.480763 n-d-742170-11 devstack@placement-api.service[101177]: DEBUG placement.objects.research_context [req-ab4de514-7213-4c82-af07-96ef284f380f req-3aec8f57-1ab0-4c1e-8908-eefc6186a4e6 service placement] found 2 providers with available 1 DISK_GB {{(pid=101177) get_provider_ids_matching /opt/stack/placement/placement/objects/research_context.py:549}}
Aug 06 20:05:11.481042 n-d-742170-11 devstack@placement-api.service[101177]: DEBUG placement.objects.research_context [req-ab4de514-7213-4c82-af07-96ef284f380f req-3aec8f57-1ab0-4c1e-8908-eefc6186a4e6 service placement] found 2 providers with available 1024 MEMORY_MB {{(pid=101177) get_provider_ids_matching /opt/stack/placement/placement/objects/research_context.py:549}}
Aug 06 20:05:11.481326 n-d-742170-11 devstack@placement-api.service[101177]: DEBUG placement.objects.research_context [req-ab4de514-7213-4c82-af07-96ef284f380f req-3aec8f57-1ab0-4c1e-8908-eefc6186a4e6 service placement] found 2 providers after filtering by previous result {{(pid=101177) get_provider_ids_matching /opt/stack/placement/placement/objects/research_context.py:580}}
Aug 06 20:05:11.481764 n-d-742170-11 devstack@placement-api.service[101177]: DEBUG placement.objects.research_context [req-ab4de514-7213-4c82-af07-96ef284f380f req-3aec8f57-1ab0-4c1e-8908-eefc6186a4e6 service placement] found 2 providers with available 1 VCPU {{(pid=101177) get_provider_ids_matching /opt/stack/placement/placement/objects/research_context.py:549}}
Aug 06 20:05:11.481886 n-d-742170-11 devstack@placement-api.service[101177]: DEBUG placement.objects.research_context [req-ab4de514-7213-4c82-af07-96ef284f380f req-3aec8f57-1ab0-4c1e-8908-eefc6186a4e6 service placement] found 2 providers after filtering by previous result {{(pid=101177) get_provider_ids_matching /opt/stack/placement/placement/objects/research_context.py:580}}
Aug 06 20:05:11.540748 n-d-742170-11 devstack@placement-api.service[101177]: DEBUG placement.objects.allocation_candidate [req-ab4de514-7213-4c82-af07-96ef284f380f req-3aec8f57-1ab0-4c1e-8908-eefc6186a4e6 service placement] RequestGroup(use_same_provider=False, resources={DISK_GB:1, MEMORY_MB:1024, VCPU:1}, traits=[], aggregates=[]) (suffix '') returned 2 matches {{(pid=101177) _get_by_requests /opt/stack/placement/placement/objects/allocation_candidate.py:145}}
Aug 06 20:05:11.541130 n-d-742170-11 devstack@placement-api.service[101177]: DEBUG placement.objects.allocation_candidate [req-ab4de514-7213-4c82-af07-96ef284f380f req-3aec8f57-1ab0-4c1e-8908-eefc6186a4e6 service placement] Merging candidates yields 2 allocation requests and 2 provider summaries {{(pid=101177) _merge_candidates /opt/stack/placement/placement/objects/allocation_candidate.py:783}}
Aug 06 20:05:11.551139 n-d-742170-11 devstack@placement-api.service[101177]: INFO placement.requestlog [req-ab4de514-7213-4c82-af07-96ef284f380f req-3aec8f57-1ab0-4c1e-8908-eefc6186a4e6 service placement] 10.222.0.67 "GET /placement/allocation_candidates?limit=1000&resources=DISK_GB%3A1%2CMEMORY_MB%3A1024%2CVCPU%3A1&root_required=%21COMPUTE_STATUS_DISABLED" status: 200 len: 1306 microversion: 1.35
Aug 06 20:05:11.555006 n-d-742170-11 devstack@placement-api.service[101177]: [pid: 101177|app: 0|req: 454/909] 10.222.0.67 () {60 vars in 1507 bytes} [Fri Aug 6 20:05:10 2021] GET /placement/allocation_candidates?limit=1000&resources=DISK_GB%3A1%2CMEMORY_MB%3A1024%2CVCPU%3A1&root_required=%21COMPUTE_STATUS_DISABLED => generated 1306 bytes in 832 msecs (HTTP/1.1 200) 8 headers in 297 bytes (1 switches on core 0)
Aug 06 20:05:12.835629 n-d-742170-11 devstack@placement-api.service[101176]: DEBUG placement.requestlog [req-ab4de514-7213-4c82-af07-96ef284f380f req-d749b3a8-e7c2-481f-b24a-526ee34c21d5 None None] Starting request: 10.222.0.67 "GET /placement/allocations/9524c3bc-37c1-4727-8527-056bb91791dc" {{(pid=101176) __call__ /opt/stack/placement/placement/requestlog.py:55}}
Aug 06 20:05:13.688148 n-d-742170-11 devstack@placement-api.service[101176]: INFO placement.requestlog [req-ab4de514-7213-4c82-af07-96ef284f380f req-d749b3a8-e7c2-481f-b24a-526ee34c21d5 service placement] 10.222.0.67 "GET /placement/allocations/9524c3bc-37c1-4727-8527-056bb91791dc" status: 200 len: 19 microversion: 1.28
Aug 06 20:05:13.689667 n-d-742170-11 devstack@placement-api.service[101176]: [pid: 101176|app: 0|req: 456/910] 10.222.0.67 () {60 vars in 1381 bytes} [Fri Aug 6 20:05:12 2021] GET /placement/allocations/9524c3bc-37c1-4727-8527-056bb91791dc => generated 19 bytes in 854 msecs (HTTP/1.1 200) 8 headers in 295 bytes (1 switches on core 0)
Aug 06 20:05:13.697947 n-d-742170-11 devstack@placement-api.service[101177]: DEBUG placement.requestlog [req-ab4de514-7213-4c82-af07-96ef284f380f req-0b29d480-b507-43f2-892c-48a016f22318 None None] Starting request: 10.222.0.67 "PUT /placement/allocations/9524c3bc-37c1-4727-8527-056bb91791dc" {{(pid=101177) __call__ /opt/stack/placement/placement/requestlog.py:55}}
Aug 06 20:05:13.815560 n-d-742170-11 devstack@placement-api.service[101177]: DEBUG placement.handlers.allocation [req-ab4de514-7213-4c82-af07-96ef284f380f req-0b29d480-b507-43f2-892c-48a016f22318 service placement] Successfully wrote allocations [, , ] {{(pid=101177) _create_allocations /opt/stack/placement/placement/handlers/allocation.py:435}}
Aug 06 20:05:13.831460 n-d-742170-11 devstack@placement-api.service[101177]: INFO placement.requestlog [req-ab4de514-7213-4c82-af07-96ef284f380f req-0b29d480-b507-43f2-892c-48a016f22318 service placement] 10.222.0.67 "PUT /placement/allocations/9524c3bc-37c1-4727-8527-056bb91791dc" status: 204 len: 0 microversion: 1.35
Aug 06 20:05:13.831854 n-d-742170-11 devstack@placement-api.service[101177]: [pid: 101177|app: 0|req: 455/911] 10.222.0.67 () {64 vars in 1434 bytes} [Fri Aug 6 20:05:13 2021] PUT /placement/allocations/9524c3bc-37c1-4727-8527-056bb91791dc => generated 0 bytes in 134 msecs (HTTP/1.1 204) 5 headers in 199 bytes (1 switches on core 0)
Aug 06 20:05:13.889565 n-d-742170-11 devstack@placement-api.service[101176]: DEBUG placement.requestlog [req-2aa99bfc-7a4c-430b-994d-b6680eed3144 req-0e210948-e464-4653-b790-7b4fbb34e2d7 None None] Starting request: 10.222.0.73 "GET /placement/resource_providers/7e8677c5-f40a-4b92-9144-1544227292ce/allocations" {{(pid=101176) __call__ /opt/stack/placement/placement/requestlog.py:55}}
Aug 06 20:05:14.049098 n-d-742170-11 devstack@placement-api.service[101176]: INFO placement.requestlog [req-2aa99bfc-7a4c-430b-994d-b6680eed3144 req-0e210948-e464-4653-b790-7b4fbb34e2d7 service placement] 10.222.0.73 "GET /placement/resource_providers/7e8677c5-f40a-4b92-9144-1544227292ce/allocations" status: 200 len: 56 microversion: 1.0
Aug 06 20:05:14.049903 n-d-742170-11 devstack@placement-api.service[101176]: [pid: 101176|app: 0|req: 457/912] 10.222.0.73 () {58 vars in 1391 bytes} [Fri Aug 6 20:05:13 2021] GET /placement/resource_providers/7e8677c5-f40a-4b92-9144-1544227292ce/allocations => generated 56 bytes in 162 msecs (HTTP/1.1 200) 6 headers in 223 bytes (1 switches on core 0)
Aug 06 20:05:14.105113 n-d-742170-11 devstack@placement-api.service[101177]: DEBUG placement.requestlog [req-2aa99bfc-7a4c-430b-994d-b6680eed3144 req-5556e55a-6d5a-4cfb-8373-0b51961ae990 None None] Starting request: 10.222.0.73 "GET /placement/resource_providers?in_tree=7e8677c5-f40a-4b92-9144-1544227292ce" {{(pid=101177) __call__ /opt/stack/placement/placement/requestlog.py:55}}
Aug 06 20:05:14.165934 n-d-742170-11 devstack@placement-api.service[101177]: INFO placement.requestlog [req-2aa99bfc-7a4c-430b-994d-b6680eed3144 req-5556e55a-6d5a-4cfb-8373-0b51961ae990 service placement] 10.222.0.73 "GET /placement/resource_providers?in_tree=7e8677c5-f40a-4b92-9144-1544227292ce" status: 200 len: 865 microversion: 1.14
Aug 06 20:05:14.166908 n-d-742170-11 devstack@placement-api.service[101177]: [pid: 101177|app: 0|req: 456/913] 10.222.0.73 () {60 vars in 1377 bytes} [Fri Aug 6 20:05:14 2021] GET /placement/resource_providers?in_tree=7e8677c5-f40a-4b92-9144-1544227292ce => generated 865 bytes in 62 msecs (HTTP/1.1 200) 6 headers in 225 bytes (1 switches on core 0)
Aug 06 20:05:14.177235 n-d-742170-11 devstack@placement-api.service[101176]: DEBUG placement.requestlog [req-2aa99bfc-7a4c-430b-994d-b6680eed3144 req-14b44470-835e-4ba5-b2a2-cdd3c11ddd72 None None] Starting request: 10.222.0.73 "GET /placement/resource_providers/7e8677c5-f40a-4b92-9144-1544227292ce/inventories" {{(pid=101176) __call__ /opt/stack/placement/placement/requestlog.py:55}}
Aug 06 20:05:14.227522 n-d-742170-11 devstack@placement-api.service[101176]: INFO placement.requestlog [req-2aa99bfc-7a4c-430b-994d-b6680eed3144 req-14b44470-835e-4ba5-b2a2-cdd3c11ddd72 service placement] 10.222.0.73 "GET /placement/resource_providers/7e8677c5-f40a-4b92-9144-1544227292ce/inventories" status: 200 len: 399 microversion: 1.0
Aug 06 20:05:14.248555 n-d-742170-11 devstack@placement-api.service[101176]: [pid: 101176|app: 0|req: 458/914] 10.222.0.73 () {58 vars in 1391 bytes} [Fri Aug 6 20:05:14 2021] GET /placement/resource_providers/7e8677c5-f40a-4b92-9144-1544227292ce/inventories => generated 399 bytes in 71 msecs (HTTP/1.1 200) 6 headers in 224 bytes (1 switches on core 0)
Aug 06 20:05:14.257078 n-d-742170-11 devstack@placement-api.service[101177]: DEBUG placement.requestlog [req-2aa99bfc-7a4c-430b-994d-b6680eed3144 req-2f096cf1-8443-488c-a1a0-75ef03368082 None None] Starting request: 10.222.0.73 "GET /placement/resource_providers/7e8677c5-f40a-4b92-9144-1544227292ce/aggregates" {{(pid=101177) __call__ /opt/stack/placement/placement/requestlog.py:55}}
Aug 06 20:05:14.278807 n-d-742170-11 devstack@placement-api.service[101176]: DEBUG placement.requestlog [req-0b1006cb-1985-4be8-b59d-ac1bce9438f9 req-6e713543-6b27-44ef-a89d-a91099f77dde None None] Starting request: 10.222.0.67 "GET /placement/allocation_candidates?limit=1000&resources=DISK_GB%3A1%2CMEMORY_MB%3A1024%2CVCPU%3A1&root_required=%21COMPUTE_STATUS_DISABLED" {{(pid=101176) __call__ /opt/stack/placement/placement/requestlog.py:55}}
Aug 06 20:05:14.307013 n-d-742170-11 devstack@placement-api.service[101177]: INFO placement.requestlog [req-2aa99bfc-7a4c-430b-994d-b6680eed3144 req-2f096cf1-8443-488c-a1a0-75ef03368082 service placement] 10.222.0.73 "GET /placement/resource_providers/7e8677c5-f40a-4b92-9144-1544227292ce/aggregates" status: 200 len: 55 microversion: 1.19
Aug 06 20:05:14.307691 n-d-742170-11 devstack@placement-api.service[101177]: [pid: 101177|app: 0|req: 457/915] 10.222.0.73 () {60 vars in 1432 bytes} [Fri Aug 6 20:05:14 2021] GET /placement/resource_providers/7e8677c5-f40a-4b92-9144-1544227292ce/aggregates => generated 55 bytes in 51 msecs (HTTP/1.1 200) 8 headers in 295 bytes (1 switches on core 0)
Aug 06 20:05:14.320768 n-d-742170-11 devstack@placement-api.service[101177]: DEBUG placement.requestlog [req-2aa99bfc-7a4c-430b-994d-b6680eed3144 req-bca11673-50e5-4e72-aa0c-9e9b3e9499e1 None None] Starting request: 10.222.0.73 "GET /placement/resource_providers/7e8677c5-f40a-4b92-9144-1544227292ce/traits" {{(pid=101177) __call__ /opt/stack/placement/placement/requestlog.py:55}}
Aug 06 20:05:14.373923 n-d-742170-11 devstack@placement-api.service[101176]: DEBUG placement.objects.research_context [req-0b1006cb-1985-4be8-b59d-ac1bce9438f9 req-6e713543-6b27-44ef-a89d-a91099f77dde service placement] getting providers with 1 DISK_GB {{(pid=101176) __init__ /opt/stack/placement/placement/objects/research_context.py:126}}
Aug 06 20:05:14.382411 n-d-742170-11 devstack@placement-api.service[101176]: DEBUG placement.objects.research_context [req-0b1006cb-1985-4be8-b59d-ac1bce9438f9 req-6e713543-6b27-44ef-a89d-a91099f77dde service placement] getting providers with 1024 MEMORY_MB {{(pid=101176) __init__ /opt/stack/placement/placement/objects/research_context.py:126}}
Aug 06 20:05:14.388504 n-d-742170-11 devstack@placement-api.service[101176]: DEBUG placement.objects.research_context [req-0b1006cb-1985-4be8-b59d-ac1bce9438f9 req-6e713543-6b27-44ef-a89d-a91099f77dde service placement] getting providers with 1 VCPU {{(pid=101176) __init__ /opt/stack/placement/placement/objects/research_context.py:126}}
Aug 06 20:05:14.395109 n-d-742170-11 devstack@placement-api.service[101176]: DEBUG placement.objects.research_context [req-0b1006cb-1985-4be8-b59d-ac1bce9438f9 req-6e713543-6b27-44ef-a89d-a91099f77dde service placement] found 2 providers with available 1 DISK_GB {{(pid=101176) get_provider_ids_matching /opt/stack/placement/placement/objects/research_context.py:549}}
Aug 06 20:05:14.395636 n-d-742170-11 devstack@placement-api.service[101176]: DEBUG placement.objects.research_context [req-0b1006cb-1985-4be8-b59d-ac1bce9438f9 req-6e713543-6b27-44ef-a89d-a91099f77dde service placement] found 2 providers with available 1024 MEMORY_MB {{(pid=101176) get_provider_ids_matching /opt/stack/placement/placement/objects/research_context.py:549}}
Aug 06 20:05:14.396055 n-d-742170-11 devstack@placement-api.service[101176]: DEBUG placement.objects.research_context [req-0b1006cb-1985-4be8-b59d-ac1bce9438f9 req-6e713543-6b27-44ef-a89d-a91099f77dde service placement] found 2 providers after filtering by previous result {{(pid=101176) get_provider_ids_matching /opt/stack/placement/placement/objects/research_context.py:580}}
Aug 06 20:05:14.396710 n-d-742170-11 devstack@placement-api.service[101176]: DEBUG placement.objects.research_context [req-0b1006cb-1985-4be8-b59d-ac1bce9438f9 req-6e713543-6b27-44ef-a89d-a91099f77dde service placement] found 2 providers with available 1 VCPU {{(pid=101176) get_provider_ids_matching /opt/stack/placement/placement/objects/research_context.py:549}}
Aug 06 20:05:14.397116 n-d-742170-11 devstack@placement-api.service[101176]: DEBUG placement.objects.research_context [req-0b1006cb-1985-4be8-b59d-ac1bce9438f9 req-6e713543-6b27-44ef-a89d-a91099f77dde service placement] found 2 providers after filtering by previous result {{(pid=101176) get_provider_ids_matching /opt/stack/placement/placement/objects/research_context.py:580}}
Aug 06 20:05:14.410794 n-d-742170-11 devstack@placement-api.service[101177]: INFO placement.requestlog [req-2aa99bfc-7a4c-430b-994d-b6680eed3144 req-bca11673-50e5-4e72-aa0c-9e9b3e9499e1 service placement] 10.222.0.73 "GET /placement/resource_providers/7e8677c5-f40a-4b92-9144-1544227292ce/traits" status: 200 len: 213 microversion: 1.6
Aug 06 20:05:14.414444 n-d-742170-11 devstack@placement-api.service[101177]: [pid: 101177|app: 0|req: 458/916] 10.222.0.73 () {60 vars in 1419 bytes} [Fri Aug 6 20:05:14 2021] GET /placement/resource_providers/7e8677c5-f40a-4b92-9144-1544227292ce/traits => generated 213 bytes in 96 msecs (HTTP/1.1 200) 6 headers in 224 bytes (1 switches on core 0)
Aug 06 20:05:14.418582 n-d-742170-11 devstack@placement-api.service[101176]: DEBUG placement.objects.allocation_candidate [req-0b1006cb-1985-4be8-b59d-ac1bce9438f9 req-6e713543-6b27-44ef-a89d-a91099f77dde service placement] RequestGroup(use_same_provider=False, resources={DISK_GB:1, MEMORY_MB:1024, VCPU:1}, traits=[], aggregates=[]) (suffix '') returned 2 matches {{(pid=101176) _get_by_requests /opt/stack/placement/placement/objects/allocation_candidate.py:145}}
Aug 06 20:05:14.420231 n-d-742170-11 devstack@placement-api.service[101176]: DEBUG placement.objects.allocation_candidate [req-0b1006cb-1985-4be8-b59d-ac1bce9438f9 req-6e713543-6b27-44ef-a89d-a91099f77dde service placement] Merging candidates yields 2 allocation requests and 2 provider summaries {{(pid=101176) _merge_candidates /opt/stack/placement/placement/objects/allocation_candidate.py:783}}
Aug 06 20:05:14.426761 n-d-742170-11 devstack@placement-api.service[101176]: INFO placement.requestlog [req-0b1006cb-1985-4be8-b59d-ac1bce9438f9 req-6e713543-6b27-44ef-a89d-a91099f77dde service placement] 10.222.0.67 "GET /placement/allocation_candidates?limit=1000&resources=DISK_GB%3A1%2CMEMORY_MB%3A1024%2CVCPU%3A1&root_required=%21COMPUTE_STATUS_DISABLED" status: 200 len: 1306 microversion: 1.35
Aug 06 20:05:14.426761 n-d-742170-11 devstack@placement-api.service[101176]: [pid: 101176|app: 0|req: 459/917] 10.222.0.67 () {60 vars in 1507 bytes} [Fri Aug 6 20:05:14 2021] GET /placement/allocation_candidates?limit=1000&resources=DISK_GB%3A1%2CMEMORY_MB%3A1024%2CVCPU%3A1&root_required=%21COMPUTE_STATUS_DISABLED => generated 1306 bytes in 149 msecs (HTTP/1.1 200) 8 headers in 297 bytes (2 switches on core 0)
Aug 06 20:05:15.631909 n-d-742170-11 devstack@placement-api.service[101177]: DEBUG placement.requestlog [req-0b1006cb-1985-4be8-b59d-ac1bce9438f9 req-19576506-111b-4558-bd74-9f8ed0cfdd56 None None] Starting request: 10.222.0.67 "GET /placement/allocations/24f8f00d-74ec-4bf7-8928-b0b7e3439db9" {{(pid=101177) __call__ /opt/stack/placement/placement/requestlog.py:55}}
Aug 06 20:05:15.670541 n-d-742170-11 devstack@placement-api.service[101177]: INFO placement.requestlog [req-0b1006cb-1985-4be8-b59d-ac1bce9438f9 req-19576506-111b-4558-bd74-9f8ed0cfdd56 service placement] 10.222.0.67 "GET /placement/allocations/24f8f00d-74ec-4bf7-8928-b0b7e3439db9" status: 200 len: 19 microversion: 1.28
Aug 06 20:05:15.675467 n-d-742170-11 devstack@placement-api.service[101177]: [pid: 101177|app: 0|req: 459/918] 10.222.0.67 () {60 vars in 1381 bytes} [Fri Aug 6 20:05:15 2021] GET /placement/allocations/24f8f00d-74ec-4bf7-8928-b0b7e3439db9 => generated 19 bytes in 44 msecs (HTTP/1.1 200) 8 headers in 295 bytes (2 switches on core 0)
Aug 06 20:05:15.678673 n-d-742170-11 devstack@placement-api.service[101176]: DEBUG placement.requestlog [req-0b1006cb-1985-4be8-b59d-ac1bce9438f9 req-9292c59e-476c-432d-b535-b2ec98bcca66 None None] Starting request: 10.222.0.67 "PUT /placement/allocations/24f8f00d-74ec-4bf7-8928-b0b7e3439db9" {{(pid=101176) __call__ /opt/stack/placement/placement/requestlog.py:55}}
Aug 06 20:05:15.778716 n-d-742170-11 devstack@placement-api.service[101176]: DEBUG placement.handlers.allocation [req-0b1006cb-1985-4be8-b59d-ac1bce9438f9 req-9292c59e-476c-432d-b535-b2ec98bcca66 service placement] Successfully wrote allocations [, , ] {{(pid=101176) _create_allocations /opt/stack/placement/placement/handlers/allocation.py:435}}
Aug 06 20:05:15.779732 n-d-742170-11 devstack@placement-api.service[101176]: INFO placement.requestlog [req-0b1006cb-1985-4be8-b59d-ac1bce9438f9 req-9292c59e-476c-432d-b535-b2ec98bcca66 service placement] 10.222.0.67 "PUT /placement/allocations/24f8f00d-74ec-4bf7-8928-b0b7e3439db9" status: 204 len: 0 microversion: 1.35
Aug 06 20:05:15.781749 n-d-742170-11 devstack@placement-api.service[101176]: [pid: 101176|app: 0|req: 460/919] 10.222.0.67 () {64 vars in 1434 bytes} [Fri Aug 6 20:05:15 2021] PUT /placement/allocations/24f8f00d-74ec-4bf7-8928-b0b7e3439db9 => generated 0 bytes in 102 msecs (HTTP/1.1 204) 5 headers in 199 bytes (1 switches on core 0)
Aug 06 20:05:16.927112 n-d-742170-11 devstack@placement-api.service[101177]: DEBUG placement.requestlog [req-ab4de514-7213-4c82-af07-96ef284f380f req-188bdc8a-e7d2-4e17-a719-da808015aa04 None None] Starting request: 10.222.0.43 "GET /placement/allocations/9524c3bc-37c1-4727-8527-056bb91791dc" {{(pid=101177) __call__ /opt/stack/placement/placement/requestlog.py:55}}
Aug 06 20:05:16.960162 n-d-742170-11 devstack@placement-api.service[101177]: INFO placement.requestlog [req-ab4de514-7213-4c82-af07-96ef284f380f req-188bdc8a-e7d2-4e17-a719-da808015aa04 service placement] 10.222.0.43 "GET /placement/allocations/9524c3bc-37c1-4727-8527-056bb91791dc" status: 200 len: 260 microversion: 1.28
Aug 06 20:05:16.960783 n-d-742170-11 devstack@placement-api.service[101177]: [pid: 101177|app: 0|req: 460/920] 10.222.0.43 () {60 vars in 1378 bytes} [Fri Aug 6 20:05:16 2021] GET /placement/allocations/9524c3bc-37c1-4727-8527-056bb91791dc => generated 260 bytes in 43 msecs (HTTP/1.1 200) 8 headers in 296 bytes (2 switches on core 0)
Aug 06 20:05:18.577991 n-d-742170-11 devstack@placement-api.service[101176]: DEBUG placement.requestlog [req-0b1006cb-1985-4be8-b59d-ac1bce9438f9 req-878a47e0-3d81-4059-bfca-a22bfa5694d2 None None] Starting request: 10.222.0.43 "GET /placement/allocations/24f8f00d-74ec-4bf7-8928-b0b7e3439db9" {{(pid=101176) __call__ /opt/stack/placement/placement/requestlog.py:55}}
Aug 06 20:05:18.674944 n-d-742170-11 devstack@placement-api.service[101176]: INFO placement.requestlog [req-0b1006cb-1985-4be8-b59d-ac1bce9438f9 req-878a47e0-3d81-4059-bfca-a22bfa5694d2 service placement] 10.222.0.43 "GET /placement/allocations/24f8f00d-74ec-4bf7-8928-b0b7e3439db9" status: 200 len: 260 microversion: 1.28
Aug 06 20:05:18.682446 n-d-742170-11 devstack@placement-api.service[101176]: [pid: 101176|app: 0|req: 461/921] 10.222.0.43 () {60 vars in 1378 bytes} [Fri Aug 6 20:05:18 2021] GET /placement/allocations/24f8f00d-74ec-4bf7-8928-b0b7e3439db9 => generated 260 bytes in 109 msecs (HTTP/1.1 200) 8 headers in 296 bytes (1 switches on core 0)
Aug 06 20:05:30.816569 n-d-742170-11 devstack@placement-api.service[101177]: DEBUG placement.requestlog [req-fe6d2d7f-4814-4136-8321-6093fc91c887 req-b611fcde-9701-417b-b41b-f5a9864d1dce None None] Starting request: 10.222.0.43 "GET /placement/resource_providers/3232da9e-be0f-4a83-8ada-46b83cfc5d9d/allocations" {{(pid=101177) __call__ /opt/stack/placement/placement/requestlog.py:55}}
Aug 06 20:05:30.915524 n-d-742170-11 devstack@placement-api.service[101177]: INFO placement.requestlog [req-fe6d2d7f-4814-4136-8321-6093fc91c887 req-b611fcde-9701-417b-b41b-f5a9864d1dce service placement] 10.222.0.43 "GET /placement/resource_providers/3232da9e-be0f-4a83-8ada-46b83cfc5d9d/allocations" status: 200 len: 545 microversion: 1.0
Aug 06 20:05:30.919837 n-d-742170-11 devstack@placement-api.service[101177]: [pid: 101177|app: 0|req: 461/922] 10.222.0.43 () {58 vars in 1391 bytes} [Fri Aug 6 20:05:30 2021] GET /placement/resource_providers/3232da9e-be0f-4a83-8ada-46b83cfc5d9d/allocations => generated 545 bytes in 103 msecs (HTTP/1.1 200) 6 headers in 224 bytes (1 switches on core 0)
Aug 06 20:05:45.006691 n-d-742170-11 devstack@placement-api.service[101176]: DEBUG placement.requestlog [req-53819af6-1c58-4f19-9fb4-94d670c28603 req-0cf4b755-28fa-48f2-b577-3b0c181dd5b3 None None] Starting request: 10.222.0.43 "GET /placement/allocations/56581161-56f9-4754-9a53-d461ef18b6b2" {{(pid=101176) __call__ /opt/stack/placement/placement/requestlog.py:55}}
Aug 06 20:05:45.068206 n-d-742170-11 devstack@placement-api.service[101176]: INFO placement.requestlog [req-53819af6-1c58-4f19-9fb4-94d670c28603 req-0cf4b755-28fa-48f2-b577-3b0c181dd5b3 service placement] 10.222.0.43 "GET /placement/allocations/56581161-56f9-4754-9a53-d461ef18b6b2" status: 200 len: 260 microversion: 1.28
Aug 06 20:05:45.068737 n-d-742170-11 devstack@placement-api.service[101176]: [pid: 101176|app: 0|req: 462/923] 10.222.0.43 () {60 vars in 1378 bytes} [Fri Aug 6 20:05:45 2021] GET /placement/allocations/56581161-56f9-4754-9a53-d461ef18b6b2 => generated 260 bytes in 62 msecs (HTTP/1.1 200) 8 headers in 296 bytes (1 switches on core 0)
Aug 06 20:05:47.116564 n-d-742170-11 devstack@placement-api.service[101177]: DEBUG placement.requestlog [req-53819af6-1c58-4f19-9fb4-94d670c28603 req-4a5fd676-accc-49c3-9d26-0296ff830b75 None None] Starting request: 10.222.0.43 "PUT /placement/allocations/56581161-56f9-4754-9a53-d461ef18b6b2" {{(pid=101177) __call__ /opt/stack/placement/placement/requestlog.py:55}}
Aug 06 20:05:47.297766 n-d-742170-11 devstack@placement-api.service[101177]: DEBUG placement.handlers.allocation [req-53819af6-1c58-4f19-9fb4-94d670c28603 req-4a5fd676-accc-49c3-9d26-0296ff830b75 service placement] Successfully wrote allocations [, , ] {{(pid=101177) _create_allocations /opt/stack/placement/placement/handlers/allocation.py:435}}
Aug 06 20:05:47.298264 n-d-742170-11 devstack@placement-api.service[101177]: INFO placement.requestlog [req-53819af6-1c58-4f19-9fb4-94d670c28603 req-4a5fd676-accc-49c3-9d26-0296ff830b75 service placement] 10.222.0.43 "PUT /placement/allocations/56581161-56f9-4754-9a53-d461ef18b6b2" status: 204 len: 0 microversion: 1.28
Aug 06 20:05:47.301134 n-d-742170-11 devstack@placement-api.service[101177]: [pid: 101177|app: 0|req: 462/924] 10.222.0.43 () {64 vars in 1431 bytes} [Fri Aug 6 20:05:47 2021] PUT /placement/allocations/56581161-56f9-4754-9a53-d461ef18b6b2 => generated 0 bytes in 185 msecs (HTTP/1.1 204) 5 headers in 199 bytes (1 switches on core 0)
Aug 06 20:05:51.622027 n-d-742170-11 devstack@placement-api.service[101176]: DEBUG placement.requestlog [req-b54495e2-458b-4bae-bbf4-617b04b857c2 req-e6134977-b6ea-4362-9c75-0cd26f5b8cf4 None None] Starting request: 10.222.0.67 "GET /placement/allocation_candidates?limit=1000&resources=DISK_GB%3A1%2CMEMORY_MB%3A1024%2CVCPU%3A1&root_required=%21COMPUTE_STATUS_DISABLED" {{(pid=101176) __call__ /opt/stack/placement/placement/requestlog.py:55}}
Aug 06 20:05:51.732043 n-d-742170-11 devstack@placement-api.service[101176]: DEBUG placement.objects.research_context [req-b54495e2-458b-4bae-bbf4-617b04b857c2 req-e6134977-b6ea-4362-9c75-0cd26f5b8cf4 service placement] getting providers with 1 DISK_GB {{(pid=101176) __init__ /opt/stack/placement/placement/objects/research_context.py:126}}
Aug 06 20:05:51.756389 n-d-742170-11 devstack@placement-api.service[101176]: DEBUG placement.objects.research_context [req-b54495e2-458b-4bae-bbf4-617b04b857c2 req-e6134977-b6ea-4362-9c75-0cd26f5b8cf4 service placement] getting providers with 1024 MEMORY_MB {{(pid=101176) __init__ /opt/stack/placement/placement/objects/research_context.py:126}}
Aug 06 20:05:51.776218 n-d-742170-11 devstack@placement-api.service[101176]: DEBUG placement.objects.research_context [req-b54495e2-458b-4bae-bbf4-617b04b857c2 req-e6134977-b6ea-4362-9c75-0cd26f5b8cf4 service placement] getting providers with 1 VCPU {{(pid=101176) __init__ /opt/stack/placement/placement/objects/research_context.py:126}}
Aug 06 20:05:51.801540 n-d-742170-11 devstack@placement-api.service[101176]: DEBUG placement.objects.research_context [req-b54495e2-458b-4bae-bbf4-617b04b857c2 req-e6134977-b6ea-4362-9c75-0cd26f5b8cf4 service placement] found 2 providers with available 1 DISK_GB {{(pid=101176) get_provider_ids_matching /opt/stack/placement/placement/objects/research_context.py:549}}
Aug 06 20:05:51.802024 n-d-742170-11 devstack@placement-api.service[101176]: DEBUG placement.objects.research_context [req-b54495e2-458b-4bae-bbf4-617b04b857c2 req-e6134977-b6ea-4362-9c75-0cd26f5b8cf4 service placement] found 2 providers with available 1024 MEMORY_MB {{(pid=101176) get_provider_ids_matching /opt/stack/placement/placement/objects/research_context.py:549}}
Aug 06 20:05:51.802118 n-d-742170-11 devstack@placement-api.service[101176]: DEBUG placement.objects.research_context [req-b54495e2-458b-4bae-bbf4-617b04b857c2 req-e6134977-b6ea-4362-9c75-0cd26f5b8cf4 service placement] found 2 providers after filtering by previous result {{(pid=101176) get_provider_ids_matching /opt/stack/placement/placement/objects/research_context.py:580}}
Aug 06 20:05:51.802345 n-d-742170-11 devstack@placement-api.service[101176]: DEBUG placement.objects.research_context [req-b54495e2-458b-4bae-bbf4-617b04b857c2 req-e6134977-b6ea-4362-9c75-0cd26f5b8cf4 service placement] found 2 providers with available 1 VCPU {{(pid=101176) get_provider_ids_matching /opt/stack/placement/placement/objects/research_context.py:549}}
Aug 06 20:05:51.802613 n-d-742170-11 devstack@placement-api.service[101176]: DEBUG placement.objects.research_context [req-b54495e2-458b-4bae-bbf4-617b04b857c2 req-e6134977-b6ea-4362-9c75-0cd26f5b8cf4 service placement] found 2 providers after filtering by previous result {{(pid=101176) get_provider_ids_matching /opt/stack/placement/placement/objects/research_context.py:580}}
Aug 06 20:05:51.839959 n-d-742170-11 devstack@placement-api.service[101176]: DEBUG placement.objects.allocation_candidate [req-b54495e2-458b-4bae-bbf4-617b04b857c2 req-e6134977-b6ea-4362-9c75-0cd26f5b8cf4 service placement] RequestGroup(use_same_provider=False, resources={DISK_GB:1, MEMORY_MB:1024, VCPU:1}, traits=[], aggregates=[]) (suffix '') returned 2 matches {{(pid=101176) _get_by_requests /opt/stack/placement/placement/objects/allocation_candidate.py:145}}
Aug 06 20:05:51.840187 n-d-742170-11 devstack@placement-api.service[101176]: DEBUG placement.objects.allocation_candidate [req-b54495e2-458b-4bae-bbf4-617b04b857c2 req-e6134977-b6ea-4362-9c75-0cd26f5b8cf4 service placement] Merging candidates yields 2 allocation requests and 2 provider summaries {{(pid=101176) _merge_candidates /opt/stack/placement/placement/objects/allocation_candidate.py:783}}
Aug 06 20:05:51.847186 n-d-742170-11 devstack@placement-api.service[101176]: INFO placement.requestlog [req-b54495e2-458b-4bae-bbf4-617b04b857c2 req-e6134977-b6ea-4362-9c75-0cd26f5b8cf4 service placement] 10.222.0.67 "GET /placement/allocation_candidates?limit=1000&resources=DISK_GB%3A1%2CMEMORY_MB%3A1024%2CVCPU%3A1&root_required=%21COMPUTE_STATUS_DISABLED" status: 200 len: 1306 microversion: 1.35
Aug 06 20:05:51.857095 n-d-742170-11 devstack@placement-api.service[101176]: [pid: 101176|app: 0|req: 463/925] 10.222.0.67 () {60 vars in 1507 bytes} [Fri Aug 6 20:05:51 2021] GET /placement/allocation_candidates?limit=1000&resources=DISK_GB%3A1%2CMEMORY_MB%3A1024%2CVCPU%3A1&root_required=%21COMPUTE_STATUS_DISABLED => generated 1306 bytes in 230 msecs (HTTP/1.1 200) 8 headers in 297 bytes (1 switches on core 0)
Aug 06 20:05:51.940255 n-d-742170-11 devstack@placement-api.service[101177]: DEBUG placement.requestlog [req-b54495e2-458b-4bae-bbf4-617b04b857c2 req-8e833d41-a9f4-4015-9623-5522c8ff83da None None] Starting request: 10.222.0.67 "GET /placement/allocations/56581161-56f9-4754-9a53-d461ef18b6b2" {{(pid=101177) __call__ /opt/stack/placement/placement/requestlog.py:55}}
Aug 06 20:05:51.954881 n-d-742170-11 devstack@placement-api.service[101177]: INFO placement.requestlog [req-b54495e2-458b-4bae-bbf4-617b04b857c2 req-8e833d41-a9f4-4015-9623-5522c8ff83da service placement] 10.222.0.67 "GET /placement/allocations/56581161-56f9-4754-9a53-d461ef18b6b2" status: 200 len: 19 microversion: 1.28
Aug 06 20:05:51.956164 n-d-742170-11 devstack@placement-api.service[101177]: [pid: 101177|app: 0|req: 463/926] 10.222.0.67 () {60 vars in 1381 bytes} [Fri Aug 6 20:05:51 2021] GET /placement/allocations/56581161-56f9-4754-9a53-d461ef18b6b2 => generated 19 bytes in 16 msecs (HTTP/1.1 200) 8 headers in 295 bytes (1 switches on core 0)
Aug 06 20:05:51.962271 n-d-742170-11 devstack@placement-api.service[101176]: DEBUG placement.requestlog [req-b54495e2-458b-4bae-bbf4-617b04b857c2 req-c37f52a3-9e7b-42aa-b926-f972e65a81e7 None None] Starting request: 10.222.0.67 "PUT /placement/allocations/56581161-56f9-4754-9a53-d461ef18b6b2" {{(pid=101176) __call__ /opt/stack/placement/placement/requestlog.py:55}}
Aug 06 20:05:52.072161 n-d-742170-11 devstack@placement-api.service[101176]: DEBUG placement.handlers.allocation [req-b54495e2-458b-4bae-bbf4-617b04b857c2 req-c37f52a3-9e7b-42aa-b926-f972e65a81e7 service placement] Successfully wrote allocations [, , ] {{(pid=101176) _create_allocations /opt/stack/placement/placement/handlers/allocation.py:435}}
Aug 06 20:05:52.073351 n-d-742170-11 devstack@placement-api.service[101176]: INFO placement.requestlog [req-b54495e2-458b-4bae-bbf4-617b04b857c2 req-c37f52a3-9e7b-42aa-b926-f972e65a81e7 service placement] 10.222.0.67 "PUT /placement/allocations/56581161-56f9-4754-9a53-d461ef18b6b2" status: 204 len: 0 microversion: 1.35
Aug 06 20:05:52.073807 n-d-742170-11 devstack@placement-api.service[101176]: [pid: 101176|app: 0|req: 464/927] 10.222.0.67 () {64 vars in 1434 bytes} [Fri Aug 6 20:05:51 2021] PUT /placement/allocations/56581161-56f9-4754-9a53-d461ef18b6b2 => generated 0 bytes in 112 msecs (HTTP/1.1 204) 5 headers in 199 bytes (1 switches on core 0)
Aug 06 20:06:04.437123 n-d-742170-11 devstack@placement-api.service[101177]: DEBUG placement.requestlog [req-b54495e2-458b-4bae-bbf4-617b04b857c2 req-4c54e29e-31a7-497b-a45d-285455b01055 None None] Starting request: 10.222.0.43 "GET /placement/allocations/56581161-56f9-4754-9a53-d461ef18b6b2" {{(pid=101177) __call__ /opt/stack/placement/placement/requestlog.py:55}}
Aug 06 20:06:04.454808 n-d-742170-11 devstack@placement-api.service[101177]: INFO placement.requestlog [req-b54495e2-458b-4bae-bbf4-617b04b857c2 req-4c54e29e-31a7-497b-a45d-285455b01055 service placement] 10.222.0.43 "GET /placement/allocations/56581161-56f9-4754-9a53-d461ef18b6b2" status: 200 len: 260 microversion: 1.28
Aug 06 20:06:04.455686 n-d-742170-11 devstack@placement-api.service[101177]: [pid: 101177|app: 0|req: 464/928] 10.222.0.43 () {60 vars in 1378 bytes} [Fri Aug 6 20:06:04 2021] GET /placement/allocations/56581161-56f9-4754-9a53-d461ef18b6b2 => generated 260 bytes in 19 msecs (HTTP/1.1 200) 8 headers in 296 bytes (2 switches on core 0)
Aug 06 20:06:15.924309 n-d-742170-11 devstack@placement-api.service[101176]: DEBUG placement.requestlog [req-844103b8-cb97-4638-b354-7b41354f3e2c req-872c1ac7-83ca-4070-b0d2-d0f6daff911a None None] Starting request: 10.222.0.73 "GET /placement/resource_providers/7e8677c5-f40a-4b92-9144-1544227292ce/allocations" {{(pid=101176) __call__ /opt/stack/placement/placement/requestlog.py:55}}
Aug 06 20:06:15.965938 n-d-742170-11 devstack@placement-api.service[101176]: INFO placement.requestlog [req-844103b8-cb97-4638-b354-7b41354f3e2c req-872c1ac7-83ca-4070-b0d2-d0f6daff911a service placement] 10.222.0.73 "GET /placement/resource_providers/7e8677c5-f40a-4b92-9144-1544227292ce/allocations" status: 200 len: 56 microversion: 1.0
Aug 06 20:06:15.968524 n-d-742170-11 devstack@placement-api.service[101176]: [pid: 101176|app: 0|req: 465/929] 10.222.0.73 () {58 vars in 1391 bytes} [Fri Aug 6 20:06:15 2021] GET /placement/resource_providers/7e8677c5-f40a-4b92-9144-1544227292ce/allocations => generated 56 bytes in 44 msecs (HTTP/1.1 200) 6 headers in 223 bytes (1 switches on core 0)
Aug 06 20:06:19.287156 n-d-742170-11 devstack@placement-api.service[101177]: DEBUG placement.requestlog [req-4068a807-b693-4711-be4b-da9161e115ee req-7528fc1a-e90d-43f4-8c2d-e9033d38745a None None] Starting request: 10.222.0.67 "GET /placement/allocation_candidates?limit=1000&resources=DISK_GB%3A1%2CMEMORY_MB%3A1024%2CVCPU%3A1&root_required=%21COMPUTE_STATUS_DISABLED" {{(pid=101177) __call__ /opt/stack/placement/placement/requestlog.py:55}}
Aug 06 20:06:19.327944 n-d-742170-11 devstack@placement-api.service[101177]: DEBUG placement.objects.research_context [req-4068a807-b693-4711-be4b-da9161e115ee req-7528fc1a-e90d-43f4-8c2d-e9033d38745a service placement] getting providers with 1 DISK_GB {{(pid=101177) __init__ /opt/stack/placement/placement/objects/research_context.py:126}}
Aug 06 20:06:19.336275 n-d-742170-11 devstack@placement-api.service[101177]: DEBUG placement.objects.research_context [req-4068a807-b693-4711-be4b-da9161e115ee req-7528fc1a-e90d-43f4-8c2d-e9033d38745a service placement] getting providers with 1024 MEMORY_MB {{(pid=101177) __init__ /opt/stack/placement/placement/objects/research_context.py:126}}
Aug 06 20:06:19.350298 n-d-742170-11 devstack@placement-api.service[101177]: DEBUG placement.objects.research_context [req-4068a807-b693-4711-be4b-da9161e115ee req-7528fc1a-e90d-43f4-8c2d-e9033d38745a service placement] getting providers with 1 VCPU {{(pid=101177) __init__ /opt/stack/placement/placement/objects/research_context.py:126}}
Aug 06 20:06:19.360667 n-d-742170-11 devstack@placement-api.service[101177]: DEBUG placement.objects.research_context [req-4068a807-b693-4711-be4b-da9161e115ee req-7528fc1a-e90d-43f4-8c2d-e9033d38745a service placement] found 2 providers with available 1 DISK_GB {{(pid=101177) get_provider_ids_matching /opt/stack/placement/placement/objects/research_context.py:549}}
Aug 06 20:06:19.361326 n-d-742170-11 devstack@placement-api.service[101177]: DEBUG placement.objects.research_context [req-4068a807-b693-4711-be4b-da9161e115ee req-7528fc1a-e90d-43f4-8c2d-e9033d38745a service placement] found 2 providers with available 1024 MEMORY_MB {{(pid=101177) get_provider_ids_matching /opt/stack/placement/placement/objects/research_context.py:549}}
Aug 06 20:06:19.361888 n-d-742170-11 devstack@placement-api.service[101177]: DEBUG placement.objects.research_context [req-4068a807-b693-4711-be4b-da9161e115ee req-7528fc1a-e90d-43f4-8c2d-e9033d38745a service placement] found 2 providers after filtering by previous result {{(pid=101177) get_provider_ids_matching /opt/stack/placement/placement/objects/research_context.py:580}}
Aug 06 20:06:19.362380 n-d-742170-11 devstack@placement-api.service[101177]: DEBUG placement.objects.research_context [req-4068a807-b693-4711-be4b-da9161e115ee req-7528fc1a-e90d-43f4-8c2d-e9033d38745a service placement] found 2 providers with available 1 VCPU {{(pid=101177) get_provider_ids_matching /opt/stack/placement/placement/objects/research_context.py:549}}
Aug 06 20:06:19.362845 n-d-742170-11 devstack@placement-api.service[101177]: DEBUG placement.objects.research_context [req-4068a807-b693-4711-be4b-da9161e115ee req-7528fc1a-e90d-43f4-8c2d-e9033d38745a service placement] found 2 providers after filtering by previous result {{(pid=101177) get_provider_ids_matching /opt/stack/placement/placement/objects/research_context.py:580}}
Aug 06 20:06:19.392713 n-d-742170-11 devstack@placement-api.service[101177]: DEBUG placement.objects.allocation_candidate [req-4068a807-b693-4711-be4b-da9161e115ee req-7528fc1a-e90d-43f4-8c2d-e9033d38745a service placement] RequestGroup(use_same_provider=False, resources={DISK_GB:1, MEMORY_MB:1024, VCPU:1}, traits=[], aggregates=[]) (suffix '') returned 2 matches {{(pid=101177) _get_by_requests /opt/stack/placement/placement/objects/allocation_candidate.py:145}}
Aug 06 20:06:19.393273 n-d-742170-11 devstack@placement-api.service[101177]: DEBUG placement.objects.allocation_candidate [req-4068a807-b693-4711-be4b-da9161e115ee req-7528fc1a-e90d-43f4-8c2d-e9033d38745a service placement] Merging candidates yields 2 allocation requests and 2 provider summaries {{(pid=101177) _merge_candidates /opt/stack/placement/placement/objects/allocation_candidate.py:783}}
Aug 06 20:06:19.395364 n-d-742170-11 devstack@placement-api.service[101177]: INFO placement.requestlog [req-4068a807-b693-4711-be4b-da9161e115ee req-7528fc1a-e90d-43f4-8c2d-e9033d38745a service placement] 10.222.0.67 "GET /placement/allocation_candidates?limit=1000&resources=DISK_GB%3A1%2CMEMORY_MB%3A1024%2CVCPU%3A1&root_required=%21COMPUTE_STATUS_DISABLED" status: 200 len: 1306 microversion: 1.35
Aug 06 20:06:19.395705 n-d-742170-11 devstack@placement-api.service[101177]: [pid: 101177|app: 0|req: 465/930] 10.222.0.67 () {60 vars in 1507 bytes} [Fri Aug 6 20:06:19 2021] GET /placement/allocation_candidates?limit=1000&resources=DISK_GB%3A1%2CMEMORY_MB%3A1024%2CVCPU%3A1&root_required=%21COMPUTE_STATUS_DISABLED => generated 1306 bytes in 117 msecs (HTTP/1.1 200) 8 headers in 297 bytes (1 switches on core 0)
Aug 06 20:06:19.493363 n-d-742170-11 devstack@placement-api.service[101176]: DEBUG placement.requestlog [req-4068a807-b693-4711-be4b-da9161e115ee req-87be2c30-a129-49e6-a91e-dc475734c810 None None] Starting request: 10.222.0.67 "GET /placement/allocations/db2f1352-4547-4aac-a7e4-f4f8e1096123" {{(pid=101176) __call__ /opt/stack/placement/placement/requestlog.py:55}}
Aug 06 20:06:19.512471 n-d-742170-11 devstack@placement-api.service[101176]: INFO placement.requestlog [req-4068a807-b693-4711-be4b-da9161e115ee req-87be2c30-a129-49e6-a91e-dc475734c810 service placement] 10.222.0.67 "GET /placement/allocations/db2f1352-4547-4aac-a7e4-f4f8e1096123" status: 200 len: 19 microversion: 1.28
Aug 06 20:06:19.520161 n-d-742170-11 devstack@placement-api.service[101177]: DEBUG placement.requestlog [req-4068a807-b693-4711-be4b-da9161e115ee req-b2757bc1-7e77-4521-a758-d97b72adec5e None None] Starting request: 10.222.0.67 "PUT /placement/allocations/db2f1352-4547-4aac-a7e4-f4f8e1096123" {{(pid=101177) __call__ /opt/stack/placement/placement/requestlog.py:55}}
Aug 06 20:06:19.520958 n-d-742170-11 devstack@placement-api.service[101176]: [pid: 101176|app: 0|req: 466/931] 10.222.0.67 () {60 vars in 1381 bytes} [Fri Aug 6 20:06:19 2021] GET /placement/allocations/db2f1352-4547-4aac-a7e4-f4f8e1096123 => generated 19 bytes in 28 msecs (HTTP/1.1 200) 8 headers in 295 bytes (1 switches on core 0)
Aug 06 20:06:19.662924 n-d-742170-11 devstack@placement-api.service[101177]: DEBUG placement.handlers.allocation [req-4068a807-b693-4711-be4b-da9161e115ee req-b2757bc1-7e77-4521-a758-d97b72adec5e service placement] Successfully wrote allocations [, , ] {{(pid=101177) _create_allocations /opt/stack/placement/placement/handlers/allocation.py:435}}
Aug 06 20:06:19.664233 n-d-742170-11 devstack@placement-api.service[101177]: INFO placement.requestlog [req-4068a807-b693-4711-be4b-da9161e115ee req-b2757bc1-7e77-4521-a758-d97b72adec5e service placement] 10.222.0.67 "PUT /placement/allocations/db2f1352-4547-4aac-a7e4-f4f8e1096123" status: 204 len: 0 microversion: 1.35
Aug 06 20:06:19.679501 n-d-742170-11 devstack@placement-api.service[101177]: [pid: 101177|app: 0|req: 466/932] 10.222.0.67 () {64 vars in 1434 bytes} [Fri Aug 6 20:06:19 2021] PUT /placement/allocations/db2f1352-4547-4aac-a7e4-f4f8e1096123 => generated 0 bytes in 146 msecs (HTTP/1.1 204) 5 headers in 199 bytes (2 switches on core 0)
Aug 06 20:06:20.244118 n-d-742170-11 devstack@placement-api.service[101176]: DEBUG placement.requestlog [req-4068a807-b693-4711-be4b-da9161e115ee req-e52236b3-5914-419c-b196-d8972c6549e7 None None] Starting request: 10.222.0.43 "GET /placement/allocations/db2f1352-4547-4aac-a7e4-f4f8e1096123" {{(pid=101176) __call__ /opt/stack/placement/placement/requestlog.py:55}}
Aug 06 20:06:20.652044 n-d-742170-11 devstack@placement-api.service[101176]: INFO placement.requestlog [req-4068a807-b693-4711-be4b-da9161e115ee req-e52236b3-5914-419c-b196-d8972c6549e7 service placement] 10.222.0.43 "GET /placement/allocations/db2f1352-4547-4aac-a7e4-f4f8e1096123" status: 200 len: 260 microversion: 1.28
Aug 06 20:06:20.655890 n-d-742170-11 devstack@placement-api.service[101176]: [pid: 101176|app: 0|req: 467/933] 10.222.0.43 () {60 vars in 1378 bytes} [Fri Aug 6 20:06:20 2021] GET /placement/allocations/db2f1352-4547-4aac-a7e4-f4f8e1096123 => generated 260 bytes in 412 msecs (HTTP/1.1 200) 8 headers in 296 bytes (1 switches on core 0)
Aug 06 20:06:21.079238 n-d-742170-11 devstack@placement-api.service[101177]: DEBUG placement.requestlog [req-4068a807-b693-4711-be4b-da9161e115ee req-e8f3eca5-a9d7-4df6-ac4f-d0798c9ff45f None None] Starting request: 10.222.0.43 "GET /placement/resource_providers?in_tree=3232da9e-be0f-4a83-8ada-46b83cfc5d9d" {{(pid=101177) __call__ /opt/stack/placement/placement/requestlog.py:55}}
Aug 06 20:06:21.120376 n-d-742170-11 devstack@placement-api.service[101177]: INFO placement.requestlog [req-4068a807-b693-4711-be4b-da9161e115ee req-e8f3eca5-a9d7-4df6-ac4f-d0798c9ff45f service placement] 10.222.0.43 "GET /placement/resource_providers?in_tree=3232da9e-be0f-4a83-8ada-46b83cfc5d9d" status: 200 len: 865 microversion: 1.14
Aug 06 20:06:21.120619 n-d-742170-11 devstack@placement-api.service[101177]: [pid: 101177|app: 0|req: 467/934] 10.222.0.43 () {60 vars in 1377 bytes} [Fri Aug 6 20:06:21 2021] GET /placement/resource_providers?in_tree=3232da9e-be0f-4a83-8ada-46b83cfc5d9d => generated 865 bytes in 42 msecs (HTTP/1.1 200) 6 headers in 225 bytes (1 switches on core 0)
Aug 06 20:06:21.156970 n-d-742170-11 devstack@placement-api.service[101176]: DEBUG placement.requestlog [req-4068a807-b693-4711-be4b-da9161e115ee req-08e023a3-4bb9-4935-8b7d-b3b043a2e14c None None] Starting request: 10.222.0.43 "GET /placement/resource_providers/3232da9e-be0f-4a83-8ada-46b83cfc5d9d/inventories" {{(pid=101176) __call__ /opt/stack/placement/placement/requestlog.py:55}}
Aug 06 20:06:21.196223 n-d-742170-11 devstack@placement-api.service[101176]: INFO placement.requestlog [req-4068a807-b693-4711-be4b-da9161e115ee req-08e023a3-4bb9-4935-8b7d-b3b043a2e14c service placement] 10.222.0.43 "GET /placement/resource_providers/3232da9e-be0f-4a83-8ada-46b83cfc5d9d/inventories" status: 200 len: 399 microversion: 1.0
Aug 06 20:06:21.196931 n-d-742170-11 devstack@placement-api.service[101176]: [pid: 101176|app: 0|req: 468/935] 10.222.0.43 () {58 vars in 1391 bytes} [Fri Aug 6 20:06:21 2021] GET /placement/resource_providers/3232da9e-be0f-4a83-8ada-46b83cfc5d9d/inventories => generated 399 bytes in 40 msecs (HTTP/1.1 200) 6 headers in 224 bytes (1 switches on core 0)
Aug 06 20:06:21.238485 n-d-742170-11 devstack@placement-api.service[101177]: DEBUG placement.requestlog [req-4068a807-b693-4711-be4b-da9161e115ee req-ad9d6196-67a5-4f08-82df-198812a6dc45 None None] Starting request: 10.222.0.43 "GET /placement/resource_providers/3232da9e-be0f-4a83-8ada-46b83cfc5d9d/aggregates" {{(pid=101177) __call__ /opt/stack/placement/placement/requestlog.py:55}}
Aug 06 20:06:21.273076 n-d-742170-11 devstack@placement-api.service[101177]: INFO placement.requestlog [req-4068a807-b693-4711-be4b-da9161e115ee req-ad9d6196-67a5-4f08-82df-198812a6dc45 service placement] 10.222.0.43 "GET /placement/resource_providers/3232da9e-be0f-4a83-8ada-46b83cfc5d9d/aggregates" status: 200 len: 55 microversion: 1.19
Aug 06 20:06:21.277642 n-d-742170-11 devstack@placement-api.service[101177]: [pid: 101177|app: 0|req: 468/936] 10.222.0.43 () {60 vars in 1432 bytes} [Fri Aug 6 20:06:21 2021] GET /placement/resource_providers/3232da9e-be0f-4a83-8ada-46b83cfc5d9d/aggregates => generated 55 bytes in 40 msecs (HTTP/1.1 200) 8 headers in 295 bytes (1 switches on core 0)
Aug 06 20:06:21.317862 n-d-742170-11 devstack@placement-api.service[101176]: DEBUG placement.requestlog [req-4068a807-b693-4711-be4b-da9161e115ee req-defcc7a3-779f-44b9-9274-f9998b4a2e74 None None] Starting request: 10.222.0.43 "GET /placement/resource_providers/3232da9e-be0f-4a83-8ada-46b83cfc5d9d/traits" {{(pid=101176) __call__ /opt/stack/placement/placement/requestlog.py:55}}
Aug 06 20:06:21.381348 n-d-742170-11 devstack@placement-api.service[101176]: INFO placement.requestlog [req-4068a807-b693-4711-be4b-da9161e115ee req-defcc7a3-779f-44b9-9274-f9998b4a2e74 service placement] 10.222.0.43 "GET /placement/resource_providers/3232da9e-be0f-4a83-8ada-46b83cfc5d9d/traits" status: 200 len: 213 microversion: 1.6
Aug 06 20:06:21.382211 n-d-742170-11 devstack@placement-api.service[101176]: [pid: 101176|app: 0|req: 469/937] 10.222.0.43 () {60 vars in 1419 bytes} [Fri Aug 6 20:06:21 2021] GET /placement/resource_providers/3232da9e-be0f-4a83-8ada-46b83cfc5d9d/traits => generated 213 bytes in 65 msecs (HTTP/1.1 200) 6 headers in 224 bytes (1 switches on core 0)
Aug 06 20:06:30.798245 n-d-742170-11 devstack@placement-api.service[101177]: DEBUG placement.requestlog [req-0fc3260b-c3c5-49d7-892b-82dd025bdeaf req-0c08683c-bf0f-456a-87c2-152f6acfdfe8 None None] Starting request: 10.222.0.43 "GET /placement/resource_providers/3232da9e-be0f-4a83-8ada-46b83cfc5d9d/allocations" {{(pid=101177) __call__ /opt/stack/placement/placement/requestlog.py:55}}
Aug 06 20:06:30.867347 n-d-742170-11 devstack@placement-api.service[101177]: INFO placement.requestlog [req-0fc3260b-c3c5-49d7-892b-82dd025bdeaf req-0c08683c-bf0f-456a-87c2-152f6acfdfe8 service placement] 10.222.0.43 "GET /placement/resource_providers/3232da9e-be0f-4a83-8ada-46b83cfc5d9d/allocations" status: 200 len: 646 microversion: 1.0
Aug 06 20:06:30.870072 n-d-742170-11 devstack@placement-api.service[101177]: [pid: 101177|app: 0|req: 469/938] 10.222.0.43 () {58 vars in 1391 bytes} [Fri Aug 6 20:06:30 2021] GET /placement/resource_providers/3232da9e-be0f-4a83-8ada-46b83cfc5d9d/allocations => generated 646 bytes in 72 msecs (HTTP/1.1 200) 6 headers in 224 bytes (1 switches on core 0)
Aug 06 20:06:35.883380 n-d-742170-11 devstack@placement-api.service[101176]: DEBUG placement.requestlog [req-bf27147d-922b-4f57-9393-848152b3eb0e req-e1008d9c-8265-46d0-9f2c-2505ff425006 None None] Starting request: 10.222.0.67 "GET /placement/allocation_candidates?in_tree=3232da9e-be0f-4a83-8ada-46b83cfc5d9d&limit=1000&resources=DISK_GB%3A1%2CMEMORY_MB%3A1024%2CVCPU%3A1&root_required=%21COMPUTE_STATUS_DISABLED" {{(pid=101176) __call__ /opt/stack/placement/placement/requestlog.py:55}}
Aug 06 20:06:35.965154 n-d-742170-11 devstack@placement-api.service[101176]: DEBUG placement.objects.research_context [req-bf27147d-922b-4f57-9393-848152b3eb0e req-e1008d9c-8265-46d0-9f2c-2505ff425006 service placement] Group getting allocation candidates in the same tree with the root provider 3232da9e-be0f-4a83-8ada-46b83cfc5d9d {{(pid=101176) __init__ /opt/stack/placement/placement/objects/research_context.py:114}}
Aug 06 20:06:35.965356 n-d-742170-11 devstack@placement-api.service[101176]: DEBUG placement.objects.research_context [req-bf27147d-922b-4f57-9393-848152b3eb0e req-e1008d9c-8265-46d0-9f2c-2505ff425006 service placement] getting providers with 1 DISK_GB {{(pid=101176) __init__ /opt/stack/placement/placement/objects/research_context.py:126}}
Aug 06 20:06:35.982278 n-d-742170-11 devstack@placement-api.service[101176]: DEBUG placement.objects.research_context [req-bf27147d-922b-4f57-9393-848152b3eb0e req-e1008d9c-8265-46d0-9f2c-2505ff425006 service placement] getting providers with 1024 MEMORY_MB {{(pid=101176) __init__ /opt/stack/placement/placement/objects/research_context.py:126}}
