Mar 29 09:53:36.154719 n-d-738240-8 devstack@n-api.service[130022]: DEBUG nova.api.openstack.wsgi [None req-fa75373c-a6d3-4943-9c0d-35170a91b5dc tempest-FlavorsAdminTestJSON-743409755 tempest-FlavorsAdminTestJSON-743409755-project] Calling method '>' {{(pid=130022) _process_stack /opt/stack/nova/nova/api/openstack/wsgi.py:513}}
Mar 29 09:53:36.213453 n-d-738240-8 devstack@n-api.service[130022]: INFO nova.api.openstack.requestlog [None req-fa75373c-a6d3-4943-9c0d-35170a91b5dc tempest-FlavorsAdminTestJSON-743409755 tempest-FlavorsAdminTestJSON-743409755-project] 10.222.0.18 "GET /compute/v2.1/flavors/detail" status: 200 len: 5818 microversion: 2.1 time: 0.064036
Mar 29 09:53:36.229353 n-d-738240-8 devstack@n-api.service[130022]: [pid: 130022|app: 0|req: 155/341] 10.222.0.18 () {58 vars in 1145 bytes} [Tue Mar 29 09:53:36 2022] GET /compute/v2.1/flavors/detail => generated 5818 bytes in 80 msecs (HTTP/1.1 200) 9 headers in 358 bytes (1 switches on core 0)
Mar 29 09:53:36.244434 n-d-738240-8 devstack@n-api.service[130022]: DEBUG nova.api.openstack.wsgi [None req-cb795ff2-c7ec-4d24-8ae2-aa20be22ecf1 tempest-FlavorsAdminTestJSON-1388051617 tempest-FlavorsAdminTestJSON-1388051617-project-admin] Calling method '>' {{(pid=130022) _process_stack /opt/stack/nova/nova/api/openstack/wsgi.py:513}}
Mar 29 09:53:36.245300 n-d-738240-8 devstack@n-api.service[130022]: /usr/local/lib/python3.8/dist-packages/oslo_policy/policy.py:1119: UserWarning: Policy "os_compute_api:os-flavor-manage:delete": "rule:context_is_admin" failed scope check. The token used to make the request was project scoped but the policy requires ['system'] scope. This behavior may change in the future where using the intended scope is required
Mar 29 09:53:36.245300 n-d-738240-8 devstack@n-api.service[130022]: warnings.warn(msg)
Mar 29 09:53:36.251699 n-d-738240-8 devstack@n-api.service[130023]: DEBUG nova.policy [None req-5cc55ddc-19fb-4719-ab77-f8feadd8e58d tempest-ServersAdmin275Test-1885586337 tempest-ServersAdmin275Test-1885586337-project] Policy check for os_compute_api:os-extended-server-attributes failed with credentials {'is_admin': False, 'user_id': 'aaede7a52c474c2498a8221e72e2e3f7', 'user_domain_id': 'default', 'system_scope': None, 'domain_id': None, 'project_id': 'eab909bac2e24b86bf62715f18925894', 'project_domain_id': 'default', 'roles': ['reader', 'member'], 'is_admin_project': True, 'service_user_id': None, 'service_user_domain_id': None, 'service_project_id': None, 'service_project_domain_id': None, 'service_roles': []} {{(pid=130023) authorize /opt/stack/nova/nova/policy.py:199}}
Mar 29 09:53:36.280546 n-d-738240-8 devstack@n-api.service[130023]: DEBUG nova.policy [None req-5cc55ddc-19fb-4719-ab77-f8feadd8e58d tempest-ServersAdmin275Test-1885586337 tempest-ServersAdmin275Test-1885586337-project] Policy check for os_compute_api:servers:show:host_status failed with credentials {'is_admin': False, 'user_id': 'aaede7a52c474c2498a8221e72e2e3f7', 'user_domain_id': 'default', 'system_scope': None, 'domain_id': None, 'project_id': 'eab909bac2e24b86bf62715f18925894', 'project_domain_id': 'default', 'roles': ['reader', 'member'], 'is_admin_project': True, 'service_user_id': None, 'service_user_domain_id': None, 'service_project_id': None, 'service_project_domain_id': None, 'service_roles': []} {{(pid=130023) authorize /opt/stack/nova/nova/policy.py:199}}
Mar 29 09:53:36.289706 n-d-738240-8 devstack@n-api.service[130023]: DEBUG nova.policy [None req-5cc55ddc-19fb-4719-ab77-f8feadd8e58d tempest-ServersAdmin275Test-1885586337 tempest-ServersAdmin275Test-1885586337-project] Policy check for os_compute_api:servers:show:host_status:unknown-only failed with credentials {'is_admin': False, 'user_id': 'aaede7a52c474c2498a8221e72e2e3f7', 'user_domain_id': 'default', 'system_scope': None, 'domain_id': None, 'project_id': 'eab909bac2e24b86bf62715f18925894', 'project_domain_id': 'default', 'roles': ['reader', 'member'], 'is_admin_project': True, 'service_user_id': None, 'service_user_domain_id': None, 'service_project_id': None, 'service_project_domain_id': None, 'service_roles': []} {{(pid=130023) authorize /opt/stack/nova/nova/policy.py:199}}
Mar 29 09:53:36.292768 n-d-738240-8 devstack@n-api.service[130022]: INFO nova.api.openstack.requestlog [None req-cb795ff2-c7ec-4d24-8ae2-aa20be22ecf1 tempest-FlavorsAdminTestJSON-1388051617 tempest-FlavorsAdminTestJSON-1388051617-project-admin] 10.222.0.18 "DELETE /compute/v2.1/flavors/1996592343" status: 202 len: 0 microversion: 2.1 time: 0.061655
Mar 29 09:53:36.298216 n-d-738240-8 devstack@n-api.service[130022]: [pid: 130022|app: 0|req: 156/342] 10.222.0.18 () {58 vars in 1160 bytes} [Tue Mar 29 09:53:36 2022] DELETE /compute/v2.1/flavors/1996592343 => generated 0 bytes in 68 msecs (HTTP/1.1 202) 9 headers in 361 bytes (1 switches on core 0)
Mar 29 09:53:36.313960 n-d-738240-8 devstack@n-api.service[130022]: DEBUG nova.api.openstack.wsgi [None req-799c7dfe-a864-47ae-9a63-c48b5c66aa74 tempest-FlavorsAdminTestJSON-1388051617 tempest-FlavorsAdminTestJSON-1388051617-project-admin] Calling method '>' {{(pid=130022) _process_stack /opt/stack/nova/nova/api/openstack/wsgi.py:513}}
Mar 29 09:53:36.320142 n-d-738240-8 devstack@n-api.service[130023]: INFO nova.api.openstack.requestlog [None req-5cc55ddc-19fb-4719-ab77-f8feadd8e58d tempest-ServersAdmin275Test-1885586337 tempest-ServersAdmin275Test-1885586337-project] 10.222.0.18 "GET /compute/v2.1/servers/a93e0c82-c092-4056-abec-2ca1bec683b8" status: 200 len: 1447 microversion: 2.75 time: 0.239200
Mar 29 09:53:36.321452 n-d-738240-8 devstack@n-api.service[130023]: [pid: 130023|app: 0|req: 187/343] 10.222.0.18 () {60 vars in 1276 bytes} [Tue Mar 29 09:53:36 2022] GET /compute/v2.1/servers/a93e0c82-c092-4056-abec-2ca1bec683b8 => generated 1447 bytes in 251 msecs (HTTP/1.1 200) 9 headers in 360 bytes (1 switches on core 0)
Mar 29 09:53:36.410375 n-d-738240-8 devstack@n-api.service[130022]: INFO nova.api.openstack.requestlog [None req-799c7dfe-a864-47ae-9a63-c48b5c66aa74 tempest-FlavorsAdminTestJSON-1388051617 tempest-FlavorsAdminTestJSON-1388051617-project-admin] 10.222.0.18 "GET /compute/v2.1/flavors/detail" status: 200 len: 5818 microversion: 2.1 time: 0.110333
Mar 29 09:53:36.411687 n-d-738240-8 devstack@n-api.service[130022]: [pid: 130022|app: 0|req: 157/344] 10.222.0.18 () {58 vars in 1145 bytes} [Tue Mar 29 09:53:36 2022] GET /compute/v2.1/flavors/detail => generated 5818 bytes in 113 msecs (HTTP/1.1 200) 9 headers in 358 bytes (1 switches on core 0)
Mar 29 09:53:36.431569 n-d-738240-8 devstack@n-api.service[130023]: DEBUG nova.api.openstack.wsgi [None req-ea6063ab-23fd-42b5-bbc5-a5135f8c0f2b tempest-FlavorsAdminTestJSON-1388051617 tempest-FlavorsAdminTestJSON-1388051617-project-admin] Action: 'create', calling method: >, body: {"flavor": {"ram": 512, "vcpus": 1, "disk": 10, "name": "tempest-test_flavor_-281061064", "id": 569932518, "os-flavor-access:is_public": "True"}} {{(pid=130023) _process_stack /opt/stack/nova/nova/api/openstack/wsgi.py:511}}
Mar 29 09:53:36.433721 n-d-738240-8 devstack@n-api.service[130023]: /usr/local/lib/python3.8/dist-packages/oslo_policy/policy.py:1119: UserWarning: Policy "os_compute_api:os-flavor-manage:create": "rule:context_is_admin" failed scope check. The token used to make the request was project scoped but the policy requires ['system'] scope. This behavior may change in the future where using the intended scope is required
Mar 29 09:53:36.433721 n-d-738240-8 devstack@n-api.service[130023]: warnings.warn(msg)
Mar 29 09:53:36.467464 n-d-738240-8 devstack@n-api.service[130023]: INFO nova.api.openstack.requestlog [None req-ea6063ab-23fd-42b5-bbc5-a5135f8c0f2b tempest-FlavorsAdminTestJSON-1388051617 tempest-FlavorsAdminTestJSON-1388051617-project-admin] 10.222.0.18 "POST /compute/v2.1/flavors" status: 200 len: 410 microversion: 2.1 time: 0.039910
Mar 29 09:53:36.470091 n-d-738240-8 devstack@n-api.service[130023]: [pid: 130023|app: 0|req: 188/345] 10.222.0.18 () {60 vars in 1146 bytes} [Tue Mar 29 09:53:36 2022] POST /compute/v2.1/flavors => generated 410 bytes in 43 msecs (HTTP/1.1 200) 9 headers in 357 bytes (1 switches on core 0)
Mar 29 09:53:36.480345 n-d-738240-8 devstack@n-api.service[130022]: DEBUG nova.api.openstack.wsgi [None req-7b35400e-f0ac-40ca-a4b2-8787d632c17c tempest-FlavorsAdminTestJSON-743409755 tempest-FlavorsAdminTestJSON-743409755-project] Calling method '>' {{(pid=130022) _process_stack /opt/stack/nova/nova/api/openstack/wsgi.py:513}}
Mar 29 09:53:36.508124 n-d-738240-8 devstack@n-api.service[130023]: DEBUG nova.api.openstack.wsgi [req-9381bfbb-a8f8-42d5-ae08-807def68c32b req-1c0f3aa7-a435-4826-b2de-40c137f5b544 service nova] Action: 'create', calling method: >, body: {"events": [{"server_uuid": "097c7c70-d64a-42c5-a05f-1ee8431834d5", "name": "network-vif-deleted", "tag": "7d2e1970-3b09-424c-8452-0a7fc23a5705"}]} {{(pid=130023) _process_stack /opt/stack/nova/nova/api/openstack/wsgi.py:511}}
Mar 29 09:53:36.525398 n-d-738240-8 devstack@n-api.service[130023]: DEBUG oslo_concurrency.lockutils [req-9381bfbb-a8f8-42d5-ae08-807def68c32b req-1c0f3aa7-a435-4826-b2de-40c137f5b544 service nova] Lock "e99056bd-5db0-4ab4-8de5-d558154d1af0" acquired by "nova.context.set_target_cell..get_or_set_cached_cell_and_set_connections" :: waited 0.000s {{(pid=130023) inner /usr/local/lib/python3.8/dist-packages/oslo_concurrency/lockutils.py:386}}
Mar 29 09:53:36.527413 n-d-738240-8 devstack@n-api.service[130023]: DEBUG oslo_concurrency.lockutils [req-9381bfbb-a8f8-42d5-ae08-807def68c32b req-1c0f3aa7-a435-4826-b2de-40c137f5b544 service nova] Lock "e99056bd-5db0-4ab4-8de5-d558154d1af0" "released" by "nova.context.set_target_cell..get_or_set_cached_cell_and_set_connections" :: held 0.005s {{(pid=130023) inner /usr/local/lib/python3.8/dist-packages/oslo_concurrency/lockutils.py:400}}
Mar 29 09:53:36.569293 n-d-738240-8 devstack@n-api.service[130022]: INFO nova.api.openstack.requestlog [None req-7b35400e-f0ac-40ca-a4b2-8787d632c17c tempest-FlavorsAdminTestJSON-743409755 tempest-FlavorsAdminTestJSON-743409755-project] 10.222.0.18 "GET /compute/v2.1/flavors/detail" status: 200 len: 6218 microversion: 2.1 time: 0.091406
Mar 29 09:53:36.571484 n-d-738240-8 devstack@n-api.service[130022]: [pid: 130022|app: 0|req: 158/346] 10.222.0.18 () {58 vars in 1145 bytes} [Tue Mar 29 09:53:36 2022] GET /compute/v2.1/flavors/detail => generated 6218 bytes in 95 msecs (HTTP/1.1 200) 9 headers in 358 bytes (1 switches on core 0)
Mar 29 09:53:36.580335 n-d-738240-8 devstack@n-api.service[130023]: INFO nova.api.openstack.compute.server_external_events [req-9381bfbb-a8f8-42d5-ae08-807def68c32b req-1c0f3aa7-a435-4826-b2de-40c137f5b544 service nova] Creating event network-vif-deleted:7d2e1970-3b09-424c-8452-0a7fc23a5705 for instance 097c7c70-d64a-42c5-a05f-1ee8431834d5 on n-h1-738240-8
Mar 29 09:53:36.587563 n-d-738240-8 devstack@n-api.service[130022]: DEBUG nova.api.openstack.wsgi [None req-22444745-ecbd-4c03-b683-93c1b5be6c7a tempest-DeleteServersAdminTestJSON-1152085011 tempest-DeleteServersAdminTestJSON-1152085011-project] Calling method '>' {{(pid=130022) _process_stack /opt/stack/nova/nova/api/openstack/wsgi.py:513}}
Mar 29 09:53:36.590502 n-d-738240-8 devstack@n-api.service[130022]: DEBUG nova.compute.api [None req-22444745-ecbd-4c03-b683-93c1b5be6c7a tempest-DeleteServersAdminTestJSON-1152085011 tempest-DeleteServersAdminTestJSON-1152085011-project] [instance: 097c7c70-d64a-42c5-a05f-1ee8431834d5] Fetching instance by UUID {{(pid=130022) get /opt/stack/nova/nova/compute/api.py:2918}}
Mar 29 09:53:36.598191 n-d-738240-8 devstack@n-api.service[130023]: INFO nova.api.openstack.requestlog [req-9381bfbb-a8f8-42d5-ae08-807def68c32b req-1c0f3aa7-a435-4826-b2de-40c137f5b544 service nova] 10.222.0.18 "POST /compute/v2.1/os-server-external-events" status: 200 len: 183 microversion: 2.1 time: 0.091542
Mar 29 09:53:36.611196 n-d-738240-8 devstack@n-api.service[130022]: DEBUG oslo_concurrency.lockutils [None req-22444745-ecbd-4c03-b683-93c1b5be6c7a tempest-DeleteServersAdminTestJSON-1152085011 tempest-DeleteServersAdminTestJSON-1152085011-project] Lock "e99056bd-5db0-4ab4-8de5-d558154d1af0" acquired by "nova.context.set_target_cell..get_or_set_cached_cell_and_set_connections" :: waited 0.000s {{(pid=130022) inner /usr/local/lib/python3.8/dist-packages/oslo_concurrency/lockutils.py:386}}
Mar 29 09:53:36.612520 n-d-738240-8 devstack@n-api.service[130023]: [pid: 130023|app: 0|req: 189/347] 10.222.0.18 () {64 vars in 1317 bytes} [Tue Mar 29 09:53:36 2022] POST /compute/v2.1/os-server-external-events => generated 183 bytes in 96 msecs (HTTP/1.1 200) 9 headers in 357 bytes (2 switches on core 0)
Mar 29 09:53:36.614766 n-d-738240-8 devstack@n-api.service[130022]: DEBUG oslo_concurrency.lockutils [None req-22444745-ecbd-4c03-b683-93c1b5be6c7a tempest-DeleteServersAdminTestJSON-1152085011 tempest-DeleteServersAdminTestJSON-1152085011-project] Lock "e99056bd-5db0-4ab4-8de5-d558154d1af0" "released" by "nova.context.set_target_cell..get_or_set_cached_cell_and_set_connections" :: held 0.005s {{(pid=130022) inner /usr/local/lib/python3.8/dist-packages/oslo_concurrency/lockutils.py:400}}
Mar 29 09:53:36.616102 n-d-738240-8 devstack@n-api.service[130022]: DEBUG oslo_concurrency.lockutils [None req-22444745-ecbd-4c03-b683-93c1b5be6c7a tempest-DeleteServersAdminTestJSON-1152085011 tempest-DeleteServersAdminTestJSON-1152085011-project] Lock "e99056bd-5db0-4ab4-8de5-d558154d1af0" acquired by "nova.context.set_target_cell..get_or_set_cached_cell_and_set_connections" :: waited 0.000s {{(pid=130022) inner /usr/local/lib/python3.8/dist-packages/oslo_concurrency/lockutils.py:386}}
Mar 29 09:53:36.617196 n-d-738240-8 devstack@n-api.service[130022]: DEBUG oslo_concurrency.lockutils [None req-22444745-ecbd-4c03-b683-93c1b5be6c7a tempest-DeleteServersAdminTestJSON-1152085011 tempest-DeleteServersAdminTestJSON-1152085011-project] Lock "e99056bd-5db0-4ab4-8de5-d558154d1af0" "released" by "nova.context.set_target_cell..get_or_set_cached_cell_and_set_connections" :: held 0.001s {{(pid=130022) inner /usr/local/lib/python3.8/dist-packages/oslo_concurrency/lockutils.py:400}}
Mar 29 09:53:36.635698 n-d-738240-8 devstack@n-api.service[130023]: DEBUG nova.api.openstack.wsgi [None req-159e23f9-d6f1-4b06-8044-3f1c2919b307 tempest-FlavorsAdminTestJSON-1388051617 tempest-FlavorsAdminTestJSON-1388051617-project-admin] Calling method '>' {{(pid=130023) _process_stack /opt/stack/nova/nova/api/openstack/wsgi.py:513}}
Mar 29 09:53:36.645378 n-d-738240-8 devstack@n-api.service[130023]: /usr/local/lib/python3.8/dist-packages/oslo_policy/policy.py:1119: UserWarning: Policy "os_compute_api:os-flavor-manage:delete": "rule:context_is_admin" failed scope check. The token used to make the request was project scoped but the policy requires ['system'] scope. This behavior may change in the future where using the intended scope is required
Mar 29 09:53:36.645378 n-d-738240-8 devstack@n-api.service[130023]: warnings.warn(msg)
Mar 29 09:53:36.708365 n-d-738240-8 devstack@n-api.service[130023]: INFO nova.api.openstack.requestlog [None req-159e23f9-d6f1-4b06-8044-3f1c2919b307 tempest-FlavorsAdminTestJSON-1388051617 tempest-FlavorsAdminTestJSON-1388051617-project-admin] 10.222.0.18 "DELETE /compute/v2.1/flavors/569932518" status: 202 len: 0 microversion: 2.1 time: 0.093995
Mar 29 09:53:36.709069 n-d-738240-8 devstack@n-api.service[130023]: [pid: 130023|app: 0|req: 190/348] 10.222.0.18 () {58 vars in 1157 bytes} [Tue Mar 29 09:53:36 2022] DELETE /compute/v2.1/flavors/569932518 => generated 0 bytes in 96 msecs (HTTP/1.1 202) 9 headers in 361 bytes (1 switches on core 0)
Mar 29 09:53:36.716536 n-d-738240-8 devstack@n-api.service[130022]: DEBUG oslo_concurrency.lockutils [None req-22444745-ecbd-4c03-b683-93c1b5be6c7a tempest-DeleteServersAdminTestJSON-1152085011 tempest-DeleteServersAdminTestJSON-1152085011-project] Lock "e99056bd-5db0-4ab4-8de5-d558154d1af0" acquired by "nova.context.set_target_cell..get_or_set_cached_cell_and_set_connections" :: waited 0.000s {{(pid=130022) inner /usr/local/lib/python3.8/dist-packages/oslo_concurrency/lockutils.py:386}}
Mar 29 09:53:36.717992 n-d-738240-8 devstack@n-api.service[130022]: DEBUG oslo_concurrency.lockutils [None req-22444745-ecbd-4c03-b683-93c1b5be6c7a tempest-DeleteServersAdminTestJSON-1152085011 tempest-DeleteServersAdminTestJSON-1152085011-project] Lock "e99056bd-5db0-4ab4-8de5-d558154d1af0" "released" by "nova.context.set_target_cell..get_or_set_cached_cell_and_set_connections" :: held 0.003s {{(pid=130022) inner /usr/local/lib/python3.8/dist-packages/oslo_concurrency/lockutils.py:400}}
Mar 29 09:53:36.721993 n-d-738240-8 devstack@n-api.service[130022]: DEBUG nova.objects.instance [None req-22444745-ecbd-4c03-b683-93c1b5be6c7a tempest-DeleteServersAdminTestJSON-1152085011 tempest-DeleteServersAdminTestJSON-1152085011-project] Lazy-loading 'fault' on Instance uuid 097c7c70-d64a-42c5-a05f-1ee8431834d5 {{(pid=130022) obj_load_attr /opt/stack/nova/nova/objects/instance.py:1099}}
Mar 29 09:53:36.731793 n-d-738240-8 devstack@n-api.service[130023]: DEBUG nova.api.openstack.wsgi [None req-f31fc160-6ce6-4b46-83c5-2cb7f4cd5bd6 tempest-FlavorsAdminTestJSON-1388051617 tempest-FlavorsAdminTestJSON-1388051617-project-admin] Calling method '>' {{(pid=130023) _process_stack /opt/stack/nova/nova/api/openstack/wsgi.py:513}}
Mar 29 09:53:36.789937 n-d-738240-8 devstack@n-api.service[130023]: INFO nova.api.openstack.requestlog [None req-f31fc160-6ce6-4b46-83c5-2cb7f4cd5bd6 tempest-FlavorsAdminTestJSON-1388051617 tempest-FlavorsAdminTestJSON-1388051617-project-admin] 10.222.0.18 "GET /compute/v2.1/flavors/detail" status: 200 len: 5818 microversion: 2.1 time: 0.075918
Mar 29 09:53:36.795690 n-d-738240-8 devstack@n-api.service[130023]: [pid: 130023|app: 0|req: 191/349] 10.222.0.18 () {58 vars in 1145 bytes} [Tue Mar 29 09:53:36 2022] GET /compute/v2.1/flavors/detail => generated 5818 bytes in 78 msecs (HTTP/1.1 200) 9 headers in 358 bytes (1 switches on core 0)
Mar 29 09:53:37.070144 n-d-738240-8 devstack@n-api.service[130022]: DEBUG nova.policy [None req-22444745-ecbd-4c03-b683-93c1b5be6c7a tempest-DeleteServersAdminTestJSON-1152085011 tempest-DeleteServersAdminTestJSON-1152085011-project] Policy check for os_compute_api:os-extended-server-attributes failed with credentials {'is_admin': False, 'user_id': 'd2e22acd29cd4de19bb9ee0e3dcdbf83', 'user_domain_id': 'default', 'system_scope': None, 'domain_id': None, 'project_id': '148979ce40054eabb6066a2e42bebc4c', 'project_domain_id': 'default', 'roles': ['reader', 'member'], 'is_admin_project': True, 'service_user_id': None, 'service_user_domain_id': None, 'service_project_id': None, 'service_project_domain_id': None, 'service_roles': []} {{(pid=130022) authorize /opt/stack/nova/nova/policy.py:199}}
Mar 29 09:53:37.077693 n-d-738240-8 devstack@n-api.service[130022]: INFO nova.api.openstack.requestlog [None req-22444745-ecbd-4c03-b683-93c1b5be6c7a tempest-DeleteServersAdminTestJSON-1152085011 tempest-DeleteServersAdminTestJSON-1152085011-project] 10.222.0.18 "GET /compute/v2.1/servers/097c7c70-d64a-42c5-a05f-1ee8431834d5" status: 200 len: 1288 microversion: 2.1 time: 0.504236
Mar 29 09:53:37.080963 n-d-738240-8 devstack@n-api.service[130022]: [pid: 130022|app: 0|req: 159/350] 10.222.0.18 () {58 vars in 1235 bytes} [Tue Mar 29 09:53:36 2022] GET /compute/v2.1/servers/097c7c70-d64a-42c5-a05f-1ee8431834d5 => generated 1288 bytes in 509 msecs (HTTP/1.1 200) 9 headers in 358 bytes (1 switches on core 0)
Mar 29 09:53:37.159430 n-d-738240-8 devstack@n-api.service[130023]: DEBUG nova.api.openstack.wsgi [None req-57030da0-a64e-4104-9a63-385b5083e43b tempest-ServersWithSpecificFlavorTestJSON-1042672151 tempest-ServersWithSpecificFlavorTestJSON-1042672151-project] Calling method '>' {{(pid=130023) _process_stack /opt/stack/nova/nova/api/openstack/wsgi.py:513}}
Mar 29 09:53:37.160376 n-d-738240-8 devstack@n-api.service[130023]: DEBUG nova.compute.api [None req-57030da0-a64e-4104-9a63-385b5083e43b tempest-ServersWithSpecificFlavorTestJSON-1042672151 tempest-ServersWithSpecificFlavorTestJSON-1042672151-project] [instance: f6be9fa8-a6a0-4afa-bd94-c1b3a97bdabb] Fetching instance by UUID {{(pid=130023) get /opt/stack/nova/nova/compute/api.py:2918}}
Mar 29 09:53:37.169432 n-d-738240-8 devstack@n-api.service[130023]: DEBUG oslo_concurrency.lockutils [None req-57030da0-a64e-4104-9a63-385b5083e43b tempest-ServersWithSpecificFlavorTestJSON-1042672151 tempest-ServersWithSpecificFlavorTestJSON-1042672151-project] Lock "e99056bd-5db0-4ab4-8de5-d558154d1af0" acquired by "nova.context.set_target_cell..get_or_set_cached_cell_and_set_connections" :: waited 0.000s {{(pid=130023) inner /usr/local/lib/python3.8/dist-packages/oslo_concurrency/lockutils.py:386}}
Mar 29 09:53:37.171455 n-d-738240-8 devstack@n-api.service[130023]: DEBUG oslo_concurrency.lockutils [None req-57030da0-a64e-4104-9a63-385b5083e43b tempest-ServersWithSpecificFlavorTestJSON-1042672151 tempest-ServersWithSpecificFlavorTestJSON-1042672151-project] Lock "e99056bd-5db0-4ab4-8de5-d558154d1af0" "released" by "nova.context.set_target_cell..get_or_set_cached_cell_and_set_connections" :: held 0.002s {{(pid=130023) inner /usr/local/lib/python3.8/dist-packages/oslo_concurrency/lockutils.py:400}}
Mar 29 09:53:37.175087 n-d-738240-8 devstack@n-api.service[130023]: DEBUG oslo_concurrency.lockutils [None req-57030da0-a64e-4104-9a63-385b5083e43b tempest-ServersWithSpecificFlavorTestJSON-1042672151 tempest-ServersWithSpecificFlavorTestJSON-1042672151-project] Lock "e99056bd-5db0-4ab4-8de5-d558154d1af0" acquired by "nova.context.set_target_cell..get_or_set_cached_cell_and_set_connections" :: waited 0.000s {{(pid=130023) inner /usr/local/lib/python3.8/dist-packages/oslo_concurrency/lockutils.py:386}}
Mar 29 09:53:37.178118 n-d-738240-8 devstack@n-api.service[130023]: DEBUG oslo_concurrency.lockutils [None req-57030da0-a64e-4104-9a63-385b5083e43b tempest-ServersWithSpecificFlavorTestJSON-1042672151 tempest-ServersWithSpecificFlavorTestJSON-1042672151-project] Lock "e99056bd-5db0-4ab4-8de5-d558154d1af0" "released" by "nova.context.set_target_cell..get_or_set_cached_cell_and_set_connections" :: held 0.003s {{(pid=130023) inner /usr/local/lib/python3.8/dist-packages/oslo_concurrency/lockutils.py:400}}
Mar 29 09:53:37.346129 n-d-738240-8 devstack@n-api.service[130022]: DEBUG nova.api.openstack.wsgi [None req-dd934439-72ff-46ad-aa17-f751e71e737a tempest-ServersAdmin275Test-1885586337 tempest-ServersAdmin275Test-1885586337-project] Calling method '>' {{(pid=130022) _process_stack /opt/stack/nova/nova/api/openstack/wsgi.py:513}}
Mar 29 09:53:37.347407 n-d-738240-8 devstack@n-api.service[130022]: DEBUG nova.compute.api [None req-dd934439-72ff-46ad-aa17-f751e71e737a tempest-ServersAdmin275Test-1885586337 tempest-ServersAdmin275Test-1885586337-project] [instance: a93e0c82-c092-4056-abec-2ca1bec683b8] Fetching instance by UUID {{(pid=130022) get /opt/stack/nova/nova/compute/api.py:2918}}
Mar 29 09:53:37.354752 n-d-738240-8 devstack@n-api.service[130022]: DEBUG oslo_concurrency.lockutils [None req-dd934439-72ff-46ad-aa17-f751e71e737a tempest-ServersAdmin275Test-1885586337 tempest-ServersAdmin275Test-1885586337-project] Lock "e99056bd-5db0-4ab4-8de5-d558154d1af0" acquired by "nova.context.set_target_cell..get_or_set_cached_cell_and_set_connections" :: waited 0.000s {{(pid=130022) inner /usr/local/lib/python3.8/dist-packages/oslo_concurrency/lockutils.py:386}}
Mar 29 09:53:37.355696 n-d-738240-8 devstack@n-api.service[130022]: DEBUG oslo_concurrency.lockutils [None req-dd934439-72ff-46ad-aa17-f751e71e737a tempest-ServersAdmin275Test-1885586337 tempest-ServersAdmin275Test-1885586337-project] Lock "e99056bd-5db0-4ab4-8de5-d558154d1af0" "released" by "nova.context.set_target_cell..get_or_set_cached_cell_and_set_connections" :: held 0.001s {{(pid=130022) inner /usr/local/lib/python3.8/dist-packages/oslo_concurrency/lockutils.py:400}}
Mar 29 09:53:37.356717 n-d-738240-8 devstack@n-api.service[130022]: DEBUG oslo_concurrency.lockutils [None req-dd934439-72ff-46ad-aa17-f751e71e737a tempest-ServersAdmin275Test-1885586337 tempest-ServersAdmin275Test-1885586337-project] Lock "e99056bd-5db0-4ab4-8de5-d558154d1af0" acquired by "nova.context.set_target_cell..get_or_set_cached_cell_and_set_connections" :: waited 0.000s {{(pid=130022) inner /usr/local/lib/python3.8/dist-packages/oslo_concurrency/lockutils.py:386}}
Mar 29 09:53:37.357422 n-d-738240-8 devstack@n-api.service[130022]: DEBUG oslo_concurrency.lockutils [None req-dd934439-72ff-46ad-aa17-f751e71e737a tempest-ServersAdmin275Test-1885586337 tempest-ServersAdmin275Test-1885586337-project] Lock "e99056bd-5db0-4ab4-8de5-d558154d1af0" "released" by "nova.context.set_target_cell..get_or_set_cached_cell_and_set_connections" :: held 0.001s {{(pid=130022) inner /usr/local/lib/python3.8/dist-packages/oslo_concurrency/lockutils.py:400}}
Mar 29 09:53:37.486053 n-d-738240-8 devstack@n-api.service[130022]: DEBUG nova.policy [None req-dd934439-72ff-46ad-aa17-f751e71e737a tempest-ServersAdmin275Test-1885586337 tempest-ServersAdmin275Test-1885586337-project] Policy check for os_compute_api:os-extended-server-attributes failed with credentials {'is_admin': False, 'user_id': 'aaede7a52c474c2498a8221e72e2e3f7', 'user_domain_id': 'default', 'system_scope': None, 'domain_id': None, 'project_id': 'eab909bac2e24b86bf62715f18925894', 'project_domain_id': 'default', 'roles': ['reader', 'member'], 'is_admin_project': True, 'service_user_id': None, 'service_user_domain_id': None, 'service_project_id': None, 'service_project_domain_id': None, 'service_roles': []} {{(pid=130022) authorize /opt/stack/nova/nova/policy.py:199}}
Mar 29 09:53:37.505110 n-d-738240-8 devstack@n-api.service[130022]: DEBUG nova.policy [None req-dd934439-72ff-46ad-aa17-f751e71e737a tempest-ServersAdmin275Test-1885586337 tempest-ServersAdmin275Test-1885586337-project] Policy check for os_compute_api:servers:show:host_status failed with credentials {'is_admin': False, 'user_id': 'aaede7a52c474c2498a8221e72e2e3f7', 'user_domain_id': 'default', 'system_scope': None, 'domain_id': None, 'project_id': 'eab909bac2e24b86bf62715f18925894', 'project_domain_id': 'default', 'roles': ['reader', 'member'], 'is_admin_project': True, 'service_user_id': None, 'service_user_domain_id': None, 'service_project_id': None, 'service_project_domain_id': None, 'service_roles': []} {{(pid=130022) authorize /opt/stack/nova/nova/policy.py:199}}
Mar 29 09:53:37.507172 n-d-738240-8 devstack@n-api.service[130022]: DEBUG nova.policy [None req-dd934439-72ff-46ad-aa17-f751e71e737a tempest-ServersAdmin275Test-1885586337 tempest-ServersAdmin275Test-1885586337-project] Policy check for os_compute_api:servers:show:host_status:unknown-only failed with credentials {'is_admin': False, 'user_id': 'aaede7a52c474c2498a8221e72e2e3f7', 'user_domain_id': 'default', 'system_scope': None, 'domain_id': None, 'project_id': 'eab909bac2e24b86bf62715f18925894', 'project_domain_id': 'default', 'roles': ['reader', 'member'], 'is_admin_project': True, 'service_user_id': None, 'service_user_domain_id': None, 'service_project_id': None, 'service_project_domain_id': None, 'service_roles': []} {{(pid=130022) authorize /opt/stack/nova/nova/policy.py:199}}
Mar 29 09:53:37.520572 n-d-738240-8 devstack@n-api.service[130022]: INFO nova.api.openstack.requestlog [None req-dd934439-72ff-46ad-aa17-f751e71e737a tempest-ServersAdmin275Test-1885586337 tempest-ServersAdmin275Test-1885586337-project] 10.222.0.18 "GET /compute/v2.1/servers/a93e0c82-c092-4056-abec-2ca1bec683b8" status: 200 len: 1447 microversion: 2.75 time: 0.181444
Mar 29 09:53:37.521911 n-d-738240-8 devstack@n-api.service[130022]: [pid: 130022|app: 0|req: 160/351] 10.222.0.18 () {60 vars in 1276 bytes} [Tue Mar 29 09:53:37 2022] GET /compute/v2.1/servers/a93e0c82-c092-4056-abec-2ca1bec683b8 => generated 1447 bytes in 184 msecs (HTTP/1.1 200) 9 headers in 360 bytes (1 switches on core 0)
Mar 29 09:53:37.541204 n-d-738240-8 devstack@n-api.service[130023]: DEBUG nova.policy [None req-57030da0-a64e-4104-9a63-385b5083e43b tempest-ServersWithSpecificFlavorTestJSON-1042672151 tempest-ServersWithSpecificFlavorTestJSON-1042672151-project] Policy check for os_compute_api:os-extended-server-attributes failed with credentials {'is_admin': False, 'user_id': '712283b22aa4403da7debbae17850586', 'user_domain_id': 'default', 'system_scope': None, 'domain_id': None, 'project_id': '1dc45b185b3f4a119356e95aecb8884f', 'project_domain_id': 'default', 'roles': ['reader', 'member'], 'is_admin_project': True, 'service_user_id': None, 'service_user_domain_id': None, 'service_project_id': None, 'service_project_domain_id': None, 'service_roles': []} {{(pid=130023) authorize /opt/stack/nova/nova/policy.py:199}}
Mar 29 09:53:37.554539 n-d-738240-8 devstack@n-api.service[130023]: INFO nova.api.openstack.requestlog [None req-57030da0-a64e-4104-9a63-385b5083e43b tempest-ServersWithSpecificFlavorTestJSON-1042672151 tempest-ServersWithSpecificFlavorTestJSON-1042672151-project] 10.222.0.18 "GET /compute/v2.1/servers/f6be9fa8-a6a0-4afa-bd94-c1b3a97bdabb" status: 200 len: 1585 microversion: 2.1 time: 0.400482
Mar 29 09:53:37.569075 n-d-738240-8 devstack@n-api.service[130023]: [pid: 130023|app: 0|req: 192/352] 10.222.0.18 () {58 vars in 1235 bytes} [Tue Mar 29 09:53:37 2022] GET /compute/v2.1/servers/f6be9fa8-a6a0-4afa-bd94-c1b3a97bdabb => generated 1585 bytes in 416 msecs (HTTP/1.1 200) 9 headers in 358 bytes (1 switches on core 0)
Mar 29 09:53:37.581859 n-d-738240-8 devstack@n-api.service[130023]: DEBUG nova.api.openstack.wsgi [None req-c24a2041-f57c-4147-aaba-96f185e1140c tempest-ServersWithSpecificFlavorTestJSON-1042672151 tempest-ServersWithSpecificFlavorTestJSON-1042672151-project] Calling method '>' {{(pid=130023) _process_stack /opt/stack/nova/nova/api/openstack/wsgi.py:513}}
Mar 29 09:53:37.582698 n-d-738240-8 devstack@n-api.service[130023]: DEBUG nova.compute.api [None req-c24a2041-f57c-4147-aaba-96f185e1140c tempest-ServersWithSpecificFlavorTestJSON-1042672151 tempest-ServersWithSpecificFlavorTestJSON-1042672151-project] [instance: f6be9fa8-a6a0-4afa-bd94-c1b3a97bdabb] Fetching instance by UUID {{(pid=130023) get /opt/stack/nova/nova/compute/api.py:2918}}
Mar 29 09:53:37.592426 n-d-738240-8 devstack@n-api.service[130023]: DEBUG oslo_concurrency.lockutils [None req-c24a2041-f57c-4147-aaba-96f185e1140c tempest-ServersWithSpecificFlavorTestJSON-1042672151 tempest-ServersWithSpecificFlavorTestJSON-1042672151-project] Lock "e99056bd-5db0-4ab4-8de5-d558154d1af0" acquired by "nova.context.set_target_cell..get_or_set_cached_cell_and_set_connections" :: waited 0.000s {{(pid=130023) inner /usr/local/lib/python3.8/dist-packages/oslo_concurrency/lockutils.py:386}}
Mar 29 09:53:37.593403 n-d-738240-8 devstack@n-api.service[130023]: DEBUG oslo_concurrency.lockutils [None req-c24a2041-f57c-4147-aaba-96f185e1140c tempest-ServersWithSpecificFlavorTestJSON-1042672151 tempest-ServersWithSpecificFlavorTestJSON-1042672151-project] Lock "e99056bd-5db0-4ab4-8de5-d558154d1af0" "released" by "nova.context.set_target_cell..get_or_set_cached_cell_and_set_connections" :: held 0.001s {{(pid=130023) inner /usr/local/lib/python3.8/dist-packages/oslo_concurrency/lockutils.py:400}}
Mar 29 09:53:37.594758 n-d-738240-8 devstack@n-api.service[130023]: DEBUG oslo_concurrency.lockutils [None req-c24a2041-f57c-4147-aaba-96f185e1140c tempest-ServersWithSpecificFlavorTestJSON-1042672151 tempest-ServersWithSpecificFlavorTestJSON-1042672151-project] Lock "e99056bd-5db0-4ab4-8de5-d558154d1af0" acquired by "nova.context.set_target_cell..get_or_set_cached_cell_and_set_connections" :: waited 0.000s {{(pid=130023) inner /usr/local/lib/python3.8/dist-packages/oslo_concurrency/lockutils.py:386}}
Mar 29 09:53:37.595447 n-d-738240-8 devstack@n-api.service[130023]: DEBUG oslo_concurrency.lockutils [None req-c24a2041-f57c-4147-aaba-96f185e1140c tempest-ServersWithSpecificFlavorTestJSON-1042672151 tempest-ServersWithSpecificFlavorTestJSON-1042672151-project] Lock "e99056bd-5db0-4ab4-8de5-d558154d1af0" "released" by "nova.context.set_target_cell..get_or_set_cached_cell_and_set_connections" :: held 0.001s {{(pid=130023) inner /usr/local/lib/python3.8/dist-packages/oslo_concurrency/lockutils.py:400}}
Mar 29 09:53:37.929948 n-d-738240-8 devstack@n-api.service[130023]: INFO nova.api.openstack.requestlog [None req-c24a2041-f57c-4147-aaba-96f185e1140c tempest-ServersWithSpecificFlavorTestJSON-1042672151 tempest-ServersWithSpecificFlavorTestJSON-1042672151-project] 10.222.0.18 "GET /compute/v2.1/servers/f6be9fa8-a6a0-4afa-bd94-c1b3a97bdabb/os-interface" status: 200 len: 284 microversion: 2.1 time: 0.359156
Mar 29 09:53:37.930560 n-d-738240-8 devstack@n-api.service[130023]: [pid: 130023|app: 0|req: 193/353] 10.222.0.18 () {58 vars in 1274 bytes} [Tue Mar 29 09:53:37 2022] GET /compute/v2.1/servers/f6be9fa8-a6a0-4afa-bd94-c1b3a97bdabb/os-interface => generated 284 bytes in 360 msecs (HTTP/1.1 200) 9 headers in 357 bytes (1 switches on core 0)
Mar 29 09:53:38.098464 n-d-738240-8 devstack@n-api.service[130023]: DEBUG nova.api.openstack.wsgi [None req-e4cf95ab-0c21-4da4-ba15-02c5836d73ec tempest-DeleteServersAdminTestJSON-1152085011 tempest-DeleteServersAdminTestJSON-1152085011-project] Calling method '>' {{(pid=130023) _process_stack /opt/stack/nova/nova/api/openstack/wsgi.py:513}}
Mar 29 09:53:38.099334 n-d-738240-8 devstack@n-api.service[130023]: DEBUG nova.compute.api [None req-e4cf95ab-0c21-4da4-ba15-02c5836d73ec tempest-DeleteServersAdminTestJSON-1152085011 tempest-DeleteServersAdminTestJSON-1152085011-project] [instance: 097c7c70-d64a-42c5-a05f-1ee8431834d5] Fetching instance by UUID {{(pid=130023) get /opt/stack/nova/nova/compute/api.py:2918}}
Mar 29 09:53:38.113108 n-d-738240-8 devstack@n-api.service[130023]: DEBUG oslo_concurrency.lockutils [None req-e4cf95ab-0c21-4da4-ba15-02c5836d73ec tempest-DeleteServersAdminTestJSON-1152085011 tempest-DeleteServersAdminTestJSON-1152085011-project] Lock "e99056bd-5db0-4ab4-8de5-d558154d1af0" acquired by "nova.context.set_target_cell..get_or_set_cached_cell_and_set_connections" :: waited 0.000s {{(pid=130023) inner /usr/local/lib/python3.8/dist-packages/oslo_concurrency/lockutils.py:386}}
Mar 29 09:53:38.114969 n-d-738240-8 devstack@n-api.service[130023]: DEBUG oslo_concurrency.lockutils [None req-e4cf95ab-0c21-4da4-ba15-02c5836d73ec tempest-DeleteServersAdminTestJSON-1152085011 tempest-DeleteServersAdminTestJSON-1152085011-project] Lock "e99056bd-5db0-4ab4-8de5-d558154d1af0" "released" by "nova.context.set_target_cell..get_or_set_cached_cell_and_set_connections" :: held 0.002s {{(pid=130023) inner /usr/local/lib/python3.8/dist-packages/oslo_concurrency/lockutils.py:400}}
Mar 29 09:53:38.128475 n-d-738240-8 devstack@n-api.service[130022]: DEBUG nova.api.openstack.wsgi [None req-079a28d7-1d0f-4144-8a07-d9067bbbf67c tempest-FlavorsAccessNegativeTestJSON-1020095278 tempest-FlavorsAccessNegativeTestJSON-1020095278-project-admin] Action: 'create', calling method: >, body: {"flavor": {"ram": 512, "vcpus": 1, "disk": 10, "name": "tempest-FlavorsAccessNegativeTestJSON-flavor-1981891843", "id": 451289666, "os-flavor-access:is_public": "False"}} {{(pid=130022) _process_stack /opt/stack/nova/nova/api/openstack/wsgi.py:511}}
Mar 29 09:53:38.130364 n-d-738240-8 devstack@n-api.service[130022]: /usr/local/lib/python3.8/dist-packages/oslo_policy/policy.py:1119: UserWarning: Policy "os_compute_api:os-flavor-manage:create": "rule:context_is_admin" failed scope check. The token used to make the request was project scoped but the policy requires ['system'] scope. This behavior may change in the future where using the intended scope is required
Mar 29 09:53:38.130364 n-d-738240-8 devstack@n-api.service[130022]: warnings.warn(msg)
Mar 29 09:53:38.134097 n-d-738240-8 devstack@n-api.service[130023]: DEBUG oslo_concurrency.lockutils [None req-e4cf95ab-0c21-4da4-ba15-02c5836d73ec tempest-DeleteServersAdminTestJSON-1152085011 tempest-DeleteServersAdminTestJSON-1152085011-project] Lock "e99056bd-5db0-4ab4-8de5-d558154d1af0" acquired by "nova.context.set_target_cell..get_or_set_cached_cell_and_set_connections" :: waited 0.014s {{(pid=130023) inner /usr/local/lib/python3.8/dist-packages/oslo_concurrency/lockutils.py:386}}
Mar 29 09:53:38.134777 n-d-738240-8 devstack@n-api.service[130023]: DEBUG oslo_concurrency.lockutils [None req-e4cf95ab-0c21-4da4-ba15-02c5836d73ec tempest-DeleteServersAdminTestJSON-1152085011 tempest-DeleteServersAdminTestJSON-1152085011-project] Lock "e99056bd-5db0-4ab4-8de5-d558154d1af0" "released" by "nova.context.set_target_cell..get_or_set_cached_cell_and_set_connections" :: held 0.001s {{(pid=130023) inner /usr/local/lib/python3.8/dist-packages/oslo_concurrency/lockutils.py:400}}
Mar 29 09:53:38.156155 n-d-738240-8 devstack@n-api.service[130022]: INFO nova.api.openstack.requestlog [None req-079a28d7-1d0f-4144-8a07-d9067bbbf67c tempest-FlavorsAccessNegativeTestJSON-1020095278 tempest-FlavorsAccessNegativeTestJSON-1020095278-project-admin] 10.222.0.18 "POST /compute/v2.1/flavors" status: 200 len: 436 microversion: 2.1 time: 0.632553
Mar 29 09:53:38.164072 n-d-738240-8 devstack@n-api.service[130022]: [pid: 130022|app: 0|req: 161/354] 10.222.0.18 () {60 vars in 1146 bytes} [Tue Mar 29 09:53:37 2022] POST /compute/v2.1/flavors => generated 436 bytes in 635 msecs (HTTP/1.1 200) 9 headers in 357 bytes (1 switches on core 0)
Mar 29 09:53:38.169922 n-d-738240-8 devstack@n-api.service[130022]: DEBUG nova.api.openstack.wsgi [None req-e3875769-828a-4ac5-a0af-7ab8954ab9f4 tempest-FlavorsAccessNegativeTestJSON-1020095278 tempest-FlavorsAccessNegativeTestJSON-1020095278-project-admin] Action: 'action', calling method: >, body: {"addTenantAccess": {"tenant": "ab6c14c0d5e1467096034083270d99bb"}} {{(pid=130022) _process_stack /opt/stack/nova/nova/api/openstack/wsgi.py:511}}
Mar 29 09:53:38.171183 n-d-738240-8 devstack@n-api.service[130022]: /usr/local/lib/python3.8/dist-packages/oslo_policy/policy.py:1119: UserWarning: Policy "os_compute_api:os-flavor-access:add_tenant_access": "rule:context_is_admin" failed scope check. The token used to make the request was project scoped but the policy requires ['system'] scope. This behavior may change in the future where using the intended scope is required
Mar 29 09:53:38.171183 n-d-738240-8 devstack@n-api.service[130022]: warnings.warn(msg)
Mar 29 09:53:38.172263 n-d-738240-8 devstack@n-api.service[130023]: INFO nova.api.openstack.wsgi [None req-e4cf95ab-0c21-4da4-ba15-02c5836d73ec tempest-DeleteServersAdminTestJSON-1152085011 tempest-DeleteServersAdminTestJSON-1152085011-project] HTTP exception thrown: Instance 097c7c70-d64a-42c5-a05f-1ee8431834d5 could not be found.
Mar 29 09:53:38.176027 n-d-738240-8 devstack@n-api.service[130023]: DEBUG nova.api.openstack.wsgi [None req-e4cf95ab-0c21-4da4-ba15-02c5836d73ec tempest-DeleteServersAdminTestJSON-1152085011 tempest-DeleteServersAdminTestJSON-1152085011-project] Returning 404 to user: Instance 097c7c70-d64a-42c5-a05f-1ee8431834d5 could not be found. {{(pid=130023) __call__ /opt/stack/nova/nova/api/openstack/wsgi.py:936}}
Mar 29 09:53:38.177055 n-d-738240-8 devstack@n-api.service[130023]: INFO nova.api.openstack.requestlog [None req-e4cf95ab-0c21-4da4-ba15-02c5836d73ec tempest-DeleteServersAdminTestJSON-1152085011 tempest-DeleteServersAdminTestJSON-1152085011-project] 10.222.0.18 "GET /compute/v2.1/servers/097c7c70-d64a-42c5-a05f-1ee8431834d5" status: 404 len: 111 microversion: 2.1 time: 0.083734
Mar 29 09:53:38.177762 n-d-738240-8 devstack@n-api.service[130023]: [pid: 130023|app: 0|req: 194/355] 10.222.0.18 () {58 vars in 1235 bytes} [Tue Mar 29 09:53:38 2022] GET /compute/v2.1/servers/097c7c70-d64a-42c5-a05f-1ee8431834d5 => generated 111 bytes in 85 msecs (HTTP/1.1 404) 9 headers in 379 bytes (2 switches on core 0)
Mar 29 09:53:38.190572 n-d-738240-8 devstack@n-api.service[130023]: DEBUG nova.api.openstack.wsgi [None req-f4ce1096-884f-49da-b460-373eee6d2dea tempest-DeleteServersAdminTestJSON-1152085011 tempest-DeleteServersAdminTestJSON-1152085011-project] Calling method '>' {{(pid=130023) _process_stack /opt/stack/nova/nova/api/openstack/wsgi.py:513}}
Mar 29 09:53:38.191680 n-d-738240-8 devstack@n-api.service[130023]: DEBUG nova.compute.api [None req-f4ce1096-884f-49da-b460-373eee6d2dea tempest-DeleteServersAdminTestJSON-1152085011 tempest-DeleteServersAdminTestJSON-1152085011-project] [instance: 097c7c70-d64a-42c5-a05f-1ee8431834d5] Fetching instance by UUID {{(pid=130023) get /opt/stack/nova/nova/compute/api.py:2918}}
Mar 29 09:53:38.201983 n-d-738240-8 devstack@n-api.service[130023]: DEBUG oslo_concurrency.lockutils [None req-f4ce1096-884f-49da-b460-373eee6d2dea tempest-DeleteServersAdminTestJSON-1152085011 tempest-DeleteServersAdminTestJSON-1152085011-project] Lock "e99056bd-5db0-4ab4-8de5-d558154d1af0" acquired by "nova.context.set_target_cell..get_or_set_cached_cell_and_set_connections" :: waited 0.000s {{(pid=130023) inner /usr/local/lib/python3.8/dist-packages/oslo_concurrency/lockutils.py:386}}
Mar 29 09:53:38.202658 n-d-738240-8 devstack@n-api.service[130023]: DEBUG oslo_concurrency.lockutils [None req-f4ce1096-884f-49da-b460-373eee6d2dea tempest-DeleteServersAdminTestJSON-1152085011 tempest-DeleteServersAdminTestJSON-1152085011-project] Lock "e99056bd-5db0-4ab4-8de5-d558154d1af0" "released" by "nova.context.set_target_cell..get_or_set_cached_cell_and_set_connections" :: held 0.001s {{(pid=130023) inner /usr/local/lib/python3.8/dist-packages/oslo_concurrency/lockutils.py:400}}
Mar 29 09:53:38.204031 n-d-738240-8 devstack@n-api.service[130023]: DEBUG oslo_concurrency.lockutils [None req-f4ce1096-884f-49da-b460-373eee6d2dea tempest-DeleteServersAdminTestJSON-1152085011 tempest-DeleteServersAdminTestJSON-1152085011-project] Lock "e99056bd-5db0-4ab4-8de5-d558154d1af0" acquired by "nova.context.set_target_cell..get_or_set_cached_cell_and_set_connections" :: waited 0.000s {{(pid=130023) inner /usr/local/lib/python3.8/dist-packages/oslo_concurrency/lockutils.py:386}}
Mar 29 09:53:38.204644 n-d-738240-8 devstack@n-api.service[130023]: DEBUG oslo_concurrency.lockutils [None req-f4ce1096-884f-49da-b460-373eee6d2dea tempest-DeleteServersAdminTestJSON-1152085011 tempest-DeleteServersAdminTestJSON-1152085011-project] Lock "e99056bd-5db0-4ab4-8de5-d558154d1af0" "released" by "nova.context.set_target_cell..get_or_set_cached_cell_and_set_connections" :: held 0.001s {{(pid=130023) inner /usr/local/lib/python3.8/dist-packages/oslo_concurrency/lockutils.py:400}}
Mar 29 09:53:38.243525 n-d-738240-8 devstack@n-api.service[130023]: INFO nova.api.openstack.wsgi [None req-f4ce1096-884f-49da-b460-373eee6d2dea tempest-DeleteServersAdminTestJSON-1152085011 tempest-DeleteServersAdminTestJSON-1152085011-project] HTTP exception thrown: Instance 097c7c70-d64a-42c5-a05f-1ee8431834d5 could not be found.
Mar 29 09:53:38.246399 n-d-738240-8 devstack@n-api.service[130023]: DEBUG nova.api.openstack.wsgi [None req-f4ce1096-884f-49da-b460-373eee6d2dea tempest-DeleteServersAdminTestJSON-1152085011 tempest-DeleteServersAdminTestJSON-1152085011-project] Returning 404 to user: Instance 097c7c70-d64a-42c5-a05f-1ee8431834d5 could not be found. {{(pid=130023) __call__ /opt/stack/nova/nova/api/openstack/wsgi.py:936}}
Mar 29 09:53:38.248432 n-d-738240-8 devstack@n-api.service[130023]: INFO nova.api.openstack.requestlog [None req-f4ce1096-884f-49da-b460-373eee6d2dea tempest-DeleteServersAdminTestJSON-1152085011 tempest-DeleteServersAdminTestJSON-1152085011-project] 10.222.0.18 "DELETE /compute/v2.1/servers/097c7c70-d64a-42c5-a05f-1ee8431834d5" status: 404 len: 111 microversion: 2.1 time: 0.063420
Mar 29 09:53:38.260482 n-d-738240-8 devstack@n-api.service[130023]: [pid: 130023|app: 0|req: 195/356] 10.222.0.18 () {58 vars in 1238 bytes} [Tue Mar 29 09:53:38 2022] DELETE /compute/v2.1/servers/097c7c70-d64a-42c5-a05f-1ee8431834d5 => generated 111 bytes in 76 msecs (HTTP/1.1 404) 9 headers in 379 bytes (1 switches on core 0)
Mar 29 09:53:38.265454 n-d-738240-8 devstack@n-api.service[130023]: DEBUG nova.api.openstack.wsgi [None req-d7f4c1d0-511a-42b9-9337-88adf29ec012 tempest-DeleteServersAdminTestJSON-1152085011 tempest-DeleteServersAdminTestJSON-1152085011-project] Calling method '>' {{(pid=130023) _process_stack /opt/stack/nova/nova/api/openstack/wsgi.py:513}}
Mar 29 09:53:38.266069 n-d-738240-8 devstack@n-api.service[130023]: DEBUG nova.compute.api [None req-d7f4c1d0-511a-42b9-9337-88adf29ec012 tempest-DeleteServersAdminTestJSON-1152085011 tempest-DeleteServersAdminTestJSON-1152085011-project] [instance: 097c7c70-d64a-42c5-a05f-1ee8431834d5] Fetching instance by UUID {{(pid=130023) get /opt/stack/nova/nova/compute/api.py:2918}}
Mar 29 09:53:38.274608 n-d-738240-8 devstack@n-api.service[130023]: DEBUG oslo_concurrency.lockutils [None req-d7f4c1d0-511a-42b9-9337-88adf29ec012 tempest-DeleteServersAdminTestJSON-1152085011 tempest-DeleteServersAdminTestJSON-1152085011-project] Lock "e99056bd-5db0-4ab4-8de5-d558154d1af0" acquired by "nova.context.set_target_cell..get_or_set_cached_cell_and_set_connections" :: waited 0.000s {{(pid=130023) inner /usr/local/lib/python3.8/dist-packages/oslo_concurrency/lockutils.py:386}}
Mar 29 09:53:38.275292 n-d-738240-8 devstack@n-api.service[130023]: DEBUG oslo_concurrency.lockutils [None req-d7f4c1d0-511a-42b9-9337-88adf29ec012 tempest-DeleteServersAdminTestJSON-1152085011 tempest-DeleteServersAdminTestJSON-1152085011-project] Lock "e99056bd-5db0-4ab4-8de5-d558154d1af0" "released" by "nova.context.set_target_cell..get_or_set_cached_cell_and_set_connections" :: held 0.001s {{(pid=130023) inner /usr/local/lib/python3.8/dist-packages/oslo_concurrency/lockutils.py:400}}
Mar 29 09:53:38.276512 n-d-738240-8 devstack@n-api.service[130023]: DEBUG oslo_concurrency.lockutils [None req-d7f4c1d0-511a-42b9-9337-88adf29ec012 tempest-DeleteServersAdminTestJSON-1152085011 tempest-DeleteServersAdminTestJSON-1152085011-project] Lock "e99056bd-5db0-4ab4-8de5-d558154d1af0" acquired by "nova.context.set_target_cell..get_or_set_cached_cell_and_set_connections" :: waited 0.000s {{(pid=130023) inner /usr/local/lib/python3.8/dist-packages/oslo_concurrency/lockutils.py:386}}
Mar 29 09:53:38.278729 n-d-738240-8 devstack@n-api.service[130023]: DEBUG oslo_concurrency.lockutils [None req-d7f4c1d0-511a-42b9-9337-88adf29ec012 tempest-DeleteServersAdminTestJSON-1152085011 tempest-DeleteServersAdminTestJSON-1152085011-project] Lock "e99056bd-5db0-4ab4-8de5-d558154d1af0" "released" by "nova.context.set_target_cell..get_or_set_cached_cell_and_set_connections" :: held 0.001s {{(pid=130023) inner /usr/local/lib/python3.8/dist-packages/oslo_concurrency/lockutils.py:400}}
Mar 29 09:53:38.308452 n-d-738240-8 devstack@n-api.service[130023]: INFO nova.api.openstack.wsgi [None req-d7f4c1d0-511a-42b9-9337-88adf29ec012 tempest-DeleteServersAdminTestJSON-1152085011 tempest-DeleteServersAdminTestJSON-1152085011-project] HTTP exception thrown: Instance 097c7c70-d64a-42c5-a05f-1ee8431834d5 could not be found.
Mar 29 09:53:38.309103 n-d-738240-8 devstack@n-api.service[130023]: DEBUG nova.api.openstack.wsgi [None req-d7f4c1d0-511a-42b9-9337-88adf29ec012 tempest-DeleteServersAdminTestJSON-1152085011 tempest-DeleteServersAdminTestJSON-1152085011-project] Returning 404 to user: Instance 097c7c70-d64a-42c5-a05f-1ee8431834d5 could not be found. {{(pid=130023) __call__ /opt/stack/nova/nova/api/openstack/wsgi.py:936}}
Mar 29 09:53:38.312590 n-d-738240-8 devstack@n-api.service[130023]: INFO nova.api.openstack.requestlog [None req-d7f4c1d0-511a-42b9-9337-88adf29ec012 tempest-DeleteServersAdminTestJSON-1152085011 tempest-DeleteServersAdminTestJSON-1152085011-project] 10.222.0.18 "GET /compute/v2.1/servers/097c7c70-d64a-42c5-a05f-1ee8431834d5" status: 404 len: 111 microversion: 2.1 time: 0.051554
Mar 29 09:53:38.314571 n-d-738240-8 devstack@n-api.service[130023]: [pid: 130023|app: 0|req: 196/357] 10.222.0.18 () {58 vars in 1235 bytes} [Tue Mar 29 09:53:38 2022] GET /compute/v2.1/servers/097c7c70-d64a-42c5-a05f-1ee8431834d5 => generated 111 bytes in 54 msecs (HTTP/1.1 404) 9 headers in 379 bytes (1 switches on core 0)
Mar 29 09:53:38.322915 n-d-738240-8 devstack@n-api.service[130023]: DEBUG nova.api.openstack.wsgi [None req-6bd584bb-bfbc-4aa6-9139-440d209d6df6 tempest-DeleteServersAdminTestJSON-1152085011 tempest-DeleteServersAdminTestJSON-1152085011-project] Calling method '>' {{(pid=130023) _process_stack /opt/stack/nova/nova/api/openstack/wsgi.py:513}}
Mar 29 09:53:38.323423 n-d-738240-8 devstack@n-api.service[130023]: DEBUG nova.compute.api [None req-6bd584bb-bfbc-4aa6-9139-440d209d6df6 tempest-DeleteServersAdminTestJSON-1152085011 tempest-DeleteServersAdminTestJSON-1152085011-project] [instance: cf5fc7f5-dbac-4c2c-a5fa-4e7b88ff0a24] Fetching instance by UUID {{(pid=130023) get /opt/stack/nova/nova/compute/api.py:2918}}
Mar 29 09:53:38.343151 n-d-738240-8 devstack@n-api.service[130023]: DEBUG oslo_concurrency.lockutils [None req-6bd584bb-bfbc-4aa6-9139-440d209d6df6 tempest-DeleteServersAdminTestJSON-1152085011 tempest-DeleteServersAdminTestJSON-1152085011-project] Lock "e99056bd-5db0-4ab4-8de5-d558154d1af0" acquired by "nova.context.set_target_cell..get_or_set_cached_cell_and_set_connections" :: waited 0.000s {{(pid=130023) inner /usr/local/lib/python3.8/dist-packages/oslo_concurrency/lockutils.py:386}}
Mar 29 09:53:38.343606 n-d-738240-8 devstack@n-api.service[130023]: DEBUG oslo_concurrency.lockutils [None req-6bd584bb-bfbc-4aa6-9139-440d209d6df6 tempest-DeleteServersAdminTestJSON-1152085011 tempest-DeleteServersAdminTestJSON-1152085011-project] Lock "e99056bd-5db0-4ab4-8de5-d558154d1af0" "released" by "nova.context.set_target_cell..get_or_set_cached_cell_and_set_connections" :: held 0.001s {{(pid=130023) inner /usr/local/lib/python3.8/dist-packages/oslo_concurrency/lockutils.py:400}}
