Jul 27 21:11:31.397714 n-d-738240-5 devstack@n-api.service[93211]: INFO nova.api.openstack.requestlog [None req-45fae9ec-089f-455e-b225-d9eb5eef36e5 admin admin] 10.222.0.73 "POST /compute/v2.1/flavors" status: 200 len: 405 microversion: 2.61 time: 0.077129
Jul 27 21:11:31.398423 n-d-738240-5 devstack@n-api.service[93211]: [pid: 93211|app: 0|req: 13/25] 10.222.0.73 () {64 vars in 1283 bytes} [Tue Jul 27 21:11:31 2021] POST /compute/v2.1/flavors => generated 405 bytes in 79 msecs (HTTP/1.1 200) 9 headers in 359 bytes (2 switches on core 0)
Jul 27 21:11:31.411099 n-d-738240-5 devstack@n-api.service[93210]: DEBUG nova.api.openstack.wsgi [None req-12c7cfa4-a31d-41a9-bc16-e3416391fbe2 admin admin] Action: 'create', calling method: >, body: {"extra_specs": {"hw_rng:allowed": "True"}} {{(pid=93210) _process_stack /opt/stack/nova/nova/api/openstack/wsgi.py:511}}
Jul 27 21:11:31.434227 n-d-738240-5 devstack@n-api.service[93210]: INFO nova.api.openstack.requestlog [None req-12c7cfa4-a31d-41a9-bc16-e3416391fbe2 admin admin] 10.222.0.73 "POST /compute/v2.1/flavors/2/os-extra_specs" status: 200 len: 43 microversion: 2.61 time: 0.026698
Jul 27 21:11:31.434817 n-d-738240-5 devstack@n-api.service[93210]: [pid: 93210|app: 0|req: 13/26] 10.222.0.73 () {64 vars in 1333 bytes} [Tue Jul 27 21:11:31 2021] POST /compute/v2.1/flavors/2/os-extra_specs => generated 43 bytes in 28 msecs (HTTP/1.1 200) 9 headers in 358 bytes (1 switches on core 0)
Jul 27 21:11:33.686610 n-d-738240-5 devstack@n-api.service[93211]: DEBUG nova.api.openstack.wsgi [None req-45fae9ec-089f-455e-b225-d9eb5eef36e5 admin admin] Calling method '>' {{(pid=93211) _process_stack /opt/stack/nova/nova/api/openstack/wsgi.py:513}}
Jul 27 21:11:33.687675 n-d-738240-5 devstack@n-api.service[93211]: INFO nova.api.openstack.requestlog [None req-45fae9ec-089f-455e-b225-d9eb5eef36e5 admin admin] 10.222.0.73 "GET /compute/v2.1" status: 200 len: 388 microversion: 2.1 time: 0.001523
Jul 27 21:11:33.688124 n-d-738240-5 devstack@n-api.service[93211]: [pid: 93211|app: 0|req: 14/27] 10.222.0.73 () {54 vars in 931 bytes} [Tue Jul 27 21:11:33 2021] GET /compute/v2.1 => generated 388 bytes in 2 msecs (HTTP/1.1 200) 9 headers in 357 bytes (1 switches on core 0)
Jul 27 21:11:33.750448 n-d-738240-5 devstack@n-api.service[93210]: DEBUG nova.api.openstack.wsgi [None req-2bd31240-0d8f-4143-8d47-54b36225dc90 admin admin] Action: 'create', calling method: >, body: {"flavor": {"name": "m1.medium", "vcpus": 2, "swap": 0, "ram": 4096, "id": "3", "disk": 40, "os-flavor-access:is_public": true, "rxtx_factor": 1.0, "OS-FLV-EXT-DATA:ephemeral": 0}} {{(pid=93210) _process_stack /opt/stack/nova/nova/api/openstack/wsgi.py:511}}
Jul 27 21:11:33.769685 n-d-738240-5 devstack@n-api.service[93210]: INFO nova.api.openstack.requestlog [None req-2bd31240-0d8f-4143-8d47-54b36225dc90 admin admin] 10.222.0.73 "POST /compute/v2.1/flavors" status: 200 len: 406 microversion: 2.61 time: 0.073447
Jul 27 21:11:33.770334 n-d-738240-5 devstack@n-api.service[93210]: [pid: 93210|app: 0|req: 14/28] 10.222.0.73 () {64 vars in 1283 bytes} [Tue Jul 27 21:11:33 2021] POST /compute/v2.1/flavors => generated 406 bytes in 75 msecs (HTTP/1.1 200) 9 headers in 359 bytes (2 switches on core 0)
Jul 27 21:11:33.782941 n-d-738240-5 devstack@n-api.service[93211]: DEBUG nova.api.openstack.wsgi [None req-cb284ae4-7eeb-40cb-8710-d8dbd2c2f687 admin admin] Action: 'create', calling method: >, body: {"extra_specs": {"hw_rng:allowed": "True"}} {{(pid=93211) _process_stack /opt/stack/nova/nova/api/openstack/wsgi.py:511}}
Jul 27 21:11:33.808908 n-d-738240-5 devstack@n-api.service[93211]: INFO nova.api.openstack.requestlog [None req-cb284ae4-7eeb-40cb-8710-d8dbd2c2f687 admin admin] 10.222.0.73 "POST /compute/v2.1/flavors/3/os-extra_specs" status: 200 len: 43 microversion: 2.61 time: 0.029424
Jul 27 21:11:33.809636 n-d-738240-5 devstack@n-api.service[93211]: [pid: 93211|app: 0|req: 15/29] 10.222.0.73 () {64 vars in 1333 bytes} [Tue Jul 27 21:11:33 2021] POST /compute/v2.1/flavors/3/os-extra_specs => generated 43 bytes in 31 msecs (HTTP/1.1 200) 9 headers in 358 bytes (1 switches on core 0)
Jul 27 21:11:36.428780 n-d-738240-5 devstack@n-api.service[93210]: DEBUG nova.api.openstack.wsgi [None req-2bd31240-0d8f-4143-8d47-54b36225dc90 admin admin] Calling method '>' {{(pid=93210) _process_stack /opt/stack/nova/nova/api/openstack/wsgi.py:513}}
Jul 27 21:11:36.429817 n-d-738240-5 devstack@n-api.service[93210]: INFO nova.api.openstack.requestlog [None req-2bd31240-0d8f-4143-8d47-54b36225dc90 admin admin] 10.222.0.73 "GET /compute/v2.1" status: 200 len: 388 microversion: 2.1 time: 0.001490
Jul 27 21:11:36.430213 n-d-738240-5 devstack@n-api.service[93210]: [pid: 93210|app: 0|req: 15/30] 10.222.0.73 () {54 vars in 931 bytes} [Tue Jul 27 21:11:36 2021] GET /compute/v2.1 => generated 388 bytes in 2 msecs (HTTP/1.1 200) 9 headers in 357 bytes (1 switches on core 0)
Jul 27 21:11:36.497155 n-d-738240-5 devstack@n-api.service[93211]: DEBUG nova.api.openstack.wsgi [None req-c51ec3d3-5f02-414c-be54-d48b3697c74f admin admin] Action: 'create', calling method: >, body: {"flavor": {"disk": 80, "name": "m1.large", "ram": 8192, "swap": 0, "vcpus": 4, "id": "4", "OS-FLV-EXT-DATA:ephemeral": 0, "rxtx_factor": 1.0, "os-flavor-access:is_public": true}} {{(pid=93211) _process_stack /opt/stack/nova/nova/api/openstack/wsgi.py:511}}
Jul 27 21:11:36.516392 n-d-738240-5 devstack@n-api.service[93211]: INFO nova.api.openstack.requestlog [None req-c51ec3d3-5f02-414c-be54-d48b3697c74f admin admin] 10.222.0.73 "POST /compute/v2.1/flavors" status: 200 len: 405 microversion: 2.61 time: 0.078735
Jul 27 21:11:36.517475 n-d-738240-5 devstack@n-api.service[93211]: [pid: 93211|app: 0|req: 16/31] 10.222.0.73 () {64 vars in 1283 bytes} [Tue Jul 27 21:11:36 2021] POST /compute/v2.1/flavors => generated 405 bytes in 80 msecs (HTTP/1.1 200) 9 headers in 359 bytes (1 switches on core 0)
Jul 27 21:11:36.530502 n-d-738240-5 devstack@n-api.service[93210]: DEBUG nova.api.openstack.wsgi [None req-72426346-8658-48b9-b92f-6f03b389c523 admin admin] Action: 'create', calling method: >, body: {"extra_specs": {"hw_rng:allowed": "True"}} {{(pid=93210) _process_stack /opt/stack/nova/nova/api/openstack/wsgi.py:511}}
Jul 27 21:11:36.555865 n-d-738240-5 devstack@n-api.service[93210]: INFO nova.api.openstack.requestlog [None req-72426346-8658-48b9-b92f-6f03b389c523 admin admin] 10.222.0.73 "POST /compute/v2.1/flavors/4/os-extra_specs" status: 200 len: 43 microversion: 2.61 time: 0.029804
Jul 27 21:11:36.566883 n-d-738240-5 devstack@n-api.service[93210]: [pid: 93210|app: 0|req: 16/32] 10.222.0.73 () {64 vars in 1333 bytes} [Tue Jul 27 21:11:36 2021] POST /compute/v2.1/flavors/4/os-extra_specs => generated 43 bytes in 38 msecs (HTTP/1.1 200) 9 headers in 358 bytes (2 switches on core 0)
Jul 27 21:11:38.793020 n-d-738240-5 devstack@n-api.service[93211]: DEBUG nova.api.openstack.wsgi [None req-c51ec3d3-5f02-414c-be54-d48b3697c74f admin admin] Calling method '>' {{(pid=93211) _process_stack /opt/stack/nova/nova/api/openstack/wsgi.py:513}}
Jul 27 21:11:38.794029 n-d-738240-5 devstack@n-api.service[93211]: INFO nova.api.openstack.requestlog [None req-c51ec3d3-5f02-414c-be54-d48b3697c74f admin admin] 10.222.0.73 "GET /compute/v2.1" status: 200 len: 388 microversion: 2.1 time: 0.001823
Jul 27 21:11:38.794423 n-d-738240-5 devstack@n-api.service[93211]: [pid: 93211|app: 0|req: 17/33] 10.222.0.73 () {54 vars in 931 bytes} [Tue Jul 27 21:11:38 2021] GET /compute/v2.1 => generated 388 bytes in 3 msecs (HTTP/1.1 200) 9 headers in 357 bytes (1 switches on core 0)
Jul 27 21:11:38.867830 n-d-738240-5 devstack@n-api.service[93210]: DEBUG nova.api.openstack.wsgi [None req-4b66ba0e-b8f5-4a50-b4e9-ab6f6f820dd5 admin admin] Action: 'create', calling method: >, body: {"flavor": {"OS-FLV-EXT-DATA:ephemeral": 0, "rxtx_factor": 1.0, "id": "5", "disk": 160, "name": "m1.xlarge", "os-flavor-access:is_public": true, "vcpus": 8, "swap": 0, "ram": 16384}} {{(pid=93210) _process_stack /opt/stack/nova/nova/api/openstack/wsgi.py:511}}
Jul 27 21:11:38.888329 n-d-738240-5 devstack@n-api.service[93210]: INFO nova.api.openstack.requestlog [None req-4b66ba0e-b8f5-4a50-b4e9-ab6f6f820dd5 admin admin] 10.222.0.73 "POST /compute/v2.1/flavors" status: 200 len: 408 microversion: 2.61 time: 0.084716
Jul 27 21:11:38.889086 n-d-738240-5 devstack@n-api.service[93210]: [pid: 93210|app: 0|req: 17/34] 10.222.0.73 () {64 vars in 1283 bytes} [Tue Jul 27 21:11:38 2021] POST /compute/v2.1/flavors => generated 408 bytes in 86 msecs (HTTP/1.1 200) 9 headers in 359 bytes (1 switches on core 0)
Jul 27 21:11:38.910008 n-d-738240-5 devstack@n-api.service[93211]: DEBUG nova.api.openstack.wsgi [None req-6c19abd4-245d-4564-91a0-4b03a3a9d438 admin admin] Action: 'create', calling method: >, body: {"extra_specs": {"hw_rng:allowed": "True"}} {{(pid=93211) _process_stack /opt/stack/nova/nova/api/openstack/wsgi.py:511}}
Jul 27 21:11:38.941143 n-d-738240-5 devstack@n-api.service[93211]: INFO nova.api.openstack.requestlog [None req-6c19abd4-245d-4564-91a0-4b03a3a9d438 admin admin] 10.222.0.73 "POST /compute/v2.1/flavors/5/os-extra_specs" status: 200 len: 43 microversion: 2.61 time: 0.037814
Jul 27 21:11:38.941722 n-d-738240-5 devstack@n-api.service[93211]: [pid: 93211|app: 0|req: 18/35] 10.222.0.73 () {64 vars in 1333 bytes} [Tue Jul 27 21:11:38 2021] POST /compute/v2.1/flavors/5/os-extra_specs => generated 43 bytes in 39 msecs (HTTP/1.1 200) 9 headers in 358 bytes (1 switches on core 0)
Jul 27 21:12:23.077568 n-d-738240-5 devstack@n-api.service[93210]: DEBUG nova.api.openstack.wsgi [None req-4b66ba0e-b8f5-4a50-b4e9-ab6f6f820dd5 admin admin] Calling method '>' {{(pid=93210) _process_stack /opt/stack/nova/nova/api/openstack/wsgi.py:513}}
Jul 27 21:12:23.078600 n-d-738240-5 devstack@n-api.service[93210]: INFO nova.api.openstack.requestlog [None req-4b66ba0e-b8f5-4a50-b4e9-ab6f6f820dd5 admin admin] 10.222.0.73 "GET /compute/v2.1" status: 200 len: 388 microversion: 2.1 time: 0.001484
Jul 27 21:12:23.079175 n-d-738240-5 devstack@n-api.service[93210]: [pid: 93210|app: 0|req: 18/36] 10.222.0.73 () {54 vars in 931 bytes} [Tue Jul 27 21:12:23 2021] GET /compute/v2.1 => generated 388 bytes in 2 msecs (HTTP/1.1 200) 9 headers in 357 bytes (1 switches on core 0)
Jul 27 21:12:23.141621 n-d-738240-5 devstack@n-api.service[93211]: DEBUG nova.api.openstack.wsgi [None req-3a5210fd-4ddc-4793-be28-3992ffe77e79 admin admin] Calling method '>' {{(pid=93211) _process_stack /opt/stack/nova/nova/api/openstack/wsgi.py:513}}
Jul 27 21:12:23.159281 n-d-738240-5 devstack@n-api.service[93211]: INFO nova.api.openstack.requestlog [None req-3a5210fd-4ddc-4793-be28-3992ffe77e79 admin admin] 10.222.0.73 "GET /compute/v2.1/flavors/detail?is_public=True" status: 200 len: 4202 microversion: 2.61 time: 0.073351
Jul 27 21:12:23.159823 n-d-738240-5 devstack@n-api.service[93211]: [pid: 93211|app: 0|req: 19/37] 10.222.0.73 () {60 vars in 1292 bytes} [Tue Jul 27 21:12:23 2021] GET /compute/v2.1/flavors/detail?is_public=True => generated 4202 bytes in 74 msecs (HTTP/1.1 200) 9 headers in 360 bytes (1 switches on core 0)
Jul 27 21:12:24.594344 n-d-738240-5 devstack@n-api.service[93210]: DEBUG nova.api.openstack.wsgi [None req-4b66ba0e-b8f5-4a50-b4e9-ab6f6f820dd5 admin admin] Calling method '>' {{(pid=93210) _process_stack /opt/stack/nova/nova/api/openstack/wsgi.py:513}}
Jul 27 21:12:24.595426 n-d-738240-5 devstack@n-api.service[93210]: INFO nova.api.openstack.requestlog [None req-4b66ba0e-b8f5-4a50-b4e9-ab6f6f820dd5 admin admin] 10.222.0.73 "GET /compute/v2.1" status: 200 len: 388 microversion: 2.1 time: 0.001551
Jul 27 21:12:24.595834 n-d-738240-5 devstack@n-api.service[93210]: [pid: 93210|app: 0|req: 19/38] 10.222.0.73 () {56 vars in 1075 bytes} [Tue Jul 27 21:12:24 2021] GET /compute/v2.1 => generated 388 bytes in 2 msecs (HTTP/1.1 200) 9 headers in 357 bytes (1 switches on core 0)
Jul 27 21:12:24.805187 n-d-738240-5 devstack@n-api.service[93211]: DEBUG nova.api.openstack.wsgi [None req-b4eb3612-cb4a-428e-a57e-223d26f338cd admin admin] Calling method '>' {{(pid=93211) _process_stack /opt/stack/nova/nova/api/openstack/wsgi.py:513}}
Jul 27 21:12:24.811803 n-d-738240-5 devstack@n-api.service[93211]: INFO nova.api.openstack.wsgi [None req-b4eb3612-cb4a-428e-a57e-223d26f338cd admin admin] HTTP exception thrown: Flavor 42 could not be found.
Jul 27 21:12:24.812372 n-d-738240-5 devstack@n-api.service[93211]: DEBUG nova.api.openstack.wsgi [None req-b4eb3612-cb4a-428e-a57e-223d26f338cd admin admin] Returning 404 to user: Flavor 42 could not be found. {{(pid=93211) __call__ /opt/stack/nova/nova/api/openstack/wsgi.py:927}}
Jul 27 21:12:24.813229 n-d-738240-5 devstack@n-api.service[93211]: INFO nova.api.openstack.requestlog [None req-b4eb3612-cb4a-428e-a57e-223d26f338cd admin admin] 10.222.0.73 "GET /compute/v2.1/flavors/42" status: 404 len: 75 microversion: 2.88 time: 0.068782
Jul 27 21:12:24.813724 n-d-738240-5 devstack@n-api.service[93211]: [pid: 93211|app: 0|req: 20/39] 10.222.0.73 () {60 vars in 1191 bytes} [Tue Jul 27 21:12:24 2021] GET /compute/v2.1/flavors/42 => generated 75 bytes in 70 msecs (HTTP/1.1 404) 9 headers in 380 bytes (1 switches on core 0)
Jul 27 21:12:24.824070 n-d-738240-5 devstack@n-api.service[93210]: DEBUG nova.api.openstack.wsgi [None req-c95e88fc-1131-47b6-a8b9-8860753f3c60 admin admin] Calling method '>' {{(pid=93210) _process_stack /opt/stack/nova/nova/api/openstack/wsgi.py:513}}
Jul 27 21:12:24.844987 n-d-738240-5 devstack@n-api.service[93210]: INFO nova.api.openstack.requestlog [None req-c95e88fc-1131-47b6-a8b9-8860753f3c60 admin admin] 10.222.0.73 "GET /compute/v2.1/flavors?is_public=None" status: 200 len: 2056 microversion: 2.88 time: 0.024777
Jul 27 21:12:24.845554 n-d-738240-5 devstack@n-api.service[93210]: [pid: 93210|app: 0|req: 20/40] 10.222.0.73 () {60 vars in 1211 bytes} [Tue Jul 27 21:12:24 2021] GET /compute/v2.1/flavors?is_public=None => generated 2056 bytes in 26 msecs (HTTP/1.1 200) 9 headers in 360 bytes (1 switches on core 0)
Jul 27 21:12:24.855881 n-d-738240-5 devstack@n-api.service[93211]: DEBUG nova.api.openstack.wsgi [None req-5cb4b5fe-3a1f-4781-a7c8-97c98b626bc6 admin admin] Calling method '>' {{(pid=93211) _process_stack /opt/stack/nova/nova/api/openstack/wsgi.py:513}}
Jul 27 21:12:24.877903 n-d-738240-5 devstack@n-api.service[93211]: INFO nova.api.openstack.requestlog [None req-5cb4b5fe-3a1f-4781-a7c8-97c98b626bc6 admin admin] 10.222.0.73 "GET /compute/v2.1/flavors?is_public=None" status: 200 len: 2056 microversion: 2.88 time: 0.025593
Jul 27 21:12:24.878480 n-d-738240-5 devstack@n-api.service[93211]: [pid: 93211|app: 0|req: 21/41] 10.222.0.73 () {60 vars in 1211 bytes} [Tue Jul 27 21:12:24 2021] GET /compute/v2.1/flavors?is_public=None => generated 2056 bytes in 27 msecs (HTTP/1.1 200) 9 headers in 360 bytes (1 switches on core 0)
Jul 27 21:12:24.888886 n-d-738240-5 devstack@n-api.service[93210]: DEBUG nova.api.openstack.wsgi [None req-98d04e2c-3206-4e60-9dac-df73720d89bd admin admin] Calling method '>' {{(pid=93210) _process_stack /opt/stack/nova/nova/api/openstack/wsgi.py:513}}
Jul 27 21:12:24.899811 n-d-738240-5 devstack@n-api.service[93210]: INFO nova.api.openstack.wsgi [None req-98d04e2c-3206-4e60-9dac-df73720d89bd admin admin] HTTP exception thrown: Flavor 42 could not be found.
Jul 27 21:12:24.900463 n-d-738240-5 devstack@n-api.service[93210]: DEBUG nova.api.openstack.wsgi [None req-98d04e2c-3206-4e60-9dac-df73720d89bd admin admin] Returning 404 to user: Flavor 42 could not be found. {{(pid=93210) __call__ /opt/stack/nova/nova/api/openstack/wsgi.py:927}}
Jul 27 21:12:24.901415 n-d-738240-5 devstack@n-api.service[93210]: INFO nova.api.openstack.requestlog [None req-98d04e2c-3206-4e60-9dac-df73720d89bd admin admin] 10.222.0.73 "GET /compute/v2.1/flavors/42" status: 404 len: 75 microversion: 2.88 time: 0.016303
Jul 27 21:12:24.901981 n-d-738240-5 devstack@n-api.service[93210]: [pid: 93210|app: 0|req: 21/42] 10.222.0.73 () {60 vars in 1191 bytes} [Tue Jul 27 21:12:24 2021] GET /compute/v2.1/flavors/42 => generated 75 bytes in 17 msecs (HTTP/1.1 404) 9 headers in 380 bytes (1 switches on core 0)
Jul 27 21:12:26.270985 n-d-738240-5 devstack@n-api.service[93211]: DEBUG nova.api.openstack.wsgi [None req-5cb4b5fe-3a1f-4781-a7c8-97c98b626bc6 admin admin] Calling method '>' {{(pid=93211) _process_stack /opt/stack/nova/nova/api/openstack/wsgi.py:513}}
Jul 27 21:12:26.272884 n-d-738240-5 devstack@n-api.service[93211]: INFO nova.api.openstack.requestlog [None req-5cb4b5fe-3a1f-4781-a7c8-97c98b626bc6 admin admin] 10.222.0.73 "GET /compute/v2.1" status: 200 len: 388 microversion: 2.1 time: 0.002989
Jul 27 21:12:26.273841 n-d-738240-5 devstack@n-api.service[93211]: [pid: 93211|app: 0|req: 22/43] 10.222.0.73 () {56 vars in 1075 bytes} [Tue Jul 27 21:12:26 2021] GET /compute/v2.1 => generated 388 bytes in 5 msecs (HTTP/1.1 200) 9 headers in 357 bytes (1 switches on core 0)
Jul 27 21:12:26.497509 n-d-738240-5 devstack@n-api.service[93210]: DEBUG nova.api.openstack.wsgi [None req-daf3232b-9da3-4275-adfc-b72090454b88 admin admin] Calling method '>' {{(pid=93210) _process_stack /opt/stack/nova/nova/api/openstack/wsgi.py:513}}
Jul 27 21:12:26.503939 n-d-738240-5 devstack@n-api.service[93210]: INFO nova.api.openstack.wsgi [None req-daf3232b-9da3-4275-adfc-b72090454b88 admin admin] HTTP exception thrown: Flavor 84 could not be found.
Jul 27 21:12:26.504522 n-d-738240-5 devstack@n-api.service[93210]: DEBUG nova.api.openstack.wsgi [None req-daf3232b-9da3-4275-adfc-b72090454b88 admin admin] Returning 404 to user: Flavor 84 could not be found. {{(pid=93210) __call__ /opt/stack/nova/nova/api/openstack/wsgi.py:927}}
Jul 27 21:12:26.505354 n-d-738240-5 devstack@n-api.service[93210]: INFO nova.api.openstack.requestlog [None req-daf3232b-9da3-4275-adfc-b72090454b88 admin admin] 10.222.0.73 "GET /compute/v2.1/flavors/84" status: 404 len: 75 microversion: 2.88 time: 0.069936
Jul 27 21:12:26.505886 n-d-738240-5 devstack@n-api.service[93210]: [pid: 93210|app: 0|req: 22/44] 10.222.0.73 () {60 vars in 1191 bytes} [Tue Jul 27 21:12:26 2021] GET /compute/v2.1/flavors/84 => generated 75 bytes in 71 msecs (HTTP/1.1 404) 9 headers in 380 bytes (1 switches on core 0)
Jul 27 21:12:26.516070 n-d-738240-5 devstack@n-api.service[93211]: DEBUG nova.api.openstack.wsgi [None req-ddae049b-e8fd-4fa5-bbed-ee3a38567b8d admin admin] Calling method '>' {{(pid=93211) _process_stack /opt/stack/nova/nova/api/openstack/wsgi.py:513}}
Jul 27 21:12:26.533767 n-d-738240-5 devstack@n-api.service[93211]: INFO nova.api.openstack.requestlog [None req-ddae049b-e8fd-4fa5-bbed-ee3a38567b8d admin admin] 10.222.0.73 "GET /compute/v2.1/flavors?is_public=None" status: 200 len: 2056 microversion: 2.88 time: 0.021256
Jul 27 21:12:26.534746 n-d-738240-5 devstack@n-api.service[93211]: [pid: 93211|app: 0|req: 23/45] 10.222.0.73 () {60 vars in 1211 bytes} [Tue Jul 27 21:12:26 2021] GET /compute/v2.1/flavors?is_public=None => generated 2056 bytes in 23 msecs (HTTP/1.1 200) 9 headers in 360 bytes (1 switches on core 0)
Jul 27 21:12:26.547245 n-d-738240-5 devstack@n-api.service[93210]: DEBUG nova.api.openstack.wsgi [None req-6dd3c52b-5794-483f-b5a4-5c53932e532e admin admin] Calling method '>' {{(pid=93210) _process_stack /opt/stack/nova/nova/api/openstack/wsgi.py:513}}
Jul 27 21:12:26.567938 n-d-738240-5 devstack@n-api.service[93210]: INFO nova.api.openstack.requestlog [None req-6dd3c52b-5794-483f-b5a4-5c53932e532e admin admin] 10.222.0.73 "GET /compute/v2.1/flavors?is_public=None" status: 200 len: 2056 microversion: 2.88 time: 0.023827
Jul 27 21:12:26.568961 n-d-738240-5 devstack@n-api.service[93210]: [pid: 93210|app: 0|req: 23/46] 10.222.0.73 () {60 vars in 1211 bytes} [Tue Jul 27 21:12:26 2021] GET /compute/v2.1/flavors?is_public=None => generated 2056 bytes in 26 msecs (HTTP/1.1 200) 9 headers in 360 bytes (1 switches on core 0)
Jul 27 21:12:26.585773 n-d-738240-5 devstack@n-api.service[93211]: DEBUG nova.api.openstack.wsgi [None req-9b0ee06d-833c-44d1-8f78-52d161198ed5 admin admin] Calling method '>' {{(pid=93211) _process_stack /opt/stack/nova/nova/api/openstack/wsgi.py:513}}
Jul 27 21:12:26.593080 n-d-738240-5 devstack@n-api.service[93211]: INFO nova.api.openstack.wsgi [None req-9b0ee06d-833c-44d1-8f78-52d161198ed5 admin admin] HTTP exception thrown: Flavor 84 could not be found.
Jul 27 21:12:26.593657 n-d-738240-5 devstack@n-api.service[93211]: DEBUG nova.api.openstack.wsgi [None req-9b0ee06d-833c-44d1-8f78-52d161198ed5 admin admin] Returning 404 to user: Flavor 84 could not be found. {{(pid=93211) __call__ /opt/stack/nova/nova/api/openstack/wsgi.py:927}}
Jul 27 21:12:26.594503 n-d-738240-5 devstack@n-api.service[93211]: INFO nova.api.openstack.requestlog [None req-9b0ee06d-833c-44d1-8f78-52d161198ed5 admin admin] 10.222.0.73 "GET /compute/v2.1/flavors/84" status: 404 len: 75 microversion: 2.88 time: 0.013240
Jul 27 21:12:26.595010 n-d-738240-5 devstack@n-api.service[93211]: [pid: 93211|app: 0|req: 24/47] 10.222.0.73 () {60 vars in 1191 bytes} [Tue Jul 27 21:12:26 2021] GET /compute/v2.1/flavors/84 => generated 75 bytes in 14 msecs (HTTP/1.1 404) 9 headers in 380 bytes (1 switches on core 0)
Jul 27 21:12:27.996093 n-d-738240-5 devstack@n-api.service[93210]: DEBUG nova.api.openstack.wsgi [None req-6dd3c52b-5794-483f-b5a4-5c53932e532e admin admin] Calling method '>' {{(pid=93210) _process_stack /opt/stack/nova/nova/api/openstack/wsgi.py:513}}
Jul 27 21:12:27.997647 n-d-738240-5 devstack@n-api.service[93210]: INFO nova.api.openstack.requestlog [None req-6dd3c52b-5794-483f-b5a4-5c53932e532e admin admin] 10.222.0.73 "GET /compute/v2.1" status: 200 len: 388 microversion: 2.1 time: 0.002178
Jul 27 21:12:27.998312 n-d-738240-5 devstack@n-api.service[93210]: [pid: 93210|app: 0|req: 24/48] 10.222.0.73 () {56 vars in 1075 bytes} [Tue Jul 27 21:12:27 2021] GET /compute/v2.1 => generated 388 bytes in 4 msecs (HTTP/1.1 200) 9 headers in 357 bytes (1 switches on core 0)
Jul 27 21:12:28.204240 n-d-738240-5 devstack@n-api.service[93211]: DEBUG nova.api.openstack.wsgi [None req-c4a13a9c-c6c2-47a3-bf75-2a6e6ab61e15 admin admin] Calling method '>' {{(pid=93211) _process_stack /opt/stack/nova/nova/api/openstack/wsgi.py:513}}
Jul 27 21:12:28.213364 n-d-738240-5 devstack@n-api.service[93211]: INFO nova.api.openstack.wsgi [None req-c4a13a9c-c6c2-47a3-bf75-2a6e6ab61e15 admin admin] HTTP exception thrown: Flavor 451 could not be found.
Jul 27 21:12:28.214223 n-d-738240-5 devstack@n-api.service[93211]: DEBUG nova.api.openstack.wsgi [None req-c4a13a9c-c6c2-47a3-bf75-2a6e6ab61e15 admin admin] Returning 404 to user: Flavor 451 could not be found. {{(pid=93211) __call__ /opt/stack/nova/nova/api/openstack/wsgi.py:927}}
Jul 27 21:12:28.215580 n-d-738240-5 devstack@n-api.service[93211]: INFO nova.api.openstack.requestlog [None req-c4a13a9c-c6c2-47a3-bf75-2a6e6ab61e15 admin admin] 10.222.0.73 "GET /compute/v2.1/flavors/451" status: 404 len: 76 microversion: 2.88 time: 0.072606
Jul 27 21:12:28.216432 n-d-738240-5 devstack@n-api.service[93211]: [pid: 93211|app: 0|req: 25/49] 10.222.0.73 () {60 vars in 1194 bytes} [Tue Jul 27 21:12:28 2021] GET /compute/v2.1/flavors/451 => generated 76 bytes in 75 msecs (HTTP/1.1 404) 9 headers in 380 bytes (1 switches on core 0)
Jul 27 21:12:28.226590 n-d-738240-5 devstack@n-api.service[93210]: DEBUG nova.api.openstack.wsgi [None req-ff8a0135-51ce-4e4e-9713-b2319756a1d8 admin admin] Calling method '>' {{(pid=93210) _process_stack /opt/stack/nova/nova/api/openstack/wsgi.py:513}}
Jul 27 21:12:28.240844 n-d-738240-5 devstack@n-api.service[93210]: INFO nova.api.openstack.requestlog [None req-ff8a0135-51ce-4e4e-9713-b2319756a1d8 admin admin] 10.222.0.73 "GET /compute/v2.1/flavors?is_public=None" status: 200 len: 2056 microversion: 2.88 time: 0.017732
Jul 27 21:12:28.241383 n-d-738240-5 devstack@n-api.service[93210]: [pid: 93210|app: 0|req: 25/50] 10.222.0.73 () {60 vars in 1211 bytes} [Tue Jul 27 21:12:28 2021] GET /compute/v2.1/flavors?is_public=None => generated 2056 bytes in 19 msecs (HTTP/1.1 200) 9 headers in 360 bytes (1 switches on core 0)
Jul 27 21:12:28.254257 n-d-738240-5 devstack@n-api.service[93211]: DEBUG nova.api.openstack.wsgi [None req-9b6caec1-25fd-4cc3-94e5-0a662a1deec8 admin admin] Calling method '>' {{(pid=93211) _process_stack /opt/stack/nova/nova/api/openstack/wsgi.py:513}}
Jul 27 21:12:28.275122 n-d-738240-5 devstack@n-api.service[93211]: INFO nova.api.openstack.requestlog [None req-9b6caec1-25fd-4cc3-94e5-0a662a1deec8 admin admin] 10.222.0.73 "GET /compute/v2.1/flavors?is_public=None" status: 200 len: 2056 microversion: 2.88 time: 0.026107
Jul 27 21:12:28.275841 n-d-738240-5 devstack@n-api.service[93211]: [pid: 93211|app: 0|req: 26/51] 10.222.0.73 () {60 vars in 1211 bytes} [Tue Jul 27 21:12:28 2021] GET /compute/v2.1/flavors?is_public=None => generated 2056 bytes in 28 msecs (HTTP/1.1 200) 9 headers in 360 bytes (1 switches on core 0)
Jul 27 21:12:28.289348 n-d-738240-5 devstack@n-api.service[93210]: DEBUG nova.api.openstack.wsgi [None req-85b6e830-45fc-42db-a035-b877c625a2e1 admin admin] Calling method '>' {{(pid=93210) _process_stack /opt/stack/nova/nova/api/openstack/wsgi.py:513}}
Jul 27 21:12:28.296748 n-d-738240-5 devstack@n-api.service[93210]: INFO nova.api.openstack.wsgi [None req-85b6e830-45fc-42db-a035-b877c625a2e1 admin admin] HTTP exception thrown: Flavor 451 could not be found.
Jul 27 21:12:28.297558 n-d-738240-5 devstack@n-api.service[93210]: DEBUG nova.api.openstack.wsgi [None req-85b6e830-45fc-42db-a035-b877c625a2e1 admin admin] Returning 404 to user: Flavor 451 could not be found. {{(pid=93210) __call__ /opt/stack/nova/nova/api/openstack/wsgi.py:927}}
Jul 27 21:12:28.298809 n-d-738240-5 devstack@n-api.service[93210]: INFO nova.api.openstack.requestlog [None req-85b6e830-45fc-42db-a035-b877c625a2e1 admin admin] 10.222.0.73 "GET /compute/v2.1/flavors/451" status: 404 len: 76 microversion: 2.88 time: 0.014986
Jul 27 21:12:28.299503 n-d-738240-5 devstack@n-api.service[93210]: [pid: 93210|app: 0|req: 26/52] 10.222.0.73 () {60 vars in 1194 bytes} [Tue Jul 27 21:12:28 2021] GET /compute/v2.1/flavors/451 => generated 76 bytes in 17 msecs (HTTP/1.1 404) 9 headers in 380 bytes (1 switches on core 0)
Jul 27 21:12:29.679107 n-d-738240-5 devstack@n-api.service[93211]: DEBUG nova.api.openstack.wsgi [None req-9b6caec1-25fd-4cc3-94e5-0a662a1deec8 admin admin] Calling method '>' {{(pid=93211) _process_stack /opt/stack/nova/nova/api/openstack/wsgi.py:513}}
Jul 27 21:12:29.680109 n-d-738240-5 devstack@n-api.service[93211]: INFO nova.api.openstack.requestlog [None req-9b6caec1-25fd-4cc3-94e5-0a662a1deec8 admin admin] 10.222.0.73 "GET /compute/v2.1" status: 200 len: 388 microversion: 2.1 time: 0.001482
Jul 27 21:12:29.680758 n-d-738240-5 devstack@n-api.service[93211]: [pid: 93211|app: 0|req: 27/53] 10.222.0.73 () {56 vars in 1075 bytes} [Tue Jul 27 21:12:29 2021] GET /compute/v2.1 => generated 388 bytes in 2 msecs (HTTP/1.1 200) 9 headers in 357 bytes (1 switches on core 0)
Jul 27 21:12:29.883297 n-d-738240-5 devstack@n-api.service[93210]: DEBUG nova.api.openstack.wsgi [None req-4dd6b442-cb79-471e-a88d-269533dc1016 admin admin] Action: 'create', calling method: >, body: {"flavor": {"name": "m1.nano", "ram": 256, "vcpus": 1, "disk": 1, "id": "42", "swap": 0, "OS-FLV-EXT-DATA:ephemeral": 0, "rxtx_factor": 1.0, "os-flavor-access:is_public": true}} {{(pid=93210) _process_stack /opt/stack/nova/nova/api/openstack/wsgi.py:511}}
Jul 27 21:12:29.905437 n-d-738240-5 devstack@n-api.service[93210]: INFO nova.api.openstack.requestlog [None req-4dd6b442-cb79-471e-a88d-269533dc1016 admin admin] 10.222.0.73 "POST /compute/v2.1/flavors" status: 200 len: 404 microversion: 2.88 time: 0.086779
Jul 27 21:12:29.906307 n-d-738240-5 devstack@n-api.service[93210]: [pid: 93210|app: 0|req: 27/54] 10.222.0.73 () {64 vars in 1236 bytes} [Tue Jul 27 21:12:29 2021] POST /compute/v2.1/flavors => generated 404 bytes in 88 msecs (HTTP/1.1 200) 9 headers in 359 bytes (2 switches on core 0)
Jul 27 21:12:31.266449 n-d-738240-5 devstack@n-api.service[93211]: DEBUG nova.api.openstack.wsgi [None req-9b6caec1-25fd-4cc3-94e5-0a662a1deec8 admin admin] Calling method '>' {{(pid=93211) _process_stack /opt/stack/nova/nova/api/openstack/wsgi.py:513}}
Jul 27 21:12:31.267510 n-d-738240-5 devstack@n-api.service[93211]: INFO nova.api.openstack.requestlog [None req-9b6caec1-25fd-4cc3-94e5-0a662a1deec8 admin admin] 10.222.0.73 "GET /compute/v2.1" status: 200 len: 388 microversion: 2.1 time: 0.001473
Jul 27 21:12:31.267914 n-d-738240-5 devstack@n-api.service[93211]: [pid: 93211|app: 0|req: 28/55] 10.222.0.73 () {56 vars in 1075 bytes} [Tue Jul 27 21:12:31 2021] GET /compute/v2.1 => generated 388 bytes in 2 msecs (HTTP/1.1 200) 9 headers in 357 bytes (1 switches on core 0)
Jul 27 21:12:31.471340 n-d-738240-5 devstack@n-api.service[93210]: DEBUG nova.api.openstack.wsgi [None req-2630f89a-69da-42cd-a81c-f73a845d0540 admin admin] Action: 'create', calling method: >, body: {"flavor": {"name": "m1.micro", "ram": 256, "vcpus": 1, "disk": 2, "id": "84", "swap": 0, "OS-FLV-EXT-DATA:ephemeral": 0, "rxtx_factor": 1.0, "os-flavor-access:is_public": true}} {{(pid=93210) _process_stack /opt/stack/nova/nova/api/openstack/wsgi.py:511}}
Jul 27 21:12:31.496659 n-d-738240-5 devstack@n-api.service[93210]: INFO nova.api.openstack.requestlog [None req-2630f89a-69da-42cd-a81c-f73a845d0540 admin admin] 10.222.0.73 "POST /compute/v2.1/flavors" status: 200 len: 405 microversion: 2.88 time: 0.091094
Jul 27 21:12:31.497351 n-d-738240-5 devstack@n-api.service[93210]: [pid: 93210|app: 0|req: 28/56] 10.222.0.73 () {64 vars in 1236 bytes} [Tue Jul 27 21:12:31 2021] POST /compute/v2.1/flavors => generated 405 bytes in 93 msecs (HTTP/1.1 200) 9 headers in 359 bytes (2 switches on core 0)
Jul 27 21:12:32.940972 n-d-738240-5 devstack@n-api.service[93211]: DEBUG nova.api.openstack.wsgi [None req-9b6caec1-25fd-4cc3-94e5-0a662a1deec8 admin admin] Calling method '>' {{(pid=93211) _process_stack /opt/stack/nova/nova/api/openstack/wsgi.py:513}}
Jul 27 21:12:32.941965 n-d-738240-5 devstack@n-api.service[93211]: INFO nova.api.openstack.requestlog [None req-9b6caec1-25fd-4cc3-94e5-0a662a1deec8 admin admin] 10.222.0.73 "GET /compute/v2.1" status: 200 len: 388 microversion: 2.1 time: 0.001446
Jul 27 21:12:32.942355 n-d-738240-5 devstack@n-api.service[93211]: [pid: 93211|app: 0|req: 29/57] 10.222.0.73 () {56 vars in 1075 bytes} [Tue Jul 27 21:12:32 2021] GET /compute/v2.1 => generated 388 bytes in 2 msecs (HTTP/1.1 200) 9 headers in 357 bytes (1 switches on core 0)
Jul 27 21:12:33.138952 n-d-738240-5 devstack@n-api.service[93210]: DEBUG nova.api.openstack.wsgi [None req-a8f97383-5ac8-4bbe-91bd-3967442629e9 admin admin] Action: 'create', calling method: >, body: {"flavor": {"name": "m1.heat", "ram": 512, "vcpus": 1, "disk": 1, "id": "451", "swap": 0, "OS-FLV-EXT-DATA:ephemeral": 0, "rxtx_factor": 1.0, "os-flavor-access:is_public": true}} {{(pid=93210) _process_stack /opt/stack/nova/nova/api/openstack/wsgi.py:511}}
Jul 27 21:12:33.158890 n-d-738240-5 devstack@n-api.service[93210]: INFO nova.api.openstack.requestlog [None req-a8f97383-5ac8-4bbe-91bd-3967442629e9 admin admin] 10.222.0.73 "POST /compute/v2.1/flavors" status: 200 len: 407 microversion: 2.88 time: 0.073830
Jul 27 21:12:33.159414 n-d-738240-5 devstack@n-api.service[93210]: [pid: 93210|app: 0|req: 29/58] 10.222.0.73 () {64 vars in 1236 bytes} [Tue Jul 27 21:12:33 2021] POST /compute/v2.1/flavors => generated 407 bytes in 75 msecs (HTTP/1.1 200) 9 headers in 359 bytes (1 switches on core 0)
Jul 27 21:12:34.521382 n-d-738240-5 devstack@n-api.service[93211]: DEBUG nova.api.openstack.wsgi [None req-9b6caec1-25fd-4cc3-94e5-0a662a1deec8 admin admin] Calling method '>' {{(pid=93211) _process_stack /opt/stack/nova/nova/api/openstack/wsgi.py:513}}
Jul 27 21:12:34.522367 n-d-738240-5 devstack@n-api.service[93211]: INFO nova.api.openstack.requestlog [None req-9b6caec1-25fd-4cc3-94e5-0a662a1deec8 admin admin] 10.222.0.73 "GET /compute/v2.1" status: 200 len: 388 microversion: 2.1 time: 0.001508
Jul 27 21:12:34.523247 n-d-738240-5 devstack@n-api.service[93211]: [pid: 93211|app: 0|req: 30/59] 10.222.0.73 () {56 vars in 1075 bytes} [Tue Jul 27 21:12:34 2021] GET /compute/v2.1 => generated 388 bytes in 3 msecs (HTTP/1.1 200) 9 headers in 357 bytes (1 switches on core 0)
Jul 27 21:12:34.734130 n-d-738240-5 devstack@n-api.service[93210]: DEBUG nova.api.openstack.wsgi [None req-5d855a86-3f4e-4f25-a779-8bd3149b77f2 admin admin] Action: 'create', calling method: >, body: {"flavor": {"name": "m1.heat2", "ram": 1024, "vcpus": 1, "disk": 1, "id": "452", "swap": 0, "OS-FLV-EXT-DATA:ephemeral": 0, "rxtx_factor": 1.0, "os-flavor-access:is_public": true}} {{(pid=93210) _process_stack /opt/stack/nova/nova/api/openstack/wsgi.py:511}}
Jul 27 21:12:34.756263 n-d-738240-5 devstack@n-api.service[93210]: INFO nova.api.openstack.requestlog [None req-5d855a86-3f4e-4f25-a779-8bd3149b77f2 admin admin] 10.222.0.73 "POST /compute/v2.1/flavors" status: 200 len: 409 microversion: 2.88 time: 0.086369
Jul 27 21:12:34.756813 n-d-738240-5 devstack@n-api.service[93210]: [pid: 93210|app: 0|req: 30/60] 10.222.0.73 () {64 vars in 1236 bytes} [Tue Jul 27 21:12:34 2021] POST /compute/v2.1/flavors => generated 409 bytes in 88 msecs (HTTP/1.1 200) 9 headers in 359 bytes (2 switches on core 0)
Jul 27 21:12:36.123515 n-d-738240-5 devstack@n-api.service[93211]: DEBUG nova.api.openstack.wsgi [None req-9b6caec1-25fd-4cc3-94e5-0a662a1deec8 admin admin] Calling method '>' {{(pid=93211) _process_stack /opt/stack/nova/nova/api/openstack/wsgi.py:513}}
Jul 27 21:12:36.124718 n-d-738240-5 devstack@n-api.service[93211]: INFO nova.api.openstack.requestlog [None req-9b6caec1-25fd-4cc3-94e5-0a662a1deec8 admin admin] 10.222.0.73 "GET /compute/v2.1" status: 200 len: 388 microversion: 2.1 time: 0.001655
Jul 27 21:12:36.125239 n-d-738240-5 devstack@n-api.service[93211]: [pid: 93211|app: 0|req: 31/61] 10.222.0.73 () {56 vars in 1075 bytes} [Tue Jul 27 21:12:36 2021] GET /compute/v2.1 => generated 388 bytes in 3 msecs (HTTP/1.1 200) 9 headers in 357 bytes (1 switches on core 0)
Jul 27 21:12:36.326167 n-d-738240-5 devstack@n-api.service[93210]: DEBUG nova.api.openstack.wsgi [None req-47de85d7-4ec9-4d60-b3d7-5b3d5b3ea980 admin admin] Calling method '>' {{(pid=93210) _process_stack /opt/stack/nova/nova/api/openstack/wsgi.py:513}}
Jul 27 21:12:36.346775 n-d-738240-5 devstack@n-api.service[93210]: INFO nova.api.openstack.requestlog [None req-47de85d7-4ec9-4d60-b3d7-5b3d5b3ea980 admin admin] 10.222.0.73 "GET /compute/v2.1/flavors/detail" status: 200 len: 5777 microversion: 2.88 time: 0.085051
Jul 27 21:12:36.347338 n-d-738240-5 devstack@n-api.service[93210]: [pid: 93210|app: 0|req: 31/62] 10.222.0.73 () {60 vars in 1203 bytes} [Tue Jul 27 21:12:36 2021] GET /compute/v2.1/flavors/detail => generated 5777 bytes in 86 msecs (HTTP/1.1 200) 9 headers in 360 bytes (1 switches on core 0)
Jul 27 21:13:23.878219 n-d-738240-5 devstack@n-api.service[93211]: DEBUG nova.api.openstack.wsgi [None req-9b6caec1-25fd-4cc3-94e5-0a662a1deec8 admin admin] Calling method '>' {{(pid=93211) _process_stack /opt/stack/nova/nova/api/openstack/wsgi.py:513}}
Jul 27 21:13:23.879668 n-d-738240-5 devstack@n-api.service[93211]: INFO nova.api.openstack.requestlog [None req-9b6caec1-25fd-4cc3-94e5-0a662a1deec8 admin admin] 10.222.0.73 "GET /compute/v2.1" status: 200 len: 388 microversion: 2.1 time: 0.002263
Jul 27 21:13:23.880375 n-d-738240-5 devstack@n-api.service[93211]: [pid: 93211|app: 0|req: 32/63] 10.222.0.73 () {54 vars in 931 bytes} [Tue Jul 27 21:13:23 2021] GET /compute/v2.1 => generated 388 bytes in 4 msecs (HTTP/1.1 200) 9 headers in 357 bytes (1 switches on core 0)
Jul 27 21:13:23.946785 n-d-738240-5 devstack@n-api.service[93210]: DEBUG nova.api.openstack.wsgi [None req-9fa9aeac-5db2-4f42-9558-16c3163cb317 admin admin] Calling method '>' {{(pid=93210) _process_stack /opt/stack/nova/nova/api/openstack/wsgi.py:513}}
Jul 27 21:13:23.969141 n-d-738240-5 devstack@n-api.service[93210]: INFO nova.api.openstack.requestlog [None req-9fa9aeac-5db2-4f42-9558-16c3163cb317 admin admin] 10.222.0.73 "GET /compute/v2.1/flavors/detail?is_public=True" status: 200 len: 5791 microversion: 2.61 time: 0.081376
Jul 27 21:13:23.969691 n-d-738240-5 devstack@n-api.service[93210]: [pid: 93210|app: 0|req: 32/64] 10.222.0.73 () {60 vars in 1292 bytes} [Tue Jul 27 21:13:23 2021] GET /compute/v2.1/flavors/detail?is_public=True => generated 5791 bytes in 83 msecs (HTTP/1.1 200) 9 headers in 360 bytes (1 switches on core 0)
Jul 27 21:13:23.992144 n-d-738240-5 devstack@n-api.service[93211]: DEBUG nova.api.openstack.wsgi [None req-69d45da1-0cdc-4daa-b78b-2277b38f0455 admin admin] Calling method '>' {{(pid=93211) _process_stack /opt/stack/nova/nova/api/openstack/wsgi.py:513}}
Jul 27 21:13:24.000300 n-d-738240-5 devstack@n-api.service[93211]: INFO nova.api.openstack.requestlog [None req-69d45da1-0cdc-4daa-b78b-2277b38f0455 admin admin] 10.222.0.73 "GET /compute/v2.1/flavors/42/os-extra_specs" status: 200 len: 19 microversion: 2.61 time: 0.011745
Jul 27 21:13:24.000854 n-d-738240-5 devstack@n-api.service[93211]: [pid: 93211|app: 0|req: 33/65] 10.222.0.73 () {60 vars in 1283 bytes} [Tue Jul 27 21:13:23 2021] GET /compute/v2.1/flavors/42/os-extra_specs => generated 19 bytes in 13 msecs (HTTP/1.1 200) 9 headers in 358 bytes (1 switches on core 0)
Jul 27 21:13:24.013423 n-d-738240-5 devstack@n-api.service[93210]: DEBUG nova.api.openstack.wsgi [None req-af439a7b-6121-41e6-a4dd-f16a4408ae37 admin admin] Calling method '>' {{(pid=93210) _process_stack /opt/stack/nova/nova/api/openstack/wsgi.py:513}}
Jul 27 21:13:24.021908 n-d-738240-5 devstack@n-api.service[93210]: INFO nova.api.openstack.requestlog [None req-af439a7b-6121-41e6-a4dd-f16a4408ae37 admin admin] 10.222.0.73 "GET /compute/v2.1/flavors/451/os-extra_specs" status: 200 len: 19 microversion: 2.61 time: 0.012059
Jul 27 21:13:24.022432 n-d-738240-5 devstack@n-api.service[93210]: [pid: 93210|app: 0|req: 33/66] 10.222.0.73 () {60 vars in 1286 bytes} [Tue Jul 27 21:13:24 2021] GET /compute/v2.1/flavors/451/os-extra_specs => generated 19 bytes in 13 msecs (HTTP/1.1 200) 9 headers in 358 bytes (2 switches on core 0)
Jul 27 21:13:24.034774 n-d-738240-5 devstack@n-api.service[93211]: DEBUG nova.api.openstack.wsgi [None req-34601ae8-7269-4b7f-a4d7-5caef840febe admin admin] Calling method '>' {{(pid=93211) _process_stack /opt/stack/nova/nova/api/openstack/wsgi.py:513}}
Jul 27 21:13:24.043374 n-d-738240-5 devstack@n-api.service[93211]: INFO nova.api.openstack.requestlog [None req-34601ae8-7269-4b7f-a4d7-5caef840febe admin admin] 10.222.0.73 "GET /compute/v2.1/flavors/452/os-extra_specs" status: 200 len: 19 microversion: 2.61 time: 0.012103
Jul 27 21:13:24.043936 n-d-738240-5 devstack@n-api.service[93211]: [pid: 93211|app: 0|req: 34/67] 10.222.0.73 () {60 vars in 1286 bytes} [Tue Jul 27 21:13:24 2021] GET /compute/v2.1/flavors/452/os-extra_specs => generated 19 bytes in 13 msecs (HTTP/1.1 200) 9 headers in 358 bytes (1 switches on core 0)
Jul 27 21:13:24.059387 n-d-738240-5 devstack@n-api.service[93210]: DEBUG nova.api.openstack.wsgi [None req-ecfd3de4-b290-49a6-b5e4-42ef0186de3b admin admin] Calling method '>' {{(pid=93210) _process_stack /opt/stack/nova/nova/api/openstack/wsgi.py:513}}
Jul 27 21:13:24.073234 n-d-738240-5 devstack@n-api.service[93210]: INFO nova.api.openstack.requestlog [None req-ecfd3de4-b290-49a6-b5e4-42ef0186de3b admin admin] 10.222.0.73 "GET /compute/v2.1/flavors/84/os-extra_specs" status: 200 len: 19 microversion: 2.61 time: 0.020029
Jul 27 21:13:24.074222 n-d-738240-5 devstack@n-api.service[93210]: [pid: 93210|app: 0|req: 34/68] 10.222.0.73 () {60 vars in 1283 bytes} [Tue Jul 27 21:13:24 2021] GET /compute/v2.1/flavors/84/os-extra_specs => generated 19 bytes in 22 msecs (HTTP/1.1 200) 9 headers in 358 bytes (1 switches on core 0)
Jul 27 21:14:45.635906 n-d-738240-5 devstack@n-api.service[93211]: DEBUG nova.api.openstack.wsgi [None req-031cc308-75b6-4e2e-b823-07e60670602a tempest-verify_tempest_config-2048397974 tempest-verify_tempest_config-2048397974-project] Calling method '>' {{(pid=93211) _process_stack /opt/stack/nova/nova/api/openstack/wsgi.py:513}}
Jul 27 21:14:45.638011 n-d-738240-5 devstack@n-api.service[93211]: INFO nova.api.openstack.requestlog [None req-031cc308-75b6-4e2e-b823-07e60670602a tempest-verify_tempest_config-2048397974 tempest-verify_tempest_config-2048397974-project] 10.222.0.73 "GET /compute/v2.1/extensions" status: 200 len: 22700 microversion: 2.1 time: 0.113769
Jul 27 21:14:45.638604 n-d-738240-5 devstack@n-api.service[93211]: [pid: 93211|app: 0|req: 35/69] 10.222.0.73 () {58 vars in 1134 bytes} [Tue Jul 27 21:14:45 2021] GET /compute/v2.1/extensions => generated 22700 bytes in 115 msecs (HTTP/1.1 200) 9 headers in 359 bytes (1 switches on core 0)
Jul 27 21:18:28.609826 n-d-738240-5 devstack@n-api.service[93210]: DEBUG nova.api.openstack.wsgi [None req-ecfd3de4-b290-49a6-b5e4-42ef0186de3b admin admin] Calling method '>' {{(pid=93210) _process_stack /opt/stack/nova/nova/api/openstack/wsgi.py:513}}
Jul 27 21:18:28.610831 n-d-738240-5 devstack@n-api.service[93210]: INFO nova.api.openstack.requestlog [None req-ecfd3de4-b290-49a6-b5e4-42ef0186de3b admin admin] 10.222.0.73 "GET /compute/v2.1" status: 200 len: 388 microversion: 2.1 time: 0.001441
Jul 27 21:18:28.611214 n-d-738240-5 devstack@n-api.service[93210]: [pid: 93210|app: 0|req: 35/70] 10.222.0.73 () {56 vars in 1075 bytes} [Tue Jul 27 21:18:28 2021] GET /compute/v2.1 => generated 388 bytes in 2 msecs (HTTP/1.1 200) 9 headers in 357 bytes (2 switches on core 0)
Jul 27 21:18:28.880469 n-d-738240-5 devstack@n-api.service[93211]: DEBUG nova.api.openstack.wsgi [None req-09940b11-4d24-4f92-b72b-ede3e4bb7978 admin admin] Calling method '>' {{(pid=93211) _process_stack /opt/stack/nova/nova/api/openstack/wsgi.py:513}}
Jul 27 21:18:28.881610 n-d-738240-5 devstack@n-api.service[93211]: /usr/local/lib/python3.8/dist-packages/oslo_policy/policy.py:1064: UserWarning: Policy os_compute_api:os-services:list failed scope check. The token used to make the request was project scoped but the policy requires ['system'] scope. This behavior may change in the future where using the intended scope is required
Jul 27 21:18:28.881610 n-d-738240-5 devstack@n-api.service[93211]: warnings.warn(msg)
Jul 27 21:18:28.883160 n-d-738240-5 devstack@n-api.service[93211]: DEBUG oslo_concurrency.lockutils [None req-09940b11-4d24-4f92-b72b-ede3e4bb7978 admin admin] Lock "00000000-0000-0000-0000-000000000000" acquired by "nova.context.set_target_cell..get_or_set_cached_cell_and_set_connections" :: waited 0.000s {{(pid=93211) inner /usr/local/lib/python3.8/dist-packages/oslo_concurrency/lockutils.py:355}}
Jul 27 21:18:28.883587 n-d-738240-5 devstack@n-api.service[93211]: DEBUG oslo_concurrency.lockutils [None req-09940b11-4d24-4f92-b72b-ede3e4bb7978 admin admin] Lock "00000000-0000-0000-0000-000000000000" released by "nova.context.set_target_cell..get_or_set_cached_cell_and_set_connections" :: held 0.001s {{(pid=93211) inner /usr/local/lib/python3.8/dist-packages/oslo_concurrency/lockutils.py:367}}
Jul 27 21:18:28.884355 n-d-738240-5 devstack@n-api.service[93211]: DEBUG oslo_concurrency.lockutils [None req-09940b11-4d24-4f92-b72b-ede3e4bb7978 admin admin] Lock "9ac6b66e-e4b6-49c4-b07a-c9781b0519da" acquired by "nova.context.set_target_cell..get_or_set_cached_cell_and_set_connections" :: waited 0.000s {{(pid=93211) inner /usr/local/lib/python3.8/dist-packages/oslo_concurrency/lockutils.py:355}}
Jul 27 21:18:28.885012 n-d-738240-5 devstack@n-api.service[93211]: DEBUG oslo_concurrency.lockutils [None req-09940b11-4d24-4f92-b72b-ede3e4bb7978 admin admin] Lock "9ac6b66e-e4b6-49c4-b07a-c9781b0519da" released by "nova.context.set_target_cell..get_or_set_cached_cell_and_set_connections" :: held 0.001s {{(pid=93211) inner /usr/local/lib/python3.8/dist-packages/oslo_concurrency/lockutils.py:367}}
Jul 27 21:18:28.926504 n-d-738240-5 devstack@n-api.service[93211]: INFO nova.api.openstack.requestlog [None req-09940b11-4d24-4f92-b72b-ede3e4bb7978 admin admin] 10.222.0.73 "GET /compute/v2.1/os-services" status: 200 len: 1239 microversion: 2.88 time: 0.174395
Jul 27 21:18:28.927093 n-d-738240-5 devstack@n-api.service[93211]: [pid: 93211|app: 0|req: 36/71] 10.222.0.73 () {60 vars in 1194 bytes} [Tue Jul 27 21:18:28 2021] GET /compute/v2.1/os-services => generated 1239 bytes in 176 msecs (HTTP/1.1 200) 9 headers in 360 bytes (1 switches on core 0)
Jul 27 21:18:30.295693 n-d-738240-5 devstack@n-api.service[93210]: DEBUG nova.api.openstack.wsgi [None req-ecfd3de4-b290-49a6-b5e4-42ef0186de3b admin admin] Calling method '>' {{(pid=93210) _process_stack /opt/stack/nova/nova/api/openstack/wsgi.py:513}}
Jul 27 21:18:30.296692 n-d-738240-5 devstack@n-api.service[93210]: INFO nova.api.openstack.requestlog [None req-ecfd3de4-b290-49a6-b5e4-42ef0186de3b admin admin] 10.222.0.73 "GET /compute/v2.1" status: 200 len: 388 microversion: 2.1 time: 0.001601
Jul 27 21:18:30.297130 n-d-738240-5 devstack@n-api.service[93210]: [pid: 93210|app: 0|req: 36/72] 10.222.0.73 () {56 vars in 1075 bytes} [Tue Jul 27 21:18:30 2021] GET /compute/v2.1 => generated 388 bytes in 2 msecs (HTTP/1.1 200) 9 headers in 357 bytes (1 switches on core 0)
Jul 27 21:18:30.496311 n-d-738240-5 devstack@n-api.service[93211]: DEBUG nova.api.openstack.wsgi [None req-4061bce8-d136-4c9d-8a56-27fae4577d7d admin admin] Calling method '>' {{(pid=93211) _process_stack /opt/stack/nova/nova/api/openstack/wsgi.py:513}}
Jul 27 21:18:30.497597 n-d-738240-5 devstack@n-api.service[93211]: /usr/local/lib/python3.8/dist-packages/oslo_policy/policy.py:1064: UserWarning: Policy os_compute_api:os-services:list failed scope check. The token used to make the request was project scoped but the policy requires ['system'] scope. This behavior may change in the future where using the intended scope is required
Jul 27 21:18:30.497597 n-d-738240-5 devstack@n-api.service[93211]: warnings.warn(msg)
Jul 27 21:18:30.499747 n-d-738240-5 devstack@n-api.service[93211]: DEBUG oslo_concurrency.lockutils [None req-4061bce8-d136-4c9d-8a56-27fae4577d7d admin admin] Lock "00000000-0000-0000-0000-000000000000" acquired by "nova.context.set_target_cell..get_or_set_cached_cell_and_set_connections" :: waited 0.000s {{(pid=93211) inner /usr/local/lib/python3.8/dist-packages/oslo_concurrency/lockutils.py:355}}
Jul 27 21:18:30.500246 n-d-738240-5 devstack@n-api.service[93211]: DEBUG oslo_concurrency.lockutils [None req-4061bce8-d136-4c9d-8a56-27fae4577d7d admin admin] Lock "00000000-0000-0000-0000-000000000000" released by "nova.context.set_target_cell..get_or_set_cached_cell_and_set_connections" :: held 0.000s {{(pid=93211) inner /usr/local/lib/python3.8/dist-packages/oslo_concurrency/lockutils.py:367}}
Jul 27 21:18:30.501037 n-d-738240-5 devstack@n-api.service[93211]: DEBUG oslo_concurrency.lockutils [None req-4061bce8-d136-4c9d-8a56-27fae4577d7d admin admin] Lock "9ac6b66e-e4b6-49c4-b07a-c9781b0519da" acquired by "nova.context.set_target_cell..get_or_set_cached_cell_and_set_connections" :: waited 0.000s {{(pid=93211) inner /usr/local/lib/python3.8/dist-packages/oslo_concurrency/lockutils.py:355}}
Jul 27 21:18:30.501539 n-d-738240-5 devstack@n-api.service[93211]: DEBUG oslo_concurrency.lockutils [None req-4061bce8-d136-4c9d-8a56-27fae4577d7d admin admin] Lock "9ac6b66e-e4b6-49c4-b07a-c9781b0519da" released by "nova.context.set_target_cell..get_or_set_cached_cell_and_set_connections" :: held 0.000s {{(pid=93211) inner /usr/local/lib/python3.8/dist-packages/oslo_concurrency/lockutils.py:367}}
Jul 27 21:18:30.524215 n-d-738240-5 devstack@n-api.service[93211]: INFO nova.api.openstack.requestlog [None req-4061bce8-d136-4c9d-8a56-27fae4577d7d admin admin] 10.222.0.73 "GET /compute/v2.1/os-services" status: 200 len: 1239 microversion: 2.88 time: 0.085620
Jul 27 21:18:30.524786 n-d-738240-5 devstack@n-api.service[93211]: [pid: 93211|app: 0|req: 37/73] 10.222.0.73 () {60 vars in 1194 bytes} [Tue Jul 27 21:18:30 2021] GET /compute/v2.1/os-services => generated 1239 bytes in 87 msecs (HTTP/1.1 200) 9 headers in 360 bytes (1 switches on core 0)
Jul 27 21:19:15.294102 n-d-738240-5 systemd[1]: Stopping Devstack devstack@n-api.service...
Jul 27 21:19:15.295201 n-d-738240-5 devstack@n-api.service[93209]: Tue Jul 27 21:19:15 2021 - graceful shutdown triggered...
Jul 27 21:19:15.295751 n-d-738240-5 devstack@n-api.service[93210]: Gracefully killing worker 1 (pid: 93210)...
Jul 27 21:19:15.296128 n-d-738240-5 devstack@n-api.service[93211]: Gracefully killing worker 2 (pid: 93211)...
Jul 27 21:19:16.296446 n-d-738240-5 devstack@n-api.service[93209]: worker 1 buried after 1 seconds
Jul 27 21:19:16.296446 n-d-738240-5 devstack@n-api.service[93209]: worker 2 buried after 1 seconds
Jul 27 21:19:16.296446 n-d-738240-5 devstack@n-api.service[93209]: goodbye to uWSGI.
Jul 27 21:19:16.298594 n-d-738240-5 systemd[1]: devstack@n-api.service: Succeeded.
Jul 27 21:19:16.299690 n-d-738240-5 systemd[1]: Stopped Devstack devstack@n-api.service.
Jul 27 21:19:16.304020 n-d-738240-5 systemd[1]: Starting Devstack devstack@n-api.service...
Jul 27 21:19:16.345690 n-d-738240-5 devstack@n-api.service[108946]: [uWSGI] getting INI configuration from /etc/nova/nova-api-uwsgi.ini
Jul 27 21:19:16.359961 n-d-738240-5 devstack@n-api.service[108946]: *** Starting uWSGI 2.0.18-debian (64bit) on [Tue Jul 27 21:19:16 2021] ***
Jul 27 21:19:16.359961 n-d-738240-5 devstack@n-api.service[108946]: compiled with version: 10.0.1 20200405 (experimental) [master revision 0be9efad938:fcb98e4978a:705510a708d3642c9c962beb663c476167e4e8a4] on 11 April 2020 11:15:55
Jul 27 21:19:16.359961 n-d-738240-5 devstack@n-api.service[108946]: os: Linux-5.4.0-72-generic #80-Ubuntu SMP Mon Apr 12 17:35:00 UTC 2021
Jul 27 21:19:16.359961 n-d-738240-5 devstack@n-api.service[108946]: nodename: n-d-738240-5
Jul 27 21:19:16.359961 n-d-738240-5 devstack@n-api.service[108946]: machine: x86_64
