Jul 27 21:37:32.337371 n-d-738240-5 cinder-volume[102236]: DEBUG cinder.volume.manager [None req-f7b2342e-887d-4e08-8a7a-828660dd85f8 tempest-VolumesSnapshotListTestJSON-822332575 None] Task 'cinder.volume.flows.manager.create_volume.ExtractVolumeSpecTask;volume:create' (56235fd8-5c1e-48c7-9b8e-1dacb5541ff9) transitioned into state 'RUNNING' from state 'PENDING' {{(pid=102236) _task_receiver /usr/local/lib/python3.8/dist-packages/taskflow/listeners/logging.py:190}}
Jul 27 21:37:32.340146 n-d-738240-5 cinder-volume[102236]: DEBUG cinder.volume.manager [None req-f7b2342e-887d-4e08-8a7a-828660dd85f8 tempest-VolumesSnapshotListTestJSON-822332575 None] Task 'cinder.volume.flows.manager.create_volume.ExtractVolumeSpecTask;volume:create' (56235fd8-5c1e-48c7-9b8e-1dacb5541ff9) transitioned into state 'SUCCESS' from state 'RUNNING' with result '{'status': 'creating', 'type': 'raw', 'volume_id': '26c1f299-edd0-4f2c-948d-7c06131960d7', 'volume_name': 'volume-26c1f299-edd0-4f2c-948d-7c06131960d7', 'volume_size': 1}' {{(pid=102236) _task_receiver /usr/local/lib/python3.8/dist-packages/taskflow/listeners/logging.py:178}}
Jul 27 21:37:32.347328 n-d-738240-5 cinder-volume[102236]: DEBUG cinder.volume.manager [None req-f7b2342e-887d-4e08-8a7a-828660dd85f8 tempest-VolumesSnapshotListTestJSON-822332575 None] Task 'cinder.volume.flows.manager.create_volume.NotifyVolumeActionTask;volume:create, create.start' (213f1cec-8b4e-45c6-86ca-65ebe70eb902) transitioned into state 'RUNNING' from state 'PENDING' {{(pid=102236) _task_receiver /usr/local/lib/python3.8/dist-packages/taskflow/listeners/logging.py:190}}
Jul 27 21:37:32.349496 n-d-738240-5 cinder-volume[102236]: DEBUG cinder.volume.manager [None req-f7b2342e-887d-4e08-8a7a-828660dd85f8 tempest-VolumesSnapshotListTestJSON-822332575 None] Task 'cinder.volume.flows.manager.create_volume.NotifyVolumeActionTask;volume:create, create.start' (213f1cec-8b4e-45c6-86ca-65ebe70eb902) transitioned into state 'SUCCESS' from state 'RUNNING' with result 'None' {{(pid=102236) _task_receiver /usr/local/lib/python3.8/dist-packages/taskflow/listeners/logging.py:178}}
Jul 27 21:37:32.355666 n-d-738240-5 cinder-volume[102236]: DEBUG cinder.volume.manager [None req-f7b2342e-887d-4e08-8a7a-828660dd85f8 tempest-VolumesSnapshotListTestJSON-822332575 None] Task 'cinder.volume.flows.manager.create_volume.CreateVolumeFromSpecTask;volume:create' (5c680c02-33af-4c71-8f12-506944b6cf92) transitioned into state 'RUNNING' from state 'PENDING' {{(pid=102236) _task_receiver /usr/local/lib/python3.8/dist-packages/taskflow/listeners/logging.py:190}}
Jul 27 21:37:32.356724 n-d-738240-5 cinder-volume[102236]: INFO cinder.volume.flows.manager.create_volume [None req-f7b2342e-887d-4e08-8a7a-828660dd85f8 tempest-VolumesSnapshotListTestJSON-822332575 None] Volume 26c1f299-edd0-4f2c-948d-7c06131960d7: being created as raw with specification: {'status': 'creating', 'volume_name': 'volume-26c1f299-edd0-4f2c-948d-7c06131960d7', 'volume_size': 1}
Jul 27 21:37:32.362913 n-d-738240-5 cinder-volume[102236]: DEBUG oslo_concurrency.processutils [None req-f7b2342e-887d-4e08-8a7a-828660dd85f8 tempest-VolumesSnapshotListTestJSON-822332575 None] Running cmd (subprocess): sudo cinder-rootwrap /etc/cinder/rootwrap.conf env LC_ALL=C lvcreate -n volume-26c1f299-edd0-4f2c-948d-7c06131960d7 stack-volumes-lvmdriver-1 -L 1g {{(pid=102236) execute /usr/local/lib/python3.8/dist-packages/oslo_concurrency/processutils.py:384}}
Jul 27 21:37:32.409850 n-d-738240-5 sudo[133645]: ubuntu : TTY=unknown ; PWD=/ ; USER=root ; COMMAND=/usr/local/bin/cinder-rootwrap /etc/cinder/rootwrap.conf env LC_ALL=C lvcreate -n volume-26c1f299-edd0-4f2c-948d-7c06131960d7 stack-volumes-lvmdriver-1 -L 1g
Jul 27 21:37:32.410795 n-d-738240-5 sudo[133645]: pam_unix(sudo:session): session opened for user root by (uid=0)
Jul 27 21:37:33.316696 n-d-738240-5 sudo[133645]: pam_unix(sudo:session): session closed for user root
Jul 27 21:37:33.319391 n-d-738240-5 cinder-volume[102236]: DEBUG oslo_concurrency.processutils [None req-f7b2342e-887d-4e08-8a7a-828660dd85f8 tempest-VolumesSnapshotListTestJSON-822332575 None] CMD "sudo cinder-rootwrap /etc/cinder/rootwrap.conf env LC_ALL=C lvcreate -n volume-26c1f299-edd0-4f2c-948d-7c06131960d7 stack-volumes-lvmdriver-1 -L 1g" returned: 0 in 0.956s {{(pid=102236) execute /usr/local/lib/python3.8/dist-packages/oslo_concurrency/processutils.py:422}}
Jul 27 21:37:33.325497 n-d-738240-5 cinder-volume[102236]: DEBUG cinder.volume.manager [None req-f7b2342e-887d-4e08-8a7a-828660dd85f8 tempest-VolumesSnapshotListTestJSON-822332575 None] Task 'cinder.volume.flows.manager.create_volume.CreateVolumeFromSpecTask;volume:create' (5c680c02-33af-4c71-8f12-506944b6cf92) transitioned into state 'SUCCESS' from state 'RUNNING' with result '{'status': 'creating', 'volume_name': 'volume-26c1f299-edd0-4f2c-948d-7c06131960d7', 'volume_size': 1}' {{(pid=102236) _task_receiver /usr/local/lib/python3.8/dist-packages/taskflow/listeners/logging.py:178}}
Jul 27 21:37:33.331600 n-d-738240-5 cinder-volume[102236]: DEBUG cinder.volume.manager [None req-f7b2342e-887d-4e08-8a7a-828660dd85f8 tempest-VolumesSnapshotListTestJSON-822332575 None] Task 'cinder.volume.flows.manager.create_volume.CreateVolumeOnFinishTask;volume:create, create.end' (bcc62899-e5fc-4d1f-b9ba-32754198f9cf) transitioned into state 'RUNNING' from state 'PENDING' {{(pid=102236) _task_receiver /usr/local/lib/python3.8/dist-packages/taskflow/listeners/logging.py:190}}
Jul 27 21:37:33.344953 n-d-738240-5 cinder-volume[102236]: INFO cinder.volume.flows.manager.create_volume [None req-f7b2342e-887d-4e08-8a7a-828660dd85f8 tempest-VolumesSnapshotListTestJSON-822332575 None] Volume volume-26c1f299-edd0-4f2c-948d-7c06131960d7 (26c1f299-edd0-4f2c-948d-7c06131960d7): created successfully
Jul 27 21:37:33.349283 n-d-738240-5 cinder-volume[102236]: DEBUG cinder.volume.manager [None req-f7b2342e-887d-4e08-8a7a-828660dd85f8 tempest-VolumesSnapshotListTestJSON-822332575 None] Task 'cinder.volume.flows.manager.create_volume.CreateVolumeOnFinishTask;volume:create, create.end' (bcc62899-e5fc-4d1f-b9ba-32754198f9cf) transitioned into state 'SUCCESS' from state 'RUNNING' with result 'None' {{(pid=102236) _task_receiver /usr/local/lib/python3.8/dist-packages/taskflow/listeners/logging.py:178}}
Jul 27 21:37:33.356843 n-d-738240-5 cinder-volume[102236]: DEBUG cinder.volume.manager [None req-f7b2342e-887d-4e08-8a7a-828660dd85f8 tempest-VolumesSnapshotListTestJSON-822332575 None] Flow 'volume_create_manager' (4c2b7fd8-3413-43ee-bfc3-2970faeae9f3) transitioned into state 'SUCCESS' from state 'RUNNING' {{(pid=102236) _flow_receiver /usr/local/lib/python3.8/dist-packages/taskflow/listeners/logging.py:141}}
Jul 27 21:37:33.369747 n-d-738240-5 cinder-volume[102236]: INFO cinder.volume.manager [None req-f7b2342e-887d-4e08-8a7a-828660dd85f8 tempest-VolumesSnapshotListTestJSON-822332575 None] Created volume successfully.
Jul 27 21:37:34.842757 n-d-738240-5 cinder-volume[102236]: DEBUG oslo_concurrency.processutils [None req-287445da-00fa-4b57-9c76-73ff1b0498e3 tempest-VolumesSnapshotListTestJSON-822332575 None] Running cmd (subprocess): sudo cinder-rootwrap /etc/cinder/rootwrap.conf env LC_ALL=C lvs --noheadings --unit=g -o vg_name,name,size --nosuffix --readonly stack-volumes-lvmdriver-1/volume-26c1f299-edd0-4f2c-948d-7c06131960d7 {{(pid=102236) execute /usr/local/lib/python3.8/dist-packages/oslo_concurrency/processutils.py:384}}
Jul 27 21:37:34.894001 n-d-738240-5 sudo[133694]: ubuntu : TTY=unknown ; PWD=/ ; USER=root ; COMMAND=/usr/local/bin/cinder-rootwrap /etc/cinder/rootwrap.conf env LC_ALL=C lvs --noheadings --unit=g -o vg_name,name,size --nosuffix --readonly stack-volumes-lvmdriver-1/volume-26c1f299-edd0-4f2c-948d-7c06131960d7
Jul 27 21:37:34.894939 n-d-738240-5 sudo[133694]: pam_unix(sudo:session): session opened for user root by (uid=0)
Jul 27 21:37:35.846478 n-d-738240-5 sudo[133694]: pam_unix(sudo:session): session closed for user root
Jul 27 21:37:35.848937 n-d-738240-5 cinder-volume[102236]: DEBUG oslo_concurrency.processutils [None req-287445da-00fa-4b57-9c76-73ff1b0498e3 tempest-VolumesSnapshotListTestJSON-822332575 None] CMD "sudo cinder-rootwrap /etc/cinder/rootwrap.conf env LC_ALL=C lvs --noheadings --unit=g -o vg_name,name,size --nosuffix --readonly stack-volumes-lvmdriver-1/volume-26c1f299-edd0-4f2c-948d-7c06131960d7" returned: 0 in 1.006s {{(pid=102236) execute /usr/local/lib/python3.8/dist-packages/oslo_concurrency/processutils.py:422}}
Jul 27 21:37:35.850653 n-d-738240-5 cinder-volume[102236]: DEBUG oslo_concurrency.processutils [None req-287445da-00fa-4b57-9c76-73ff1b0498e3 tempest-VolumesSnapshotListTestJSON-822332575 None] Running cmd (subprocess): sudo cinder-rootwrap /etc/cinder/rootwrap.conf env LC_ALL=C lvcreate --name _snapshot-e53166f2-914f-447d-b784-dbb332b811c2 --snapshot stack-volumes-lvmdriver-1/volume-26c1f299-edd0-4f2c-948d-7c06131960d7 -L 1.00g {{(pid=102236) execute /usr/local/lib/python3.8/dist-packages/oslo_concurrency/processutils.py:384}}
Jul 27 21:37:35.885587 n-d-738240-5 sudo[133743]: ubuntu : TTY=unknown ; PWD=/ ; USER=root ; COMMAND=/usr/local/bin/cinder-rootwrap /etc/cinder/rootwrap.conf env LC_ALL=C lvcreate --name _snapshot-e53166f2-914f-447d-b784-dbb332b811c2 --snapshot stack-volumes-lvmdriver-1/volume-26c1f299-edd0-4f2c-948d-7c06131960d7 -L 1.00g
Jul 27 21:37:35.887319 n-d-738240-5 sudo[133743]: pam_unix(sudo:session): session opened for user root by (uid=0)
Jul 27 21:37:37.014192 n-d-738240-5 sudo[133743]: pam_unix(sudo:session): session closed for user root
Jul 27 21:37:37.017106 n-d-738240-5 cinder-volume[102236]: DEBUG oslo_concurrency.processutils [None req-287445da-00fa-4b57-9c76-73ff1b0498e3 tempest-VolumesSnapshotListTestJSON-822332575 None] CMD "sudo cinder-rootwrap /etc/cinder/rootwrap.conf env LC_ALL=C lvcreate --name _snapshot-e53166f2-914f-447d-b784-dbb332b811c2 --snapshot stack-volumes-lvmdriver-1/volume-26c1f299-edd0-4f2c-948d-7c06131960d7 -L 1.00g" returned: 0 in 1.166s {{(pid=102236) execute /usr/local/lib/python3.8/dist-packages/oslo_concurrency/processutils.py:422}}
Jul 27 21:37:37.055611 n-d-738240-5 cinder-volume[102236]: INFO cinder.volume.manager [None req-287445da-00fa-4b57-9c76-73ff1b0498e3 tempest-VolumesSnapshotListTestJSON-822332575 None] Create snapshot completed successfully
Jul 27 21:37:38.315767 n-d-738240-5 cinder-volume[102236]: DEBUG oslo_concurrency.processutils [None req-828b7a8e-6553-489e-a7f8-3620624ea9dc tempest-VolumesSnapshotListTestJSON-822332575 None] Running cmd (subprocess): sudo cinder-rootwrap /etc/cinder/rootwrap.conf env LC_ALL=C lvs --noheadings --unit=g -o vg_name,name,size --nosuffix --readonly stack-volumes-lvmdriver-1/volume-26c1f299-edd0-4f2c-948d-7c06131960d7 {{(pid=102236) execute /usr/local/lib/python3.8/dist-packages/oslo_concurrency/processutils.py:384}}
Jul 27 21:37:38.358774 n-d-738240-5 sudo[133946]: ubuntu : TTY=unknown ; PWD=/ ; USER=root ; COMMAND=/usr/local/bin/cinder-rootwrap /etc/cinder/rootwrap.conf env LC_ALL=C lvs --noheadings --unit=g -o vg_name,name,size --nosuffix --readonly stack-volumes-lvmdriver-1/volume-26c1f299-edd0-4f2c-948d-7c06131960d7
Jul 27 21:37:38.360265 n-d-738240-5 sudo[133946]: pam_unix(sudo:session): session opened for user root by (uid=0)
Jul 27 21:37:39.265390 n-d-738240-5 sudo[133946]: pam_unix(sudo:session): session closed for user root
Jul 27 21:37:39.268153 n-d-738240-5 cinder-volume[102236]: DEBUG oslo_concurrency.processutils [None req-828b7a8e-6553-489e-a7f8-3620624ea9dc tempest-VolumesSnapshotListTestJSON-822332575 None] CMD "sudo cinder-rootwrap /etc/cinder/rootwrap.conf env LC_ALL=C lvs --noheadings --unit=g -o vg_name,name,size --nosuffix --readonly stack-volumes-lvmdriver-1/volume-26c1f299-edd0-4f2c-948d-7c06131960d7" returned: 0 in 0.952s {{(pid=102236) execute /usr/local/lib/python3.8/dist-packages/oslo_concurrency/processutils.py:422}}
Jul 27 21:37:39.271362 n-d-738240-5 cinder-volume[102236]: DEBUG oslo_concurrency.processutils [None req-828b7a8e-6553-489e-a7f8-3620624ea9dc tempest-VolumesSnapshotListTestJSON-822332575 None] Running cmd (subprocess): sudo cinder-rootwrap /etc/cinder/rootwrap.conf env LC_ALL=C lvcreate --name _snapshot-c489b090-8a94-4e2a-989e-a20f0f4a99a4 --snapshot stack-volumes-lvmdriver-1/volume-26c1f299-edd0-4f2c-948d-7c06131960d7 -L 1.00g {{(pid=102236) execute /usr/local/lib/python3.8/dist-packages/oslo_concurrency/processutils.py:384}}
Jul 27 21:37:39.319491 n-d-738240-5 sudo[133982]: ubuntu : TTY=unknown ; PWD=/ ; USER=root ; COMMAND=/usr/local/bin/cinder-rootwrap /etc/cinder/rootwrap.conf env LC_ALL=C lvcreate --name _snapshot-c489b090-8a94-4e2a-989e-a20f0f4a99a4 --snapshot stack-volumes-lvmdriver-1/volume-26c1f299-edd0-4f2c-948d-7c06131960d7 -L 1.00g
Jul 27 21:37:39.321105 n-d-738240-5 sudo[133982]: pam_unix(sudo:session): session opened for user root by (uid=0)
Jul 27 21:37:40.399564 n-d-738240-5 sudo[133982]: pam_unix(sudo:session): session closed for user root
Jul 27 21:37:40.403227 n-d-738240-5 cinder-volume[102236]: DEBUG oslo_concurrency.processutils [None req-828b7a8e-6553-489e-a7f8-3620624ea9dc tempest-VolumesSnapshotListTestJSON-822332575 None] CMD "sudo cinder-rootwrap /etc/cinder/rootwrap.conf env LC_ALL=C lvcreate --name _snapshot-c489b090-8a94-4e2a-989e-a20f0f4a99a4 --snapshot stack-volumes-lvmdriver-1/volume-26c1f299-edd0-4f2c-948d-7c06131960d7 -L 1.00g" returned: 0 in 1.131s {{(pid=102236) execute /usr/local/lib/python3.8/dist-packages/oslo_concurrency/processutils.py:422}}
Jul 27 21:37:40.445245 n-d-738240-5 cinder-volume[102236]: INFO cinder.volume.manager [None req-828b7a8e-6553-489e-a7f8-3620624ea9dc tempest-VolumesSnapshotListTestJSON-822332575 None] Create snapshot completed successfully
Jul 27 21:37:41.856574 n-d-738240-5 cinder-volume[102236]: DEBUG oslo_concurrency.processutils [None req-cfac16d2-62d4-4e67-ad12-3f3a18b1ca37 tempest-VolumesSnapshotListTestJSON-822332575 None] Running cmd (subprocess): sudo cinder-rootwrap /etc/cinder/rootwrap.conf env LC_ALL=C lvs --noheadings --unit=g -o vg_name,name,size --nosuffix --readonly stack-volumes-lvmdriver-1/volume-26c1f299-edd0-4f2c-948d-7c06131960d7 {{(pid=102236) execute /usr/local/lib/python3.8/dist-packages/oslo_concurrency/processutils.py:384}}
Jul 27 21:37:41.880892 n-d-738240-5 sudo[134122]: ubuntu : TTY=unknown ; PWD=/ ; USER=root ; COMMAND=/usr/local/bin/cinder-rootwrap /etc/cinder/rootwrap.conf env LC_ALL=C lvs --noheadings --unit=g -o vg_name,name,size --nosuffix --readonly stack-volumes-lvmdriver-1/volume-26c1f299-edd0-4f2c-948d-7c06131960d7
Jul 27 21:37:41.881691 n-d-738240-5 sudo[134122]: pam_unix(sudo:session): session opened for user root by (uid=0)
Jul 27 21:37:42.553052 n-d-738240-5 sudo[134122]: pam_unix(sudo:session): session closed for user root
Jul 27 21:37:42.557097 n-d-738240-5 cinder-volume[102236]: DEBUG oslo_concurrency.processutils [None req-cfac16d2-62d4-4e67-ad12-3f3a18b1ca37 tempest-VolumesSnapshotListTestJSON-822332575 None] CMD "sudo cinder-rootwrap /etc/cinder/rootwrap.conf env LC_ALL=C lvs --noheadings --unit=g -o vg_name,name,size --nosuffix --readonly stack-volumes-lvmdriver-1/volume-26c1f299-edd0-4f2c-948d-7c06131960d7" returned: 0 in 0.700s {{(pid=102236) execute /usr/local/lib/python3.8/dist-packages/oslo_concurrency/processutils.py:422}}
Jul 27 21:37:42.561632 n-d-738240-5 cinder-volume[102236]: DEBUG oslo_concurrency.processutils [None req-cfac16d2-62d4-4e67-ad12-3f3a18b1ca37 tempest-VolumesSnapshotListTestJSON-822332575 None] Running cmd (subprocess): sudo cinder-rootwrap /etc/cinder/rootwrap.conf env LC_ALL=C lvcreate --name _snapshot-26988082-eac1-425b-8656-65a282319f2d --snapshot stack-volumes-lvmdriver-1/volume-26c1f299-edd0-4f2c-948d-7c06131960d7 -L 1.00g {{(pid=102236) execute /usr/local/lib/python3.8/dist-packages/oslo_concurrency/processutils.py:384}}
Jul 27 21:37:42.599290 n-d-738240-5 sudo[134144]: ubuntu : TTY=unknown ; PWD=/ ; USER=root ; COMMAND=/usr/local/bin/cinder-rootwrap /etc/cinder/rootwrap.conf env LC_ALL=C lvcreate --name _snapshot-26988082-eac1-425b-8656-65a282319f2d --snapshot stack-volumes-lvmdriver-1/volume-26c1f299-edd0-4f2c-948d-7c06131960d7 -L 1.00g
Jul 27 21:37:42.601805 n-d-738240-5 sudo[134144]: pam_unix(sudo:session): session opened for user root by (uid=0)
Jul 27 21:37:43.651800 n-d-738240-5 sudo[134144]: pam_unix(sudo:session): session closed for user root
Jul 27 21:37:43.654258 n-d-738240-5 cinder-volume[102236]: DEBUG oslo_concurrency.processutils [None req-cfac16d2-62d4-4e67-ad12-3f3a18b1ca37 tempest-VolumesSnapshotListTestJSON-822332575 None] CMD "sudo cinder-rootwrap /etc/cinder/rootwrap.conf env LC_ALL=C lvcreate --name _snapshot-26988082-eac1-425b-8656-65a282319f2d --snapshot stack-volumes-lvmdriver-1/volume-26c1f299-edd0-4f2c-948d-7c06131960d7 -L 1.00g" returned: 0 in 1.092s {{(pid=102236) execute /usr/local/lib/python3.8/dist-packages/oslo_concurrency/processutils.py:422}}
Jul 27 21:37:43.691799 n-d-738240-5 cinder-volume[102236]: INFO cinder.volume.manager [None req-cfac16d2-62d4-4e67-ad12-3f3a18b1ca37 tempest-VolumesSnapshotListTestJSON-822332575 None] Create snapshot completed successfully
Jul 27 21:37:44.944902 n-d-738240-5 cinder-volume[102236]: DEBUG cinder.coordination [None req-555074a5-3e10-4634-b1fd-1bb97de86f42 tempest-VolumesSnapshotListTestJSON-822332575 None] Lock "b'cinder-26988082-eac1-425b-8656-65a282319f2d-delete_snapshot'" acquired by "delete_snapshot" :: waited 0.016s {{(pid=102236) _synchronized /opt/stack/cinder/cinder/coordination.py:146}}
Jul 27 21:37:44.956244 n-d-738240-5 cinder-volume[102236]: DEBUG oslo_concurrency.processutils [None req-555074a5-3e10-4634-b1fd-1bb97de86f42 tempest-VolumesSnapshotListTestJSON-822332575 None] Running cmd (subprocess): sudo cinder-rootwrap /etc/cinder/rootwrap.conf env LC_ALL=C lvs --noheadings --unit=g -o vg_name,name,size --nosuffix --readonly stack-volumes-lvmdriver-1/_snapshot-26988082-eac1-425b-8656-65a282319f2d {{(pid=102236) execute /usr/local/lib/python3.8/dist-packages/oslo_concurrency/processutils.py:384}}
Jul 27 21:37:44.996383 n-d-738240-5 sudo[134309]: ubuntu : TTY=unknown ; PWD=/ ; USER=root ; COMMAND=/usr/local/bin/cinder-rootwrap /etc/cinder/rootwrap.conf env LC_ALL=C lvs --noheadings --unit=g -o vg_name,name,size --nosuffix --readonly stack-volumes-lvmdriver-1/_snapshot-26988082-eac1-425b-8656-65a282319f2d
Jul 27 21:37:44.997199 n-d-738240-5 sudo[134309]: pam_unix(sudo:session): session opened for user root by (uid=0)
Jul 27 21:37:46.175299 n-d-738240-5 sudo[134309]: pam_unix(sudo:session): session closed for user root
Jul 27 21:37:46.178267 n-d-738240-5 cinder-volume[102236]: DEBUG oslo_concurrency.processutils [None req-555074a5-3e10-4634-b1fd-1bb97de86f42 tempest-VolumesSnapshotListTestJSON-822332575 None] CMD "sudo cinder-rootwrap /etc/cinder/rootwrap.conf env LC_ALL=C lvs --noheadings --unit=g -o vg_name,name,size --nosuffix --readonly stack-volumes-lvmdriver-1/_snapshot-26988082-eac1-425b-8656-65a282319f2d" returned: 0 in 1.221s {{(pid=102236) execute /usr/local/lib/python3.8/dist-packages/oslo_concurrency/processutils.py:422}}
Jul 27 21:37:46.181398 n-d-738240-5 cinder-volume[102236]: DEBUG oslo_concurrency.processutils [None req-555074a5-3e10-4634-b1fd-1bb97de86f42 tempest-VolumesSnapshotListTestJSON-822332575 None] Running cmd (subprocess): sudo cinder-rootwrap /etc/cinder/rootwrap.conf lvremove --config activation { retry_deactivation = 1} -f stack-volumes-lvmdriver-1/_snapshot-26988082-eac1-425b-8656-65a282319f2d {{(pid=102236) execute /usr/local/lib/python3.8/dist-packages/oslo_concurrency/processutils.py:384}}
Jul 27 21:37:46.229994 n-d-738240-5 sudo[134378]: ubuntu : TTY=unknown ; PWD=/ ; USER=root ; COMMAND=/usr/local/bin/cinder-rootwrap /etc/cinder/rootwrap.conf lvremove --config activation { retry_deactivation = 1} -f stack-volumes-lvmdriver-1/_snapshot-26988082-eac1-425b-8656-65a282319f2d
Jul 27 21:37:46.231460 n-d-738240-5 sudo[134378]: pam_unix(sudo:session): session opened for user root by (uid=0)
Jul 27 21:37:47.879833 n-d-738240-5 sudo[134378]: pam_unix(sudo:session): session closed for user root
Jul 27 21:37:47.882093 n-d-738240-5 cinder-volume[102236]: DEBUG oslo_concurrency.processutils [None req-555074a5-3e10-4634-b1fd-1bb97de86f42 tempest-VolumesSnapshotListTestJSON-822332575 None] CMD "sudo cinder-rootwrap /etc/cinder/rootwrap.conf lvremove --config activation { retry_deactivation = 1} -f stack-volumes-lvmdriver-1/_snapshot-26988082-eac1-425b-8656-65a282319f2d" returned: 0 in 1.700s {{(pid=102236) execute /usr/local/lib/python3.8/dist-packages/oslo_concurrency/processutils.py:422}}
Jul 27 21:37:47.965761 n-d-738240-5 cinder-volume[102236]: WARNING cinder.quota [None req-555074a5-3e10-4634-b1fd-1bb97de86f42 tempest-VolumesSnapshotListTestJSON-822332575 None] Deprecated: Default quota for resource: snapshots_lvmdriver-1 is set by the default quota flag: quota_snapshots_lvmdriver-1, it is now deprecated. Please use the default quota class for default quota.
Jul 27 21:37:48.014790 n-d-738240-5 cinder-volume[102236]: DEBUG cinder.quota [None req-555074a5-3e10-4634-b1fd-1bb97de86f42 tempest-VolumesSnapshotListTestJSON-822332575 None] Created reservations ['8a62354c-ec29-4d24-a66e-06b3658df460', 'bb468036-a053-4c47-98a3-1aa87edd468f', 'b3a8e2be-538e-487b-ba66-569c1de3335b', 'd3dd2d92-edd6-4ce1-9c37-02ddf2cbb1a2'] {{(pid=102236) reserve /opt/stack/cinder/cinder/quota.py:755}}
Jul 27 21:37:48.151649 n-d-738240-5 cinder-volume[102236]: INFO cinder.volume.manager [None req-555074a5-3e10-4634-b1fd-1bb97de86f42 tempest-VolumesSnapshotListTestJSON-822332575 None] Delete snapshot completed successfully.
Jul 27 21:37:48.168287 n-d-738240-5 cinder-volume[102236]: DEBUG cinder.coordination [None req-555074a5-3e10-4634-b1fd-1bb97de86f42 tempest-VolumesSnapshotListTestJSON-822332575 None] Lock "b'cinder-26988082-eac1-425b-8656-65a282319f2d-delete_snapshot'" released by "delete_snapshot" :: held 3.224s {{(pid=102236) _synchronized /opt/stack/cinder/cinder/coordination.py:158}}
Jul 27 21:37:48.343301 n-d-738240-5 cinder-volume[102236]: DEBUG cinder.coordination [None req-253fb374-6369-4674-8add-cd68cd924cce tempest-VolumesSnapshotListTestJSON-822332575 None] Lock "b'cinder-c489b090-8a94-4e2a-989e-a20f0f4a99a4-delete_snapshot'" acquired by "delete_snapshot" :: waited 0.036s {{(pid=102236) _synchronized /opt/stack/cinder/cinder/coordination.py:146}}
Jul 27 21:37:48.358612 n-d-738240-5 cinder-volume[102236]: DEBUG oslo_concurrency.processutils [None req-253fb374-6369-4674-8add-cd68cd924cce tempest-VolumesSnapshotListTestJSON-822332575 None] Running cmd (subprocess): sudo cinder-rootwrap /etc/cinder/rootwrap.conf env LC_ALL=C lvs --noheadings --unit=g -o vg_name,name,size --nosuffix --readonly stack-volumes-lvmdriver-1/_snapshot-c489b090-8a94-4e2a-989e-a20f0f4a99a4 {{(pid=102236) execute /usr/local/lib/python3.8/dist-packages/oslo_concurrency/processutils.py:384}}
Jul 27 21:37:48.399663 n-d-738240-5 sudo[134533]: ubuntu : TTY=unknown ; PWD=/ ; USER=root ; COMMAND=/usr/local/bin/cinder-rootwrap /etc/cinder/rootwrap.conf env LC_ALL=C lvs --noheadings --unit=g -o vg_name,name,size --nosuffix --readonly stack-volumes-lvmdriver-1/_snapshot-c489b090-8a94-4e2a-989e-a20f0f4a99a4
Jul 27 21:37:48.400752 n-d-738240-5 sudo[134533]: pam_unix(sudo:session): session opened for user root by (uid=0)
Jul 27 21:37:49.182592 n-d-738240-5 sudo[134533]: pam_unix(sudo:session): session closed for user root
Jul 27 21:37:49.184845 n-d-738240-5 cinder-volume[102236]: DEBUG oslo_concurrency.processutils [None req-253fb374-6369-4674-8add-cd68cd924cce tempest-VolumesSnapshotListTestJSON-822332575 None] CMD "sudo cinder-rootwrap /etc/cinder/rootwrap.conf env LC_ALL=C lvs --noheadings --unit=g -o vg_name,name,size --nosuffix --readonly stack-volumes-lvmdriver-1/_snapshot-c489b090-8a94-4e2a-989e-a20f0f4a99a4" returned: 0 in 0.839s {{(pid=102236) execute /usr/local/lib/python3.8/dist-packages/oslo_concurrency/processutils.py:422}}
Jul 27 21:37:49.187736 n-d-738240-5 cinder-volume[102236]: DEBUG oslo_concurrency.processutils [None req-253fb374-6369-4674-8add-cd68cd924cce tempest-VolumesSnapshotListTestJSON-822332575 None] Running cmd (subprocess): sudo cinder-rootwrap /etc/cinder/rootwrap.conf lvremove --config activation { retry_deactivation = 1} -f stack-volumes-lvmdriver-1/_snapshot-c489b090-8a94-4e2a-989e-a20f0f4a99a4 {{(pid=102236) execute /usr/local/lib/python3.8/dist-packages/oslo_concurrency/processutils.py:384}}
Jul 27 21:37:49.243796 n-d-738240-5 sudo[134556]: ubuntu : TTY=unknown ; PWD=/ ; USER=root ; COMMAND=/usr/local/bin/cinder-rootwrap /etc/cinder/rootwrap.conf lvremove --config activation { retry_deactivation = 1} -f stack-volumes-lvmdriver-1/_snapshot-c489b090-8a94-4e2a-989e-a20f0f4a99a4
Jul 27 21:37:49.245005 n-d-738240-5 sudo[134556]: pam_unix(sudo:session): session opened for user root by (uid=0)
Jul 27 21:37:50.367074 n-d-738240-5 sudo[134556]: pam_unix(sudo:session): session closed for user root
Jul 27 21:37:50.381915 n-d-738240-5 cinder-volume[102236]: DEBUG oslo_concurrency.processutils [None req-253fb374-6369-4674-8add-cd68cd924cce tempest-VolumesSnapshotListTestJSON-822332575 None] CMD "sudo cinder-rootwrap /etc/cinder/rootwrap.conf lvremove --config activation { retry_deactivation = 1} -f stack-volumes-lvmdriver-1/_snapshot-c489b090-8a94-4e2a-989e-a20f0f4a99a4" returned: 0 in 1.194s {{(pid=102236) execute /usr/local/lib/python3.8/dist-packages/oslo_concurrency/processutils.py:422}}
Jul 27 21:37:50.438421 n-d-738240-5 cinder-volume[102236]: DEBUG oslo_concurrency.lockutils [req-8ebab1b4-a61c-4025-b532-8d24e98a6911 req-280a8c43-954e-477c-89ab-23ae86a12c6c tempest-TaggedBootDevicesTest-2069325453 None] Lock "lioadm" acquired by "cinder.volume.targets.lio.LioAdm._execute" :: waited 0.001s {{(pid=102236) inner /usr/local/lib/python3.8/dist-packages/oslo_concurrency/lockutils.py:355}}
Jul 27 21:37:50.440635 n-d-738240-5 cinder-volume[102236]: DEBUG oslo_concurrency.processutils [req-8ebab1b4-a61c-4025-b532-8d24e98a6911 req-280a8c43-954e-477c-89ab-23ae86a12c6c tempest-TaggedBootDevicesTest-2069325453 None] Running cmd (subprocess): sudo cinder-rootwrap /etc/cinder/rootwrap.conf cinder-rtstool delete-initiator iqn.2010-10.org.openstack:volume-47092674-b3dc-4320-abf8-3b4d4a92c443 iqn.1991-05.com.microsoft:n-h1-738240-5.cbci-738240-5.local {{(pid=102236) execute /usr/local/lib/python3.8/dist-packages/oslo_concurrency/processutils.py:384}}
Jul 27 21:37:50.511745 n-d-738240-5 sudo[134649]: ubuntu : TTY=unknown ; PWD=/ ; USER=root ; COMMAND=/usr/local/bin/cinder-rootwrap /etc/cinder/rootwrap.conf cinder-rtstool delete-initiator iqn.2010-10.org.openstack:volume-47092674-b3dc-4320-abf8-3b4d4a92c443 iqn.1991-05.com.microsoft:n-h1-738240-5.cbci-738240-5.local
Jul 27 21:37:50.514778 n-d-738240-5 sudo[134649]: pam_unix(sudo:session): session opened for user root by (uid=0)
Jul 27 21:37:50.596726 n-d-738240-5 cinder-volume[102236]: DEBUG cinder.quota [None req-253fb374-6369-4674-8add-cd68cd924cce tempest-VolumesSnapshotListTestJSON-822332575 None] Created reservations ['1ad4c29d-e01b-4f85-8ecd-5530afedfd1c', 'd234410f-c5f0-4f82-b177-c6659a131d28', '2424a08d-01bd-4b0d-b748-b1aae090c6bb', 'ae6b827f-24ba-4a1e-b699-205fecd3541c'] {{(pid=102236) reserve /opt/stack/cinder/cinder/quota.py:755}}
Jul 27 21:37:50.686003 n-d-738240-5 cinder-volume[102236]: INFO cinder.volume.manager [None req-253fb374-6369-4674-8add-cd68cd924cce tempest-VolumesSnapshotListTestJSON-822332575 None] Delete snapshot completed successfully.
Jul 27 21:37:50.701706 n-d-738240-5 cinder-volume[102236]: DEBUG cinder.coordination [None req-253fb374-6369-4674-8add-cd68cd924cce tempest-VolumesSnapshotListTestJSON-822332575 None] Lock "b'cinder-c489b090-8a94-4e2a-989e-a20f0f4a99a4-delete_snapshot'" released by "delete_snapshot" :: held 2.361s {{(pid=102236) _synchronized /opt/stack/cinder/cinder/coordination.py:158}}
Jul 27 21:37:51.649628 n-d-738240-5 cinder-volume[102236]: DEBUG cinder.coordination [None req-a0287d23-90c1-46cb-a59e-1313717a381c tempest-VolumesSnapshotListTestJSON-822332575 None] Lock "b'cinder-e53166f2-914f-447d-b784-dbb332b811c2-delete_snapshot'" acquired by "delete_snapshot" :: waited 0.014s {{(pid=102236) _synchronized /opt/stack/cinder/cinder/coordination.py:146}}
Jul 27 21:37:51.667019 n-d-738240-5 cinder-volume[102236]: DEBUG oslo_concurrency.processutils [None req-a0287d23-90c1-46cb-a59e-1313717a381c tempest-VolumesSnapshotListTestJSON-822332575 None] Running cmd (subprocess): sudo cinder-rootwrap /etc/cinder/rootwrap.conf env LC_ALL=C lvs --noheadings --unit=g -o vg_name,name,size --nosuffix --readonly stack-volumes-lvmdriver-1/_snapshot-e53166f2-914f-447d-b784-dbb332b811c2 {{(pid=102236) execute /usr/local/lib/python3.8/dist-packages/oslo_concurrency/processutils.py:384}}
Jul 27 21:37:51.684343 n-d-738240-5 sudo[134649]: pam_unix(sudo:session): session closed for user root
Jul 27 21:37:51.714007 n-d-738240-5 cinder-volume[102236]: DEBUG oslo_concurrency.processutils [req-8ebab1b4-a61c-4025-b532-8d24e98a6911 req-280a8c43-954e-477c-89ab-23ae86a12c6c tempest-TaggedBootDevicesTest-2069325453 None] CMD "sudo cinder-rootwrap /etc/cinder/rootwrap.conf cinder-rtstool delete-initiator iqn.2010-10.org.openstack:volume-47092674-b3dc-4320-abf8-3b4d4a92c443 iqn.1991-05.com.microsoft:n-h1-738240-5.cbci-738240-5.local" returned: 0 in 1.273s {{(pid=102236) execute /usr/local/lib/python3.8/dist-packages/oslo_concurrency/processutils.py:422}}
Jul 27 21:37:51.717587 n-d-738240-5 cinder-volume[102236]: DEBUG oslo_concurrency.lockutils [req-8ebab1b4-a61c-4025-b532-8d24e98a6911 req-280a8c43-954e-477c-89ab-23ae86a12c6c tempest-TaggedBootDevicesTest-2069325453 None] Lock "lioadm" released by "cinder.volume.targets.lio.LioAdm._execute" :: held 1.277s {{(pid=102236) inner /usr/local/lib/python3.8/dist-packages/oslo_concurrency/lockutils.py:367}}
Jul 27 21:37:51.719991 n-d-738240-5 cinder-volume[102236]: DEBUG oslo_concurrency.lockutils [req-8ebab1b4-a61c-4025-b532-8d24e98a6911 req-280a8c43-954e-477c-89ab-23ae86a12c6c tempest-TaggedBootDevicesTest-2069325453 None] Lock "lioadm" acquired by "cinder.volume.targets.lio.LioAdm._execute" :: waited 0.001s {{(pid=102236) inner /usr/local/lib/python3.8/dist-packages/oslo_concurrency/lockutils.py:355}}
Jul 27 21:37:51.721838 n-d-738240-5 cinder-volume[102236]: DEBUG oslo_concurrency.processutils [req-8ebab1b4-a61c-4025-b532-8d24e98a6911 req-280a8c43-954e-477c-89ab-23ae86a12c6c tempest-TaggedBootDevicesTest-2069325453 None] Running cmd (subprocess): sudo cinder-rootwrap /etc/cinder/rootwrap.conf cinder-rtstool save {{(pid=102236) execute /usr/local/lib/python3.8/dist-packages/oslo_concurrency/processutils.py:384}}
Jul 27 21:37:51.740490 n-d-738240-5 sudo[134673]: ubuntu : TTY=unknown ; PWD=/ ; USER=root ; COMMAND=/usr/local/bin/cinder-rootwrap /etc/cinder/rootwrap.conf env LC_ALL=C lvs --noheadings --unit=g -o vg_name,name,size --nosuffix --readonly stack-volumes-lvmdriver-1/_snapshot-e53166f2-914f-447d-b784-dbb332b811c2
Jul 27 21:37:51.741635 n-d-738240-5 sudo[134673]: pam_unix(sudo:session): session opened for user root by (uid=0)
Jul 27 21:37:51.767010 n-d-738240-5 sudo[134674]: ubuntu : TTY=unknown ; PWD=/ ; USER=root ; COMMAND=/usr/local/bin/cinder-rootwrap /etc/cinder/rootwrap.conf cinder-rtstool save
Jul 27 21:37:51.771895 n-d-738240-5 sudo[134674]: pam_unix(sudo:session): session opened for user root by (uid=0)
Jul 27 21:37:52.637659 n-d-738240-5 sudo[134673]: pam_unix(sudo:session): session closed for user root
Jul 27 21:37:52.639806 n-d-738240-5 cinder-volume[102236]: DEBUG oslo_concurrency.processutils [None req-a0287d23-90c1-46cb-a59e-1313717a381c tempest-VolumesSnapshotListTestJSON-822332575 None] CMD "sudo cinder-rootwrap /etc/cinder/rootwrap.conf env LC_ALL=C lvs --noheadings --unit=g -o vg_name,name,size --nosuffix --readonly stack-volumes-lvmdriver-1/_snapshot-e53166f2-914f-447d-b784-dbb332b811c2" returned: 0 in 0.972s {{(pid=102236) execute /usr/local/lib/python3.8/dist-packages/oslo_concurrency/processutils.py:422}}
Jul 27 21:37:52.643747 n-d-738240-5 cinder-volume[102236]: DEBUG oslo_concurrency.processutils [None req-a0287d23-90c1-46cb-a59e-1313717a381c tempest-VolumesSnapshotListTestJSON-822332575 None] Running cmd (subprocess): sudo cinder-rootwrap /etc/cinder/rootwrap.conf lvremove --config activation { retry_deactivation = 1} -f stack-volumes-lvmdriver-1/_snapshot-e53166f2-914f-447d-b784-dbb332b811c2 {{(pid=102236) execute /usr/local/lib/python3.8/dist-packages/oslo_concurrency/processutils.py:384}}
Jul 27 21:37:52.672194 n-d-738240-5 sudo[134701]: ubuntu : TTY=unknown ; PWD=/ ; USER=root ; COMMAND=/usr/local/bin/cinder-rootwrap /etc/cinder/rootwrap.conf lvremove --config activation { retry_deactivation = 1} -f stack-volumes-lvmdriver-1/_snapshot-e53166f2-914f-447d-b784-dbb332b811c2
Jul 27 21:37:52.673232 n-d-738240-5 sudo[134701]: pam_unix(sudo:session): session opened for user root by (uid=0)
Jul 27 21:37:53.080768 n-d-738240-5 sudo[134674]: pam_unix(sudo:session): session closed for user root
Jul 27 21:37:53.084701 n-d-738240-5 cinder-volume[102236]: DEBUG oslo_concurrency.processutils [req-8ebab1b4-a61c-4025-b532-8d24e98a6911 req-280a8c43-954e-477c-89ab-23ae86a12c6c tempest-TaggedBootDevicesTest-2069325453 None] CMD "sudo cinder-rootwrap /etc/cinder/rootwrap.conf cinder-rtstool save" returned: 0 in 1.363s {{(pid=102236) execute /usr/local/lib/python3.8/dist-packages/oslo_concurrency/processutils.py:422}}
Jul 27 21:37:53.085841 n-d-738240-5 cinder-volume[102236]: DEBUG oslo_concurrency.lockutils [req-8ebab1b4-a61c-4025-b532-8d24e98a6911 req-280a8c43-954e-477c-89ab-23ae86a12c6c tempest-TaggedBootDevicesTest-2069325453 None] Lock "lioadm" released by "cinder.volume.targets.lio.LioAdm._execute" :: held 1.366s {{(pid=102236) inner /usr/local/lib/python3.8/dist-packages/oslo_concurrency/lockutils.py:367}}
Jul 27 21:37:53.087003 n-d-738240-5 cinder-volume[102236]: INFO cinder.volume.manager [req-8ebab1b4-a61c-4025-b532-8d24e98a6911 req-280a8c43-954e-477c-89ab-23ae86a12c6c tempest-TaggedBootDevicesTest-2069325453 None] Terminate volume connection completed successfully.
Jul 27 21:37:53.087851 n-d-738240-5 cinder-volume[102236]: DEBUG cinder.volume.manager [req-8ebab1b4-a61c-4025-b532-8d24e98a6911 req-280a8c43-954e-477c-89ab-23ae86a12c6c tempest-TaggedBootDevicesTest-2069325453 None] Deleting attachment ec69f657-dd92-427c-9b79-5d48fc08d051. {{(pid=102236) attachment_delete /opt/stack/cinder/cinder/volume/manager.py:4811}}
Jul 27 21:37:53.090895 n-d-738240-5 cinder-volume[102236]: DEBUG oslo_concurrency.lockutils [req-8ebab1b4-a61c-4025-b532-8d24e98a6911 req-280a8c43-954e-477c-89ab-23ae86a12c6c tempest-TaggedBootDevicesTest-2069325453 None] Lock "lioadm" acquired by "cinder.volume.targets.lio.LioAdm._execute" :: waited 0.001s {{(pid=102236) inner /usr/local/lib/python3.8/dist-packages/oslo_concurrency/lockutils.py:355}}
Jul 27 21:37:53.091903 n-d-738240-5 cinder-volume[102236]: DEBUG oslo_concurrency.processutils [req-8ebab1b4-a61c-4025-b532-8d24e98a6911 req-280a8c43-954e-477c-89ab-23ae86a12c6c tempest-TaggedBootDevicesTest-2069325453 None] Running cmd (subprocess): sudo cinder-rootwrap /etc/cinder/rootwrap.conf cinder-rtstool get-targets {{(pid=102236) execute /usr/local/lib/python3.8/dist-packages/oslo_concurrency/processutils.py:384}}
Jul 27 21:37:53.139118 n-d-738240-5 sudo[134724]: ubuntu : TTY=unknown ; PWD=/ ; USER=root ; COMMAND=/usr/local/bin/cinder-rootwrap /etc/cinder/rootwrap.conf cinder-rtstool get-targets
Jul 27 21:37:53.139919 n-d-738240-5 sudo[134724]: pam_unix(sudo:session): session opened for user root by (uid=0)
Jul 27 21:37:53.716190 n-d-738240-5 sudo[134701]: pam_unix(sudo:session): session closed for user root
Jul 27 21:37:53.721018 n-d-738240-5 cinder-volume[102236]: DEBUG oslo_concurrency.processutils [None req-a0287d23-90c1-46cb-a59e-1313717a381c tempest-VolumesSnapshotListTestJSON-822332575 None] CMD "sudo cinder-rootwrap /etc/cinder/rootwrap.conf lvremove --config activation { retry_deactivation = 1} -f stack-volumes-lvmdriver-1/_snapshot-e53166f2-914f-447d-b784-dbb332b811c2" returned: 0 in 1.077s {{(pid=102236) execute /usr/local/lib/python3.8/dist-packages/oslo_concurrency/processutils.py:422}}
Jul 27 21:37:53.841084 n-d-738240-5 cinder-volume[102236]: DEBUG cinder.quota [None req-a0287d23-90c1-46cb-a59e-1313717a381c tempest-VolumesSnapshotListTestJSON-822332575 None] Created reservations ['0961a66e-044a-4965-a6f0-02bcc8bf4078', '96f1abad-c35c-4e45-946f-32c37c5108f3', '880cd7a9-1a1e-42c6-be41-bcbf83d1e3c1', '4310850f-8141-44c7-b049-19e001afb803'] {{(pid=102236) reserve /opt/stack/cinder/cinder/quota.py:755}}
Jul 27 21:37:53.921225 n-d-738240-5 cinder-volume[102236]: INFO cinder.volume.manager [None req-a0287d23-90c1-46cb-a59e-1313717a381c tempest-VolumesSnapshotListTestJSON-822332575 None] Delete snapshot completed successfully.
Jul 27 21:37:53.931551 n-d-738240-5 cinder-volume[102236]: DEBUG cinder.coordination [None req-a0287d23-90c1-46cb-a59e-1313717a381c tempest-VolumesSnapshotListTestJSON-822332575 None] Lock "b'cinder-e53166f2-914f-447d-b784-dbb332b811c2-delete_snapshot'" released by "delete_snapshot" :: held 2.286s {{(pid=102236) _synchronized /opt/stack/cinder/cinder/coordination.py:158}}
Jul 27 21:37:54.290674 n-d-738240-5 sudo[134724]: pam_unix(sudo:session): session closed for user root
Jul 27 21:37:54.293332 n-d-738240-5 cinder-volume[102236]: DEBUG oslo_concurrency.processutils [req-8ebab1b4-a61c-4025-b532-8d24e98a6911 req-280a8c43-954e-477c-89ab-23ae86a12c6c tempest-TaggedBootDevicesTest-2069325453 None] CMD "sudo cinder-rootwrap /etc/cinder/rootwrap.conf cinder-rtstool get-targets" returned: 0 in 1.201s {{(pid=102236) execute /usr/local/lib/python3.8/dist-packages/oslo_concurrency/processutils.py:422}}
Jul 27 21:37:54.293933 n-d-738240-5 cinder-volume[102236]: DEBUG oslo_concurrency.lockutils [req-8ebab1b4-a61c-4025-b532-8d24e98a6911 req-280a8c43-954e-477c-89ab-23ae86a12c6c tempest-TaggedBootDevicesTest-2069325453 None] Lock "lioadm" released by "cinder.volume.targets.lio.LioAdm._execute" :: held 1.204s {{(pid=102236) inner /usr/local/lib/python3.8/dist-packages/oslo_concurrency/lockutils.py:367}}
Jul 27 21:37:54.294496 n-d-738240-5 cinder-volume[102236]: INFO cinder.volume.targets.lio [req-8ebab1b4-a61c-4025-b532-8d24e98a6911 req-280a8c43-954e-477c-89ab-23ae86a12c6c tempest-TaggedBootDevicesTest-2069325453 None] Removing iscsi_target: 47092674-b3dc-4320-abf8-3b4d4a92c443
Jul 27 21:37:54.296011 n-d-738240-5 cinder-volume[102236]: DEBUG oslo_concurrency.lockutils [req-8ebab1b4-a61c-4025-b532-8d24e98a6911 req-280a8c43-954e-477c-89ab-23ae86a12c6c tempest-TaggedBootDevicesTest-2069325453 None] Lock "lioadm" acquired by "cinder.volume.targets.lio.LioAdm._execute" :: waited 0.001s {{(pid=102236) inner /usr/local/lib/python3.8/dist-packages/oslo_concurrency/lockutils.py:355}}
Jul 27 21:37:54.296906 n-d-738240-5 cinder-volume[102236]: DEBUG oslo_concurrency.processutils [req-8ebab1b4-a61c-4025-b532-8d24e98a6911 req-280a8c43-954e-477c-89ab-23ae86a12c6c tempest-TaggedBootDevicesTest-2069325453 None] Running cmd (subprocess): sudo cinder-rootwrap /etc/cinder/rootwrap.conf cinder-rtstool delete iqn.2010-10.org.openstack:volume-47092674-b3dc-4320-abf8-3b4d4a92c443 {{(pid=102236) execute /usr/local/lib/python3.8/dist-packages/oslo_concurrency/processutils.py:384}}
Jul 27 21:37:54.331007 n-d-738240-5 sudo[134794]: ubuntu : TTY=unknown ; PWD=/ ; USER=root ; COMMAND=/usr/local/bin/cinder-rootwrap /etc/cinder/rootwrap.conf cinder-rtstool delete iqn.2010-10.org.openstack:volume-47092674-b3dc-4320-abf8-3b4d4a92c443
Jul 27 21:37:54.334098 n-d-738240-5 sudo[134794]: pam_unix(sudo:session): session opened for user root by (uid=0)
Jul 27 21:37:54.951638 n-d-738240-5 cinder-volume[102236]: DEBUG cinder.coordination [None req-8da81f8d-22c3-4e1e-bb59-2c40d84e5101 tempest-VolumesSnapshotListTestJSON-822332575 None] Lock "b'cinder-26c1f299-edd0-4f2c-948d-7c06131960d7-delete_volume'" acquired by "delete_volume" :: waited 0.023s {{(pid=102236) _synchronized /opt/stack/cinder/cinder/coordination.py:146}}
Jul 27 21:37:55.022041 n-d-738240-5 cinder-volume[102236]: INFO cinder.volume.targets.iscsi [None req-8da81f8d-22c3-4e1e-bb59-2c40d84e5101 tempest-VolumesSnapshotListTestJSON-822332575 None] Skipping remove_export. No iscsi_target is presently exported for volume: 26c1f299-edd0-4f2c-948d-7c06131960d7
Jul 27 21:37:55.023479 n-d-738240-5 cinder-volume[102236]: DEBUG oslo_concurrency.processutils [None req-8da81f8d-22c3-4e1e-bb59-2c40d84e5101 tempest-VolumesSnapshotListTestJSON-822332575 None] Running cmd (subprocess): sudo cinder-rootwrap /etc/cinder/rootwrap.conf env LC_ALL=C lvs --noheadings --unit=g -o vg_name,name,size --nosuffix --readonly stack-volumes-lvmdriver-1/volume-26c1f299-edd0-4f2c-948d-7c06131960d7 {{(pid=102236) execute /usr/local/lib/python3.8/dist-packages/oslo_concurrency/processutils.py:384}}
Jul 27 21:37:55.052343 n-d-738240-5 sudo[134828]: ubuntu : TTY=unknown ; PWD=/ ; USER=root ; COMMAND=/usr/local/bin/cinder-rootwrap /etc/cinder/rootwrap.conf env LC_ALL=C lvs --noheadings --unit=g -o vg_name,name,size --nosuffix --readonly stack-volumes-lvmdriver-1/volume-26c1f299-edd0-4f2c-948d-7c06131960d7
Jul 27 21:37:55.053731 n-d-738240-5 sudo[134828]: pam_unix(sudo:session): session opened for user root by (uid=0)
Jul 27 21:37:55.350820 n-d-738240-5 sudo[134794]: pam_unix(sudo:session): session closed for user root
Jul 27 21:37:55.353448 n-d-738240-5 cinder-volume[102236]: DEBUG oslo_concurrency.processutils [req-8ebab1b4-a61c-4025-b532-8d24e98a6911 req-280a8c43-954e-477c-89ab-23ae86a12c6c tempest-TaggedBootDevicesTest-2069325453 None] CMD "sudo cinder-rootwrap /etc/cinder/rootwrap.conf cinder-rtstool delete iqn.2010-10.org.openstack:volume-47092674-b3dc-4320-abf8-3b4d4a92c443" returned: 0 in 1.056s {{(pid=102236) execute /usr/local/lib/python3.8/dist-packages/oslo_concurrency/processutils.py:422}}
Jul 27 21:37:55.354424 n-d-738240-5 cinder-volume[102236]: DEBUG oslo_concurrency.lockutils [req-8ebab1b4-a61c-4025-b532-8d24e98a6911 req-280a8c43-954e-477c-89ab-23ae86a12c6c tempest-TaggedBootDevicesTest-2069325453 None] Lock "lioadm" released by "cinder.volume.targets.lio.LioAdm._execute" :: held 1.059s {{(pid=102236) inner /usr/local/lib/python3.8/dist-packages/oslo_concurrency/lockutils.py:367}}
Jul 27 21:37:55.355371 n-d-738240-5 cinder-volume[102236]: DEBUG oslo_concurrency.lockutils [req-8ebab1b4-a61c-4025-b532-8d24e98a6911 req-280a8c43-954e-477c-89ab-23ae86a12c6c tempest-TaggedBootDevicesTest-2069325453 None] Lock "lioadm" acquired by "cinder.volume.targets.lio.LioAdm._execute" :: waited 0.001s {{(pid=102236) inner /usr/local/lib/python3.8/dist-packages/oslo_concurrency/lockutils.py:355}}
Jul 27 21:37:55.356250 n-d-738240-5 cinder-volume[102236]: DEBUG oslo_concurrency.processutils [req-8ebab1b4-a61c-4025-b532-8d24e98a6911 req-280a8c43-954e-477c-89ab-23ae86a12c6c tempest-TaggedBootDevicesTest-2069325453 None] Running cmd (subprocess): sudo cinder-rootwrap /etc/cinder/rootwrap.conf cinder-rtstool save {{(pid=102236) execute /usr/local/lib/python3.8/dist-packages/oslo_concurrency/processutils.py:384}}
Jul 27 21:37:55.398486 n-d-738240-5 sudo[134836]: ubuntu : TTY=unknown ; PWD=/ ; USER=root ; COMMAND=/usr/local/bin/cinder-rootwrap /etc/cinder/rootwrap.conf cinder-rtstool save
Jul 27 21:37:55.414014 n-d-738240-5 sudo[134836]: pam_unix(sudo:session): session opened for user root by (uid=0)
Jul 27 21:37:55.878944 n-d-738240-5 sudo[134828]: pam_unix(sudo:session): session closed for user root
Jul 27 21:37:55.881403 n-d-738240-5 cinder-volume[102236]: DEBUG oslo_concurrency.processutils [None req-8da81f8d-22c3-4e1e-bb59-2c40d84e5101 tempest-VolumesSnapshotListTestJSON-822332575 None] CMD "sudo cinder-rootwrap /etc/cinder/rootwrap.conf env LC_ALL=C lvs --noheadings --unit=g -o vg_name,name,size --nosuffix --readonly stack-volumes-lvmdriver-1/volume-26c1f299-edd0-4f2c-948d-7c06131960d7" returned: 0 in 0.858s {{(pid=102236) execute /usr/local/lib/python3.8/dist-packages/oslo_concurrency/processutils.py:422}}
Jul 27 21:37:55.883643 n-d-738240-5 cinder-volume[102236]: DEBUG oslo_concurrency.processutils [None req-8da81f8d-22c3-4e1e-bb59-2c40d84e5101 tempest-VolumesSnapshotListTestJSON-822332575 None] Running cmd (subprocess): sudo cinder-rootwrap /etc/cinder/rootwrap.conf env LC_ALL=C lvdisplay --noheading -C -o Attr --readonly stack-volumes-lvmdriver-1/volume-26c1f299-edd0-4f2c-948d-7c06131960d7 {{(pid=102236) execute /usr/local/lib/python3.8/dist-packages/oslo_concurrency/processutils.py:384}}
Jul 27 21:37:55.909052 n-d-738240-5 sudo[134854]: ubuntu : TTY=unknown ; PWD=/ ; USER=root ; COMMAND=/usr/local/bin/cinder-rootwrap /etc/cinder/rootwrap.conf env LC_ALL=C lvdisplay --noheading -C -o Attr --readonly stack-volumes-lvmdriver-1/volume-26c1f299-edd0-4f2c-948d-7c06131960d7
Jul 27 21:37:55.910790 n-d-738240-5 sudo[134854]: pam_unix(sudo:session): session opened for user root by (uid=0)
Jul 27 21:37:56.448589 n-d-738240-5 sudo[134836]: pam_unix(sudo:session): session closed for user root
Jul 27 21:37:56.452223 n-d-738240-5 cinder-volume[102236]: DEBUG oslo_concurrency.processutils [req-8ebab1b4-a61c-4025-b532-8d24e98a6911 req-280a8c43-954e-477c-89ab-23ae86a12c6c tempest-TaggedBootDevicesTest-2069325453 None] CMD "sudo cinder-rootwrap /etc/cinder/rootwrap.conf cinder-rtstool save" returned: 0 in 1.096s {{(pid=102236) execute /usr/local/lib/python3.8/dist-packages/oslo_concurrency/processutils.py:422}}
Jul 27 21:37:56.454065 n-d-738240-5 cinder-volume[102236]: DEBUG oslo_concurrency.lockutils [req-8ebab1b4-a61c-4025-b532-8d24e98a6911 req-280a8c43-954e-477c-89ab-23ae86a12c6c tempest-TaggedBootDevicesTest-2069325453 None] Lock "lioadm" released by "cinder.volume.targets.lio.LioAdm._execute" :: held 1.099s {{(pid=102236) inner /usr/local/lib/python3.8/dist-packages/oslo_concurrency/lockutils.py:367}}
Jul 27 21:37:56.518504 n-d-738240-5 sudo[134854]: pam_unix(sudo:session): session closed for user root
Jul 27 21:37:56.520992 n-d-738240-5 cinder-volume[102236]: DEBUG oslo_concurrency.processutils [None req-8da81f8d-22c3-4e1e-bb59-2c40d84e5101 tempest-VolumesSnapshotListTestJSON-822332575 None] CMD "sudo cinder-rootwrap /etc/cinder/rootwrap.conf env LC_ALL=C lvdisplay --noheading -C -o Attr --readonly stack-volumes-lvmdriver-1/volume-26c1f299-edd0-4f2c-948d-7c06131960d7" returned: 0 in 0.637s {{(pid=102236) execute /usr/local/lib/python3.8/dist-packages/oslo_concurrency/processutils.py:422}}
Jul 27 21:37:56.523052 n-d-738240-5 cinder-volume[102236]: DEBUG oslo_concurrency.processutils [None req-8da81f8d-22c3-4e1e-bb59-2c40d84e5101 tempest-VolumesSnapshotListTestJSON-822332575 None] Running cmd (subprocess): sudo cinder-rootwrap /etc/cinder/rootwrap.conf lvremove --config activation { retry_deactivation = 1} -f stack-volumes-lvmdriver-1/volume-26c1f299-edd0-4f2c-948d-7c06131960d7 {{(pid=102236) execute /usr/local/lib/python3.8/dist-packages/oslo_concurrency/processutils.py:384}}
Jul 27 21:37:56.571339 n-d-738240-5 sudo[134868]: ubuntu : TTY=unknown ; PWD=/ ; USER=root ; COMMAND=/usr/local/bin/cinder-rootwrap /etc/cinder/rootwrap.conf lvremove --config activation { retry_deactivation = 1} -f stack-volumes-lvmdriver-1/volume-26c1f299-edd0-4f2c-948d-7c06131960d7
Jul 27 21:37:56.572514 n-d-738240-5 sudo[134868]: pam_unix(sudo:session): session opened for user root by (uid=0)
Jul 27 21:37:56.649368 n-d-738240-5 cinder-volume[102236]: DEBUG oslo_concurrency.lockutils [req-8ebab1b4-a61c-4025-b532-8d24e98a6911 req-3adf464d-dcad-43b5-85c4-d4e516c29f8c tempest-TaggedBootDevicesTest-2069325453 None] Lock "lioadm" acquired by "cinder.volume.targets.lio.LioAdm._execute" :: waited 0.001s {{(pid=102236) inner /usr/local/lib/python3.8/dist-packages/oslo_concurrency/lockutils.py:355}}
Jul 27 21:37:56.650786 n-d-738240-5 cinder-volume[102236]: DEBUG oslo_concurrency.processutils [req-8ebab1b4-a61c-4025-b532-8d24e98a6911 req-3adf464d-dcad-43b5-85c4-d4e516c29f8c tempest-TaggedBootDevicesTest-2069325453 None] Running cmd (subprocess): sudo cinder-rootwrap /etc/cinder/rootwrap.conf cinder-rtstool delete-initiator iqn.2010-10.org.openstack:volume-9462d411-9d9d-43b1-8772-0fe3289105fa iqn.1991-05.com.microsoft:n-h1-738240-5.cbci-738240-5.local {{(pid=102236) execute /usr/local/lib/python3.8/dist-packages/oslo_concurrency/processutils.py:384}}
Jul 27 21:37:56.690322 n-d-738240-5 sudo[134870]: ubuntu : TTY=unknown ; PWD=/ ; USER=root ; COMMAND=/usr/local/bin/cinder-rootwrap /etc/cinder/rootwrap.conf cinder-rtstool delete-initiator iqn.2010-10.org.openstack:volume-9462d411-9d9d-43b1-8772-0fe3289105fa iqn.1991-05.com.microsoft:n-h1-738240-5.cbci-738240-5.local
Jul 27 21:37:56.692074 n-d-738240-5 sudo[134870]: pam_unix(sudo:session): session opened for user root by (uid=0)
Jul 27 21:37:57.773230 n-d-738240-5 sudo[134868]: pam_unix(sudo:session): session closed for user root
Jul 27 21:37:57.775524 n-d-738240-5 cinder-volume[102236]: DEBUG oslo_concurrency.processutils [None req-8da81f8d-22c3-4e1e-bb59-2c40d84e5101 tempest-VolumesSnapshotListTestJSON-822332575 None] CMD "sudo cinder-rootwrap /etc/cinder/rootwrap.conf lvremove --config activation { retry_deactivation = 1} -f stack-volumes-lvmdriver-1/volume-26c1f299-edd0-4f2c-948d-7c06131960d7" returned: 0 in 1.252s {{(pid=102236) execute /usr/local/lib/python3.8/dist-packages/oslo_concurrency/processutils.py:422}}
Jul 27 21:37:57.777949 n-d-738240-5 cinder-volume[102236]: INFO cinder.volume.drivers.lvm [None req-8da81f8d-22c3-4e1e-bb59-2c40d84e5101 tempest-VolumesSnapshotListTestJSON-822332575 None] Successfully deleted volume: 26c1f299-edd0-4f2c-948d-7c06131960d7
