Mar 22 19:40:09.755710 n-d-738239-6 devstack@placement-api.service[104416]: INFO placement.requestlog [req-0ee8d74a-070b-4a03-bccc-b10ff82183e6 req-64cf02e8-eebf-4ab7-8ea5-c5e9a08aae26 service placement] 10.222.0.35 "DELETE /placement/allocations/ff48aaf1-d908-43d1-b49e-dcd5c8627f1e" status: 204 len: 0 microversion: 1.0
Mar 22 19:40:09.755710 n-d-738239-6 devstack@placement-api.service[104416]: [pid: 104416|app: 0|req: 156/313] 10.222.0.35 () {60 vars in 1355 bytes} [Tue Mar 22 19:40:09 2022] DELETE /placement/allocations/ff48aaf1-d908-43d1-b49e-dcd5c8627f1e => generated 0 bytes in 44 msecs (HTTP/1.1 204) 5 headers in 198 bytes (1 switches on core 0)
Mar 22 19:40:13.469711 n-d-738239-6 devstack@placement-api.service[104417]: DEBUG placement.requestlog [req-665a3cda-d78e-4f5b-9036-42677c168f30 req-083b3be5-aaeb-4313-b0e1-801457e0de33 None None] Starting request: 10.222.0.35 "GET /placement/resource_providers/523d75f1-24f7-4e9f-b728-df4cf4c683bd/allocations" {{(pid=104417) __call__ /opt/stack/placement/placement/requestlog.py:55}}
Mar 22 19:40:13.513407 n-d-738239-6 devstack@placement-api.service[104417]: INFO placement.requestlog [req-665a3cda-d78e-4f5b-9036-42677c168f30 req-083b3be5-aaeb-4313-b0e1-801457e0de33 service placement] 10.222.0.35 "GET /placement/resource_providers/523d75f1-24f7-4e9f-b728-df4cf4c683bd/allocations" status: 200 len: 861 microversion: 1.0
Mar 22 19:40:13.514313 n-d-738239-6 devstack@placement-api.service[104417]: [pid: 104417|app: 0|req: 158/314] 10.222.0.35 () {58 vars in 1390 bytes} [Tue Mar 22 19:40:13 2022] GET /placement/resource_providers/523d75f1-24f7-4e9f-b728-df4cf4c683bd/allocations => generated 861 bytes in 45 msecs (HTTP/1.1 200) 6 headers in 224 bytes (1 switches on core 0)
Mar 22 19:40:14.817996 n-d-738239-6 devstack@placement-api.service[104416]: DEBUG placement.requestlog [req-8f5cb27a-34c0-4622-89ea-da0a592c3920 req-b386feee-b6a7-46fc-91d6-325c9decac3c None None] Starting request: 10.222.0.76 "DELETE /placement/allocations/52203de7-571e-4ad7-8d85-34190a98bf69" {{(pid=104416) __call__ /opt/stack/placement/placement/requestlog.py:55}}
Mar 22 19:40:14.855694 n-d-738239-6 devstack@placement-api.service[104416]: DEBUG placement.handlers.allocation [req-8f5cb27a-34c0-4622-89ea-da0a592c3920 req-b386feee-b6a7-46fc-91d6-325c9decac3c service placement] Successfully deleted allocations [, , ] {{(pid=104416) delete_allocations /opt/stack/placement/placement/handlers/allocation.py:627}}
Mar 22 19:40:14.857067 n-d-738239-6 devstack@placement-api.service[104416]: INFO placement.requestlog [req-8f5cb27a-34c0-4622-89ea-da0a592c3920 req-b386feee-b6a7-46fc-91d6-325c9decac3c service placement] 10.222.0.76 "DELETE /placement/allocations/52203de7-571e-4ad7-8d85-34190a98bf69" status: 204 len: 0 microversion: 1.0
Mar 22 19:40:14.857922 n-d-738239-6 devstack@placement-api.service[104416]: [pid: 104416|app: 0|req: 157/315] 10.222.0.76 () {60 vars in 1355 bytes} [Tue Mar 22 19:40:14 2022] DELETE /placement/allocations/52203de7-571e-4ad7-8d85-34190a98bf69 => generated 0 bytes in 40 msecs (HTTP/1.1 204) 5 headers in 198 bytes (1 switches on core 0)
Mar 22 19:40:17.599098 n-d-738239-6 devstack@placement-api.service[104417]: DEBUG placement.requestlog [req-498f93d0-86de-4e86-9ebb-faddbf3e0658 req-d27a6a32-9389-4a95-993e-3333317ce7bb None None] Starting request: 10.222.0.76 "DELETE /placement/allocations/24e95f29-f696-45bc-9e96-491ff5421b94" {{(pid=104417) __call__ /opt/stack/placement/placement/requestlog.py:55}}
Mar 22 19:40:17.641486 n-d-738239-6 devstack@placement-api.service[104417]: DEBUG placement.handlers.allocation [req-498f93d0-86de-4e86-9ebb-faddbf3e0658 req-d27a6a32-9389-4a95-993e-3333317ce7bb service placement] Successfully deleted allocations [, , ] {{(pid=104417) delete_allocations /opt/stack/placement/placement/handlers/allocation.py:627}}
Mar 22 19:40:17.642284 n-d-738239-6 devstack@placement-api.service[104417]: INFO placement.requestlog [req-498f93d0-86de-4e86-9ebb-faddbf3e0658 req-d27a6a32-9389-4a95-993e-3333317ce7bb service placement] 10.222.0.76 "DELETE /placement/allocations/24e95f29-f696-45bc-9e96-491ff5421b94" status: 204 len: 0 microversion: 1.0
Mar 22 19:40:17.643566 n-d-738239-6 devstack@placement-api.service[104417]: [pid: 104417|app: 0|req: 159/316] 10.222.0.76 () {60 vars in 1355 bytes} [Tue Mar 22 19:40:17 2022] DELETE /placement/allocations/24e95f29-f696-45bc-9e96-491ff5421b94 => generated 0 bytes in 44 msecs (HTTP/1.1 204) 5 headers in 198 bytes (1 switches on core 0)
Mar 22 19:40:21.721744 n-d-738239-6 devstack@placement-api.service[104416]: DEBUG placement.requestlog [req-d683af1c-4003-4dff-b8f9-a61eaa1ba89b req-988ada9a-a58a-42b8-a661-13e001507885 None None] Starting request: 10.222.0.76 "DELETE /placement/allocations/c2b24b2e-1e22-4b38-9b5b-acf65b150009" {{(pid=104416) __call__ /opt/stack/placement/placement/requestlog.py:55}}
Mar 22 19:40:21.773159 n-d-738239-6 devstack@placement-api.service[104416]: DEBUG placement.handlers.allocation [req-d683af1c-4003-4dff-b8f9-a61eaa1ba89b req-988ada9a-a58a-42b8-a661-13e001507885 service placement] Successfully deleted allocations [, , ] {{(pid=104416) delete_allocations /opt/stack/placement/placement/handlers/allocation.py:627}}
Mar 22 19:40:21.774305 n-d-738239-6 devstack@placement-api.service[104416]: INFO placement.requestlog [req-d683af1c-4003-4dff-b8f9-a61eaa1ba89b req-988ada9a-a58a-42b8-a661-13e001507885 service placement] 10.222.0.76 "DELETE /placement/allocations/c2b24b2e-1e22-4b38-9b5b-acf65b150009" status: 204 len: 0 microversion: 1.0
Mar 22 19:40:21.775460 n-d-738239-6 devstack@placement-api.service[104416]: [pid: 104416|app: 0|req: 158/317] 10.222.0.76 () {60 vars in 1355 bytes} [Tue Mar 22 19:40:21 2022] DELETE /placement/allocations/c2b24b2e-1e22-4b38-9b5b-acf65b150009 => generated 0 bytes in 54 msecs (HTTP/1.1 204) 5 headers in 198 bytes (1 switches on core 0)
Mar 22 19:40:35.597859 n-d-738239-6 devstack@placement-api.service[104417]: DEBUG placement.requestlog [req-8abcbc52-30ee-40da-b96e-a2c002aa6117 req-47f12771-89ea-45bc-a344-216cf59dcc18 None None] Starting request: 10.222.0.42 "GET /placement/allocation_candidates?limit=1000&resources=DISK_GB%3A1%2CMEMORY_MB%3A1024%2CVCPU%3A1&root_required=%21COMPUTE_STATUS_DISABLED" {{(pid=104417) __call__ /opt/stack/placement/placement/requestlog.py:55}}
Mar 22 19:40:35.678123 n-d-738239-6 devstack@placement-api.service[104417]: DEBUG placement.objects.research_context [req-8abcbc52-30ee-40da-b96e-a2c002aa6117 req-47f12771-89ea-45bc-a344-216cf59dcc18 service placement] getting providers with 1 DISK_GB {{(pid=104417) __init__ /opt/stack/placement/placement/objects/research_context.py:136}}
Mar 22 19:40:35.694013 n-d-738239-6 devstack@placement-api.service[104417]: DEBUG placement.objects.research_context [req-8abcbc52-30ee-40da-b96e-a2c002aa6117 req-47f12771-89ea-45bc-a344-216cf59dcc18 service placement] getting providers with 1024 MEMORY_MB {{(pid=104417) __init__ /opt/stack/placement/placement/objects/research_context.py:136}}
Mar 22 19:40:35.709688 n-d-738239-6 devstack@placement-api.service[104417]: DEBUG placement.objects.research_context [req-8abcbc52-30ee-40da-b96e-a2c002aa6117 req-47f12771-89ea-45bc-a344-216cf59dcc18 service placement] getting providers with 1 VCPU {{(pid=104417) __init__ /opt/stack/placement/placement/objects/research_context.py:136}}
Mar 22 19:40:35.730832 n-d-738239-6 devstack@placement-api.service[104417]: DEBUG placement.objects.research_context [req-8abcbc52-30ee-40da-b96e-a2c002aa6117 req-47f12771-89ea-45bc-a344-216cf59dcc18 service placement] found 2 providers with available 1 DISK_GB {{(pid=104417) get_provider_ids_matching /opt/stack/placement/placement/objects/research_context.py:559}}
Mar 22 19:40:35.732425 n-d-738239-6 devstack@placement-api.service[104417]: DEBUG placement.objects.research_context [req-8abcbc52-30ee-40da-b96e-a2c002aa6117 req-47f12771-89ea-45bc-a344-216cf59dcc18 service placement] found 2 providers with available 1024 MEMORY_MB {{(pid=104417) get_provider_ids_matching /opt/stack/placement/placement/objects/research_context.py:559}}
Mar 22 19:40:35.734002 n-d-738239-6 devstack@placement-api.service[104417]: DEBUG placement.objects.research_context [req-8abcbc52-30ee-40da-b96e-a2c002aa6117 req-47f12771-89ea-45bc-a344-216cf59dcc18 service placement] found 2 providers after filtering by previous result {{(pid=104417) get_provider_ids_matching /opt/stack/placement/placement/objects/research_context.py:590}}
Mar 22 19:40:35.734455 n-d-738239-6 devstack@placement-api.service[104417]: DEBUG placement.objects.research_context [req-8abcbc52-30ee-40da-b96e-a2c002aa6117 req-47f12771-89ea-45bc-a344-216cf59dcc18 service placement] found 2 providers with available 1 VCPU {{(pid=104417) get_provider_ids_matching /opt/stack/placement/placement/objects/research_context.py:559}}
Mar 22 19:40:35.736410 n-d-738239-6 devstack@placement-api.service[104417]: DEBUG placement.objects.research_context [req-8abcbc52-30ee-40da-b96e-a2c002aa6117 req-47f12771-89ea-45bc-a344-216cf59dcc18 service placement] found 2 providers after filtering by previous result {{(pid=104417) get_provider_ids_matching /opt/stack/placement/placement/objects/research_context.py:590}}
Mar 22 19:40:35.765264 n-d-738239-6 devstack@placement-api.service[104417]: DEBUG placement.objects.allocation_candidate [req-8abcbc52-30ee-40da-b96e-a2c002aa6117 req-47f12771-89ea-45bc-a344-216cf59dcc18 service placement] RequestGroup(use_same_provider=False, resources={DISK_GB:1, MEMORY_MB:1024, VCPU:1}, traits=(), aggregates=[]) (suffix '') returned 2 matches {{(pid=104417) _get_by_requests /opt/stack/placement/placement/objects/allocation_candidate.py:156}}
Mar 22 19:40:35.765917 n-d-738239-6 devstack@placement-api.service[104417]: DEBUG placement.objects.allocation_candidate [req-8abcbc52-30ee-40da-b96e-a2c002aa6117 req-47f12771-89ea-45bc-a344-216cf59dcc18 service placement] Merging candidates yields 2 allocation requests and 2 provider summaries {{(pid=104417) _merge_candidates /opt/stack/placement/placement/objects/allocation_candidate.py:809}}
Mar 22 19:40:35.770418 n-d-738239-6 devstack@placement-api.service[104417]: INFO placement.requestlog [req-8abcbc52-30ee-40da-b96e-a2c002aa6117 req-47f12771-89ea-45bc-a344-216cf59dcc18 service placement] 10.222.0.42 "GET /placement/allocation_candidates?limit=1000&resources=DISK_GB%3A1%2CMEMORY_MB%3A1024%2CVCPU%3A1&root_required=%21COMPUTE_STATUS_DISABLED" status: 200 len: 1309 microversion: 1.36
Mar 22 19:40:35.772333 n-d-738239-6 devstack@placement-api.service[104417]: [pid: 104417|app: 0|req: 160/318] 10.222.0.42 () {60 vars in 1506 bytes} [Tue Mar 22 19:40:35 2022] GET /placement/allocation_candidates?limit=1000&resources=DISK_GB%3A1%2CMEMORY_MB%3A1024%2CVCPU%3A1&root_required=%21COMPUTE_STATUS_DISABLED => generated 1309 bytes in 174 msecs (HTTP/1.1 200) 8 headers in 297 bytes (1 switches on core 0)
Mar 22 19:40:35.891576 n-d-738239-6 devstack@placement-api.service[104416]: DEBUG placement.requestlog [req-8abcbc52-30ee-40da-b96e-a2c002aa6117 req-a6083dec-bc91-424e-b9a1-376c048ba2fb None None] Starting request: 10.222.0.42 "GET /placement/allocations/03d0fff0-9fed-45ff-adb5-95a09aba9589" {{(pid=104416) __call__ /opt/stack/placement/placement/requestlog.py:55}}
Mar 22 19:40:35.911913 n-d-738239-6 devstack@placement-api.service[104416]: INFO placement.requestlog [req-8abcbc52-30ee-40da-b96e-a2c002aa6117 req-a6083dec-bc91-424e-b9a1-376c048ba2fb service placement] 10.222.0.42 "GET /placement/allocations/03d0fff0-9fed-45ff-adb5-95a09aba9589" status: 200 len: 19 microversion: 1.28
Mar 22 19:40:35.912801 n-d-738239-6 devstack@placement-api.service[104416]: [pid: 104416|app: 0|req: 159/319] 10.222.0.42 () {60 vars in 1380 bytes} [Tue Mar 22 19:40:35 2022] GET /placement/allocations/03d0fff0-9fed-45ff-adb5-95a09aba9589 => generated 19 bytes in 21 msecs (HTTP/1.1 200) 8 headers in 295 bytes (1 switches on core 0)
Mar 22 19:40:35.920586 n-d-738239-6 devstack@placement-api.service[104417]: DEBUG placement.requestlog [req-8abcbc52-30ee-40da-b96e-a2c002aa6117 req-0c71a183-dde2-463b-ac77-d7f39ec21aab None None] Starting request: 10.222.0.42 "PUT /placement/allocations/03d0fff0-9fed-45ff-adb5-95a09aba9589" {{(pid=104417) __call__ /opt/stack/placement/placement/requestlog.py:55}}
Mar 22 19:40:36.038059 n-d-738239-6 devstack@placement-api.service[104417]: DEBUG placement.handlers.allocation [req-8abcbc52-30ee-40da-b96e-a2c002aa6117 req-0c71a183-dde2-463b-ac77-d7f39ec21aab service placement] Successfully wrote allocations [, , ] {{(pid=104417) _update_consumers_and_create_allocations /opt/stack/placement/placement/handlers/allocation.py:462}}
Mar 22 19:40:36.049267 n-d-738239-6 devstack@placement-api.service[104417]: INFO placement.requestlog [req-8abcbc52-30ee-40da-b96e-a2c002aa6117 req-0c71a183-dde2-463b-ac77-d7f39ec21aab service placement] 10.222.0.42 "PUT /placement/allocations/03d0fff0-9fed-45ff-adb5-95a09aba9589" status: 204 len: 0 microversion: 1.36
Mar 22 19:40:36.052481 n-d-738239-6 devstack@placement-api.service[104417]: [pid: 104417|app: 0|req: 161/320] 10.222.0.42 () {64 vars in 1433 bytes} [Tue Mar 22 19:40:35 2022] PUT /placement/allocations/03d0fff0-9fed-45ff-adb5-95a09aba9589 => generated 0 bytes in 131 msecs (HTTP/1.1 204) 5 headers in 199 bytes (2 switches on core 0)
Mar 22 19:40:36.786473 n-d-738239-6 devstack@placement-api.service[104416]: DEBUG placement.requestlog [req-8abcbc52-30ee-40da-b96e-a2c002aa6117 req-e70fcad7-54cd-4ad1-bb2a-30d8cf8ca00c None None] Starting request: 10.222.0.35 "GET /placement/allocations/03d0fff0-9fed-45ff-adb5-95a09aba9589" {{(pid=104416) __call__ /opt/stack/placement/placement/requestlog.py:55}}
Mar 22 19:40:36.817335 n-d-738239-6 devstack@placement-api.service[104416]: INFO placement.requestlog [req-8abcbc52-30ee-40da-b96e-a2c002aa6117 req-e70fcad7-54cd-4ad1-bb2a-30d8cf8ca00c service placement] 10.222.0.35 "GET /placement/allocations/03d0fff0-9fed-45ff-adb5-95a09aba9589" status: 200 len: 259 microversion: 1.28
Mar 22 19:40:36.817727 n-d-738239-6 devstack@placement-api.service[104416]: [pid: 104416|app: 0|req: 160/321] 10.222.0.35 () {60 vars in 1377 bytes} [Tue Mar 22 19:40:36 2022] GET /placement/allocations/03d0fff0-9fed-45ff-adb5-95a09aba9589 => generated 259 bytes in 32 msecs (HTTP/1.1 200) 8 headers in 296 bytes (1 switches on core 0)
Mar 22 19:40:42.267786 n-d-738239-6 devstack@placement-api.service[104417]: DEBUG placement.requestlog [req-4e686dec-e863-494a-8981-21bd6e6fd9c6 req-e3ded18b-3cf1-4d58-bab4-2e14752f711e None None] Starting request: 10.222.0.76 "GET /placement/allocations/5589df96-960b-4e14-bac8-967e14189cad" {{(pid=104417) __call__ /opt/stack/placement/placement/requestlog.py:55}}
Mar 22 19:40:42.294053 n-d-738239-6 devstack@placement-api.service[104417]: INFO placement.requestlog [req-4e686dec-e863-494a-8981-21bd6e6fd9c6 req-e3ded18b-3cf1-4d58-bab4-2e14752f711e service placement] 10.222.0.76 "GET /placement/allocations/5589df96-960b-4e14-bac8-967e14189cad" status: 200 len: 258 microversion: 1.28
Mar 22 19:40:42.296371 n-d-738239-6 devstack@placement-api.service[104417]: [pid: 104417|app: 0|req: 162/322] 10.222.0.76 () {60 vars in 1377 bytes} [Tue Mar 22 19:40:42 2022] GET /placement/allocations/5589df96-960b-4e14-bac8-967e14189cad => generated 258 bytes in 29 msecs (HTTP/1.1 200) 8 headers in 296 bytes (1 switches on core 0)
Mar 22 19:40:43.920544 n-d-738239-6 devstack@placement-api.service[104416]: DEBUG placement.requestlog [req-331db044-2df0-4ce8-92f0-5871973c99d1 req-13ebd6a7-b741-4f89-a189-ed369ec680d3 None None] Starting request: 10.222.0.42 "GET /placement/allocation_candidates?limit=1000&resources=DISK_GB%3A1%2CMEMORY_MB%3A1024%2CVCPU%3A1&root_required=%21COMPUTE_STATUS_DISABLED" {{(pid=104416) __call__ /opt/stack/placement/placement/requestlog.py:55}}
Mar 22 19:40:44.328223 n-d-738239-6 devstack@placement-api.service[104416]: DEBUG placement.objects.research_context [req-331db044-2df0-4ce8-92f0-5871973c99d1 req-13ebd6a7-b741-4f89-a189-ed369ec680d3 service placement] getting providers with 1 DISK_GB {{(pid=104416) __init__ /opt/stack/placement/placement/objects/research_context.py:136}}
Mar 22 19:40:44.340761 n-d-738239-6 devstack@placement-api.service[104416]: DEBUG placement.objects.research_context [req-331db044-2df0-4ce8-92f0-5871973c99d1 req-13ebd6a7-b741-4f89-a189-ed369ec680d3 service placement] getting providers with 1024 MEMORY_MB {{(pid=104416) __init__ /opt/stack/placement/placement/objects/research_context.py:136}}
Mar 22 19:40:44.364354 n-d-738239-6 devstack@placement-api.service[104416]: DEBUG placement.objects.research_context [req-331db044-2df0-4ce8-92f0-5871973c99d1 req-13ebd6a7-b741-4f89-a189-ed369ec680d3 service placement] getting providers with 1 VCPU {{(pid=104416) __init__ /opt/stack/placement/placement/objects/research_context.py:136}}
Mar 22 19:40:44.379044 n-d-738239-6 devstack@placement-api.service[104416]: DEBUG placement.objects.research_context [req-331db044-2df0-4ce8-92f0-5871973c99d1 req-13ebd6a7-b741-4f89-a189-ed369ec680d3 service placement] found 2 providers with available 1 DISK_GB {{(pid=104416) get_provider_ids_matching /opt/stack/placement/placement/objects/research_context.py:559}}
Mar 22 19:40:44.382021 n-d-738239-6 devstack@placement-api.service[104416]: DEBUG placement.objects.research_context [req-331db044-2df0-4ce8-92f0-5871973c99d1 req-13ebd6a7-b741-4f89-a189-ed369ec680d3 service placement] found 2 providers with available 1024 MEMORY_MB {{(pid=104416) get_provider_ids_matching /opt/stack/placement/placement/objects/research_context.py:559}}
Mar 22 19:40:44.388424 n-d-738239-6 devstack@placement-api.service[104416]: DEBUG placement.objects.research_context [req-331db044-2df0-4ce8-92f0-5871973c99d1 req-13ebd6a7-b741-4f89-a189-ed369ec680d3 service placement] found 2 providers after filtering by previous result {{(pid=104416) get_provider_ids_matching /opt/stack/placement/placement/objects/research_context.py:590}}
Mar 22 19:40:44.389170 n-d-738239-6 devstack@placement-api.service[104416]: DEBUG placement.objects.research_context [req-331db044-2df0-4ce8-92f0-5871973c99d1 req-13ebd6a7-b741-4f89-a189-ed369ec680d3 service placement] found 2 providers with available 1 VCPU {{(pid=104416) get_provider_ids_matching /opt/stack/placement/placement/objects/research_context.py:559}}
Mar 22 19:40:44.389606 n-d-738239-6 devstack@placement-api.service[104416]: DEBUG placement.objects.research_context [req-331db044-2df0-4ce8-92f0-5871973c99d1 req-13ebd6a7-b741-4f89-a189-ed369ec680d3 service placement] found 2 providers after filtering by previous result {{(pid=104416) get_provider_ids_matching /opt/stack/placement/placement/objects/research_context.py:590}}
Mar 22 19:40:44.427720 n-d-738239-6 devstack@placement-api.service[104416]: DEBUG placement.objects.allocation_candidate [req-331db044-2df0-4ce8-92f0-5871973c99d1 req-13ebd6a7-b741-4f89-a189-ed369ec680d3 service placement] RequestGroup(use_same_provider=False, resources={DISK_GB:1, MEMORY_MB:1024, VCPU:1}, traits=(), aggregates=[]) (suffix '') returned 2 matches {{(pid=104416) _get_by_requests /opt/stack/placement/placement/objects/allocation_candidate.py:156}}
Mar 22 19:40:44.428140 n-d-738239-6 devstack@placement-api.service[104416]: DEBUG placement.objects.allocation_candidate [req-331db044-2df0-4ce8-92f0-5871973c99d1 req-13ebd6a7-b741-4f89-a189-ed369ec680d3 service placement] Merging candidates yields 2 allocation requests and 2 provider summaries {{(pid=104416) _merge_candidates /opt/stack/placement/placement/objects/allocation_candidate.py:809}}
Mar 22 19:40:44.432743 n-d-738239-6 devstack@placement-api.service[104416]: INFO placement.requestlog [req-331db044-2df0-4ce8-92f0-5871973c99d1 req-13ebd6a7-b741-4f89-a189-ed369ec680d3 service placement] 10.222.0.42 "GET /placement/allocation_candidates?limit=1000&resources=DISK_GB%3A1%2CMEMORY_MB%3A1024%2CVCPU%3A1&root_required=%21COMPUTE_STATUS_DISABLED" status: 200 len: 1309 microversion: 1.36
Mar 22 19:40:44.451515 n-d-738239-6 devstack@placement-api.service[104416]: [pid: 104416|app: 0|req: 161/323] 10.222.0.42 () {60 vars in 1506 bytes} [Tue Mar 22 19:40:43 2022] GET /placement/allocation_candidates?limit=1000&resources=DISK_GB%3A1%2CMEMORY_MB%3A1024%2CVCPU%3A1&root_required=%21COMPUTE_STATUS_DISABLED => generated 1309 bytes in 531 msecs (HTTP/1.1 200) 8 headers in 297 bytes (1 switches on core 0)
Mar 22 19:40:44.644094 n-d-738239-6 devstack@placement-api.service[104417]: DEBUG placement.requestlog [req-331db044-2df0-4ce8-92f0-5871973c99d1 req-c1275e2b-795c-4f3b-bfa0-9313b49fe718 None None] Starting request: 10.222.0.42 "GET /placement/allocations/c06ef832-5a38-41eb-b639-56d4e6c381c8" {{(pid=104417) __call__ /opt/stack/placement/placement/requestlog.py:55}}
Mar 22 19:40:44.660153 n-d-738239-6 devstack@placement-api.service[104417]: INFO placement.requestlog [req-331db044-2df0-4ce8-92f0-5871973c99d1 req-c1275e2b-795c-4f3b-bfa0-9313b49fe718 service placement] 10.222.0.42 "GET /placement/allocations/c06ef832-5a38-41eb-b639-56d4e6c381c8" status: 200 len: 19 microversion: 1.28
Mar 22 19:40:44.660852 n-d-738239-6 devstack@placement-api.service[104417]: [pid: 104417|app: 0|req: 163/324] 10.222.0.42 () {60 vars in 1380 bytes} [Tue Mar 22 19:40:44 2022] GET /placement/allocations/c06ef832-5a38-41eb-b639-56d4e6c381c8 => generated 19 bytes in 17 msecs (HTTP/1.1 200) 8 headers in 295 bytes (1 switches on core 0)
Mar 22 19:40:44.668929 n-d-738239-6 devstack@placement-api.service[104416]: DEBUG placement.requestlog [req-331db044-2df0-4ce8-92f0-5871973c99d1 req-3adda33c-a76a-4003-ac8b-23dde5d91ff1 None None] Starting request: 10.222.0.42 "PUT /placement/allocations/c06ef832-5a38-41eb-b639-56d4e6c381c8" {{(pid=104416) __call__ /opt/stack/placement/placement/requestlog.py:55}}
Mar 22 19:40:44.831698 n-d-738239-6 devstack@placement-api.service[104417]: DEBUG placement.requestlog [req-60690ca9-e69f-4ba8-8120-d106efd4e637 req-ba635197-3c90-4430-8dc6-ffe67ca77539 None None] Starting request: 10.222.0.35 "GET /placement/allocations/03d0fff0-9fed-45ff-adb5-95a09aba9589" {{(pid=104417) __call__ /opt/stack/placement/placement/requestlog.py:55}}
Mar 22 19:40:44.841331 n-d-738239-6 devstack@placement-api.service[104416]: DEBUG placement.handlers.allocation [req-331db044-2df0-4ce8-92f0-5871973c99d1 req-3adda33c-a76a-4003-ac8b-23dde5d91ff1 service placement] Successfully wrote allocations [, , ] {{(pid=104416) _update_consumers_and_create_allocations /opt/stack/placement/placement/handlers/allocation.py:462}}
Mar 22 19:40:44.848582 n-d-738239-6 devstack@placement-api.service[104416]: INFO placement.requestlog [req-331db044-2df0-4ce8-92f0-5871973c99d1 req-3adda33c-a76a-4003-ac8b-23dde5d91ff1 service placement] 10.222.0.42 "PUT /placement/allocations/c06ef832-5a38-41eb-b639-56d4e6c381c8" status: 204 len: 0 microversion: 1.36
Mar 22 19:40:44.849077 n-d-738239-6 devstack@placement-api.service[104416]: [pid: 104416|app: 0|req: 162/325] 10.222.0.42 () {64 vars in 1433 bytes} [Tue Mar 22 19:40:44 2022] PUT /placement/allocations/c06ef832-5a38-41eb-b639-56d4e6c381c8 => generated 0 bytes in 181 msecs (HTTP/1.1 204) 5 headers in 199 bytes (1 switches on core 0)
Mar 22 19:40:44.913450 n-d-738239-6 devstack@placement-api.service[104417]: INFO placement.requestlog [req-60690ca9-e69f-4ba8-8120-d106efd4e637 req-ba635197-3c90-4430-8dc6-ffe67ca77539 service placement] 10.222.0.35 "GET /placement/allocations/03d0fff0-9fed-45ff-adb5-95a09aba9589" status: 200 len: 259 microversion: 1.28
Mar 22 19:40:44.915970 n-d-738239-6 devstack@placement-api.service[104417]: [pid: 104417|app: 0|req: 164/326] 10.222.0.35 () {60 vars in 1377 bytes} [Tue Mar 22 19:40:44 2022] GET /placement/allocations/03d0fff0-9fed-45ff-adb5-95a09aba9589 => generated 259 bytes in 84 msecs (HTTP/1.1 200) 8 headers in 296 bytes (1 switches on core 0)
Mar 22 19:40:45.565986 n-d-738239-6 devstack@placement-api.service[104416]: DEBUG placement.requestlog [req-331db044-2df0-4ce8-92f0-5871973c99d1 req-7dbf8bb6-e04a-488e-9439-7c3a46a2b6a5 None None] Starting request: 10.222.0.76 "GET /placement/allocations/c06ef832-5a38-41eb-b639-56d4e6c381c8" {{(pid=104416) __call__ /opt/stack/placement/placement/requestlog.py:55}}
Mar 22 19:40:45.608787 n-d-738239-6 devstack@placement-api.service[104416]: INFO placement.requestlog [req-331db044-2df0-4ce8-92f0-5871973c99d1 req-7dbf8bb6-e04a-488e-9439-7c3a46a2b6a5 service placement] 10.222.0.76 "GET /placement/allocations/c06ef832-5a38-41eb-b639-56d4e6c381c8" status: 200 len: 259 microversion: 1.28
Mar 22 19:40:45.616126 n-d-738239-6 devstack@placement-api.service[104416]: [pid: 104416|app: 0|req: 163/327] 10.222.0.76 () {60 vars in 1377 bytes} [Tue Mar 22 19:40:45 2022] GET /placement/allocations/c06ef832-5a38-41eb-b639-56d4e6c381c8 => generated 259 bytes in 44 msecs (HTTP/1.1 200) 8 headers in 296 bytes (2 switches on core 0)
Mar 22 19:40:47.113883 n-d-738239-6 devstack@placement-api.service[104417]: DEBUG placement.requestlog [req-701c132d-a2b9-4e6a-88a5-39ebfabd8f55 req-856ad3b1-e418-48b6-b3ff-4af08d4842c1 None None] Starting request: 10.222.0.35 "DELETE /placement/allocations/e0454fdb-f55b-431e-87c6-15495b593aec" {{(pid=104417) __call__ /opt/stack/placement/placement/requestlog.py:55}}
Mar 22 19:40:47.200176 n-d-738239-6 devstack@placement-api.service[104417]: DEBUG placement.handlers.allocation [req-701c132d-a2b9-4e6a-88a5-39ebfabd8f55 req-856ad3b1-e418-48b6-b3ff-4af08d4842c1 service placement] Successfully deleted allocations [, , ] {{(pid=104417) delete_allocations /opt/stack/placement/placement/handlers/allocation.py:627}}
Mar 22 19:40:47.201023 n-d-738239-6 devstack@placement-api.service[104417]: INFO placement.requestlog [req-701c132d-a2b9-4e6a-88a5-39ebfabd8f55 req-856ad3b1-e418-48b6-b3ff-4af08d4842c1 service placement] 10.222.0.35 "DELETE /placement/allocations/e0454fdb-f55b-431e-87c6-15495b593aec" status: 204 len: 0 microversion: 1.0
Mar 22 19:40:47.201874 n-d-738239-6 devstack@placement-api.service[104417]: [pid: 104417|app: 0|req: 165/328] 10.222.0.35 () {60 vars in 1355 bytes} [Tue Mar 22 19:40:47 2022] DELETE /placement/allocations/e0454fdb-f55b-431e-87c6-15495b593aec => generated 0 bytes in 88 msecs (HTTP/1.1 204) 5 headers in 198 bytes (1 switches on core 0)
Mar 22 19:40:50.339784 n-d-738239-6 devstack@placement-api.service[104416]: DEBUG placement.requestlog [req-f23e8e5b-56f9-47e6-9745-cb22b5d1c18a req-a288333f-c05a-47af-9787-641eb5c22021 None None] Starting request: 10.222.0.76 "GET /placement/allocations/3cecee23-9774-4c0a-9bd4-ed999a08c5be" {{(pid=104416) __call__ /opt/stack/placement/placement/requestlog.py:55}}
Mar 22 19:40:50.406744 n-d-738239-6 devstack@placement-api.service[104416]: INFO placement.requestlog [req-f23e8e5b-56f9-47e6-9745-cb22b5d1c18a req-a288333f-c05a-47af-9787-641eb5c22021 service placement] 10.222.0.76 "GET /placement/allocations/3cecee23-9774-4c0a-9bd4-ed999a08c5be" status: 200 len: 259 microversion: 1.28
Mar 22 19:40:50.416114 n-d-738239-6 devstack@placement-api.service[104416]: [pid: 104416|app: 0|req: 164/329] 10.222.0.76 () {60 vars in 1377 bytes} [Tue Mar 22 19:40:50 2022] GET /placement/allocations/3cecee23-9774-4c0a-9bd4-ed999a08c5be => generated 259 bytes in 76 msecs (HTTP/1.1 200) 8 headers in 296 bytes (1 switches on core 0)
Mar 22 19:40:50.424057 n-d-738239-6 devstack@placement-api.service[104417]: DEBUG placement.requestlog [req-f23e8e5b-56f9-47e6-9745-cb22b5d1c18a req-5da4bae7-4125-4c3c-a80b-6d60642cbdb1 None None] Starting request: 10.222.0.76 "GET /placement/allocations/3cecee23-9774-4c0a-9bd4-ed999a08c5be" {{(pid=104417) __call__ /opt/stack/placement/placement/requestlog.py:55}}
Mar 22 19:40:50.457168 n-d-738239-6 devstack@placement-api.service[104417]: INFO placement.requestlog [req-f23e8e5b-56f9-47e6-9745-cb22b5d1c18a req-5da4bae7-4125-4c3c-a80b-6d60642cbdb1 service placement] 10.222.0.76 "GET /placement/allocations/3cecee23-9774-4c0a-9bd4-ed999a08c5be" status: 200 len: 259 microversion: 1.28
Mar 22 19:40:50.458473 n-d-738239-6 devstack@placement-api.service[104417]: [pid: 104417|app: 0|req: 166/330] 10.222.0.76 () {60 vars in 1377 bytes} [Tue Mar 22 19:40:50 2022] GET /placement/allocations/3cecee23-9774-4c0a-9bd4-ed999a08c5be => generated 259 bytes in 35 msecs (HTTP/1.1 200) 8 headers in 296 bytes (1 switches on core 0)
Mar 22 19:40:50.468321 n-d-738239-6 devstack@placement-api.service[104416]: DEBUG placement.requestlog [req-f23e8e5b-56f9-47e6-9745-cb22b5d1c18a req-25515057-8a45-44ac-b12e-fcae6583fa12 None None] Starting request: 10.222.0.76 "GET /placement/allocations/5589df96-960b-4e14-bac8-967e14189cad" {{(pid=104416) __call__ /opt/stack/placement/placement/requestlog.py:55}}
Mar 22 19:40:50.498889 n-d-738239-6 devstack@placement-api.service[104416]: INFO placement.requestlog [req-f23e8e5b-56f9-47e6-9745-cb22b5d1c18a req-25515057-8a45-44ac-b12e-fcae6583fa12 service placement] 10.222.0.76 "GET /placement/allocations/5589df96-960b-4e14-bac8-967e14189cad" status: 200 len: 258 microversion: 1.28
Mar 22 19:40:50.505400 n-d-738239-6 devstack@placement-api.service[104416]: [pid: 104416|app: 0|req: 165/331] 10.222.0.76 () {60 vars in 1377 bytes} [Tue Mar 22 19:40:50 2022] GET /placement/allocations/5589df96-960b-4e14-bac8-967e14189cad => generated 258 bytes in 37 msecs (HTTP/1.1 200) 8 headers in 296 bytes (1 switches on core 0)
Mar 22 19:40:50.515667 n-d-738239-6 devstack@placement-api.service[104417]: DEBUG placement.requestlog [req-f23e8e5b-56f9-47e6-9745-cb22b5d1c18a req-41bfa499-745b-4b21-b27d-d2fd84b0b14c None None] Starting request: 10.222.0.76 "POST /placement/allocations" {{(pid=104417) __call__ /opt/stack/placement/placement/requestlog.py:55}}
Mar 22 19:40:50.709999 n-d-738239-6 devstack@placement-api.service[104417]: DEBUG placement.handlers.allocation [req-f23e8e5b-56f9-47e6-9745-cb22b5d1c18a req-41bfa499-745b-4b21-b27d-d2fd84b0b14c service placement] Successfully wrote allocations [, , , , , ] {{(pid=104417) _update_consumers_and_create_allocations /opt/stack/placement/placement/handlers/allocation.py:572}}
Mar 22 19:40:50.720187 n-d-738239-6 devstack@placement-api.service[104417]: INFO placement.requestlog [req-f23e8e5b-56f9-47e6-9745-cb22b5d1c18a req-41bfa499-745b-4b21-b27d-d2fd84b0b14c service placement] 10.222.0.76 "POST /placement/allocations" status: 204 len: 0 microversion: 1.28
Mar 22 19:40:50.721037 n-d-738239-6 devstack@placement-api.service[104417]: [pid: 104417|app: 0|req: 167/332] 10.222.0.76 () {64 vars in 1320 bytes} [Tue Mar 22 19:40:50 2022] POST /placement/allocations => generated 0 bytes in 205 msecs (HTTP/1.1 204) 5 headers in 199 bytes (2 switches on core 0)
Mar 22 19:40:59.311195 n-d-738239-6 devstack@placement-api.service[104416]: DEBUG placement.requestlog [req-78bb04ba-663e-492a-a288-5c8768bbcb0d req-8ff4f63c-a675-4595-8926-f1e3f2d2217a None None] Starting request: 10.222.0.35 "DELETE /placement/allocations/cc2689f7-f37a-4113-99a5-a69b9d85250f" {{(pid=104416) __call__ /opt/stack/placement/placement/requestlog.py:55}}
Mar 22 19:40:59.357998 n-d-738239-6 devstack@placement-api.service[104416]: DEBUG placement.handlers.allocation [req-78bb04ba-663e-492a-a288-5c8768bbcb0d req-8ff4f63c-a675-4595-8926-f1e3f2d2217a service placement] Successfully deleted allocations [, , ] {{(pid=104416) delete_allocations /opt/stack/placement/placement/handlers/allocation.py:627}}
Mar 22 19:40:59.358753 n-d-738239-6 devstack@placement-api.service[104416]: INFO placement.requestlog [req-78bb04ba-663e-492a-a288-5c8768bbcb0d req-8ff4f63c-a675-4595-8926-f1e3f2d2217a service placement] 10.222.0.35 "DELETE /placement/allocations/cc2689f7-f37a-4113-99a5-a69b9d85250f" status: 204 len: 0 microversion: 1.0
Mar 22 19:40:59.359645 n-d-738239-6 devstack@placement-api.service[104416]: [pid: 104416|app: 0|req: 166/333] 10.222.0.35 () {60 vars in 1355 bytes} [Tue Mar 22 19:40:59 2022] DELETE /placement/allocations/cc2689f7-f37a-4113-99a5-a69b9d85250f => generated 0 bytes in 49 msecs (HTTP/1.1 204) 5 headers in 198 bytes (2 switches on core 0)
Mar 22 19:40:59.580367 n-d-738239-6 devstack@placement-api.service[104417]: DEBUG placement.requestlog [req-7dddcd67-d087-4720-b987-bc0db35fda5e req-b49aacaf-123d-4151-b148-dd83f18c5f56 None None] Starting request: 10.222.0.76 "DELETE /placement/allocations/a3e065fb-6056-422a-9f4f-37b9f183571d" {{(pid=104417) __call__ /opt/stack/placement/placement/requestlog.py:55}}
Mar 22 19:40:59.670395 n-d-738239-6 devstack@placement-api.service[104417]: DEBUG placement.handlers.allocation [req-7dddcd67-d087-4720-b987-bc0db35fda5e req-b49aacaf-123d-4151-b148-dd83f18c5f56 service placement] Successfully deleted allocations [, , ] {{(pid=104417) delete_allocations /opt/stack/placement/placement/handlers/allocation.py:627}}
Mar 22 19:40:59.671245 n-d-738239-6 devstack@placement-api.service[104417]: INFO placement.requestlog [req-7dddcd67-d087-4720-b987-bc0db35fda5e req-b49aacaf-123d-4151-b148-dd83f18c5f56 service placement] 10.222.0.76 "DELETE /placement/allocations/a3e065fb-6056-422a-9f4f-37b9f183571d" status: 204 len: 0 microversion: 1.0
Mar 22 19:40:59.673135 n-d-738239-6 devstack@placement-api.service[104417]: [pid: 104417|app: 0|req: 168/334] 10.222.0.76 () {60 vars in 1355 bytes} [Tue Mar 22 19:40:59 2022] DELETE /placement/allocations/a3e065fb-6056-422a-9f4f-37b9f183571d => generated 0 bytes in 93 msecs (HTTP/1.1 204) 5 headers in 198 bytes (1 switches on core 0)
Mar 22 19:41:01.044569 n-d-738239-6 devstack@placement-api.service[104416]: DEBUG placement.requestlog [req-9e9aa99a-a4f4-4c2f-aa43-8c9714828e0b req-b2bfae96-f2b6-4752-bdec-fb038fc48ef0 None None] Starting request: 10.222.0.42 "GET /placement/allocation_candidates?limit=1000&resources=DISK_GB%3A1%2CMEMORY_MB%3A1024%2CVCPU%3A1&root_required=%21COMPUTE_STATUS_DISABLED" {{(pid=104416) __call__ /opt/stack/placement/placement/requestlog.py:55}}
Mar 22 19:41:01.114899 n-d-738239-6 devstack@placement-api.service[104416]: DEBUG placement.objects.research_context [req-9e9aa99a-a4f4-4c2f-aa43-8c9714828e0b req-b2bfae96-f2b6-4752-bdec-fb038fc48ef0 service placement] getting providers with 1 DISK_GB {{(pid=104416) __init__ /opt/stack/placement/placement/objects/research_context.py:136}}
Mar 22 19:41:01.135489 n-d-738239-6 devstack@placement-api.service[104416]: DEBUG placement.objects.research_context [req-9e9aa99a-a4f4-4c2f-aa43-8c9714828e0b req-b2bfae96-f2b6-4752-bdec-fb038fc48ef0 service placement] getting providers with 1024 MEMORY_MB {{(pid=104416) __init__ /opt/stack/placement/placement/objects/research_context.py:136}}
Mar 22 19:41:01.151069 n-d-738239-6 devstack@placement-api.service[104416]: DEBUG placement.objects.research_context [req-9e9aa99a-a4f4-4c2f-aa43-8c9714828e0b req-b2bfae96-f2b6-4752-bdec-fb038fc48ef0 service placement] getting providers with 1 VCPU {{(pid=104416) __init__ /opt/stack/placement/placement/objects/research_context.py:136}}
Mar 22 19:41:01.181158 n-d-738239-6 devstack@placement-api.service[104416]: DEBUG placement.objects.research_context [req-9e9aa99a-a4f4-4c2f-aa43-8c9714828e0b req-b2bfae96-f2b6-4752-bdec-fb038fc48ef0 service placement] found 2 providers with available 1 DISK_GB {{(pid=104416) get_provider_ids_matching /opt/stack/placement/placement/objects/research_context.py:559}}
Mar 22 19:41:01.181792 n-d-738239-6 devstack@placement-api.service[104416]: DEBUG placement.objects.research_context [req-9e9aa99a-a4f4-4c2f-aa43-8c9714828e0b req-b2bfae96-f2b6-4752-bdec-fb038fc48ef0 service placement] found 2 providers with available 1024 MEMORY_MB {{(pid=104416) get_provider_ids_matching /opt/stack/placement/placement/objects/research_context.py:559}}
Mar 22 19:41:01.183656 n-d-738239-6 devstack@placement-api.service[104416]: DEBUG placement.objects.research_context [req-9e9aa99a-a4f4-4c2f-aa43-8c9714828e0b req-b2bfae96-f2b6-4752-bdec-fb038fc48ef0 service placement] found 2 providers after filtering by previous result {{(pid=104416) get_provider_ids_matching /opt/stack/placement/placement/objects/research_context.py:590}}
Mar 22 19:41:01.184440 n-d-738239-6 devstack@placement-api.service[104416]: DEBUG placement.objects.research_context [req-9e9aa99a-a4f4-4c2f-aa43-8c9714828e0b req-b2bfae96-f2b6-4752-bdec-fb038fc48ef0 service placement] found 2 providers with available 1 VCPU {{(pid=104416) get_provider_ids_matching /opt/stack/placement/placement/objects/research_context.py:559}}
Mar 22 19:41:01.190138 n-d-738239-6 devstack@placement-api.service[104416]: DEBUG placement.objects.research_context [req-9e9aa99a-a4f4-4c2f-aa43-8c9714828e0b req-b2bfae96-f2b6-4752-bdec-fb038fc48ef0 service placement] found 2 providers after filtering by previous result {{(pid=104416) get_provider_ids_matching /opt/stack/placement/placement/objects/research_context.py:590}}
Mar 22 19:41:01.214957 n-d-738239-6 devstack@placement-api.service[104416]: DEBUG placement.objects.allocation_candidate [req-9e9aa99a-a4f4-4c2f-aa43-8c9714828e0b req-b2bfae96-f2b6-4752-bdec-fb038fc48ef0 service placement] RequestGroup(use_same_provider=False, resources={DISK_GB:1, MEMORY_MB:1024, VCPU:1}, traits=(), aggregates=[]) (suffix '') returned 2 matches {{(pid=104416) _get_by_requests /opt/stack/placement/placement/objects/allocation_candidate.py:156}}
Mar 22 19:41:01.215720 n-d-738239-6 devstack@placement-api.service[104416]: DEBUG placement.objects.allocation_candidate [req-9e9aa99a-a4f4-4c2f-aa43-8c9714828e0b req-b2bfae96-f2b6-4752-bdec-fb038fc48ef0 service placement] Merging candidates yields 2 allocation requests and 2 provider summaries {{(pid=104416) _merge_candidates /opt/stack/placement/placement/objects/allocation_candidate.py:809}}
Mar 22 19:41:01.218119 n-d-738239-6 devstack@placement-api.service[104416]: INFO placement.requestlog [req-9e9aa99a-a4f4-4c2f-aa43-8c9714828e0b req-b2bfae96-f2b6-4752-bdec-fb038fc48ef0 service placement] 10.222.0.42 "GET /placement/allocation_candidates?limit=1000&resources=DISK_GB%3A1%2CMEMORY_MB%3A1024%2CVCPU%3A1&root_required=%21COMPUTE_STATUS_DISABLED" status: 200 len: 1309 microversion: 1.36
Mar 22 19:41:01.236227 n-d-738239-6 devstack@placement-api.service[104416]: [pid: 104416|app: 0|req: 167/335] 10.222.0.42 () {60 vars in 1506 bytes} [Tue Mar 22 19:41:01 2022] GET /placement/allocation_candidates?limit=1000&resources=DISK_GB%3A1%2CMEMORY_MB%3A1024%2CVCPU%3A1&root_required=%21COMPUTE_STATUS_DISABLED => generated 1309 bytes in 192 msecs (HTTP/1.1 200) 8 headers in 297 bytes (1 switches on core 0)
Mar 22 19:41:01.472492 n-d-738239-6 devstack@placement-api.service[104417]: DEBUG placement.requestlog [req-9e9aa99a-a4f4-4c2f-aa43-8c9714828e0b req-2b620667-5b70-4d71-bf77-a461b28eb95e None None] Starting request: 10.222.0.42 "GET /placement/allocations/cfa2ab16-6009-48b2-94e9-fad0acf8568b" {{(pid=104417) __call__ /opt/stack/placement/placement/requestlog.py:55}}
Mar 22 19:41:01.531392 n-d-738239-6 devstack@placement-api.service[104417]: INFO placement.requestlog [req-9e9aa99a-a4f4-4c2f-aa43-8c9714828e0b req-2b620667-5b70-4d71-bf77-a461b28eb95e service placement] 10.222.0.42 "GET /placement/allocations/cfa2ab16-6009-48b2-94e9-fad0acf8568b" status: 200 len: 19 microversion: 1.28
Mar 22 19:41:01.537653 n-d-738239-6 devstack@placement-api.service[104417]: [pid: 104417|app: 0|req: 169/336] 10.222.0.42 () {60 vars in 1380 bytes} [Tue Mar 22 19:41:01 2022] GET /placement/allocations/cfa2ab16-6009-48b2-94e9-fad0acf8568b => generated 19 bytes in 66 msecs (HTTP/1.1 200) 8 headers in 295 bytes (1 switches on core 0)
Mar 22 19:41:01.585337 n-d-738239-6 devstack@placement-api.service[104416]: DEBUG placement.requestlog [req-9e9aa99a-a4f4-4c2f-aa43-8c9714828e0b req-0f1e076b-d11a-4077-9d92-dbadef21316d None None] Starting request: 10.222.0.42 "PUT /placement/allocations/cfa2ab16-6009-48b2-94e9-fad0acf8568b" {{(pid=104416) __call__ /opt/stack/placement/placement/requestlog.py:55}}
Mar 22 19:41:01.766914 n-d-738239-6 devstack@placement-api.service[104416]: DEBUG placement.handlers.allocation [req-9e9aa99a-a4f4-4c2f-aa43-8c9714828e0b req-0f1e076b-d11a-4077-9d92-dbadef21316d service placement] Successfully wrote allocations [, , ] {{(pid=104416) _update_consumers_and_create_allocations /opt/stack/placement/placement/handlers/allocation.py:462}}
Mar 22 19:41:01.775060 n-d-738239-6 devstack@placement-api.service[104416]: INFO placement.requestlog [req-9e9aa99a-a4f4-4c2f-aa43-8c9714828e0b req-0f1e076b-d11a-4077-9d92-dbadef21316d service placement] 10.222.0.42 "PUT /placement/allocations/cfa2ab16-6009-48b2-94e9-fad0acf8568b" status: 204 len: 0 microversion: 1.36
Mar 22 19:41:01.775583 n-d-738239-6 devstack@placement-api.service[104416]: [pid: 104416|app: 0|req: 168/337] 10.222.0.42 () {64 vars in 1433 bytes} [Tue Mar 22 19:41:01 2022] PUT /placement/allocations/cfa2ab16-6009-48b2-94e9-fad0acf8568b => generated 0 bytes in 191 msecs (HTTP/1.1 204) 5 headers in 199 bytes (2 switches on core 0)
Mar 22 19:41:02.758057 n-d-738239-6 devstack@placement-api.service[104417]: DEBUG placement.requestlog [req-9e9aa99a-a4f4-4c2f-aa43-8c9714828e0b req-5ccb56fa-594e-483c-b9bf-011a4aa0551e None None] Starting request: 10.222.0.35 "GET /placement/allocations/cfa2ab16-6009-48b2-94e9-fad0acf8568b" {{(pid=104417) __call__ /opt/stack/placement/placement/requestlog.py:55}}
Mar 22 19:41:02.781217 n-d-738239-6 devstack@placement-api.service[104417]: INFO placement.requestlog [req-9e9aa99a-a4f4-4c2f-aa43-8c9714828e0b req-5ccb56fa-594e-483c-b9bf-011a4aa0551e service placement] 10.222.0.35 "GET /placement/allocations/cfa2ab16-6009-48b2-94e9-fad0acf8568b" status: 200 len: 259 microversion: 1.28
Mar 22 19:41:02.783543 n-d-738239-6 devstack@placement-api.service[104417]: [pid: 104417|app: 0|req: 170/338] 10.222.0.35 () {60 vars in 1377 bytes} [Tue Mar 22 19:41:02 2022] GET /placement/allocations/cfa2ab16-6009-48b2-94e9-fad0acf8568b => generated 259 bytes in 25 msecs (HTTP/1.1 200) 8 headers in 296 bytes (2 switches on core 0)
Mar 22 19:41:07.310097 n-d-738239-6 devstack@placement-api.service[104416]: DEBUG placement.requestlog [req-be9b939c-4e81-4323-8cdc-123528d95885 req-ed8776b0-581a-4ca5-81ad-8fc572c25622 None None] Starting request: 10.222.0.42 "GET /placement/allocation_candidates?limit=1000&resources=DISK_GB%3A1%2CMEMORY_MB%3A1024%2CVCPU%3A1&root_required=%21COMPUTE_STATUS_DISABLED" {{(pid=104416) __call__ /opt/stack/placement/placement/requestlog.py:55}}
Mar 22 19:41:07.415387 n-d-738239-6 devstack@placement-api.service[104416]: DEBUG placement.objects.research_context [req-be9b939c-4e81-4323-8cdc-123528d95885 req-ed8776b0-581a-4ca5-81ad-8fc572c25622 service placement] getting providers with 1 DISK_GB {{(pid=104416) __init__ /opt/stack/placement/placement/objects/research_context.py:136}}
Mar 22 19:41:07.423155 n-d-738239-6 devstack@placement-api.service[104416]: DEBUG placement.objects.research_context [req-be9b939c-4e81-4323-8cdc-123528d95885 req-ed8776b0-581a-4ca5-81ad-8fc572c25622 service placement] getting providers with 1024 MEMORY_MB {{(pid=104416) __init__ /opt/stack/placement/placement/objects/research_context.py:136}}
Mar 22 19:41:07.435190 n-d-738239-6 devstack@placement-api.service[104416]: DEBUG placement.objects.research_context [req-be9b939c-4e81-4323-8cdc-123528d95885 req-ed8776b0-581a-4ca5-81ad-8fc572c25622 service placement] getting providers with 1 VCPU {{(pid=104416) __init__ /opt/stack/placement/placement/objects/research_context.py:136}}
Mar 22 19:41:07.454178 n-d-738239-6 devstack@placement-api.service[104416]: DEBUG placement.objects.research_context [req-be9b939c-4e81-4323-8cdc-123528d95885 req-ed8776b0-581a-4ca5-81ad-8fc572c25622 service placement] found 2 providers with available 1 DISK_GB {{(pid=104416) get_provider_ids_matching /opt/stack/placement/placement/objects/research_context.py:559}}
Mar 22 19:41:07.454993 n-d-738239-6 devstack@placement-api.service[104416]: DEBUG placement.objects.research_context [req-be9b939c-4e81-4323-8cdc-123528d95885 req-ed8776b0-581a-4ca5-81ad-8fc572c25622 service placement] found 2 providers with available 1024 MEMORY_MB {{(pid=104416) get_provider_ids_matching /opt/stack/placement/placement/objects/research_context.py:559}}
Mar 22 19:41:07.455652 n-d-738239-6 devstack@placement-api.service[104416]: DEBUG placement.objects.research_context [req-be9b939c-4e81-4323-8cdc-123528d95885 req-ed8776b0-581a-4ca5-81ad-8fc572c25622 service placement] found 2 providers after filtering by previous result {{(pid=104416) get_provider_ids_matching /opt/stack/placement/placement/objects/research_context.py:590}}
Mar 22 19:41:07.456196 n-d-738239-6 devstack@placement-api.service[104416]: DEBUG placement.objects.research_context [req-be9b939c-4e81-4323-8cdc-123528d95885 req-ed8776b0-581a-4ca5-81ad-8fc572c25622 service placement] found 2 providers with available 1 VCPU {{(pid=104416) get_provider_ids_matching /opt/stack/placement/placement/objects/research_context.py:559}}
Mar 22 19:41:07.456698 n-d-738239-6 devstack@placement-api.service[104416]: DEBUG placement.objects.research_context [req-be9b939c-4e81-4323-8cdc-123528d95885 req-ed8776b0-581a-4ca5-81ad-8fc572c25622 service placement] found 2 providers after filtering by previous result {{(pid=104416) get_provider_ids_matching /opt/stack/placement/placement/objects/research_context.py:590}}
Mar 22 19:41:07.478229 n-d-738239-6 devstack@placement-api.service[104416]: DEBUG placement.objects.allocation_candidate [req-be9b939c-4e81-4323-8cdc-123528d95885 req-ed8776b0-581a-4ca5-81ad-8fc572c25622 service placement] RequestGroup(use_same_provider=False, resources={DISK_GB:1, MEMORY_MB:1024, VCPU:1}, traits=(), aggregates=[]) (suffix '') returned 2 matches {{(pid=104416) _get_by_requests /opt/stack/placement/placement/objects/allocation_candidate.py:156}}
Mar 22 19:41:07.478899 n-d-738239-6 devstack@placement-api.service[104416]: DEBUG placement.objects.allocation_candidate [req-be9b939c-4e81-4323-8cdc-123528d95885 req-ed8776b0-581a-4ca5-81ad-8fc572c25622 service placement] Merging candidates yields 2 allocation requests and 2 provider summaries {{(pid=104416) _merge_candidates /opt/stack/placement/placement/objects/allocation_candidate.py:809}}
Mar 22 19:41:07.488320 n-d-738239-6 devstack@placement-api.service[104416]: INFO placement.requestlog [req-be9b939c-4e81-4323-8cdc-123528d95885 req-ed8776b0-581a-4ca5-81ad-8fc572c25622 service placement] 10.222.0.42 "GET /placement/allocation_candidates?limit=1000&resources=DISK_GB%3A1%2CMEMORY_MB%3A1024%2CVCPU%3A1&root_required=%21COMPUTE_STATUS_DISABLED" status: 200 len: 1309 microversion: 1.36
Mar 22 19:41:07.489592 n-d-738239-6 devstack@placement-api.service[104416]: [pid: 104416|app: 0|req: 169/339] 10.222.0.42 () {60 vars in 1506 bytes} [Tue Mar 22 19:41:07 2022] GET /placement/allocation_candidates?limit=1000&resources=DISK_GB%3A1%2CMEMORY_MB%3A1024%2CVCPU%3A1&root_required=%21COMPUTE_STATUS_DISABLED => generated 1309 bytes in 180 msecs (HTTP/1.1 200) 8 headers in 297 bytes (1 switches on core 0)
Mar 22 19:41:07.717942 n-d-738239-6 devstack@placement-api.service[104417]: DEBUG placement.requestlog [req-be9b939c-4e81-4323-8cdc-123528d95885 req-220d83b8-3b37-4c1b-b91a-33c130c03c2f None None] Starting request: 10.222.0.42 "GET /placement/allocations/c67a0a6d-14c8-4702-879a-df2d3b02c7ef" {{(pid=104417) __call__ /opt/stack/placement/placement/requestlog.py:55}}
Mar 22 19:41:07.766205 n-d-738239-6 devstack@placement-api.service[104417]: INFO placement.requestlog [req-be9b939c-4e81-4323-8cdc-123528d95885 req-220d83b8-3b37-4c1b-b91a-33c130c03c2f service placement] 10.222.0.42 "GET /placement/allocations/c67a0a6d-14c8-4702-879a-df2d3b02c7ef" status: 200 len: 19 microversion: 1.28
Mar 22 19:41:07.768554 n-d-738239-6 devstack@placement-api.service[104417]: [pid: 104417|app: 0|req: 171/340] 10.222.0.42 () {60 vars in 1380 bytes} [Tue Mar 22 19:41:07 2022] GET /placement/allocations/c67a0a6d-14c8-4702-879a-df2d3b02c7ef => generated 19 bytes in 51 msecs (HTTP/1.1 200) 8 headers in 295 bytes (2 switches on core 0)
Mar 22 19:41:07.779529 n-d-738239-6 devstack@placement-api.service[104416]: DEBUG placement.requestlog [req-be9b939c-4e81-4323-8cdc-123528d95885 req-2b45b2ca-d7c8-4b13-a775-be3eb05eef45 None None] Starting request: 10.222.0.42 "PUT /placement/allocations/c67a0a6d-14c8-4702-879a-df2d3b02c7ef" {{(pid=104416) __call__ /opt/stack/placement/placement/requestlog.py:55}}
Mar 22 19:41:07.931521 n-d-738239-6 devstack@placement-api.service[104416]: DEBUG placement.handlers.allocation [req-be9b939c-4e81-4323-8cdc-123528d95885 req-2b45b2ca-d7c8-4b13-a775-be3eb05eef45 service placement] Successfully wrote allocations [, , ] {{(pid=104416) _update_consumers_and_create_allocations /opt/stack/placement/placement/handlers/allocation.py:462}}
Mar 22 19:41:07.939295 n-d-738239-6 devstack@placement-api.service[104416]: INFO placement.requestlog [req-be9b939c-4e81-4323-8cdc-123528d95885 req-2b45b2ca-d7c8-4b13-a775-be3eb05eef45 service placement] 10.222.0.42 "PUT /placement/allocations/c67a0a6d-14c8-4702-879a-df2d3b02c7ef" status: 204 len: 0 microversion: 1.36
Mar 22 19:41:07.956356 n-d-738239-6 devstack@placement-api.service[104416]: [pid: 104416|app: 0|req: 170/341] 10.222.0.42 () {64 vars in 1433 bytes} [Tue Mar 22 19:41:07 2022] PUT /placement/allocations/c67a0a6d-14c8-4702-879a-df2d3b02c7ef => generated 0 bytes in 165 msecs (HTTP/1.1 204) 5 headers in 199 bytes (1 switches on core 0)
Mar 22 19:41:08.698613 n-d-738239-6 devstack@placement-api.service[104417]: DEBUG placement.requestlog [req-be9b939c-4e81-4323-8cdc-123528d95885 req-b95bc4ae-a775-41fc-a7be-b9f9f0b8f2d1 None None] Starting request: 10.222.0.76 "GET /placement/allocations/c67a0a6d-14c8-4702-879a-df2d3b02c7ef" {{(pid=104417) __call__ /opt/stack/placement/placement/requestlog.py:55}}
Mar 22 19:41:08.730800 n-d-738239-6 devstack@placement-api.service[104417]: INFO placement.requestlog [req-be9b939c-4e81-4323-8cdc-123528d95885 req-b95bc4ae-a775-41fc-a7be-b9f9f0b8f2d1 service placement] 10.222.0.76 "GET /placement/allocations/c67a0a6d-14c8-4702-879a-df2d3b02c7ef" status: 200 len: 259 microversion: 1.28
