Jul 27 21:00:36.089119 n-d-738239-5 devstack@placement-api.service[94397]: DEBUG placement.objects.allocation_candidate [req-72564df1-f6a7-4d22-a29a-6b51c980dac9 req-8a431c17-ee1c-4b38-a126-d9f4be063bd4 service placement] RequestGroup(use_same_provider=False, resources={MEMORY_MB:1024, VCPU:1}, traits=[], aggregates=[]) (suffix '') returned 2 matches {{(pid=94397) _get_by_requests /opt/stack/placement/placement/objects/allocation_candidate.py:145}}
Jul 27 21:00:36.091243 n-d-738239-5 devstack@placement-api.service[94397]: DEBUG placement.objects.allocation_candidate [req-72564df1-f6a7-4d22-a29a-6b51c980dac9 req-8a431c17-ee1c-4b38-a126-d9f4be063bd4 service placement] Merging candidates yields 2 allocation requests and 2 provider summaries {{(pid=94397) _merge_candidates /opt/stack/placement/placement/objects/allocation_candidate.py:783}}
Jul 27 21:00:36.099172 n-d-738239-5 devstack@placement-api.service[94397]: INFO placement.requestlog [req-72564df1-f6a7-4d22-a29a-6b51c980dac9 req-8a431c17-ee1c-4b38-a126-d9f4be063bd4 service placement] 10.222.0.72 "GET /placement/allocation_candidates?limit=1000&resources=MEMORY_MB%3A1024%2CVCPU%3A1&root_required=%21COMPUTE_STATUS_DISABLED" status: 200 len: 1281 microversion: 1.35
Jul 27 21:00:36.105484 n-d-738239-5 devstack@placement-api.service[94397]: [pid: 94397|app: 0|req: 65/128] 10.222.0.72 () {60 vars in 1479 bytes} [Tue Jul 27 21:00:35 2021] GET /placement/allocation_candidates?limit=1000&resources=MEMORY_MB%3A1024%2CVCPU%3A1&root_required=%21COMPUTE_STATUS_DISABLED => generated 1281 bytes in 199 msecs (HTTP/1.1 200) 8 headers in 297 bytes (1 switches on core 0)
Jul 27 21:00:36.226814 n-d-738239-5 devstack@placement-api.service[94398]: DEBUG placement.requestlog [req-72564df1-f6a7-4d22-a29a-6b51c980dac9 req-25ac69a0-40f4-4a48-a354-a5568edc98de None None] Starting request: 10.222.0.72 "GET /placement/allocations/8b74afe0-719c-4ef1-a649-1604ebd1c67f" {{(pid=94398) __call__ /opt/stack/placement/placement/requestlog.py:55}}
Jul 27 21:00:36.241683 n-d-738239-5 devstack@placement-api.service[94398]: INFO placement.requestlog [req-72564df1-f6a7-4d22-a29a-6b51c980dac9 req-25ac69a0-40f4-4a48-a354-a5568edc98de service placement] 10.222.0.72 "GET /placement/allocations/8b74afe0-719c-4ef1-a649-1604ebd1c67f" status: 200 len: 19 microversion: 1.28
Jul 27 21:00:36.250317 n-d-738239-5 devstack@placement-api.service[94398]: [pid: 94398|app: 0|req: 64/129] 10.222.0.72 () {60 vars in 1381 bytes} [Tue Jul 27 21:00:36 2021] GET /placement/allocations/8b74afe0-719c-4ef1-a649-1604ebd1c67f => generated 19 bytes in 24 msecs (HTTP/1.1 200) 8 headers in 295 bytes (1 switches on core 0)
Jul 27 21:00:36.255378 n-d-738239-5 devstack@placement-api.service[94397]: DEBUG placement.requestlog [req-72564df1-f6a7-4d22-a29a-6b51c980dac9 req-1d37d9f5-c27e-49c7-9111-ffb9a02a3790 None None] Starting request: 10.222.0.72 "PUT /placement/allocations/8b74afe0-719c-4ef1-a649-1604ebd1c67f" {{(pid=94397) __call__ /opt/stack/placement/placement/requestlog.py:55}}
Jul 27 21:00:36.426434 n-d-738239-5 devstack@placement-api.service[94397]: DEBUG placement.handlers.allocation [req-72564df1-f6a7-4d22-a29a-6b51c980dac9 req-1d37d9f5-c27e-49c7-9111-ffb9a02a3790 service placement] Successfully wrote allocations [, ] {{(pid=94397) _create_allocations /opt/stack/placement/placement/handlers/allocation.py:435}}
Jul 27 21:00:36.427392 n-d-738239-5 devstack@placement-api.service[94397]: INFO placement.requestlog [req-72564df1-f6a7-4d22-a29a-6b51c980dac9 req-1d37d9f5-c27e-49c7-9111-ffb9a02a3790 service placement] 10.222.0.72 "PUT /placement/allocations/8b74afe0-719c-4ef1-a649-1604ebd1c67f" status: 204 len: 0 microversion: 1.35
Jul 27 21:00:36.427831 n-d-738239-5 devstack@placement-api.service[94397]: [pid: 94397|app: 0|req: 66/130] 10.222.0.72 () {64 vars in 1434 bytes} [Tue Jul 27 21:00:36 2021] PUT /placement/allocations/8b74afe0-719c-4ef1-a649-1604ebd1c67f => generated 0 bytes in 173 msecs (HTTP/1.1 204) 5 headers in 199 bytes (1 switches on core 0)
Jul 27 21:00:36.578993 n-d-738239-5 devstack@placement-api.service[94398]: DEBUG placement.requestlog [req-43e2ca1e-cc99-4dc3-9fb2-9493a6699dbf req-c3909e67-0257-42fe-9a2c-4fc21e2158a0 None None] Starting request: 10.222.0.64 "GET /placement/allocations/b4b4586e-454f-4cef-bdad-007ff64ba982" {{(pid=94398) __call__ /opt/stack/placement/placement/requestlog.py:55}}
Jul 27 21:00:36.620610 n-d-738239-5 devstack@placement-api.service[94398]: INFO placement.requestlog [req-43e2ca1e-cc99-4dc3-9fb2-9493a6699dbf req-c3909e67-0257-42fe-9a2c-4fc21e2158a0 service placement] 10.222.0.64 "GET /placement/allocations/b4b4586e-454f-4cef-bdad-007ff64ba982" status: 200 len: 258 microversion: 1.28
Jul 27 21:00:36.622187 n-d-738239-5 devstack@placement-api.service[94398]: [pid: 94398|app: 0|req: 65/131] 10.222.0.64 () {60 vars in 1378 bytes} [Tue Jul 27 21:00:36 2021] GET /placement/allocations/b4b4586e-454f-4cef-bdad-007ff64ba982 => generated 258 bytes in 44 msecs (HTTP/1.1 200) 8 headers in 296 bytes (1 switches on core 0)
Jul 27 21:00:36.634733 n-d-738239-5 devstack@placement-api.service[94397]: DEBUG placement.requestlog [req-43e2ca1e-cc99-4dc3-9fb2-9493a6699dbf req-c8eb6f0c-9e3b-4ef3-9c04-67488dee3dd2 None None] Starting request: 10.222.0.64 "PUT /placement/allocations/b4b4586e-454f-4cef-bdad-007ff64ba982" {{(pid=94397) __call__ /opt/stack/placement/placement/requestlog.py:55}}
Jul 27 21:00:36.806256 n-d-738239-5 devstack@placement-api.service[94397]: DEBUG placement.handlers.allocation [req-43e2ca1e-cc99-4dc3-9fb2-9493a6699dbf req-c8eb6f0c-9e3b-4ef3-9c04-67488dee3dd2 service placement] Successfully wrote allocations [, , ] {{(pid=94397) _create_allocations /opt/stack/placement/placement/handlers/allocation.py:435}}
Jul 27 21:00:36.807940 n-d-738239-5 devstack@placement-api.service[94397]: INFO placement.requestlog [req-43e2ca1e-cc99-4dc3-9fb2-9493a6699dbf req-c8eb6f0c-9e3b-4ef3-9c04-67488dee3dd2 service placement] 10.222.0.64 "PUT /placement/allocations/b4b4586e-454f-4cef-bdad-007ff64ba982" status: 204 len: 0 microversion: 1.28
Jul 27 21:00:36.809032 n-d-738239-5 devstack@placement-api.service[94397]: [pid: 94397|app: 0|req: 67/132] 10.222.0.64 () {64 vars in 1431 bytes} [Tue Jul 27 21:00:36 2021] PUT /placement/allocations/b4b4586e-454f-4cef-bdad-007ff64ba982 => generated 0 bytes in 175 msecs (HTTP/1.1 204) 5 headers in 199 bytes (1 switches on core 0)
Jul 27 21:00:37.401367 n-d-738239-5 devstack@placement-api.service[94398]: DEBUG placement.requestlog [req-72564df1-f6a7-4d22-a29a-6b51c980dac9 req-f0f0f8c9-56e3-4b4c-be63-11906bad293e None None] Starting request: 10.222.0.64 "GET /placement/allocations/8b74afe0-719c-4ef1-a649-1604ebd1c67f" {{(pid=94398) __call__ /opt/stack/placement/placement/requestlog.py:55}}
Jul 27 21:00:37.428973 n-d-738239-5 devstack@placement-api.service[94398]: INFO placement.requestlog [req-72564df1-f6a7-4d22-a29a-6b51c980dac9 req-f0f0f8c9-56e3-4b4c-be63-11906bad293e service placement] 10.222.0.64 "GET /placement/allocations/8b74afe0-719c-4ef1-a649-1604ebd1c67f" status: 200 len: 244 microversion: 1.28
Jul 27 21:00:37.429532 n-d-738239-5 devstack@placement-api.service[94398]: [pid: 94398|app: 0|req: 66/133] 10.222.0.64 () {60 vars in 1378 bytes} [Tue Jul 27 21:00:37 2021] GET /placement/allocations/8b74afe0-719c-4ef1-a649-1604ebd1c67f => generated 244 bytes in 28 msecs (HTTP/1.1 200) 8 headers in 296 bytes (1 switches on core 0)
Jul 27 21:00:40.380107 n-d-738239-5 devstack@placement-api.service[94397]: DEBUG placement.requestlog [req-02a50418-856c-4b5b-bb17-d5d6d06c1612 req-ea3c3a87-e29d-46eb-a228-ebc51d277bf0 None None] Starting request: 10.222.0.64 "GET /placement/resource_providers/39b0a570-a9fd-46ad-964a-07739934d514/allocations" {{(pid=94397) __call__ /opt/stack/placement/placement/requestlog.py:55}}
Jul 27 21:00:40.475037 n-d-738239-5 devstack@placement-api.service[94397]: INFO placement.requestlog [req-02a50418-856c-4b5b-bb17-d5d6d06c1612 req-ea3c3a87-e29d-46eb-a228-ebc51d277bf0 service placement] 10.222.0.64 "GET /placement/resource_providers/39b0a570-a9fd-46ad-964a-07739934d514/allocations" status: 200 len: 240 microversion: 1.0
Jul 27 21:00:40.480032 n-d-738239-5 devstack@placement-api.service[94397]: [pid: 94397|app: 0|req: 68/134] 10.222.0.64 () {58 vars in 1391 bytes} [Tue Jul 27 21:00:40 2021] GET /placement/resource_providers/39b0a570-a9fd-46ad-964a-07739934d514/allocations => generated 240 bytes in 110 msecs (HTTP/1.1 200) 6 headers in 224 bytes (1 switches on core 0)
Jul 27 21:00:44.047134 n-d-738239-5 devstack@placement-api.service[94398]: DEBUG placement.requestlog [None req-25923319-2ce3-4942-98dc-8e5998b9a5be None None] Starting request: 10.222.0.72 "GET /placement/" {{(pid=94398) __call__ /opt/stack/placement/placement/requestlog.py:55}}
Jul 27 21:00:44.048625 n-d-738239-5 devstack@placement-api.service[94398]: INFO placement.requestlog [None req-25923319-2ce3-4942-98dc-8e5998b9a5be None None] 10.222.0.72 "GET /placement/" status: 200 len: 136 microversion: 1.0
Jul 27 21:00:44.049161 n-d-738239-5 devstack@placement-api.service[94398]: [pid: 94398|app: 0|req: 67/135] 10.222.0.72 () {54 vars in 916 bytes} [Tue Jul 27 21:00:44 2021] GET /placement => generated 136 bytes in 3 msecs (HTTP/1.1 200) 6 headers in 224 bytes (1 switches on core 0)
Jul 27 21:00:44.065559 n-d-738239-5 devstack@placement-api.service[94397]: DEBUG placement.requestlog [req-e0f843f5-9052-455b-8452-c4bf8c7c231a req-985ec6fb-2644-4b4a-a45a-2f4bbd878527 None None] Starting request: 10.222.0.72 "GET /placement/allocations/ab89a1a1-7820-4ea9-96e1-0ed619f04461" {{(pid=94397) __call__ /opt/stack/placement/placement/requestlog.py:55}}
Jul 27 21:00:44.367467 n-d-738239-5 devstack@placement-api.service[94397]: INFO placement.requestlog [req-e0f843f5-9052-455b-8452-c4bf8c7c231a req-985ec6fb-2644-4b4a-a45a-2f4bbd878527 service placement] 10.222.0.72 "GET /placement/allocations/ab89a1a1-7820-4ea9-96e1-0ed619f04461" status: 200 len: 258 microversion: 1.28
Jul 27 21:00:44.373886 n-d-738239-5 devstack@placement-api.service[94397]: [pid: 94397|app: 0|req: 69/136] 10.222.0.72 () {60 vars in 1381 bytes} [Tue Jul 27 21:00:44 2021] GET /placement/allocations/ab89a1a1-7820-4ea9-96e1-0ed619f04461 => generated 258 bytes in 310 msecs (HTTP/1.1 200) 8 headers in 296 bytes (1 switches on core 0)
Jul 27 21:00:44.383583 n-d-738239-5 devstack@placement-api.service[94398]: DEBUG placement.requestlog [req-e0f843f5-9052-455b-8452-c4bf8c7c231a req-2c7ac706-0d3b-43ce-9117-4ee1df0f68a7 None None] Starting request: 10.222.0.72 "GET /placement/allocations/ab89a1a1-7820-4ea9-96e1-0ed619f04461" {{(pid=94398) __call__ /opt/stack/placement/placement/requestlog.py:55}}
Jul 27 21:00:44.421881 n-d-738239-5 devstack@placement-api.service[94398]: INFO placement.requestlog [req-e0f843f5-9052-455b-8452-c4bf8c7c231a req-2c7ac706-0d3b-43ce-9117-4ee1df0f68a7 service placement] 10.222.0.72 "GET /placement/allocations/ab89a1a1-7820-4ea9-96e1-0ed619f04461" status: 200 len: 258 microversion: 1.28
Jul 27 21:00:44.422859 n-d-738239-5 devstack@placement-api.service[94398]: [pid: 94398|app: 0|req: 68/137] 10.222.0.72 () {60 vars in 1381 bytes} [Tue Jul 27 21:00:44 2021] GET /placement/allocations/ab89a1a1-7820-4ea9-96e1-0ed619f04461 => generated 258 bytes in 39 msecs (HTTP/1.1 200) 8 headers in 296 bytes (1 switches on core 0)
Jul 27 21:00:44.428728 n-d-738239-5 devstack@placement-api.service[94397]: DEBUG placement.requestlog [req-e0f843f5-9052-455b-8452-c4bf8c7c231a req-dd1dea0d-ecfa-4900-924d-2eb17382894d None None] Starting request: 10.222.0.72 "GET /placement/allocations/26575344-9aae-4f6b-8f23-6d7859600961" {{(pid=94397) __call__ /opt/stack/placement/placement/requestlog.py:55}}
Jul 27 21:00:44.453234 n-d-738239-5 devstack@placement-api.service[94397]: INFO placement.requestlog [req-e0f843f5-9052-455b-8452-c4bf8c7c231a req-dd1dea0d-ecfa-4900-924d-2eb17382894d service placement] 10.222.0.72 "GET /placement/allocations/26575344-9aae-4f6b-8f23-6d7859600961" status: 200 len: 19 microversion: 1.28
Jul 27 21:00:44.456302 n-d-738239-5 devstack@placement-api.service[94397]: [pid: 94397|app: 0|req: 70/138] 10.222.0.72 () {60 vars in 1381 bytes} [Tue Jul 27 21:00:44 2021] GET /placement/allocations/26575344-9aae-4f6b-8f23-6d7859600961 => generated 19 bytes in 28 msecs (HTTP/1.1 200) 8 headers in 295 bytes (1 switches on core 0)
Jul 27 21:00:44.463131 n-d-738239-5 devstack@placement-api.service[94398]: DEBUG placement.requestlog [req-e0f843f5-9052-455b-8452-c4bf8c7c231a req-127bb939-6abd-4c56-ac78-2fdd7e8d897c None None] Starting request: 10.222.0.72 "POST /placement/allocations" {{(pid=94398) __call__ /opt/stack/placement/placement/requestlog.py:55}}
Jul 27 21:00:44.688887 n-d-738239-5 devstack@placement-api.service[94398]: DEBUG placement.handlers.allocation [req-e0f843f5-9052-455b-8452-c4bf8c7c231a req-127bb939-6abd-4c56-ac78-2fdd7e8d897c service placement] Successfully wrote allocations [, , , , , ] {{(pid=94398) _create_allocations /opt/stack/placement/placement/handlers/allocation.py:524}}
Jul 27 21:00:44.689952 n-d-738239-5 devstack@placement-api.service[94398]: INFO placement.requestlog [req-e0f843f5-9052-455b-8452-c4bf8c7c231a req-127bb939-6abd-4c56-ac78-2fdd7e8d897c service placement] 10.222.0.72 "POST /placement/allocations" status: 204 len: 0 microversion: 1.28
Jul 27 21:00:44.690469 n-d-738239-5 devstack@placement-api.service[94398]: [pid: 94398|app: 0|req: 69/139] 10.222.0.72 () {64 vars in 1324 bytes} [Tue Jul 27 21:00:44 2021] POST /placement/allocations => generated 0 bytes in 227 msecs (HTTP/1.1 204) 5 headers in 199 bytes (1 switches on core 0)
Jul 27 21:00:44.738641 n-d-738239-5 devstack@placement-api.service[94397]: DEBUG placement.requestlog [req-e0f843f5-9052-455b-8452-c4bf8c7c231a req-704b68cc-9e93-487f-83bd-fdde33299f07 None None] Starting request: 10.222.0.72 "GET /placement/allocations/ab89a1a1-7820-4ea9-96e1-0ed619f04461" {{(pid=94397) __call__ /opt/stack/placement/placement/requestlog.py:55}}
Jul 27 21:00:44.976730 n-d-738239-5 devstack@placement-api.service[94397]: INFO placement.requestlog [req-e0f843f5-9052-455b-8452-c4bf8c7c231a req-704b68cc-9e93-487f-83bd-fdde33299f07 service placement] 10.222.0.72 "GET /placement/allocations/ab89a1a1-7820-4ea9-96e1-0ed619f04461" status: 200 len: 19 microversion: 1.28
Jul 27 21:00:44.976942 n-d-738239-5 devstack@placement-api.service[94397]: [pid: 94397|app: 0|req: 71/140] 10.222.0.72 () {60 vars in 1381 bytes} [Tue Jul 27 21:00:44 2021] GET /placement/allocations/ab89a1a1-7820-4ea9-96e1-0ed619f04461 => generated 19 bytes in 239 msecs (HTTP/1.1 200) 8 headers in 295 bytes (1 switches on core 0)
Jul 27 21:00:44.987950 n-d-738239-5 devstack@placement-api.service[94398]: DEBUG placement.requestlog [req-e0f843f5-9052-455b-8452-c4bf8c7c231a req-4171de99-a740-4d4c-acf0-13421c95300e None None] Starting request: 10.222.0.72 "PUT /placement/allocations/ab89a1a1-7820-4ea9-96e1-0ed619f04461" {{(pid=94398) __call__ /opt/stack/placement/placement/requestlog.py:55}}
Jul 27 21:00:45.146774 n-d-738239-5 devstack@placement-api.service[94398]: DEBUG placement.handlers.allocation [req-e0f843f5-9052-455b-8452-c4bf8c7c231a req-4171de99-a740-4d4c-acf0-13421c95300e service placement] Successfully wrote allocations [, , ] {{(pid=94398) _create_allocations /opt/stack/placement/placement/handlers/allocation.py:435}}
Jul 27 21:00:45.147806 n-d-738239-5 devstack@placement-api.service[94398]: INFO placement.requestlog [req-e0f843f5-9052-455b-8452-c4bf8c7c231a req-4171de99-a740-4d4c-acf0-13421c95300e service placement] 10.222.0.72 "PUT /placement/allocations/ab89a1a1-7820-4ea9-96e1-0ed619f04461" status: 204 len: 0 microversion: 1.28
Jul 27 21:00:45.150675 n-d-738239-5 devstack@placement-api.service[94398]: [pid: 94398|app: 0|req: 70/141] 10.222.0.72 () {64 vars in 1434 bytes} [Tue Jul 27 21:00:44 2021] PUT /placement/allocations/ab89a1a1-7820-4ea9-96e1-0ed619f04461 => generated 0 bytes in 163 msecs (HTTP/1.1 204) 5 headers in 199 bytes (1 switches on core 0)
Jul 27 21:00:45.401773 n-d-738239-5 devstack@placement-api.service[94397]: DEBUG placement.requestlog [req-e0f843f5-9052-455b-8452-c4bf8c7c231a req-a2e14708-ec81-4a94-9f9c-5c496e3c91ef None None] Starting request: 10.222.0.13 "GET /placement/allocations/ab89a1a1-7820-4ea9-96e1-0ed619f04461" {{(pid=94397) __call__ /opt/stack/placement/placement/requestlog.py:55}}
Jul 27 21:00:45.456217 n-d-738239-5 devstack@placement-api.service[94397]: INFO placement.requestlog [req-e0f843f5-9052-455b-8452-c4bf8c7c231a req-a2e14708-ec81-4a94-9f9c-5c496e3c91ef service placement] 10.222.0.13 "GET /placement/allocations/ab89a1a1-7820-4ea9-96e1-0ed619f04461" status: 200 len: 259 microversion: 1.28
Jul 27 21:00:45.457014 n-d-738239-5 devstack@placement-api.service[94397]: [pid: 94397|app: 0|req: 72/142] 10.222.0.13 () {60 vars in 1378 bytes} [Tue Jul 27 21:00:45 2021] GET /placement/allocations/ab89a1a1-7820-4ea9-96e1-0ed619f04461 => generated 259 bytes in 58 msecs (HTTP/1.1 200) 8 headers in 296 bytes (1 switches on core 0)
Jul 27 21:00:47.671773 n-d-738239-5 devstack@placement-api.service[94398]: DEBUG placement.requestlog [None req-7c34d759-5c02-4d77-9118-20a62e27673f None None] Starting request: 10.222.0.72 "GET /placement/" {{(pid=94398) __call__ /opt/stack/placement/placement/requestlog.py:55}}
Jul 27 21:00:47.674011 n-d-738239-5 devstack@placement-api.service[94398]: INFO placement.requestlog [None req-7c34d759-5c02-4d77-9118-20a62e27673f None None] 10.222.0.72 "GET /placement/" status: 200 len: 136 microversion: 1.0
Jul 27 21:00:47.674776 n-d-738239-5 devstack@placement-api.service[94398]: [pid: 94398|app: 0|req: 71/143] 10.222.0.72 () {54 vars in 916 bytes} [Tue Jul 27 21:00:47 2021] GET /placement => generated 136 bytes in 3 msecs (HTTP/1.1 200) 6 headers in 224 bytes (1 switches on core 0)
Jul 27 21:00:47.686361 n-d-738239-5 devstack@placement-api.service[94397]: DEBUG placement.requestlog [req-6b516c04-8bd2-4010-8b7c-eb889cc239c2 req-b7ac2787-2987-4f9e-ac0a-301ebba727de None None] Starting request: 10.222.0.72 "GET /placement/allocations/012da158-753f-424f-b516-b0d9b8b07494" {{(pid=94397) __call__ /opt/stack/placement/placement/requestlog.py:55}}
Jul 27 21:00:47.810753 n-d-738239-5 devstack@placement-api.service[94397]: INFO placement.requestlog [req-6b516c04-8bd2-4010-8b7c-eb889cc239c2 req-b7ac2787-2987-4f9e-ac0a-301ebba727de service placement] 10.222.0.72 "GET /placement/allocations/012da158-753f-424f-b516-b0d9b8b07494" status: 200 len: 259 microversion: 1.28
Jul 27 21:00:47.820298 n-d-738239-5 devstack@placement-api.service[94397]: [pid: 94397|app: 0|req: 73/144] 10.222.0.72 () {60 vars in 1381 bytes} [Tue Jul 27 21:00:47 2021] GET /placement/allocations/012da158-753f-424f-b516-b0d9b8b07494 => generated 259 bytes in 134 msecs (HTTP/1.1 200) 8 headers in 296 bytes (1 switches on core 0)
Jul 27 21:00:47.820955 n-d-738239-5 devstack@placement-api.service[94398]: DEBUG placement.requestlog [req-6b516c04-8bd2-4010-8b7c-eb889cc239c2 req-ec379913-a4b4-4a4d-8b46-dd8c11932990 None None] Starting request: 10.222.0.72 "GET /placement/allocations/012da158-753f-424f-b516-b0d9b8b07494" {{(pid=94398) __call__ /opt/stack/placement/placement/requestlog.py:55}}
Jul 27 21:00:47.954907 n-d-738239-5 devstack@placement-api.service[94398]: INFO placement.requestlog [req-6b516c04-8bd2-4010-8b7c-eb889cc239c2 req-ec379913-a4b4-4a4d-8b46-dd8c11932990 service placement] 10.222.0.72 "GET /placement/allocations/012da158-753f-424f-b516-b0d9b8b07494" status: 200 len: 259 microversion: 1.28
Jul 27 21:00:47.955777 n-d-738239-5 devstack@placement-api.service[94398]: [pid: 94398|app: 0|req: 72/145] 10.222.0.72 () {60 vars in 1381 bytes} [Tue Jul 27 21:00:47 2021] GET /placement/allocations/012da158-753f-424f-b516-b0d9b8b07494 => generated 259 bytes in 135 msecs (HTTP/1.1 200) 8 headers in 296 bytes (2 switches on core 0)
Jul 27 21:00:47.963708 n-d-738239-5 devstack@placement-api.service[94397]: DEBUG placement.requestlog [req-6b516c04-8bd2-4010-8b7c-eb889cc239c2 req-7ec3123e-2064-456b-b6a1-9caf48b05b28 None None] Starting request: 10.222.0.72 "GET /placement/allocations/2d79d478-c66c-43a7-a04c-b61f868b2442" {{(pid=94397) __call__ /opt/stack/placement/placement/requestlog.py:55}}
Jul 27 21:00:47.984102 n-d-738239-5 devstack@placement-api.service[94397]: INFO placement.requestlog [req-6b516c04-8bd2-4010-8b7c-eb889cc239c2 req-7ec3123e-2064-456b-b6a1-9caf48b05b28 service placement] 10.222.0.72 "GET /placement/allocations/2d79d478-c66c-43a7-a04c-b61f868b2442" status: 200 len: 19 microversion: 1.28
Jul 27 21:00:47.985405 n-d-738239-5 devstack@placement-api.service[94397]: [pid: 94397|app: 0|req: 74/146] 10.222.0.72 () {60 vars in 1381 bytes} [Tue Jul 27 21:00:47 2021] GET /placement/allocations/2d79d478-c66c-43a7-a04c-b61f868b2442 => generated 19 bytes in 22 msecs (HTTP/1.1 200) 8 headers in 295 bytes (1 switches on core 0)
Jul 27 21:00:47.997988 n-d-738239-5 devstack@placement-api.service[94398]: DEBUG placement.requestlog [req-6b516c04-8bd2-4010-8b7c-eb889cc239c2 req-0e96ab3e-7f0d-4d7f-9c7a-eb33a288d07b None None] Starting request: 10.222.0.72 "POST /placement/allocations" {{(pid=94398) __call__ /opt/stack/placement/placement/requestlog.py:55}}
Jul 27 21:00:48.175226 n-d-738239-5 devstack@placement-api.service[94398]: DEBUG placement.handlers.allocation [req-6b516c04-8bd2-4010-8b7c-eb889cc239c2 req-0e96ab3e-7f0d-4d7f-9c7a-eb33a288d07b service placement] Successfully wrote allocations [, , , , , ] {{(pid=94398) _create_allocations /opt/stack/placement/placement/handlers/allocation.py:524}}
Jul 27 21:00:48.175862 n-d-738239-5 devstack@placement-api.service[94398]: INFO placement.requestlog [req-6b516c04-8bd2-4010-8b7c-eb889cc239c2 req-0e96ab3e-7f0d-4d7f-9c7a-eb33a288d07b service placement] 10.222.0.72 "POST /placement/allocations" status: 204 len: 0 microversion: 1.28
Jul 27 21:00:48.176532 n-d-738239-5 devstack@placement-api.service[94398]: [pid: 94398|app: 0|req: 73/147] 10.222.0.72 () {64 vars in 1324 bytes} [Tue Jul 27 21:00:47 2021] POST /placement/allocations => generated 0 bytes in 179 msecs (HTTP/1.1 204) 5 headers in 199 bytes (2 switches on core 0)
Jul 27 21:00:48.247200 n-d-738239-5 devstack@placement-api.service[94397]: DEBUG placement.requestlog [req-6b516c04-8bd2-4010-8b7c-eb889cc239c2 req-ae5079f2-5b78-40af-9cf7-b74c88959175 None None] Starting request: 10.222.0.72 "GET /placement/allocation_candidates?limit=1000&resources=DISK_GB%3A1%2CMEMORY_MB%3A512%2CVCPU%3A1&root_required=%21COMPUTE_STATUS_DISABLED" {{(pid=94397) __call__ /opt/stack/placement/placement/requestlog.py:55}}
Jul 27 21:00:48.335652 n-d-738239-5 devstack@placement-api.service[94397]: DEBUG placement.objects.research_context [req-6b516c04-8bd2-4010-8b7c-eb889cc239c2 req-ae5079f2-5b78-40af-9cf7-b74c88959175 service placement] getting providers with 1 DISK_GB {{(pid=94397) __init__ /opt/stack/placement/placement/objects/research_context.py:126}}
Jul 27 21:00:48.348315 n-d-738239-5 devstack@placement-api.service[94397]: DEBUG placement.objects.research_context [req-6b516c04-8bd2-4010-8b7c-eb889cc239c2 req-ae5079f2-5b78-40af-9cf7-b74c88959175 service placement] getting providers with 512 MEMORY_MB {{(pid=94397) __init__ /opt/stack/placement/placement/objects/research_context.py:126}}
Jul 27 21:00:48.368032 n-d-738239-5 devstack@placement-api.service[94397]: DEBUG placement.objects.research_context [req-6b516c04-8bd2-4010-8b7c-eb889cc239c2 req-ae5079f2-5b78-40af-9cf7-b74c88959175 service placement] getting providers with 1 VCPU {{(pid=94397) __init__ /opt/stack/placement/placement/objects/research_context.py:126}}
Jul 27 21:00:48.385198 n-d-738239-5 devstack@placement-api.service[94397]: DEBUG placement.objects.research_context [req-6b516c04-8bd2-4010-8b7c-eb889cc239c2 req-ae5079f2-5b78-40af-9cf7-b74c88959175 service placement] found 2 providers with available 1 DISK_GB {{(pid=94397) get_provider_ids_matching /opt/stack/placement/placement/objects/research_context.py:549}}
Jul 27 21:00:48.386043 n-d-738239-5 devstack@placement-api.service[94397]: DEBUG placement.objects.research_context [req-6b516c04-8bd2-4010-8b7c-eb889cc239c2 req-ae5079f2-5b78-40af-9cf7-b74c88959175 service placement] found 2 providers with available 512 MEMORY_MB {{(pid=94397) get_provider_ids_matching /opt/stack/placement/placement/objects/research_context.py:549}}
Jul 27 21:00:48.386491 n-d-738239-5 devstack@placement-api.service[94397]: DEBUG placement.objects.research_context [req-6b516c04-8bd2-4010-8b7c-eb889cc239c2 req-ae5079f2-5b78-40af-9cf7-b74c88959175 service placement] found 2 providers after filtering by previous result {{(pid=94397) get_provider_ids_matching /opt/stack/placement/placement/objects/research_context.py:580}}
Jul 27 21:00:48.388175 n-d-738239-5 devstack@placement-api.service[94397]: DEBUG placement.objects.research_context [req-6b516c04-8bd2-4010-8b7c-eb889cc239c2 req-ae5079f2-5b78-40af-9cf7-b74c88959175 service placement] found 2 providers with available 1 VCPU {{(pid=94397) get_provider_ids_matching /opt/stack/placement/placement/objects/research_context.py:549}}
Jul 27 21:00:48.388702 n-d-738239-5 devstack@placement-api.service[94397]: DEBUG placement.objects.research_context [req-6b516c04-8bd2-4010-8b7c-eb889cc239c2 req-ae5079f2-5b78-40af-9cf7-b74c88959175 service placement] found 2 providers after filtering by previous result {{(pid=94397) get_provider_ids_matching /opt/stack/placement/placement/objects/research_context.py:580}}
Jul 27 21:00:48.414350 n-d-738239-5 devstack@placement-api.service[94397]: DEBUG placement.objects.allocation_candidate [req-6b516c04-8bd2-4010-8b7c-eb889cc239c2 req-ae5079f2-5b78-40af-9cf7-b74c88959175 service placement] RequestGroup(use_same_provider=False, resources={DISK_GB:1, MEMORY_MB:512, VCPU:1}, traits=[], aggregates=[]) (suffix '') returned 2 matches {{(pid=94397) _get_by_requests /opt/stack/placement/placement/objects/allocation_candidate.py:145}}
Jul 27 21:00:48.416537 n-d-738239-5 devstack@placement-api.service[94397]: DEBUG placement.objects.allocation_candidate [req-6b516c04-8bd2-4010-8b7c-eb889cc239c2 req-ae5079f2-5b78-40af-9cf7-b74c88959175 service placement] Merging candidates yields 2 allocation requests and 2 provider summaries {{(pid=94397) _merge_candidates /opt/stack/placement/placement/objects/allocation_candidate.py:783}}
Jul 27 21:00:48.418545 n-d-738239-5 devstack@placement-api.service[94397]: INFO placement.requestlog [req-6b516c04-8bd2-4010-8b7c-eb889cc239c2 req-ae5079f2-5b78-40af-9cf7-b74c88959175 service placement] 10.222.0.72 "GET /placement/allocation_candidates?limit=1000&resources=DISK_GB%3A1%2CMEMORY_MB%3A512%2CVCPU%3A1&root_required=%21COMPUTE_STATUS_DISABLED" status: 200 len: 1307 microversion: 1.35
Jul 27 21:00:48.442124 n-d-738239-5 devstack@placement-api.service[94397]: [pid: 94397|app: 0|req: 75/148] 10.222.0.72 () {60 vars in 1505 bytes} [Tue Jul 27 21:00:48 2021] GET /placement/allocation_candidates?limit=1000&resources=DISK_GB%3A1%2CMEMORY_MB%3A512%2CVCPU%3A1&root_required=%21COMPUTE_STATUS_DISABLED => generated 1307 bytes in 176 msecs (HTTP/1.1 200) 8 headers in 297 bytes (1 switches on core 0)
Jul 27 21:00:48.505507 n-d-738239-5 devstack@placement-api.service[94398]: DEBUG placement.requestlog [req-6b516c04-8bd2-4010-8b7c-eb889cc239c2 req-4b55ec5b-699a-46e6-a562-680188382f4f None None] Starting request: 10.222.0.72 "GET /placement/allocations/012da158-753f-424f-b516-b0d9b8b07494" {{(pid=94398) __call__ /opt/stack/placement/placement/requestlog.py:55}}
Jul 27 21:00:48.519465 n-d-738239-5 devstack@placement-api.service[94398]: INFO placement.requestlog [req-6b516c04-8bd2-4010-8b7c-eb889cc239c2 req-4b55ec5b-699a-46e6-a562-680188382f4f service placement] 10.222.0.72 "GET /placement/allocations/012da158-753f-424f-b516-b0d9b8b07494" status: 200 len: 19 microversion: 1.28
Jul 27 21:00:48.527012 n-d-738239-5 devstack@placement-api.service[94398]: [pid: 94398|app: 0|req: 74/149] 10.222.0.72 () {60 vars in 1381 bytes} [Tue Jul 27 21:00:48 2021] GET /placement/allocations/012da158-753f-424f-b516-b0d9b8b07494 => generated 19 bytes in 21 msecs (HTTP/1.1 200) 8 headers in 295 bytes (1 switches on core 0)
Jul 27 21:00:48.531662 n-d-738239-5 devstack@placement-api.service[94397]: DEBUG placement.requestlog [req-6b516c04-8bd2-4010-8b7c-eb889cc239c2 req-44b66076-fae6-4eda-bf53-3492596734a5 None None] Starting request: 10.222.0.72 "PUT /placement/allocations/012da158-753f-424f-b516-b0d9b8b07494" {{(pid=94397) __call__ /opt/stack/placement/placement/requestlog.py:55}}
Jul 27 21:00:48.644207 n-d-738239-5 devstack@placement-api.service[94397]: DEBUG placement.handlers.allocation [req-6b516c04-8bd2-4010-8b7c-eb889cc239c2 req-44b66076-fae6-4eda-bf53-3492596734a5 service placement] Successfully wrote allocations [, , ] {{(pid=94397) _create_allocations /opt/stack/placement/placement/handlers/allocation.py:435}}
Jul 27 21:00:48.644850 n-d-738239-5 devstack@placement-api.service[94397]: INFO placement.requestlog [req-6b516c04-8bd2-4010-8b7c-eb889cc239c2 req-44b66076-fae6-4eda-bf53-3492596734a5 service placement] 10.222.0.72 "PUT /placement/allocations/012da158-753f-424f-b516-b0d9b8b07494" status: 204 len: 0 microversion: 1.35
Jul 27 21:00:48.660256 n-d-738239-5 devstack@placement-api.service[94397]: [pid: 94397|app: 0|req: 76/150] 10.222.0.72 () {64 vars in 1434 bytes} [Tue Jul 27 21:00:48 2021] PUT /placement/allocations/012da158-753f-424f-b516-b0d9b8b07494 => generated 0 bytes in 115 msecs (HTTP/1.1 204) 5 headers in 199 bytes (2 switches on core 0)
Jul 27 21:00:49.051192 n-d-738239-5 devstack@placement-api.service[94398]: DEBUG placement.requestlog [req-6b516c04-8bd2-4010-8b7c-eb889cc239c2 req-6d47d25b-aa7c-4425-a245-a7f49a9110d9 None None] Starting request: 10.222.0.64 "GET /placement/allocations/012da158-753f-424f-b516-b0d9b8b07494" {{(pid=94398) __call__ /opt/stack/placement/placement/requestlog.py:55}}
Jul 27 21:00:49.097252 n-d-738239-5 devstack@placement-api.service[94398]: INFO placement.requestlog [req-6b516c04-8bd2-4010-8b7c-eb889cc239c2 req-6d47d25b-aa7c-4425-a245-a7f49a9110d9 service placement] 10.222.0.64 "GET /placement/allocations/012da158-753f-424f-b516-b0d9b8b07494" status: 200 len: 258 microversion: 1.28
Jul 27 21:00:49.098281 n-d-738239-5 devstack@placement-api.service[94398]: [pid: 94398|app: 0|req: 75/151] 10.222.0.64 () {60 vars in 1378 bytes} [Tue Jul 27 21:00:49 2021] GET /placement/allocations/012da158-753f-424f-b516-b0d9b8b07494 => generated 258 bytes in 47 msecs (HTTP/1.1 200) 8 headers in 296 bytes (1 switches on core 0)
Jul 27 21:00:51.820972 n-d-738239-5 devstack@placement-api.service[94397]: DEBUG placement.requestlog [req-f4bf9f06-fba8-4d80-89a6-f7c49ba7abca req-4c9d37f0-e93c-47e9-b8d3-4a8de1d01ca2 None None] Starting request: 10.222.0.13 "GET /placement/allocations/1a05e6ea-ec44-4769-901e-dcb42ab020aa" {{(pid=94397) __call__ /opt/stack/placement/placement/requestlog.py:55}}
Jul 27 21:00:51.870879 n-d-738239-5 devstack@placement-api.service[94397]: INFO placement.requestlog [req-f4bf9f06-fba8-4d80-89a6-f7c49ba7abca req-4c9d37f0-e93c-47e9-b8d3-4a8de1d01ca2 service placement] 10.222.0.13 "GET /placement/allocations/1a05e6ea-ec44-4769-901e-dcb42ab020aa" status: 200 len: 259 microversion: 1.28
Jul 27 21:00:51.872077 n-d-738239-5 devstack@placement-api.service[94397]: [pid: 94397|app: 0|req: 77/152] 10.222.0.13 () {60 vars in 1378 bytes} [Tue Jul 27 21:00:51 2021] GET /placement/allocations/1a05e6ea-ec44-4769-901e-dcb42ab020aa => generated 259 bytes in 51 msecs (HTTP/1.1 200) 8 headers in 296 bytes (1 switches on core 0)
Jul 27 21:00:51.889468 n-d-738239-5 devstack@placement-api.service[94398]: DEBUG placement.requestlog [req-f4bf9f06-fba8-4d80-89a6-f7c49ba7abca req-f61b0220-c5b5-442e-b145-ef5845a665a0 None None] Starting request: 10.222.0.13 "PUT /placement/allocations/1a05e6ea-ec44-4769-901e-dcb42ab020aa" {{(pid=94398) __call__ /opt/stack/placement/placement/requestlog.py:55}}
Jul 27 21:00:52.038154 n-d-738239-5 devstack@placement-api.service[94398]: DEBUG placement.handlers.allocation [req-f4bf9f06-fba8-4d80-89a6-f7c49ba7abca req-f61b0220-c5b5-442e-b145-ef5845a665a0 service placement] Successfully wrote allocations [, , ] {{(pid=94398) _create_allocations /opt/stack/placement/placement/handlers/allocation.py:435}}
Jul 27 21:00:52.039380 n-d-738239-5 devstack@placement-api.service[94398]: INFO placement.requestlog [req-f4bf9f06-fba8-4d80-89a6-f7c49ba7abca req-f61b0220-c5b5-442e-b145-ef5845a665a0 service placement] 10.222.0.13 "PUT /placement/allocations/1a05e6ea-ec44-4769-901e-dcb42ab020aa" status: 204 len: 0 microversion: 1.28
Jul 27 21:00:52.040656 n-d-738239-5 devstack@placement-api.service[94398]: [pid: 94398|app: 0|req: 76/153] 10.222.0.13 () {64 vars in 1431 bytes} [Tue Jul 27 21:00:51 2021] PUT /placement/allocations/1a05e6ea-ec44-4769-901e-dcb42ab020aa => generated 0 bytes in 151 msecs (HTTP/1.1 204) 5 headers in 199 bytes (1 switches on core 0)
Jul 27 21:00:52.358996 n-d-738239-5 devstack@placement-api.service[94397]: DEBUG placement.requestlog [req-e8640958-8f76-4ad4-968d-5c44be90c38b req-e1dcfc89-ec4a-40f6-8ecc-2cda35a8958a None None] Starting request: 10.222.0.72 "GET /placement/allocation_candidates?limit=1000&resources=DISK_GB%3A1%2CMEMORY_MB%3A1024%2CVCPU%3A1&root_required=%21COMPUTE_STATUS_DISABLED" {{(pid=94397) __call__ /opt/stack/placement/placement/requestlog.py:55}}
Jul 27 21:00:52.415893 n-d-738239-5 devstack@placement-api.service[94397]: DEBUG placement.objects.research_context [req-e8640958-8f76-4ad4-968d-5c44be90c38b req-e1dcfc89-ec4a-40f6-8ecc-2cda35a8958a service placement] getting providers with 1 DISK_GB {{(pid=94397) __init__ /opt/stack/placement/placement/objects/research_context.py:126}}
Jul 27 21:00:52.427901 n-d-738239-5 devstack@placement-api.service[94397]: DEBUG placement.objects.research_context [req-e8640958-8f76-4ad4-968d-5c44be90c38b req-e1dcfc89-ec4a-40f6-8ecc-2cda35a8958a service placement] getting providers with 1024 MEMORY_MB {{(pid=94397) __init__ /opt/stack/placement/placement/objects/research_context.py:126}}
Jul 27 21:00:52.440164 n-d-738239-5 devstack@placement-api.service[94397]: DEBUG placement.objects.research_context [req-e8640958-8f76-4ad4-968d-5c44be90c38b req-e1dcfc89-ec4a-40f6-8ecc-2cda35a8958a service placement] getting providers with 1 VCPU {{(pid=94397) __init__ /opt/stack/placement/placement/objects/research_context.py:126}}
Jul 27 21:00:52.456069 n-d-738239-5 devstack@placement-api.service[94397]: DEBUG placement.objects.research_context [req-e8640958-8f76-4ad4-968d-5c44be90c38b req-e1dcfc89-ec4a-40f6-8ecc-2cda35a8958a service placement] found 2 providers with available 1 DISK_GB {{(pid=94397) get_provider_ids_matching /opt/stack/placement/placement/objects/research_context.py:549}}
Jul 27 21:00:52.456653 n-d-738239-5 devstack@placement-api.service[94397]: DEBUG placement.objects.research_context [req-e8640958-8f76-4ad4-968d-5c44be90c38b req-e1dcfc89-ec4a-40f6-8ecc-2cda35a8958a service placement] found 2 providers with available 1024 MEMORY_MB {{(pid=94397) get_provider_ids_matching /opt/stack/placement/placement/objects/research_context.py:549}}
Jul 27 21:00:52.457107 n-d-738239-5 devstack@placement-api.service[94397]: DEBUG placement.objects.research_context [req-e8640958-8f76-4ad4-968d-5c44be90c38b req-e1dcfc89-ec4a-40f6-8ecc-2cda35a8958a service placement] found 2 providers after filtering by previous result {{(pid=94397) get_provider_ids_matching /opt/stack/placement/placement/objects/research_context.py:580}}
Jul 27 21:00:52.457562 n-d-738239-5 devstack@placement-api.service[94397]: DEBUG placement.objects.research_context [req-e8640958-8f76-4ad4-968d-5c44be90c38b req-e1dcfc89-ec4a-40f6-8ecc-2cda35a8958a service placement] found 2 providers with available 1 VCPU {{(pid=94397) get_provider_ids_matching /opt/stack/placement/placement/objects/research_context.py:549}}
Jul 27 21:00:52.458303 n-d-738239-5 devstack@placement-api.service[94397]: DEBUG placement.objects.research_context [req-e8640958-8f76-4ad4-968d-5c44be90c38b req-e1dcfc89-ec4a-40f6-8ecc-2cda35a8958a service placement] found 2 providers after filtering by previous result {{(pid=94397) get_provider_ids_matching /opt/stack/placement/placement/objects/research_context.py:580}}
Jul 27 21:00:52.480277 n-d-738239-5 devstack@placement-api.service[94397]: DEBUG placement.objects.allocation_candidate [req-e8640958-8f76-4ad4-968d-5c44be90c38b req-e1dcfc89-ec4a-40f6-8ecc-2cda35a8958a service placement] RequestGroup(use_same_provider=False, resources={DISK_GB:1, MEMORY_MB:1024, VCPU:1}, traits=[], aggregates=[]) (suffix '') returned 2 matches {{(pid=94397) _get_by_requests /opt/stack/placement/placement/objects/allocation_candidate.py:145}}
Jul 27 21:00:52.481039 n-d-738239-5 devstack@placement-api.service[94397]: DEBUG placement.objects.allocation_candidate [req-e8640958-8f76-4ad4-968d-5c44be90c38b req-e1dcfc89-ec4a-40f6-8ecc-2cda35a8958a service placement] Merging candidates yields 2 allocation requests and 2 provider summaries {{(pid=94397) _merge_candidates /opt/stack/placement/placement/objects/allocation_candidate.py:783}}
Jul 27 21:00:52.483240 n-d-738239-5 devstack@placement-api.service[94397]: INFO placement.requestlog [req-e8640958-8f76-4ad4-968d-5c44be90c38b req-e1dcfc89-ec4a-40f6-8ecc-2cda35a8958a service placement] 10.222.0.72 "GET /placement/allocation_candidates?limit=1000&resources=DISK_GB%3A1%2CMEMORY_MB%3A1024%2CVCPU%3A1&root_required=%21COMPUTE_STATUS_DISABLED" status: 200 len: 1309 microversion: 1.35
Jul 27 21:00:52.484257 n-d-738239-5 devstack@placement-api.service[94397]: [pid: 94397|app: 0|req: 78/154] 10.222.0.72 () {60 vars in 1507 bytes} [Tue Jul 27 21:00:52 2021] GET /placement/allocation_candidates?limit=1000&resources=DISK_GB%3A1%2CMEMORY_MB%3A1024%2CVCPU%3A1&root_required=%21COMPUTE_STATUS_DISABLED => generated 1309 bytes in 126 msecs (HTTP/1.1 200) 8 headers in 297 bytes (1 switches on core 0)
Jul 27 21:00:52.582757 n-d-738239-5 devstack@placement-api.service[94398]: DEBUG placement.requestlog [req-e8640958-8f76-4ad4-968d-5c44be90c38b req-bc7f6e6d-7917-42aa-b105-a399317d955f None None] Starting request: 10.222.0.72 "GET /placement/allocations/0d8d4665-2a27-4c12-ba49-7b09195cc540" {{(pid=94398) __call__ /opt/stack/placement/placement/requestlog.py:55}}
Jul 27 21:00:52.598409 n-d-738239-5 devstack@placement-api.service[94398]: INFO placement.requestlog [req-e8640958-8f76-4ad4-968d-5c44be90c38b req-bc7f6e6d-7917-42aa-b105-a399317d955f service placement] 10.222.0.72 "GET /placement/allocations/0d8d4665-2a27-4c12-ba49-7b09195cc540" status: 200 len: 19 microversion: 1.28
Jul 27 21:00:52.604860 n-d-738239-5 devstack@placement-api.service[94398]: [pid: 94398|app: 0|req: 77/155] 10.222.0.72 () {60 vars in 1381 bytes} [Tue Jul 27 21:00:52 2021] GET /placement/allocations/0d8d4665-2a27-4c12-ba49-7b09195cc540 => generated 19 bytes in 23 msecs (HTTP/1.1 200) 8 headers in 295 bytes (2 switches on core 0)
Jul 27 21:00:52.613755 n-d-738239-5 devstack@placement-api.service[94397]: DEBUG placement.requestlog [req-e8640958-8f76-4ad4-968d-5c44be90c38b req-fdd193f7-00f9-4285-92fa-725431c4f41f None None] Starting request: 10.222.0.72 "PUT /placement/allocations/0d8d4665-2a27-4c12-ba49-7b09195cc540" {{(pid=94397) __call__ /opt/stack/placement/placement/requestlog.py:55}}
Jul 27 21:00:52.868790 n-d-738239-5 devstack@placement-api.service[94397]: DEBUG placement.handlers.allocation [req-e8640958-8f76-4ad4-968d-5c44be90c38b req-fdd193f7-00f9-4285-92fa-725431c4f41f service placement] Successfully wrote allocations [, , ] {{(pid=94397) _create_allocations /opt/stack/placement/placement/handlers/allocation.py:435}}
Jul 27 21:00:52.869899 n-d-738239-5 devstack@placement-api.service[94397]: INFO placement.requestlog [req-e8640958-8f76-4ad4-968d-5c44be90c38b req-fdd193f7-00f9-4285-92fa-725431c4f41f service placement] 10.222.0.72 "PUT /placement/allocations/0d8d4665-2a27-4c12-ba49-7b09195cc540" status: 204 len: 0 microversion: 1.35
Jul 27 21:00:52.869899 n-d-738239-5 devstack@placement-api.service[94397]: [pid: 94397|app: 0|req: 79/156] 10.222.0.72 () {64 vars in 1434 bytes} [Tue Jul 27 21:00:52 2021] PUT /placement/allocations/0d8d4665-2a27-4c12-ba49-7b09195cc540 => generated 0 bytes in 257 msecs (HTTP/1.1 204) 5 headers in 199 bytes (1 switches on core 0)
Jul 27 21:00:53.642544 n-d-738239-5 devstack@placement-api.service[94398]: DEBUG placement.requestlog [req-e8640958-8f76-4ad4-968d-5c44be90c38b req-20f2fe3e-80a3-4f2b-93fc-a204e7cc1249 None None] Starting request: 10.222.0.64 "GET /placement/allocations/0d8d4665-2a27-4c12-ba49-7b09195cc540" {{(pid=94398) __call__ /opt/stack/placement/placement/requestlog.py:55}}
Jul 27 21:00:53.665188 n-d-738239-5 devstack@placement-api.service[94398]: INFO placement.requestlog [req-e8640958-8f76-4ad4-968d-5c44be90c38b req-20f2fe3e-80a3-4f2b-93fc-a204e7cc1249 service placement] 10.222.0.64 "GET /placement/allocations/0d8d4665-2a27-4c12-ba49-7b09195cc540" status: 200 len: 259 microversion: 1.28
Jul 27 21:00:53.667285 n-d-738239-5 devstack@placement-api.service[94398]: [pid: 94398|app: 0|req: 78/157] 10.222.0.64 () {60 vars in 1378 bytes} [Tue Jul 27 21:00:53 2021] GET /placement/allocations/0d8d4665-2a27-4c12-ba49-7b09195cc540 => generated 259 bytes in 25 msecs (HTTP/1.1 200) 8 headers in 296 bytes (1 switches on core 0)
Jul 27 21:01:05.788022 n-d-738239-5 devstack@placement-api.service[94397]: DEBUG placement.requestlog [req-e0f843f5-9052-455b-8452-c4bf8c7c231a req-89847f31-8455-4b4a-b5f6-b587877dbc67 None None] Starting request: 10.222.0.64 "GET /placement/resource_providers/39b0a570-a9fd-46ad-964a-07739934d514/allocations" {{(pid=94397) __call__ /opt/stack/placement/placement/requestlog.py:55}}
Jul 27 21:01:05.847705 n-d-738239-5 devstack@placement-api.service[94397]: INFO placement.requestlog [req-e0f843f5-9052-455b-8452-c4bf8c7c231a req-89847f31-8455-4b4a-b5f6-b587877dbc67 service placement] 10.222.0.64 "GET /placement/resource_providers/39b0a570-a9fd-46ad-964a-07739934d514/allocations" status: 200 len: 442 microversion: 1.0
Jul 27 21:01:05.849078 n-d-738239-5 devstack@placement-api.service[94397]: [pid: 94397|app: 0|req: 80/158] 10.222.0.64 () {58 vars in 1391 bytes} [Tue Jul 27 21:01:05 2021] GET /placement/resource_providers/39b0a570-a9fd-46ad-964a-07739934d514/allocations => generated 442 bytes in 61 msecs (HTTP/1.1 200) 6 headers in 224 bytes (1 switches on core 0)
Jul 27 21:01:06.329243 n-d-738239-5 devstack@placement-api.service[94398]: DEBUG placement.requestlog [req-e0f843f5-9052-455b-8452-c4bf8c7c231a req-3b969e7a-5e68-41a4-a107-98c32abb2832 None None] Starting request: 10.222.0.64 "GET /placement/allocations/26575344-9aae-4f6b-8f23-6d7859600961" {{(pid=94398) __call__ /opt/stack/placement/placement/requestlog.py:55}}
Jul 27 21:01:06.344280 n-d-738239-5 devstack@placement-api.service[94397]: DEBUG placement.requestlog [req-62da81c4-7f6c-4576-bfac-aceda12ce7b8 req-7d495e50-ac87-4951-8ad6-2d476f92ed5b None None] Starting request: 10.222.0.13 "GET /placement/allocations/5131cf4d-39bf-46fe-b6cc-baec7cb1503f" {{(pid=94397) __call__ /opt/stack/placement/placement/requestlog.py:55}}
Jul 27 21:01:06.371629 n-d-738239-5 devstack@placement-api.service[94398]: INFO placement.requestlog [req-e0f843f5-9052-455b-8452-c4bf8c7c231a req-3b969e7a-5e68-41a4-a107-98c32abb2832 service placement] 10.222.0.64 "GET /placement/allocations/26575344-9aae-4f6b-8f23-6d7859600961" status: 200 len: 259 microversion: 1.28
Jul 27 21:01:06.372250 n-d-738239-5 devstack@placement-api.service[94398]: [pid: 94398|app: 0|req: 79/159] 10.222.0.64 () {60 vars in 1378 bytes} [Tue Jul 27 21:01:06 2021] GET /placement/allocations/26575344-9aae-4f6b-8f23-6d7859600961 => generated 259 bytes in 44 msecs (HTTP/1.1 200) 8 headers in 296 bytes (1 switches on core 0)
Jul 27 21:01:06.376293 n-d-738239-5 devstack@placement-api.service[94397]: INFO placement.requestlog [req-62da81c4-7f6c-4576-bfac-aceda12ce7b8 req-7d495e50-ac87-4951-8ad6-2d476f92ed5b service placement] 10.222.0.13 "GET /placement/allocations/5131cf4d-39bf-46fe-b6cc-baec7cb1503f" status: 200 len: 259 microversion: 1.28
Jul 27 21:01:06.376891 n-d-738239-5 devstack@placement-api.service[94397]: [pid: 94397|app: 0|req: 81/160] 10.222.0.13 () {60 vars in 1378 bytes} [Tue Jul 27 21:01:06 2021] GET /placement/allocations/5131cf4d-39bf-46fe-b6cc-baec7cb1503f => generated 259 bytes in 33 msecs (HTTP/1.1 200) 8 headers in 296 bytes (2 switches on core 0)
Jul 27 21:01:06.382114 n-d-738239-5 devstack@placement-api.service[94398]: DEBUG placement.requestlog [req-e0f843f5-9052-455b-8452-c4bf8c7c231a req-66491e59-3418-492d-9d7d-b8309b2b7307 None None] Starting request: 10.222.0.64 "PUT /placement/allocations/26575344-9aae-4f6b-8f23-6d7859600961" {{(pid=94398) __call__ /opt/stack/placement/placement/requestlog.py:55}}
Jul 27 21:01:06.387975 n-d-738239-5 devstack@placement-api.service[94397]: DEBUG placement.requestlog [req-62da81c4-7f6c-4576-bfac-aceda12ce7b8 req-54f57a5b-d185-464a-93b9-7b3db6803418 None None] Starting request: 10.222.0.13 "PUT /placement/allocations/5131cf4d-39bf-46fe-b6cc-baec7cb1503f" {{(pid=94397) __call__ /opt/stack/placement/placement/requestlog.py:55}}
Jul 27 21:01:06.506537 n-d-738239-5 devstack@placement-api.service[94398]: DEBUG placement.handlers.allocation [req-e0f843f5-9052-455b-8452-c4bf8c7c231a req-66491e59-3418-492d-9d7d-b8309b2b7307 service placement] Successfully wrote allocations [, , ] {{(pid=94398) _create_allocations /opt/stack/placement/placement/handlers/allocation.py:435}}
Jul 27 21:01:06.509235 n-d-738239-5 devstack@placement-api.service[94398]: INFO placement.requestlog [req-e0f843f5-9052-455b-8452-c4bf8c7c231a req-66491e59-3418-492d-9d7d-b8309b2b7307 service placement] 10.222.0.64 "PUT /placement/allocations/26575344-9aae-4f6b-8f23-6d7859600961" status: 204 len: 0 microversion: 1.28
Jul 27 21:01:06.510791 n-d-738239-5 devstack@placement-api.service[94398]: [pid: 94398|app: 0|req: 80/161] 10.222.0.64 () {64 vars in 1431 bytes} [Tue Jul 27 21:01:06 2021] PUT /placement/allocations/26575344-9aae-4f6b-8f23-6d7859600961 => generated 0 bytes in 129 msecs (HTTP/1.1 204) 5 headers in 199 bytes (1 switches on core 0)
Jul 27 21:01:06.586791 n-d-738239-5 devstack@placement-api.service[94397]: DEBUG placement.handlers.allocation [req-62da81c4-7f6c-4576-bfac-aceda12ce7b8 req-54f57a5b-d185-464a-93b9-7b3db6803418 service placement] Successfully wrote allocations [, , ] {{(pid=94397) _create_allocations /opt/stack/placement/placement/handlers/allocation.py:435}}
Jul 27 21:01:06.587118 n-d-738239-5 devstack@placement-api.service[94397]: INFO placement.requestlog [req-62da81c4-7f6c-4576-bfac-aceda12ce7b8 req-54f57a5b-d185-464a-93b9-7b3db6803418 service placement] 10.222.0.13 "PUT /placement/allocations/5131cf4d-39bf-46fe-b6cc-baec7cb1503f" status: 204 len: 0 microversion: 1.28
Jul 27 21:01:06.587758 n-d-738239-5 devstack@placement-api.service[94397]: [pid: 94397|app: 0|req: 82/162] 10.222.0.13 () {64 vars in 1431 bytes} [Tue Jul 27 21:01:06 2021] PUT /placement/allocations/5131cf4d-39bf-46fe-b6cc-baec7cb1503f => generated 0 bytes in 200 msecs (HTTP/1.1 204) 5 headers in 199 bytes (1 switches on core 0)
Jul 27 21:01:08.583306 n-d-738239-5 devstack@placement-api.service[94398]: DEBUG placement.requestlog [req-ab1f5139-6474-4219-8bb5-fdbeb833350f req-d1e8e65e-e2c2-45b0-9da5-247edc3640b4 None None] Starting request: 10.222.0.72 "GET /placement/allocation_candidates?limit=1000&resources=DISK_GB%3A1%2CMEMORY_MB%3A1024%2CVCPU%3A1&root_required=%21COMPUTE_STATUS_DISABLED" {{(pid=94398) __call__ /opt/stack/placement/placement/requestlog.py:55}}
Jul 27 21:01:08.624920 n-d-738239-5 devstack@placement-api.service[94398]: DEBUG placement.objects.research_context [req-ab1f5139-6474-4219-8bb5-fdbeb833350f req-d1e8e65e-e2c2-45b0-9da5-247edc3640b4 service placement] getting providers with 1 DISK_GB {{(pid=94398) __init__ /opt/stack/placement/placement/objects/research_context.py:126}}
Jul 27 21:01:08.632397 n-d-738239-5 devstack@placement-api.service[94398]: DEBUG placement.objects.research_context [req-ab1f5139-6474-4219-8bb5-fdbeb833350f req-d1e8e65e-e2c2-45b0-9da5-247edc3640b4 service placement] getting providers with 1024 MEMORY_MB {{(pid=94398) __init__ /opt/stack/placement/placement/objects/research_context.py:126}}
Jul 27 21:01:08.643293 n-d-738239-5 devstack@placement-api.service[94398]: DEBUG placement.objects.research_context [req-ab1f5139-6474-4219-8bb5-fdbeb833350f req-d1e8e65e-e2c2-45b0-9da5-247edc3640b4 service placement] getting providers with 1 VCPU {{(pid=94398) __init__ /opt/stack/placement/placement/objects/research_context.py:126}}
Jul 27 21:01:08.650886 n-d-738239-5 devstack@placement-api.service[94398]: DEBUG placement.objects.research_context [req-ab1f5139-6474-4219-8bb5-fdbeb833350f req-d1e8e65e-e2c2-45b0-9da5-247edc3640b4 service placement] found 2 providers with available 1 DISK_GB {{(pid=94398) get_provider_ids_matching /opt/stack/placement/placement/objects/research_context.py:549}}
Jul 27 21:01:08.651460 n-d-738239-5 devstack@placement-api.service[94398]: DEBUG placement.objects.research_context [req-ab1f5139-6474-4219-8bb5-fdbeb833350f req-d1e8e65e-e2c2-45b0-9da5-247edc3640b4 service placement] found 2 providers with available 1024 MEMORY_MB {{(pid=94398) get_provider_ids_matching /opt/stack/placement/placement/objects/research_context.py:549}}
Jul 27 21:01:08.652113 n-d-738239-5 devstack@placement-api.service[94398]: DEBUG placement.objects.research_context [req-ab1f5139-6474-4219-8bb5-fdbeb833350f req-d1e8e65e-e2c2-45b0-9da5-247edc3640b4 service placement] found 2 providers after filtering by previous result {{(pid=94398) get_provider_ids_matching /opt/stack/placement/placement/objects/research_context.py:580}}
