Jul 27 21:02:04.013242 n-d-738239-5 devstack@placement-api.service[94397]: [pid: 94397|app: 0|req: 116/227] 10.222.0.72 () {60 vars in 1381 bytes} [Tue Jul 27 21:02:03 2021] GET /placement/allocations/460992c7-b5e9-4bb6-a0ea-5b5ad92f3776 => generated 259 bytes in 86 msecs (HTTP/1.1 200) 8 headers in 296 bytes (1 switches on core 0)
Jul 27 21:02:04.019112 n-d-738239-5 devstack@placement-api.service[94398]: DEBUG placement.requestlog [req-b7de2795-3816-4696-bcb8-0dc49ff0b12e req-71adfe33-6734-4b76-8cba-60f492dca547 None None] Starting request: 10.222.0.72 "GET /placement/allocations/460992c7-b5e9-4bb6-a0ea-5b5ad92f3776" {{(pid=94398) __call__ /opt/stack/placement/placement/requestlog.py:55}}
Jul 27 21:02:04.052758 n-d-738239-5 devstack@placement-api.service[94398]: INFO placement.requestlog [req-b7de2795-3816-4696-bcb8-0dc49ff0b12e req-71adfe33-6734-4b76-8cba-60f492dca547 service placement] 10.222.0.72 "GET /placement/allocations/460992c7-b5e9-4bb6-a0ea-5b5ad92f3776" status: 200 len: 259 microversion: 1.28
Jul 27 21:02:04.055983 n-d-738239-5 devstack@placement-api.service[94398]: [pid: 94398|app: 0|req: 112/228] 10.222.0.72 () {60 vars in 1381 bytes} [Tue Jul 27 21:02:04 2021] GET /placement/allocations/460992c7-b5e9-4bb6-a0ea-5b5ad92f3776 => generated 259 bytes in 37 msecs (HTTP/1.1 200) 8 headers in 296 bytes (1 switches on core 0)
Jul 27 21:02:04.061803 n-d-738239-5 devstack@placement-api.service[94397]: DEBUG placement.requestlog [req-b7de2795-3816-4696-bcb8-0dc49ff0b12e req-f3f555c1-d3d0-4df0-93df-c18cabb3f1ba None None] Starting request: 10.222.0.72 "GET /placement/allocations/b92a6a8d-4b02-4875-a6ca-0919b8882294" {{(pid=94397) __call__ /opt/stack/placement/placement/requestlog.py:55}}
Jul 27 21:02:04.081527 n-d-738239-5 devstack@placement-api.service[94397]: INFO placement.requestlog [req-b7de2795-3816-4696-bcb8-0dc49ff0b12e req-f3f555c1-d3d0-4df0-93df-c18cabb3f1ba service placement] 10.222.0.72 "GET /placement/allocations/b92a6a8d-4b02-4875-a6ca-0919b8882294" status: 200 len: 19 microversion: 1.28
Jul 27 21:02:04.082169 n-d-738239-5 devstack@placement-api.service[94397]: [pid: 94397|app: 0|req: 117/229] 10.222.0.72 () {60 vars in 1381 bytes} [Tue Jul 27 21:02:04 2021] GET /placement/allocations/b92a6a8d-4b02-4875-a6ca-0919b8882294 => generated 19 bytes in 20 msecs (HTTP/1.1 200) 8 headers in 295 bytes (1 switches on core 0)
Jul 27 21:02:04.088681 n-d-738239-5 devstack@placement-api.service[94398]: DEBUG placement.requestlog [req-b7de2795-3816-4696-bcb8-0dc49ff0b12e req-44f69a63-927c-4c48-a6ef-a7e033f78d37 None None] Starting request: 10.222.0.72 "POST /placement/allocations" {{(pid=94398) __call__ /opt/stack/placement/placement/requestlog.py:55}}
Jul 27 21:02:04.209863 n-d-738239-5 devstack@placement-api.service[94398]: DEBUG placement.handlers.allocation [req-b7de2795-3816-4696-bcb8-0dc49ff0b12e req-44f69a63-927c-4c48-a6ef-a7e033f78d37 service placement] Successfully wrote allocations [, , , , , ] {{(pid=94398) _create_allocations /opt/stack/placement/placement/handlers/allocation.py:524}}
Jul 27 21:02:04.210896 n-d-738239-5 devstack@placement-api.service[94398]: INFO placement.requestlog [req-b7de2795-3816-4696-bcb8-0dc49ff0b12e req-44f69a63-927c-4c48-a6ef-a7e033f78d37 service placement] 10.222.0.72 "POST /placement/allocations" status: 204 len: 0 microversion: 1.28
Jul 27 21:02:04.211704 n-d-738239-5 devstack@placement-api.service[94398]: [pid: 94398|app: 0|req: 113/230] 10.222.0.72 () {64 vars in 1324 bytes} [Tue Jul 27 21:02:04 2021] POST /placement/allocations => generated 0 bytes in 123 msecs (HTTP/1.1 204) 5 headers in 199 bytes (1 switches on core 0)
Jul 27 21:02:04.244566 n-d-738239-5 devstack@placement-api.service[94397]: DEBUG placement.requestlog [req-b7de2795-3816-4696-bcb8-0dc49ff0b12e req-1d00c7de-f4c5-4fdd-8b0b-bf1aa5f00aac None None] Starting request: 10.222.0.72 "GET /placement/allocations/460992c7-b5e9-4bb6-a0ea-5b5ad92f3776" {{(pid=94397) __call__ /opt/stack/placement/placement/requestlog.py:55}}
Jul 27 21:02:04.264987 n-d-738239-5 devstack@placement-api.service[94397]: INFO placement.requestlog [req-b7de2795-3816-4696-bcb8-0dc49ff0b12e req-1d00c7de-f4c5-4fdd-8b0b-bf1aa5f00aac service placement] 10.222.0.72 "GET /placement/allocations/460992c7-b5e9-4bb6-a0ea-5b5ad92f3776" status: 200 len: 19 microversion: 1.28
Jul 27 21:02:04.267771 n-d-738239-5 devstack@placement-api.service[94397]: [pid: 94397|app: 0|req: 118/231] 10.222.0.72 () {60 vars in 1381 bytes} [Tue Jul 27 21:02:04 2021] GET /placement/allocations/460992c7-b5e9-4bb6-a0ea-5b5ad92f3776 => generated 19 bytes in 23 msecs (HTTP/1.1 200) 8 headers in 295 bytes (1 switches on core 0)
Jul 27 21:02:04.274085 n-d-738239-5 devstack@placement-api.service[94398]: DEBUG placement.requestlog [req-b7de2795-3816-4696-bcb8-0dc49ff0b12e req-dc102ba0-1c65-4dbb-bf67-04aac8e35c2b None None] Starting request: 10.222.0.72 "PUT /placement/allocations/460992c7-b5e9-4bb6-a0ea-5b5ad92f3776" {{(pid=94398) __call__ /opt/stack/placement/placement/requestlog.py:55}}
Jul 27 21:02:04.361489 n-d-738239-5 devstack@placement-api.service[94398]: DEBUG placement.handlers.allocation [req-b7de2795-3816-4696-bcb8-0dc49ff0b12e req-dc102ba0-1c65-4dbb-bf67-04aac8e35c2b service placement] Successfully wrote allocations [, , ] {{(pid=94398) _create_allocations /opt/stack/placement/placement/handlers/allocation.py:435}}
Jul 27 21:02:04.362317 n-d-738239-5 devstack@placement-api.service[94398]: INFO placement.requestlog [req-b7de2795-3816-4696-bcb8-0dc49ff0b12e req-dc102ba0-1c65-4dbb-bf67-04aac8e35c2b service placement] 10.222.0.72 "PUT /placement/allocations/460992c7-b5e9-4bb6-a0ea-5b5ad92f3776" status: 204 len: 0 microversion: 1.28
Jul 27 21:02:04.362766 n-d-738239-5 devstack@placement-api.service[94398]: [pid: 94398|app: 0|req: 114/232] 10.222.0.72 () {64 vars in 1434 bytes} [Tue Jul 27 21:02:04 2021] PUT /placement/allocations/460992c7-b5e9-4bb6-a0ea-5b5ad92f3776 => generated 0 bytes in 89 msecs (HTTP/1.1 204) 5 headers in 199 bytes (2 switches on core 0)
Jul 27 21:02:04.541147 n-d-738239-5 devstack@placement-api.service[94397]: DEBUG placement.requestlog [req-b7de2795-3816-4696-bcb8-0dc49ff0b12e req-3cdd5907-9911-442d-bf38-fdabb87a395c None None] Starting request: 10.222.0.64 "GET /placement/allocations/460992c7-b5e9-4bb6-a0ea-5b5ad92f3776" {{(pid=94397) __call__ /opt/stack/placement/placement/requestlog.py:55}}
Jul 27 21:02:04.563240 n-d-738239-5 devstack@placement-api.service[94397]: INFO placement.requestlog [req-b7de2795-3816-4696-bcb8-0dc49ff0b12e req-3cdd5907-9911-442d-bf38-fdabb87a395c service placement] 10.222.0.64 "GET /placement/allocations/460992c7-b5e9-4bb6-a0ea-5b5ad92f3776" status: 200 len: 259 microversion: 1.28
Jul 27 21:02:04.563949 n-d-738239-5 devstack@placement-api.service[94397]: [pid: 94397|app: 0|req: 119/233] 10.222.0.64 () {60 vars in 1378 bytes} [Tue Jul 27 21:02:04 2021] GET /placement/allocations/460992c7-b5e9-4bb6-a0ea-5b5ad92f3776 => generated 259 bytes in 23 msecs (HTTP/1.1 200) 8 headers in 296 bytes (1 switches on core 0)
Jul 27 21:02:16.953846 n-d-738239-5 devstack@placement-api.service[94398]: DEBUG placement.requestlog [req-c9f5a59e-68a1-40aa-aa04-d730ece0b475 req-8c39e59f-d7c3-467d-8501-5b94a6199bd8 None None] Starting request: 10.222.0.13 "GET /placement/allocations/7e95d10e-715c-4673-8497-c6745a2316a0" {{(pid=94398) __call__ /opt/stack/placement/placement/requestlog.py:55}}
Jul 27 21:02:16.984797 n-d-738239-5 devstack@placement-api.service[94398]: INFO placement.requestlog [req-c9f5a59e-68a1-40aa-aa04-d730ece0b475 req-8c39e59f-d7c3-467d-8501-5b94a6199bd8 service placement] 10.222.0.13 "GET /placement/allocations/7e95d10e-715c-4673-8497-c6745a2316a0" status: 200 len: 258 microversion: 1.28
Jul 27 21:02:16.985464 n-d-738239-5 devstack@placement-api.service[94398]: [pid: 94398|app: 0|req: 115/234] 10.222.0.13 () {60 vars in 1378 bytes} [Tue Jul 27 21:02:16 2021] GET /placement/allocations/7e95d10e-715c-4673-8497-c6745a2316a0 => generated 258 bytes in 32 msecs (HTTP/1.1 200) 8 headers in 296 bytes (1 switches on core 0)
Jul 27 21:02:17.694580 n-d-738239-5 devstack@placement-api.service[94397]: DEBUG placement.requestlog [req-b7de2795-3816-4696-bcb8-0dc49ff0b12e req-defb47e1-2b84-4663-b814-ec1d70b90cae None None] Starting request: 10.222.0.13 "GET /placement/resource_providers/01d8ef25-6823-480c-abd6-63de8c421982/allocations" {{(pid=94397) __call__ /opt/stack/placement/placement/requestlog.py:55}}
Jul 27 21:02:17.782992 n-d-738239-5 devstack@placement-api.service[94397]: INFO placement.requestlog [req-b7de2795-3816-4696-bcb8-0dc49ff0b12e req-defb47e1-2b84-4663-b814-ec1d70b90cae service placement] 10.222.0.13 "GET /placement/resource_providers/01d8ef25-6823-480c-abd6-63de8c421982/allocations" status: 200 len: 658 microversion: 1.0
Jul 27 21:02:17.787329 n-d-738239-5 devstack@placement-api.service[94397]: [pid: 94397|app: 0|req: 120/235] 10.222.0.13 () {58 vars in 1391 bytes} [Tue Jul 27 21:02:17 2021] GET /placement/resource_providers/01d8ef25-6823-480c-abd6-63de8c421982/allocations => generated 658 bytes in 90 msecs (HTTP/1.1 200) 6 headers in 224 bytes (1 switches on core 0)
Jul 27 21:02:18.201634 n-d-738239-5 devstack@placement-api.service[94398]: DEBUG placement.requestlog [req-b7de2795-3816-4696-bcb8-0dc49ff0b12e req-1b2f423b-cf91-43a1-9679-e081ddc2c441 None None] Starting request: 10.222.0.13 "GET /placement/allocations/b92a6a8d-4b02-4875-a6ca-0919b8882294" {{(pid=94398) __call__ /opt/stack/placement/placement/requestlog.py:55}}
Jul 27 21:02:18.251523 n-d-738239-5 devstack@placement-api.service[94398]: INFO placement.requestlog [req-b7de2795-3816-4696-bcb8-0dc49ff0b12e req-1b2f423b-cf91-43a1-9679-e081ddc2c441 service placement] 10.222.0.13 "GET /placement/allocations/b92a6a8d-4b02-4875-a6ca-0919b8882294" status: 200 len: 259 microversion: 1.28
Jul 27 21:02:18.252062 n-d-738239-5 devstack@placement-api.service[94398]: [pid: 94398|app: 0|req: 116/236] 10.222.0.13 () {60 vars in 1378 bytes} [Tue Jul 27 21:02:18 2021] GET /placement/allocations/b92a6a8d-4b02-4875-a6ca-0919b8882294 => generated 259 bytes in 51 msecs (HTTP/1.1 200) 8 headers in 296 bytes (1 switches on core 0)
Jul 27 21:02:18.287973 n-d-738239-5 devstack@placement-api.service[94397]: DEBUG placement.requestlog [req-b7de2795-3816-4696-bcb8-0dc49ff0b12e req-e229ceb1-a33d-461d-b120-5b239688df94 None None] Starting request: 10.222.0.13 "PUT /placement/allocations/b92a6a8d-4b02-4875-a6ca-0919b8882294" {{(pid=94397) __call__ /opt/stack/placement/placement/requestlog.py:55}}
Jul 27 21:02:18.445276 n-d-738239-5 devstack@placement-api.service[94397]: DEBUG placement.handlers.allocation [req-b7de2795-3816-4696-bcb8-0dc49ff0b12e req-e229ceb1-a33d-461d-b120-5b239688df94 service placement] Successfully wrote allocations [, , ] {{(pid=94397) _create_allocations /opt/stack/placement/placement/handlers/allocation.py:435}}
Jul 27 21:02:18.446100 n-d-738239-5 devstack@placement-api.service[94397]: INFO placement.requestlog [req-b7de2795-3816-4696-bcb8-0dc49ff0b12e req-e229ceb1-a33d-461d-b120-5b239688df94 service placement] 10.222.0.13 "PUT /placement/allocations/b92a6a8d-4b02-4875-a6ca-0919b8882294" status: 204 len: 0 microversion: 1.28
Jul 27 21:02:18.446827 n-d-738239-5 devstack@placement-api.service[94397]: [pid: 94397|app: 0|req: 121/237] 10.222.0.13 () {64 vars in 1431 bytes} [Tue Jul 27 21:02:18 2021] PUT /placement/allocations/b92a6a8d-4b02-4875-a6ca-0919b8882294 => generated 0 bytes in 159 msecs (HTTP/1.1 204) 5 headers in 199 bytes (1 switches on core 0)
Jul 27 21:02:20.693452 n-d-738239-5 devstack@placement-api.service[94398]: DEBUG placement.requestlog [req-3c1f13be-771c-4ee6-a46b-d78b46d7c97b req-4cf5817a-5cb9-473c-912b-9e9084057352 None None] Starting request: 10.222.0.64 "GET /placement/allocations/635da32b-db48-480f-bcad-e5d6b9ad362c" {{(pid=94398) __call__ /opt/stack/placement/placement/requestlog.py:55}}
Jul 27 21:02:20.779443 n-d-738239-5 devstack@placement-api.service[94398]: INFO placement.requestlog [req-3c1f13be-771c-4ee6-a46b-d78b46d7c97b req-4cf5817a-5cb9-473c-912b-9e9084057352 service placement] 10.222.0.64 "GET /placement/allocations/635da32b-db48-480f-bcad-e5d6b9ad362c" status: 200 len: 259 microversion: 1.28
Jul 27 21:02:20.780343 n-d-738239-5 devstack@placement-api.service[94398]: [pid: 94398|app: 0|req: 117/238] 10.222.0.64 () {60 vars in 1378 bytes} [Tue Jul 27 21:02:20 2021] GET /placement/allocations/635da32b-db48-480f-bcad-e5d6b9ad362c => generated 259 bytes in 88 msecs (HTTP/1.1 200) 8 headers in 296 bytes (1 switches on core 0)
Jul 27 21:02:20.793731 n-d-738239-5 devstack@placement-api.service[94397]: DEBUG placement.requestlog [req-3c1f13be-771c-4ee6-a46b-d78b46d7c97b req-86beade8-6ebe-43fc-a6cf-2cc3bcc843ba None None] Starting request: 10.222.0.64 "PUT /placement/allocations/635da32b-db48-480f-bcad-e5d6b9ad362c" {{(pid=94397) __call__ /opt/stack/placement/placement/requestlog.py:55}}
Jul 27 21:02:21.002832 n-d-738239-5 devstack@placement-api.service[94397]: DEBUG placement.handlers.allocation [req-3c1f13be-771c-4ee6-a46b-d78b46d7c97b req-86beade8-6ebe-43fc-a6cf-2cc3bcc843ba service placement] Successfully wrote allocations [, , ] {{(pid=94397) _create_allocations /opt/stack/placement/placement/handlers/allocation.py:435}}
Jul 27 21:02:21.004257 n-d-738239-5 devstack@placement-api.service[94397]: INFO placement.requestlog [req-3c1f13be-771c-4ee6-a46b-d78b46d7c97b req-86beade8-6ebe-43fc-a6cf-2cc3bcc843ba service placement] 10.222.0.64 "PUT /placement/allocations/635da32b-db48-480f-bcad-e5d6b9ad362c" status: 204 len: 0 microversion: 1.28
Jul 27 21:02:21.005621 n-d-738239-5 devstack@placement-api.service[94397]: [pid: 94397|app: 0|req: 122/239] 10.222.0.64 () {64 vars in 1431 bytes} [Tue Jul 27 21:02:20 2021] PUT /placement/allocations/635da32b-db48-480f-bcad-e5d6b9ad362c => generated 0 bytes in 212 msecs (HTTP/1.1 204) 5 headers in 199 bytes (1 switches on core 0)
Jul 27 21:02:22.774317 n-d-738239-5 devstack@placement-api.service[94398]: DEBUG placement.requestlog [req-c8dd0d34-903c-432e-9a64-89608ea694fd req-f099ef72-111a-46fb-8b00-6180dc09b307 None None] Starting request: 10.222.0.72 "GET /placement/allocation_candidates?limit=1000&resources=DISK_GB%3A1%2CMEMORY_MB%3A1024%2CVCPU%3A1&root_required=%21COMPUTE_STATUS_DISABLED" {{(pid=94398) __call__ /opt/stack/placement/placement/requestlog.py:55}}
Jul 27 21:02:22.948078 n-d-738239-5 devstack@placement-api.service[94398]: DEBUG placement.objects.research_context [req-c8dd0d34-903c-432e-9a64-89608ea694fd req-f099ef72-111a-46fb-8b00-6180dc09b307 service placement] getting providers with 1 DISK_GB {{(pid=94398) __init__ /opt/stack/placement/placement/objects/research_context.py:126}}
Jul 27 21:02:22.981704 n-d-738239-5 devstack@placement-api.service[94398]: DEBUG placement.objects.research_context [req-c8dd0d34-903c-432e-9a64-89608ea694fd req-f099ef72-111a-46fb-8b00-6180dc09b307 service placement] getting providers with 1024 MEMORY_MB {{(pid=94398) __init__ /opt/stack/placement/placement/objects/research_context.py:126}}
Jul 27 21:02:23.013347 n-d-738239-5 devstack@placement-api.service[94398]: DEBUG placement.objects.research_context [req-c8dd0d34-903c-432e-9a64-89608ea694fd req-f099ef72-111a-46fb-8b00-6180dc09b307 service placement] getting providers with 1 VCPU {{(pid=94398) __init__ /opt/stack/placement/placement/objects/research_context.py:126}}
Jul 27 21:02:23.041991 n-d-738239-5 devstack@placement-api.service[94398]: DEBUG placement.objects.research_context [req-c8dd0d34-903c-432e-9a64-89608ea694fd req-f099ef72-111a-46fb-8b00-6180dc09b307 service placement] found 2 providers with available 1 DISK_GB {{(pid=94398) get_provider_ids_matching /opt/stack/placement/placement/objects/research_context.py:549}}
Jul 27 21:02:23.046143 n-d-738239-5 devstack@placement-api.service[94398]: DEBUG placement.objects.research_context [req-c8dd0d34-903c-432e-9a64-89608ea694fd req-f099ef72-111a-46fb-8b00-6180dc09b307 service placement] found 2 providers with available 1024 MEMORY_MB {{(pid=94398) get_provider_ids_matching /opt/stack/placement/placement/objects/research_context.py:549}}
Jul 27 21:02:23.047105 n-d-738239-5 devstack@placement-api.service[94398]: DEBUG placement.objects.research_context [req-c8dd0d34-903c-432e-9a64-89608ea694fd req-f099ef72-111a-46fb-8b00-6180dc09b307 service placement] found 2 providers after filtering by previous result {{(pid=94398) get_provider_ids_matching /opt/stack/placement/placement/objects/research_context.py:580}}
Jul 27 21:02:23.048345 n-d-738239-5 devstack@placement-api.service[94398]: DEBUG placement.objects.research_context [req-c8dd0d34-903c-432e-9a64-89608ea694fd req-f099ef72-111a-46fb-8b00-6180dc09b307 service placement] found 2 providers with available 1 VCPU {{(pid=94398) get_provider_ids_matching /opt/stack/placement/placement/objects/research_context.py:549}}
Jul 27 21:02:23.050092 n-d-738239-5 devstack@placement-api.service[94398]: DEBUG placement.objects.research_context [req-c8dd0d34-903c-432e-9a64-89608ea694fd req-f099ef72-111a-46fb-8b00-6180dc09b307 service placement] found 2 providers after filtering by previous result {{(pid=94398) get_provider_ids_matching /opt/stack/placement/placement/objects/research_context.py:580}}
Jul 27 21:02:23.101580 n-d-738239-5 devstack@placement-api.service[94398]: DEBUG placement.objects.allocation_candidate [req-c8dd0d34-903c-432e-9a64-89608ea694fd req-f099ef72-111a-46fb-8b00-6180dc09b307 service placement] RequestGroup(use_same_provider=False, resources={DISK_GB:1, MEMORY_MB:1024, VCPU:1}, traits=[], aggregates=[]) (suffix '') returned 2 matches {{(pid=94398) _get_by_requests /opt/stack/placement/placement/objects/allocation_candidate.py:145}}
Jul 27 21:02:23.102582 n-d-738239-5 devstack@placement-api.service[94398]: DEBUG placement.objects.allocation_candidate [req-c8dd0d34-903c-432e-9a64-89608ea694fd req-f099ef72-111a-46fb-8b00-6180dc09b307 service placement] Merging candidates yields 2 allocation requests and 2 provider summaries {{(pid=94398) _merge_candidates /opt/stack/placement/placement/objects/allocation_candidate.py:783}}
Jul 27 21:02:23.106682 n-d-738239-5 devstack@placement-api.service[94398]: INFO placement.requestlog [req-c8dd0d34-903c-432e-9a64-89608ea694fd req-f099ef72-111a-46fb-8b00-6180dc09b307 service placement] 10.222.0.72 "GET /placement/allocation_candidates?limit=1000&resources=DISK_GB%3A1%2CMEMORY_MB%3A1024%2CVCPU%3A1&root_required=%21COMPUTE_STATUS_DISABLED" status: 200 len: 1309 microversion: 1.35
Jul 27 21:02:23.109833 n-d-738239-5 devstack@placement-api.service[94398]: [pid: 94398|app: 0|req: 118/240] 10.222.0.72 () {60 vars in 1507 bytes} [Tue Jul 27 21:02:22 2021] GET /placement/allocation_candidates?limit=1000&resources=DISK_GB%3A1%2CMEMORY_MB%3A1024%2CVCPU%3A1&root_required=%21COMPUTE_STATUS_DISABLED => generated 1309 bytes in 336 msecs (HTTP/1.1 200) 8 headers in 297 bytes (1 switches on core 0)
Jul 27 21:02:23.371546 n-d-738239-5 devstack@placement-api.service[94397]: DEBUG placement.requestlog [req-c8dd0d34-903c-432e-9a64-89608ea694fd req-575628c1-4f80-457c-8265-99cebea3f998 None None] Starting request: 10.222.0.72 "GET /placement/allocations/da81f5d2-d1bf-45a9-a830-1403ba075d75" {{(pid=94397) __call__ /opt/stack/placement/placement/requestlog.py:55}}
Jul 27 21:02:23.384272 n-d-738239-5 devstack@placement-api.service[94397]: INFO placement.requestlog [req-c8dd0d34-903c-432e-9a64-89608ea694fd req-575628c1-4f80-457c-8265-99cebea3f998 service placement] 10.222.0.72 "GET /placement/allocations/da81f5d2-d1bf-45a9-a830-1403ba075d75" status: 200 len: 19 microversion: 1.28
Jul 27 21:02:23.384993 n-d-738239-5 devstack@placement-api.service[94397]: [pid: 94397|app: 0|req: 123/241] 10.222.0.72 () {60 vars in 1381 bytes} [Tue Jul 27 21:02:23 2021] GET /placement/allocations/da81f5d2-d1bf-45a9-a830-1403ba075d75 => generated 19 bytes in 14 msecs (HTTP/1.1 200) 8 headers in 295 bytes (2 switches on core 0)
Jul 27 21:02:23.396987 n-d-738239-5 devstack@placement-api.service[94398]: DEBUG placement.requestlog [req-c8dd0d34-903c-432e-9a64-89608ea694fd req-c7ac5f40-73ff-449d-af29-3c850bed2172 None None] Starting request: 10.222.0.72 "PUT /placement/allocations/da81f5d2-d1bf-45a9-a830-1403ba075d75" {{(pid=94398) __call__ /opt/stack/placement/placement/requestlog.py:55}}
Jul 27 21:02:23.521487 n-d-738239-5 devstack@placement-api.service[94398]: DEBUG placement.handlers.allocation [req-c8dd0d34-903c-432e-9a64-89608ea694fd req-c7ac5f40-73ff-449d-af29-3c850bed2172 service placement] Successfully wrote allocations [, , ] {{(pid=94398) _create_allocations /opt/stack/placement/placement/handlers/allocation.py:435}}
Jul 27 21:02:23.522269 n-d-738239-5 devstack@placement-api.service[94398]: INFO placement.requestlog [req-c8dd0d34-903c-432e-9a64-89608ea694fd req-c7ac5f40-73ff-449d-af29-3c850bed2172 service placement] 10.222.0.72 "PUT /placement/allocations/da81f5d2-d1bf-45a9-a830-1403ba075d75" status: 204 len: 0 microversion: 1.35
Jul 27 21:02:23.523094 n-d-738239-5 devstack@placement-api.service[94398]: [pid: 94398|app: 0|req: 119/242] 10.222.0.72 () {64 vars in 1434 bytes} [Tue Jul 27 21:02:23 2021] PUT /placement/allocations/da81f5d2-d1bf-45a9-a830-1403ba075d75 => generated 0 bytes in 126 msecs (HTTP/1.1 204) 5 headers in 199 bytes (1 switches on core 0)
Jul 27 21:02:24.352784 n-d-738239-5 devstack@placement-api.service[94397]: DEBUG placement.requestlog [req-c8dd0d34-903c-432e-9a64-89608ea694fd req-4fa83628-c5c4-485a-a40d-971eca3492f9 None None] Starting request: 10.222.0.13 "GET /placement/allocations/da81f5d2-d1bf-45a9-a830-1403ba075d75" {{(pid=94397) __call__ /opt/stack/placement/placement/requestlog.py:55}}
Jul 27 21:02:24.435185 n-d-738239-5 devstack@placement-api.service[94397]: INFO placement.requestlog [req-c8dd0d34-903c-432e-9a64-89608ea694fd req-4fa83628-c5c4-485a-a40d-971eca3492f9 service placement] 10.222.0.13 "GET /placement/allocations/da81f5d2-d1bf-45a9-a830-1403ba075d75" status: 200 len: 259 microversion: 1.28
Jul 27 21:02:24.436572 n-d-738239-5 devstack@placement-api.service[94397]: [pid: 94397|app: 0|req: 124/243] 10.222.0.13 () {60 vars in 1378 bytes} [Tue Jul 27 21:02:24 2021] GET /placement/allocations/da81f5d2-d1bf-45a9-a830-1403ba075d75 => generated 259 bytes in 84 msecs (HTTP/1.1 200) 8 headers in 296 bytes (1 switches on core 0)
Jul 27 21:02:24.713214 n-d-738239-5 devstack@placement-api.service[94398]: DEBUG placement.requestlog [None req-0d2c9eae-06a8-4040-beb3-a607a3dd0533 None None] Starting request: 10.222.0.72 "GET /placement/" {{(pid=94398) __call__ /opt/stack/placement/placement/requestlog.py:55}}
Jul 27 21:02:24.714975 n-d-738239-5 devstack@placement-api.service[94398]: INFO placement.requestlog [None req-0d2c9eae-06a8-4040-beb3-a607a3dd0533 None None] 10.222.0.72 "GET /placement/" status: 200 len: 136 microversion: 1.0
Jul 27 21:02:24.715211 n-d-738239-5 devstack@placement-api.service[94398]: [pid: 94398|app: 0|req: 120/244] 10.222.0.72 () {54 vars in 916 bytes} [Tue Jul 27 21:02:24 2021] GET /placement => generated 136 bytes in 3 msecs (HTTP/1.1 200) 6 headers in 224 bytes (2 switches on core 0)
Jul 27 21:02:24.743564 n-d-738239-5 devstack@placement-api.service[94397]: DEBUG placement.requestlog [req-f3eb5230-a8bf-4a78-b016-348ad02592ce req-eb3d127a-d1b9-47ca-942d-d0883cc92263 None None] Starting request: 10.222.0.72 "GET /placement/allocations/403450e7-ac1e-42b9-889f-cabc4f71ced3" {{(pid=94397) __call__ /opt/stack/placement/placement/requestlog.py:55}}
Jul 27 21:02:24.932536 n-d-738239-5 devstack@placement-api.service[94397]: INFO placement.requestlog [req-f3eb5230-a8bf-4a78-b016-348ad02592ce req-eb3d127a-d1b9-47ca-942d-d0883cc92263 service placement] 10.222.0.72 "GET /placement/allocations/403450e7-ac1e-42b9-889f-cabc4f71ced3" status: 200 len: 259 microversion: 1.28
Jul 27 21:02:24.933625 n-d-738239-5 devstack@placement-api.service[94397]: [pid: 94397|app: 0|req: 125/245] 10.222.0.72 () {60 vars in 1381 bytes} [Tue Jul 27 21:02:24 2021] GET /placement/allocations/403450e7-ac1e-42b9-889f-cabc4f71ced3 => generated 259 bytes in 190 msecs (HTTP/1.1 200) 8 headers in 296 bytes (1 switches on core 0)
Jul 27 21:02:24.939754 n-d-738239-5 devstack@placement-api.service[94398]: DEBUG placement.requestlog [req-f3eb5230-a8bf-4a78-b016-348ad02592ce req-47999dce-ccaa-4e22-bf00-48203882b839 None None] Starting request: 10.222.0.72 "GET /placement/allocations/403450e7-ac1e-42b9-889f-cabc4f71ced3" {{(pid=94398) __call__ /opt/stack/placement/placement/requestlog.py:55}}
Jul 27 21:02:25.007611 n-d-738239-5 devstack@placement-api.service[94398]: INFO placement.requestlog [req-f3eb5230-a8bf-4a78-b016-348ad02592ce req-47999dce-ccaa-4e22-bf00-48203882b839 service placement] 10.222.0.72 "GET /placement/allocations/403450e7-ac1e-42b9-889f-cabc4f71ced3" status: 200 len: 259 microversion: 1.28
Jul 27 21:02:25.009434 n-d-738239-5 devstack@placement-api.service[94398]: [pid: 94398|app: 0|req: 121/246] 10.222.0.72 () {60 vars in 1381 bytes} [Tue Jul 27 21:02:24 2021] GET /placement/allocations/403450e7-ac1e-42b9-889f-cabc4f71ced3 => generated 259 bytes in 70 msecs (HTTP/1.1 200) 8 headers in 296 bytes (1 switches on core 0)
Jul 27 21:02:25.021133 n-d-738239-5 devstack@placement-api.service[94397]: DEBUG placement.requestlog [req-f3eb5230-a8bf-4a78-b016-348ad02592ce req-89197d8d-18f7-40ed-84a0-6df48ae54d76 None None] Starting request: 10.222.0.72 "GET /placement/allocations/ab5640e9-e369-492e-b210-340e825c4642" {{(pid=94397) __call__ /opt/stack/placement/placement/requestlog.py:55}}
Jul 27 21:02:25.038039 n-d-738239-5 devstack@placement-api.service[94397]: INFO placement.requestlog [req-f3eb5230-a8bf-4a78-b016-348ad02592ce req-89197d8d-18f7-40ed-84a0-6df48ae54d76 service placement] 10.222.0.72 "GET /placement/allocations/ab5640e9-e369-492e-b210-340e825c4642" status: 200 len: 19 microversion: 1.28
Jul 27 21:02:25.039996 n-d-738239-5 devstack@placement-api.service[94397]: [pid: 94397|app: 0|req: 126/247] 10.222.0.72 () {60 vars in 1381 bytes} [Tue Jul 27 21:02:25 2021] GET /placement/allocations/ab5640e9-e369-492e-b210-340e825c4642 => generated 19 bytes in 20 msecs (HTTP/1.1 200) 8 headers in 295 bytes (1 switches on core 0)
Jul 27 21:02:25.048434 n-d-738239-5 devstack@placement-api.service[94398]: DEBUG placement.requestlog [req-f3eb5230-a8bf-4a78-b016-348ad02592ce req-2e306752-5a18-4c86-9680-166986143674 None None] Starting request: 10.222.0.72 "POST /placement/allocations" {{(pid=94398) __call__ /opt/stack/placement/placement/requestlog.py:55}}
Jul 27 21:02:25.253104 n-d-738239-5 devstack@placement-api.service[94398]: DEBUG placement.handlers.allocation [req-f3eb5230-a8bf-4a78-b016-348ad02592ce req-2e306752-5a18-4c86-9680-166986143674 service placement] Successfully wrote allocations [, , , , , ] {{(pid=94398) _create_allocations /opt/stack/placement/placement/handlers/allocation.py:524}}
Jul 27 21:02:25.254455 n-d-738239-5 devstack@placement-api.service[94398]: INFO placement.requestlog [req-f3eb5230-a8bf-4a78-b016-348ad02592ce req-2e306752-5a18-4c86-9680-166986143674 service placement] 10.222.0.72 "POST /placement/allocations" status: 204 len: 0 microversion: 1.28
Jul 27 21:02:25.254955 n-d-738239-5 devstack@placement-api.service[94398]: [pid: 94398|app: 0|req: 122/248] 10.222.0.72 () {64 vars in 1324 bytes} [Tue Jul 27 21:02:25 2021] POST /placement/allocations => generated 0 bytes in 207 msecs (HTTP/1.1 204) 5 headers in 199 bytes (1 switches on core 0)
Jul 27 21:02:25.344582 n-d-738239-5 devstack@placement-api.service[94397]: DEBUG placement.requestlog [req-f3eb5230-a8bf-4a78-b016-348ad02592ce req-33a739df-4700-4e5b-8b2a-b75b0ebe0f87 None None] Starting request: 10.222.0.72 "GET /placement/allocations/403450e7-ac1e-42b9-889f-cabc4f71ced3" {{(pid=94397) __call__ /opt/stack/placement/placement/requestlog.py:55}}
Jul 27 21:02:25.377213 n-d-738239-5 devstack@placement-api.service[94397]: INFO placement.requestlog [req-f3eb5230-a8bf-4a78-b016-348ad02592ce req-33a739df-4700-4e5b-8b2a-b75b0ebe0f87 service placement] 10.222.0.72 "GET /placement/allocations/403450e7-ac1e-42b9-889f-cabc4f71ced3" status: 200 len: 19 microversion: 1.28
Jul 27 21:02:25.389036 n-d-738239-5 devstack@placement-api.service[94397]: [pid: 94397|app: 0|req: 127/249] 10.222.0.72 () {60 vars in 1381 bytes} [Tue Jul 27 21:02:25 2021] GET /placement/allocations/403450e7-ac1e-42b9-889f-cabc4f71ced3 => generated 19 bytes in 45 msecs (HTTP/1.1 200) 8 headers in 295 bytes (1 switches on core 0)
Jul 27 21:02:25.433327 n-d-738239-5 devstack@placement-api.service[94398]: DEBUG placement.requestlog [req-f3eb5230-a8bf-4a78-b016-348ad02592ce req-4cd74ce1-7ad9-43d2-97eb-60f376072ece None None] Starting request: 10.222.0.72 "PUT /placement/allocations/403450e7-ac1e-42b9-889f-cabc4f71ced3" {{(pid=94398) __call__ /opt/stack/placement/placement/requestlog.py:55}}
Jul 27 21:02:25.595490 n-d-738239-5 devstack@placement-api.service[94398]: DEBUG placement.handlers.allocation [req-f3eb5230-a8bf-4a78-b016-348ad02592ce req-4cd74ce1-7ad9-43d2-97eb-60f376072ece service placement] Successfully wrote allocations [, , ] {{(pid=94398) _create_allocations /opt/stack/placement/placement/handlers/allocation.py:435}}
Jul 27 21:02:25.596803 n-d-738239-5 devstack@placement-api.service[94398]: INFO placement.requestlog [req-f3eb5230-a8bf-4a78-b016-348ad02592ce req-4cd74ce1-7ad9-43d2-97eb-60f376072ece service placement] 10.222.0.72 "PUT /placement/allocations/403450e7-ac1e-42b9-889f-cabc4f71ced3" status: 204 len: 0 microversion: 1.28
Jul 27 21:02:25.597270 n-d-738239-5 devstack@placement-api.service[94398]: [pid: 94398|app: 0|req: 123/250] 10.222.0.72 () {64 vars in 1434 bytes} [Tue Jul 27 21:02:25 2021] PUT /placement/allocations/403450e7-ac1e-42b9-889f-cabc4f71ced3 => generated 0 bytes in 169 msecs (HTTP/1.1 204) 5 headers in 199 bytes (2 switches on core 0)
Jul 27 21:02:25.817152 n-d-738239-5 devstack@placement-api.service[94397]: DEBUG placement.requestlog [req-f3eb5230-a8bf-4a78-b016-348ad02592ce req-b5f1588b-5ff9-43db-a432-04383f62984f None None] Starting request: 10.222.0.64 "GET /placement/allocations/403450e7-ac1e-42b9-889f-cabc4f71ced3" {{(pid=94397) __call__ /opt/stack/placement/placement/requestlog.py:55}}
Jul 27 21:02:25.887937 n-d-738239-5 devstack@placement-api.service[94397]: INFO placement.requestlog [req-f3eb5230-a8bf-4a78-b016-348ad02592ce req-b5f1588b-5ff9-43db-a432-04383f62984f service placement] 10.222.0.64 "GET /placement/allocations/403450e7-ac1e-42b9-889f-cabc4f71ced3" status: 200 len: 259 microversion: 1.28
Jul 27 21:02:25.888870 n-d-738239-5 devstack@placement-api.service[94397]: [pid: 94397|app: 0|req: 128/251] 10.222.0.64 () {60 vars in 1378 bytes} [Tue Jul 27 21:02:25 2021] GET /placement/allocations/403450e7-ac1e-42b9-889f-cabc4f71ced3 => generated 259 bytes in 73 msecs (HTTP/1.1 200) 8 headers in 296 bytes (1 switches on core 0)
Jul 27 21:02:27.477249 n-d-738239-5 devstack@placement-api.service[94398]: DEBUG placement.requestlog [req-cbfc466b-aada-4b9c-8b7c-ec2938a01d4f req-8065c859-2ce7-45f2-becc-0dcac3cf23c0 None None] Starting request: 10.222.0.13 "GET /placement/allocations/74a1a652-b8fc-4b75-8870-74d0bcf70434" {{(pid=94398) __call__ /opt/stack/placement/placement/requestlog.py:55}}
Jul 27 21:02:27.513249 n-d-738239-5 devstack@placement-api.service[94398]: INFO placement.requestlog [req-cbfc466b-aada-4b9c-8b7c-ec2938a01d4f req-8065c859-2ce7-45f2-becc-0dcac3cf23c0 service placement] 10.222.0.13 "GET /placement/allocations/74a1a652-b8fc-4b75-8870-74d0bcf70434" status: 200 len: 259 microversion: 1.28
Jul 27 21:02:27.514014 n-d-738239-5 devstack@placement-api.service[94398]: [pid: 94398|app: 0|req: 124/252] 10.222.0.13 () {60 vars in 1378 bytes} [Tue Jul 27 21:02:27 2021] GET /placement/allocations/74a1a652-b8fc-4b75-8870-74d0bcf70434 => generated 259 bytes in 40 msecs (HTTP/1.1 200) 8 headers in 296 bytes (1 switches on core 0)
Jul 27 21:02:27.551011 n-d-738239-5 devstack@placement-api.service[94397]: DEBUG placement.requestlog [req-cbfc466b-aada-4b9c-8b7c-ec2938a01d4f req-ef5c0306-c378-4ee3-a96a-f670f1ef2c14 None None] Starting request: 10.222.0.13 "GET /placement/allocations/74a1a652-b8fc-4b75-8870-74d0bcf70434" {{(pid=94397) __call__ /opt/stack/placement/placement/requestlog.py:55}}
Jul 27 21:02:27.574996 n-d-738239-5 devstack@placement-api.service[94397]: INFO placement.requestlog [req-cbfc466b-aada-4b9c-8b7c-ec2938a01d4f req-ef5c0306-c378-4ee3-a96a-f670f1ef2c14 service placement] 10.222.0.13 "GET /placement/allocations/74a1a652-b8fc-4b75-8870-74d0bcf70434" status: 200 len: 259 microversion: 1.28
Jul 27 21:02:27.575276 n-d-738239-5 devstack@placement-api.service[94397]: [pid: 94397|app: 0|req: 129/253] 10.222.0.13 () {60 vars in 1378 bytes} [Tue Jul 27 21:02:27 2021] GET /placement/allocations/74a1a652-b8fc-4b75-8870-74d0bcf70434 => generated 259 bytes in 25 msecs (HTTP/1.1 200) 8 headers in 296 bytes (1 switches on core 0)
Jul 27 21:02:27.600524 n-d-738239-5 devstack@placement-api.service[94398]: DEBUG placement.requestlog [req-cbfc466b-aada-4b9c-8b7c-ec2938a01d4f req-1ef7f4e3-a6a4-485f-8dda-da99926b9e61 None None] Starting request: 10.222.0.13 "GET /placement/allocations/7e95d10e-715c-4673-8497-c6745a2316a0" {{(pid=94398) __call__ /opt/stack/placement/placement/requestlog.py:55}}
Jul 27 21:02:27.641821 n-d-738239-5 devstack@placement-api.service[94398]: INFO placement.requestlog [req-cbfc466b-aada-4b9c-8b7c-ec2938a01d4f req-1ef7f4e3-a6a4-485f-8dda-da99926b9e61 service placement] 10.222.0.13 "GET /placement/allocations/7e95d10e-715c-4673-8497-c6745a2316a0" status: 200 len: 258 microversion: 1.28
Jul 27 21:02:27.642857 n-d-738239-5 devstack@placement-api.service[94398]: [pid: 94398|app: 0|req: 125/254] 10.222.0.13 () {60 vars in 1378 bytes} [Tue Jul 27 21:02:27 2021] GET /placement/allocations/7e95d10e-715c-4673-8497-c6745a2316a0 => generated 258 bytes in 42 msecs (HTTP/1.1 200) 8 headers in 296 bytes (1 switches on core 0)
Jul 27 21:02:27.678087 n-d-738239-5 devstack@placement-api.service[94397]: DEBUG placement.requestlog [req-cbfc466b-aada-4b9c-8b7c-ec2938a01d4f req-0c7a6010-8d42-40a1-b463-783490258537 None None] Starting request: 10.222.0.13 "POST /placement/allocations" {{(pid=94397) __call__ /opt/stack/placement/placement/requestlog.py:55}}
Jul 27 21:02:27.926277 n-d-738239-5 devstack@placement-api.service[94397]: DEBUG placement.handlers.allocation [req-cbfc466b-aada-4b9c-8b7c-ec2938a01d4f req-0c7a6010-8d42-40a1-b463-783490258537 service placement] Successfully wrote allocations [, , , , , ] {{(pid=94397) _create_allocations /opt/stack/placement/placement/handlers/allocation.py:524}}
Jul 27 21:02:27.926995 n-d-738239-5 devstack@placement-api.service[94397]: INFO placement.requestlog [req-cbfc466b-aada-4b9c-8b7c-ec2938a01d4f req-0c7a6010-8d42-40a1-b463-783490258537 service placement] 10.222.0.13 "POST /placement/allocations" status: 204 len: 0 microversion: 1.28
Jul 27 21:02:27.927584 n-d-738239-5 devstack@placement-api.service[94397]: [pid: 94397|app: 0|req: 130/255] 10.222.0.13 () {64 vars in 1321 bytes} [Tue Jul 27 21:02:27 2021] POST /placement/allocations => generated 0 bytes in 250 msecs (HTTP/1.1 204) 5 headers in 199 bytes (2 switches on core 0)
Jul 27 21:02:33.820348 n-d-738239-5 devstack@placement-api.service[94398]: DEBUG placement.requestlog [req-9f9eab43-ac92-4c74-ab77-d135a4e8e078 req-48e6457c-2475-4f36-b79a-b74202573810 None None] Starting request: 10.222.0.72 "GET /placement/allocation_candidates?resources=DISK_GB%3A1%2CMEMORY_MB%3A1024%2CVCPU%3A1&root_required=%21COMPUTE_STATUS_DISABLED" {{(pid=94398) __call__ /opt/stack/placement/placement/requestlog.py:55}}
Jul 27 21:02:33.901647 n-d-738239-5 devstack@placement-api.service[94398]: DEBUG placement.objects.research_context [req-9f9eab43-ac92-4c74-ab77-d135a4e8e078 req-48e6457c-2475-4f36-b79a-b74202573810 service placement] getting providers with 1 DISK_GB {{(pid=94398) __init__ /opt/stack/placement/placement/objects/research_context.py:126}}
Jul 27 21:02:33.913409 n-d-738239-5 devstack@placement-api.service[94398]: DEBUG placement.objects.research_context [req-9f9eab43-ac92-4c74-ab77-d135a4e8e078 req-48e6457c-2475-4f36-b79a-b74202573810 service placement] getting providers with 1024 MEMORY_MB {{(pid=94398) __init__ /opt/stack/placement/placement/objects/research_context.py:126}}
Jul 27 21:02:33.923024 n-d-738239-5 devstack@placement-api.service[94397]: DEBUG placement.requestlog [req-2c4e1b0c-351c-4725-94a0-a3d46853179f req-50e25df2-0b94-4467-88ff-39a48c0b5674 None None] Starting request: 10.222.0.13 "GET /placement/resource_providers/01d8ef25-6823-480c-abd6-63de8c421982/allocations" {{(pid=94397) __call__ /opt/stack/placement/placement/requestlog.py:55}}
Jul 27 21:02:33.924278 n-d-738239-5 devstack@placement-api.service[94398]: DEBUG placement.objects.research_context [req-9f9eab43-ac92-4c74-ab77-d135a4e8e078 req-48e6457c-2475-4f36-b79a-b74202573810 service placement] getting providers with 1 VCPU {{(pid=94398) __init__ /opt/stack/placement/placement/objects/research_context.py:126}}
Jul 27 21:02:33.949603 n-d-738239-5 devstack@placement-api.service[94398]: DEBUG placement.objects.research_context [req-9f9eab43-ac92-4c74-ab77-d135a4e8e078 req-48e6457c-2475-4f36-b79a-b74202573810 service placement] found 2 providers with available 1 DISK_GB {{(pid=94398) get_provider_ids_matching /opt/stack/placement/placement/objects/research_context.py:549}}
Jul 27 21:02:33.952588 n-d-738239-5 devstack@placement-api.service[94398]: DEBUG placement.objects.research_context [req-9f9eab43-ac92-4c74-ab77-d135a4e8e078 req-48e6457c-2475-4f36-b79a-b74202573810 service placement] found 2 providers with available 1024 MEMORY_MB {{(pid=94398) get_provider_ids_matching /opt/stack/placement/placement/objects/research_context.py:549}}
Jul 27 21:02:33.953094 n-d-738239-5 devstack@placement-api.service[94398]: DEBUG placement.objects.research_context [req-9f9eab43-ac92-4c74-ab77-d135a4e8e078 req-48e6457c-2475-4f36-b79a-b74202573810 service placement] found 2 providers after filtering by previous result {{(pid=94398) get_provider_ids_matching /opt/stack/placement/placement/objects/research_context.py:580}}
Jul 27 21:02:33.953530 n-d-738239-5 devstack@placement-api.service[94398]: DEBUG placement.objects.research_context [req-9f9eab43-ac92-4c74-ab77-d135a4e8e078 req-48e6457c-2475-4f36-b79a-b74202573810 service placement] found 2 providers with available 1 VCPU {{(pid=94398) get_provider_ids_matching /opt/stack/placement/placement/objects/research_context.py:549}}
Jul 27 21:02:33.954149 n-d-738239-5 devstack@placement-api.service[94398]: DEBUG placement.objects.research_context [req-9f9eab43-ac92-4c74-ab77-d135a4e8e078 req-48e6457c-2475-4f36-b79a-b74202573810 service placement] found 2 providers after filtering by previous result {{(pid=94398) get_provider_ids_matching /opt/stack/placement/placement/objects/research_context.py:580}}
Jul 27 21:02:33.966350 n-d-738239-5 devstack@placement-api.service[94397]: INFO placement.requestlog [req-2c4e1b0c-351c-4725-94a0-a3d46853179f req-50e25df2-0b94-4467-88ff-39a48c0b5674 service placement] 10.222.0.13 "GET /placement/resource_providers/01d8ef25-6823-480c-abd6-63de8c421982/allocations" status: 200 len: 558 microversion: 1.0
Jul 27 21:02:33.967162 n-d-738239-5 devstack@placement-api.service[94397]: [pid: 94397|app: 0|req: 131/256] 10.222.0.13 () {58 vars in 1391 bytes} [Tue Jul 27 21:02:33 2021] GET /placement/resource_providers/01d8ef25-6823-480c-abd6-63de8c421982/allocations => generated 558 bytes in 44 msecs (HTTP/1.1 200) 6 headers in 224 bytes (2 switches on core 0)
Jul 27 21:02:33.972922 n-d-738239-5 devstack@placement-api.service[94398]: DEBUG placement.objects.allocation_candidate [req-9f9eab43-ac92-4c74-ab77-d135a4e8e078 req-48e6457c-2475-4f36-b79a-b74202573810 service placement] RequestGroup(use_same_provider=False, resources={DISK_GB:1, MEMORY_MB:1024, VCPU:1}, traits=[], aggregates=[]) (suffix '') returned 2 matches {{(pid=94398) _get_by_requests /opt/stack/placement/placement/objects/allocation_candidate.py:145}}
Jul 27 21:02:33.973776 n-d-738239-5 devstack@placement-api.service[94398]: DEBUG placement.objects.allocation_candidate [req-9f9eab43-ac92-4c74-ab77-d135a4e8e078 req-48e6457c-2475-4f36-b79a-b74202573810 service placement] Merging candidates yields 2 allocation requests and 2 provider summaries {{(pid=94398) _merge_candidates /opt/stack/placement/placement/objects/allocation_candidate.py:783}}
Jul 27 21:02:33.976220 n-d-738239-5 devstack@placement-api.service[94398]: INFO placement.requestlog [req-9f9eab43-ac92-4c74-ab77-d135a4e8e078 req-48e6457c-2475-4f36-b79a-b74202573810 service placement] 10.222.0.72 "GET /placement/allocation_candidates?resources=DISK_GB%3A1%2CMEMORY_MB%3A1024%2CVCPU%3A1&root_required=%21COMPUTE_STATUS_DISABLED" status: 200 len: 1309 microversion: 1.35
Jul 27 21:02:33.981831 n-d-738239-5 devstack@placement-api.service[94398]: [pid: 94398|app: 0|req: 126/257] 10.222.0.72 () {60 vars in 1485 bytes} [Tue Jul 27 21:02:33 2021] GET /placement/allocation_candidates?resources=DISK_GB%3A1%2CMEMORY_MB%3A1024%2CVCPU%3A1&root_required=%21COMPUTE_STATUS_DISABLED => generated 1309 bytes in 161 msecs (HTTP/1.1 200) 8 headers in 297 bytes (1 switches on core 0)
Jul 27 21:02:34.052653 n-d-738239-5 devstack@placement-api.service[94397]: DEBUG placement.requestlog [req-9f9eab43-ac92-4c74-ab77-d135a4e8e078 req-b9fe3768-2b9b-4b2a-8b49-8a9eadcb59c6 None None] Starting request: 10.222.0.72 "GET /placement/allocations/3fd2e3e5-89e3-4425-a9b0-ccef40589ad0" {{(pid=94397) __call__ /opt/stack/placement/placement/requestlog.py:55}}
Jul 27 21:02:34.080376 n-d-738239-5 devstack@placement-api.service[94397]: INFO placement.requestlog [req-9f9eab43-ac92-4c74-ab77-d135a4e8e078 req-b9fe3768-2b9b-4b2a-8b49-8a9eadcb59c6 service placement] 10.222.0.72 "GET /placement/allocations/3fd2e3e5-89e3-4425-a9b0-ccef40589ad0" status: 200 len: 19 microversion: 1.28
Jul 27 21:02:34.080941 n-d-738239-5 devstack@placement-api.service[94397]: [pid: 94397|app: 0|req: 132/258] 10.222.0.72 () {60 vars in 1381 bytes} [Tue Jul 27 21:02:34 2021] GET /placement/allocations/3fd2e3e5-89e3-4425-a9b0-ccef40589ad0 => generated 19 bytes in 29 msecs (HTTP/1.1 200) 8 headers in 295 bytes (2 switches on core 0)
Jul 27 21:02:34.087009 n-d-738239-5 devstack@placement-api.service[94398]: DEBUG placement.requestlog [req-9f9eab43-ac92-4c74-ab77-d135a4e8e078 req-ffe7781b-66a6-4104-af58-4a45f814b719 None None] Starting request: 10.222.0.72 "PUT /placement/allocations/3fd2e3e5-89e3-4425-a9b0-ccef40589ad0" {{(pid=94398) __call__ /opt/stack/placement/placement/requestlog.py:55}}
Jul 27 21:02:34.204269 n-d-738239-5 devstack@placement-api.service[94398]: DEBUG placement.handlers.allocation [req-9f9eab43-ac92-4c74-ab77-d135a4e8e078 req-ffe7781b-66a6-4104-af58-4a45f814b719 service placement] Successfully wrote allocations [, , ] {{(pid=94398) _create_allocations /opt/stack/placement/placement/handlers/allocation.py:435}}
Jul 27 21:02:34.204961 n-d-738239-5 devstack@placement-api.service[94398]: INFO placement.requestlog [req-9f9eab43-ac92-4c74-ab77-d135a4e8e078 req-ffe7781b-66a6-4104-af58-4a45f814b719 service placement] 10.222.0.72 "PUT /placement/allocations/3fd2e3e5-89e3-4425-a9b0-ccef40589ad0" status: 204 len: 0 microversion: 1.35
Jul 27 21:02:34.205781 n-d-738239-5 devstack@placement-api.service[94398]: [pid: 94398|app: 0|req: 127/259] 10.222.0.72 () {64 vars in 1434 bytes} [Tue Jul 27 21:02:34 2021] PUT /placement/allocations/3fd2e3e5-89e3-4425-a9b0-ccef40589ad0 => generated 0 bytes in 119 msecs (HTTP/1.1 204) 5 headers in 199 bytes (2 switches on core 0)
Jul 27 21:02:34.714857 n-d-738239-5 devstack@placement-api.service[94397]: DEBUG placement.requestlog [req-9f9eab43-ac92-4c74-ab77-d135a4e8e078 req-62f54171-d00a-4f90-bbed-3ee91a8153ea None None] Starting request: 10.222.0.64 "GET /placement/allocations/3fd2e3e5-89e3-4425-a9b0-ccef40589ad0" {{(pid=94397) __call__ /opt/stack/placement/placement/requestlog.py:55}}
Jul 27 21:02:34.740065 n-d-738239-5 devstack@placement-api.service[94397]: INFO placement.requestlog [req-9f9eab43-ac92-4c74-ab77-d135a4e8e078 req-62f54171-d00a-4f90-bbed-3ee91a8153ea service placement] 10.222.0.64 "GET /placement/allocations/3fd2e3e5-89e3-4425-a9b0-ccef40589ad0" status: 200 len: 259 microversion: 1.28
Jul 27 21:02:34.741863 n-d-738239-5 devstack@placement-api.service[94397]: [pid: 94397|app: 0|req: 133/260] 10.222.0.64 () {60 vars in 1378 bytes} [Tue Jul 27 21:02:34 2021] GET /placement/allocations/3fd2e3e5-89e3-4425-a9b0-ccef40589ad0 => generated 259 bytes in 27 msecs (HTTP/1.1 200) 8 headers in 296 bytes (2 switches on core 0)
Jul 27 21:02:36.086317 n-d-738239-5 devstack@placement-api.service[94398]: DEBUG placement.requestlog [req-f7c0246f-6347-4568-b6d9-b5da83e7de98 req-292f6294-eb5b-4bdb-a581-2f44e75fc077 None None] Starting request: 10.222.0.72 "GET /placement/allocation_candidates?limit=1000&resources=DISK_GB%3A1%2CMEMORY_MB%3A1024%2CVCPU%3A1&root_required=%21COMPUTE_STATUS_DISABLED" {{(pid=94398) __call__ /opt/stack/placement/placement/requestlog.py:55}}
Jul 27 21:02:36.162147 n-d-738239-5 devstack@placement-api.service[94398]: DEBUG placement.objects.research_context [req-f7c0246f-6347-4568-b6d9-b5da83e7de98 req-292f6294-eb5b-4bdb-a581-2f44e75fc077 service placement] getting providers with 1 DISK_GB {{(pid=94398) __init__ /opt/stack/placement/placement/objects/research_context.py:126}}
Jul 27 21:02:36.169089 n-d-738239-5 devstack@placement-api.service[94398]: DEBUG placement.objects.research_context [req-f7c0246f-6347-4568-b6d9-b5da83e7de98 req-292f6294-eb5b-4bdb-a581-2f44e75fc077 service placement] getting providers with 1024 MEMORY_MB {{(pid=94398) __init__ /opt/stack/placement/placement/objects/research_context.py:126}}
Jul 27 21:02:36.176326 n-d-738239-5 devstack@placement-api.service[94398]: DEBUG placement.objects.research_context [req-f7c0246f-6347-4568-b6d9-b5da83e7de98 req-292f6294-eb5b-4bdb-a581-2f44e75fc077 service placement] getting providers with 1 VCPU {{(pid=94398) __init__ /opt/stack/placement/placement/objects/research_context.py:126}}
Jul 27 21:02:36.184153 n-d-738239-5 devstack@placement-api.service[94398]: DEBUG placement.objects.research_context [req-f7c0246f-6347-4568-b6d9-b5da83e7de98 req-292f6294-eb5b-4bdb-a581-2f44e75fc077 service placement] found 2 providers with available 1 DISK_GB {{(pid=94398) get_provider_ids_matching /opt/stack/placement/placement/objects/research_context.py:549}}
Jul 27 21:02:36.184696 n-d-738239-5 devstack@placement-api.service[94398]: DEBUG placement.objects.research_context [req-f7c0246f-6347-4568-b6d9-b5da83e7de98 req-292f6294-eb5b-4bdb-a581-2f44e75fc077 service placement] found 2 providers with available 1024 MEMORY_MB {{(pid=94398) get_provider_ids_matching /opt/stack/placement/placement/objects/research_context.py:549}}
Jul 27 21:02:36.185127 n-d-738239-5 devstack@placement-api.service[94398]: DEBUG placement.objects.research_context [req-f7c0246f-6347-4568-b6d9-b5da83e7de98 req-292f6294-eb5b-4bdb-a581-2f44e75fc077 service placement] found 2 providers after filtering by previous result {{(pid=94398) get_provider_ids_matching /opt/stack/placement/placement/objects/research_context.py:580}}
Jul 27 21:02:36.185585 n-d-738239-5 devstack@placement-api.service[94398]: DEBUG placement.objects.research_context [req-f7c0246f-6347-4568-b6d9-b5da83e7de98 req-292f6294-eb5b-4bdb-a581-2f44e75fc077 service placement] found 2 providers with available 1 VCPU {{(pid=94398) get_provider_ids_matching /opt/stack/placement/placement/objects/research_context.py:549}}
Jul 27 21:02:36.186131 n-d-738239-5 devstack@placement-api.service[94398]: DEBUG placement.objects.research_context [req-f7c0246f-6347-4568-b6d9-b5da83e7de98 req-292f6294-eb5b-4bdb-a581-2f44e75fc077 service placement] found 2 providers after filtering by previous result {{(pid=94398) get_provider_ids_matching /opt/stack/placement/placement/objects/research_context.py:580}}
Jul 27 21:02:36.241396 n-d-738239-5 devstack@placement-api.service[94398]: DEBUG placement.objects.allocation_candidate [req-f7c0246f-6347-4568-b6d9-b5da83e7de98 req-292f6294-eb5b-4bdb-a581-2f44e75fc077 service placement] RequestGroup(use_same_provider=False, resources={DISK_GB:1, MEMORY_MB:1024, VCPU:1}, traits=[], aggregates=[]) (suffix '') returned 2 matches {{(pid=94398) _get_by_requests /opt/stack/placement/placement/objects/allocation_candidate.py:145}}
Jul 27 21:02:36.242451 n-d-738239-5 devstack@placement-api.service[94398]: DEBUG placement.objects.allocation_candidate [req-f7c0246f-6347-4568-b6d9-b5da83e7de98 req-292f6294-eb5b-4bdb-a581-2f44e75fc077 service placement] Merging candidates yields 2 allocation requests and 2 provider summaries {{(pid=94398) _merge_candidates /opt/stack/placement/placement/objects/allocation_candidate.py:783}}
Jul 27 21:02:36.246998 n-d-738239-5 devstack@placement-api.service[94398]: INFO placement.requestlog [req-f7c0246f-6347-4568-b6d9-b5da83e7de98 req-292f6294-eb5b-4bdb-a581-2f44e75fc077 service placement] 10.222.0.72 "GET /placement/allocation_candidates?limit=1000&resources=DISK_GB%3A1%2CMEMORY_MB%3A1024%2CVCPU%3A1&root_required=%21COMPUTE_STATUS_DISABLED" status: 200 len: 1309 microversion: 1.35
Jul 27 21:02:36.257064 n-d-738239-5 devstack@placement-api.service[94398]: [pid: 94398|app: 0|req: 128/261] 10.222.0.72 () {60 vars in 1507 bytes} [Tue Jul 27 21:02:36 2021] GET /placement/allocation_candidates?limit=1000&resources=DISK_GB%3A1%2CMEMORY_MB%3A1024%2CVCPU%3A1&root_required=%21COMPUTE_STATUS_DISABLED => generated 1309 bytes in 173 msecs (HTTP/1.1 200) 8 headers in 297 bytes (1 switches on core 0)
Jul 27 21:02:36.364603 n-d-738239-5 devstack@placement-api.service[94397]: DEBUG placement.requestlog [req-30e0682d-f1c2-4a48-845e-f655a2d98230 req-2a7a3ed6-e247-4d72-8342-e35bb474f47e None None] Starting request: 10.222.0.64 "GET /placement/resource_providers/39b0a570-a9fd-46ad-964a-07739934d514/allocations" {{(pid=94397) __call__ /opt/stack/placement/placement/requestlog.py:55}}
