Mar 29 10:00:38.867377 n-d-738019-9 devstack@placement-api.service[104510]: INFO placement.requestlog [req-4290798a-c1ea-4538-870c-db27649a60c6 req-d52c93db-9684-4a9b-950e-198c6a9f3ef5 service placement] 10.222.0.57 "GET /placement/allocations/6c83dea4-2f55-43be-9d5b-cace193a774f" status: 200 len: 19 microversion: 1.28
Mar 29 10:00:38.877077 n-d-738019-9 devstack@placement-api.service[104509]: DEBUG placement.requestlog [req-4290798a-c1ea-4538-870c-db27649a60c6 req-d1cd7070-863f-498b-ab55-d30f38e20898 None None] Starting request: 10.222.0.57 "POST /placement/allocations" {{(pid=104509) __call__ /opt/stack/placement/placement/requestlog.py:55}}
Mar 29 10:00:38.889971 n-d-738019-9 devstack@placement-api.service[104510]: [pid: 104510|app: 0|req: 110/222] 10.222.0.57 () {60 vars in 1380 bytes} [Tue Mar 29 10:00:38 2022] GET /placement/allocations/6c83dea4-2f55-43be-9d5b-cace193a774f => generated 19 bytes in 36 msecs (HTTP/1.1 200) 8 headers in 295 bytes (1 switches on core 0)
Mar 29 10:00:39.020264 n-d-738019-9 devstack@placement-api.service[104509]: DEBUG placement.handlers.allocation [req-4290798a-c1ea-4538-870c-db27649a60c6 req-d1cd7070-863f-498b-ab55-d30f38e20898 service placement] Successfully wrote allocations [, , , , , ] {{(pid=104509) _update_consumers_and_create_allocations /opt/stack/placement/placement/handlers/allocation.py:572}}
Mar 29 10:00:39.026554 n-d-738019-9 devstack@placement-api.service[104509]: INFO placement.requestlog [req-4290798a-c1ea-4538-870c-db27649a60c6 req-d1cd7070-863f-498b-ab55-d30f38e20898 service placement] 10.222.0.57 "POST /placement/allocations" status: 204 len: 0 microversion: 1.28
Mar 29 10:00:39.027423 n-d-738019-9 devstack@placement-api.service[104509]: [pid: 104509|app: 0|req: 113/223] 10.222.0.57 () {64 vars in 1323 bytes} [Tue Mar 29 10:00:38 2022] POST /placement/allocations => generated 0 bytes in 151 msecs (HTTP/1.1 204) 5 headers in 199 bytes (2 switches on core 0)
Mar 29 10:00:39.111809 n-d-738019-9 devstack@placement-api.service[104510]: DEBUG placement.requestlog [req-4290798a-c1ea-4538-870c-db27649a60c6 req-fbada0a8-f345-4145-be35-23608ee132cb None None] Starting request: 10.222.0.57 "GET /placement/allocations/fd3eac01-6d1a-42f1-a4a5-d1a3d01d3b83" {{(pid=104510) __call__ /opt/stack/placement/placement/requestlog.py:55}}
Mar 29 10:00:39.142645 n-d-738019-9 devstack@placement-api.service[104510]: INFO placement.requestlog [req-4290798a-c1ea-4538-870c-db27649a60c6 req-fbada0a8-f345-4145-be35-23608ee132cb service placement] 10.222.0.57 "GET /placement/allocations/fd3eac01-6d1a-42f1-a4a5-d1a3d01d3b83" status: 200 len: 19 microversion: 1.28
Mar 29 10:00:39.144169 n-d-738019-9 devstack@placement-api.service[104510]: [pid: 104510|app: 0|req: 111/224] 10.222.0.57 () {60 vars in 1380 bytes} [Tue Mar 29 10:00:39 2022] GET /placement/allocations/fd3eac01-6d1a-42f1-a4a5-d1a3d01d3b83 => generated 19 bytes in 33 msecs (HTTP/1.1 200) 8 headers in 295 bytes (1 switches on core 0)
Mar 29 10:00:39.149980 n-d-738019-9 devstack@placement-api.service[104509]: DEBUG placement.requestlog [req-4290798a-c1ea-4538-870c-db27649a60c6 req-a1a02b31-dba5-4f2d-ae5b-83a1d65ba1ed None None] Starting request: 10.222.0.57 "PUT /placement/allocations/fd3eac01-6d1a-42f1-a4a5-d1a3d01d3b83" {{(pid=104509) __call__ /opt/stack/placement/placement/requestlog.py:55}}
Mar 29 10:00:39.274197 n-d-738019-9 devstack@placement-api.service[104509]: DEBUG placement.handlers.allocation [req-4290798a-c1ea-4538-870c-db27649a60c6 req-a1a02b31-dba5-4f2d-ae5b-83a1d65ba1ed service placement] Successfully wrote allocations [, , ] {{(pid=104509) _update_consumers_and_create_allocations /opt/stack/placement/placement/handlers/allocation.py:462}}
Mar 29 10:00:39.278666 n-d-738019-9 devstack@placement-api.service[104509]: INFO placement.requestlog [req-4290798a-c1ea-4538-870c-db27649a60c6 req-a1a02b31-dba5-4f2d-ae5b-83a1d65ba1ed service placement] 10.222.0.57 "PUT /placement/allocations/fd3eac01-6d1a-42f1-a4a5-d1a3d01d3b83" status: 204 len: 0 microversion: 1.28
Mar 29 10:00:39.285161 n-d-738019-9 devstack@placement-api.service[104509]: [pid: 104509|app: 0|req: 114/225] 10.222.0.57 () {64 vars in 1433 bytes} [Tue Mar 29 10:00:39 2022] PUT /placement/allocations/fd3eac01-6d1a-42f1-a4a5-d1a3d01d3b83 => generated 0 bytes in 130 msecs (HTTP/1.1 204) 5 headers in 199 bytes (1 switches on core 0)
Mar 29 10:00:39.290548 n-d-738019-9 devstack@placement-api.service[104510]: DEBUG placement.requestlog [req-a16a1cc5-1d6b-4a47-a590-54109bc4d77c req-e59f76c5-c1d6-48d6-90bf-f33f4b5f8a7d None None] Starting request: 10.222.0.39 "GET /placement/resource_providers/cf27b771-a2a1-4436-b6c1-99ba6532e3ba/allocations" {{(pid=104510) __call__ /opt/stack/placement/placement/requestlog.py:55}}
Mar 29 10:00:39.380655 n-d-738019-9 devstack@placement-api.service[104510]: INFO placement.requestlog [req-a16a1cc5-1d6b-4a47-a590-54109bc4d77c req-e59f76c5-c1d6-48d6-90bf-f33f4b5f8a7d service placement] 10.222.0.39 "GET /placement/resource_providers/cf27b771-a2a1-4436-b6c1-99ba6532e3ba/allocations" status: 200 len: 760 microversion: 1.0
Mar 29 10:00:39.381053 n-d-738019-9 devstack@placement-api.service[104510]: [pid: 104510|app: 0|req: 112/226] 10.222.0.39 () {58 vars in 1390 bytes} [Tue Mar 29 10:00:39 2022] GET /placement/resource_providers/cf27b771-a2a1-4436-b6c1-99ba6532e3ba/allocations => generated 760 bytes in 91 msecs (HTTP/1.1 200) 6 headers in 224 bytes (1 switches on core 0)
Mar 29 10:00:39.541735 n-d-738019-9 devstack@placement-api.service[104509]: DEBUG placement.requestlog [req-4290798a-c1ea-4538-870c-db27649a60c6 req-9075992a-326c-4274-b8eb-32694f259132 None None] Starting request: 10.222.0.39 "GET /placement/allocations/fd3eac01-6d1a-42f1-a4a5-d1a3d01d3b83" {{(pid=104509) __call__ /opt/stack/placement/placement/requestlog.py:55}}
Mar 29 10:00:39.575217 n-d-738019-9 devstack@placement-api.service[104509]: INFO placement.requestlog [req-4290798a-c1ea-4538-870c-db27649a60c6 req-9075992a-326c-4274-b8eb-32694f259132 service placement] 10.222.0.39 "GET /placement/allocations/fd3eac01-6d1a-42f1-a4a5-d1a3d01d3b83" status: 200 len: 259 microversion: 1.28
Mar 29 10:00:39.576468 n-d-738019-9 devstack@placement-api.service[104509]: [pid: 104509|app: 0|req: 115/227] 10.222.0.39 () {60 vars in 1377 bytes} [Tue Mar 29 10:00:39 2022] GET /placement/allocations/fd3eac01-6d1a-42f1-a4a5-d1a3d01d3b83 => generated 259 bytes in 35 msecs (HTTP/1.1 200) 8 headers in 296 bytes (1 switches on core 0)
Mar 29 10:00:45.570313 n-d-738019-9 devstack@placement-api.service[104510]: DEBUG placement.requestlog [req-37fad4a5-63e9-4e1d-87da-8df591d997e7 req-fea81fc0-d93c-4fd4-96ed-a0b8f6c7e68e None None] Starting request: 10.222.0.59 "DELETE /placement/allocations/2af65f2c-3af7-4426-88b6-f54901cdf20a" {{(pid=104510) __call__ /opt/stack/placement/placement/requestlog.py:55}}
Mar 29 10:00:45.620111 n-d-738019-9 devstack@placement-api.service[104510]: DEBUG placement.handlers.allocation [req-37fad4a5-63e9-4e1d-87da-8df591d997e7 req-fea81fc0-d93c-4fd4-96ed-a0b8f6c7e68e service placement] Successfully deleted allocations [, , ] {{(pid=104510) delete_allocations /opt/stack/placement/placement/handlers/allocation.py:627}}
Mar 29 10:00:45.620800 n-d-738019-9 devstack@placement-api.service[104510]: INFO placement.requestlog [req-37fad4a5-63e9-4e1d-87da-8df591d997e7 req-fea81fc0-d93c-4fd4-96ed-a0b8f6c7e68e service placement] 10.222.0.59 "DELETE /placement/allocations/2af65f2c-3af7-4426-88b6-f54901cdf20a" status: 204 len: 0 microversion: 1.0
Mar 29 10:00:45.622301 n-d-738019-9 devstack@placement-api.service[104510]: [pid: 104510|app: 0|req: 113/228] 10.222.0.59 () {60 vars in 1355 bytes} [Tue Mar 29 10:00:45 2022] DELETE /placement/allocations/2af65f2c-3af7-4426-88b6-f54901cdf20a => generated 0 bytes in 51 msecs (HTTP/1.1 204) 5 headers in 198 bytes (1 switches on core 0)
Mar 29 10:00:49.736241 n-d-738019-9 devstack@placement-api.service[104509]: DEBUG placement.requestlog [req-800babd3-4bfb-43ae-9e38-220fc054fe17 req-b9d79a99-9f55-4ff6-a9f8-3ba92ee230a3 None None] Starting request: 10.222.0.39 "GET /placement/resource_providers?in_tree=cf27b771-a2a1-4436-b6c1-99ba6532e3ba" {{(pid=104509) __call__ /opt/stack/placement/placement/requestlog.py:55}}
Mar 29 10:00:50.184254 n-d-738019-9 devstack@placement-api.service[104509]: INFO placement.requestlog [req-800babd3-4bfb-43ae-9e38-220fc054fe17 req-b9d79a99-9f55-4ff6-a9f8-3ba92ee230a3 service placement] 10.222.0.39 "GET /placement/resource_providers?in_tree=cf27b771-a2a1-4436-b6c1-99ba6532e3ba" status: 200 len: 863 microversion: 1.14
Mar 29 10:00:50.185514 n-d-738019-9 devstack@placement-api.service[104509]: [pid: 104509|app: 0|req: 116/229] 10.222.0.39 () {60 vars in 1376 bytes} [Tue Mar 29 10:00:49 2022] GET /placement/resource_providers?in_tree=cf27b771-a2a1-4436-b6c1-99ba6532e3ba => generated 863 bytes in 452 msecs (HTTP/1.1 200) 6 headers in 225 bytes (1 switches on core 0)
Mar 29 10:00:50.200417 n-d-738019-9 devstack@placement-api.service[104510]: DEBUG placement.requestlog [req-800babd3-4bfb-43ae-9e38-220fc054fe17 req-135dcbd1-0ab7-45fc-a84c-d3596fbd9935 None None] Starting request: 10.222.0.39 "GET /placement/resource_providers/cf27b771-a2a1-4436-b6c1-99ba6532e3ba/inventories" {{(pid=104510) __call__ /opt/stack/placement/placement/requestlog.py:55}}
Mar 29 10:00:50.224379 n-d-738019-9 devstack@placement-api.service[104510]: INFO placement.requestlog [req-800babd3-4bfb-43ae-9e38-220fc054fe17 req-135dcbd1-0ab7-45fc-a84c-d3596fbd9935 service placement] 10.222.0.39 "GET /placement/resource_providers/cf27b771-a2a1-4436-b6c1-99ba6532e3ba/inventories" status: 200 len: 398 microversion: 1.0
Mar 29 10:00:50.225353 n-d-738019-9 devstack@placement-api.service[104510]: [pid: 104510|app: 0|req: 114/230] 10.222.0.39 () {58 vars in 1390 bytes} [Tue Mar 29 10:00:50 2022] GET /placement/resource_providers/cf27b771-a2a1-4436-b6c1-99ba6532e3ba/inventories => generated 398 bytes in 25 msecs (HTTP/1.1 200) 6 headers in 224 bytes (1 switches on core 0)
Mar 29 10:00:50.246995 n-d-738019-9 devstack@placement-api.service[104509]: DEBUG placement.requestlog [req-800babd3-4bfb-43ae-9e38-220fc054fe17 req-345ca1b0-2805-4485-a2c5-4917a38385df None None] Starting request: 10.222.0.39 "GET /placement/resource_providers/cf27b771-a2a1-4436-b6c1-99ba6532e3ba/aggregates" {{(pid=104509) __call__ /opt/stack/placement/placement/requestlog.py:55}}
Mar 29 10:00:50.303475 n-d-738019-9 devstack@placement-api.service[104509]: INFO placement.requestlog [req-800babd3-4bfb-43ae-9e38-220fc054fe17 req-345ca1b0-2805-4485-a2c5-4917a38385df service placement] 10.222.0.39 "GET /placement/resource_providers/cf27b771-a2a1-4436-b6c1-99ba6532e3ba/aggregates" status: 200 len: 54 microversion: 1.19
Mar 29 10:00:50.304470 n-d-738019-9 devstack@placement-api.service[104509]: [pid: 104509|app: 0|req: 117/231] 10.222.0.39 () {60 vars in 1431 bytes} [Tue Mar 29 10:00:50 2022] GET /placement/resource_providers/cf27b771-a2a1-4436-b6c1-99ba6532e3ba/aggregates => generated 54 bytes in 58 msecs (HTTP/1.1 200) 8 headers in 295 bytes (1 switches on core 0)
Mar 29 10:00:50.324860 n-d-738019-9 devstack@placement-api.service[104510]: DEBUG placement.requestlog [req-800babd3-4bfb-43ae-9e38-220fc054fe17 req-744b9cb1-5628-41f6-a96a-0a2e7b13c687 None None] Starting request: 10.222.0.39 "GET /placement/resource_providers/cf27b771-a2a1-4436-b6c1-99ba6532e3ba/traits" {{(pid=104510) __call__ /opt/stack/placement/placement/requestlog.py:55}}
Mar 29 10:00:50.403981 n-d-738019-9 devstack@placement-api.service[104510]: INFO placement.requestlog [req-800babd3-4bfb-43ae-9e38-220fc054fe17 req-744b9cb1-5628-41f6-a96a-0a2e7b13c687 service placement] 10.222.0.39 "GET /placement/resource_providers/cf27b771-a2a1-4436-b6c1-99ba6532e3ba/traits" status: 200 len: 212 microversion: 1.6
Mar 29 10:00:50.404731 n-d-738019-9 devstack@placement-api.service[104510]: [pid: 104510|app: 0|req: 115/232] 10.222.0.39 () {60 vars in 1418 bytes} [Tue Mar 29 10:00:50 2022] GET /placement/resource_providers/cf27b771-a2a1-4436-b6c1-99ba6532e3ba/traits => generated 212 bytes in 80 msecs (HTTP/1.1 200) 6 headers in 224 bytes (1 switches on core 0)
Mar 29 10:00:50.718464 n-d-738019-9 devstack@placement-api.service[104509]: DEBUG placement.requestlog [req-800babd3-4bfb-43ae-9e38-220fc054fe17 req-0285a970-6b4f-494b-b86a-219518808acc None None] Starting request: 10.222.0.39 "DELETE /placement/allocations/8c26ce10-4cb7-4b3c-b59b-45a0a774321a" {{(pid=104509) __call__ /opt/stack/placement/placement/requestlog.py:55}}
Mar 29 10:00:50.809396 n-d-738019-9 devstack@placement-api.service[104509]: DEBUG placement.handlers.allocation [req-800babd3-4bfb-43ae-9e38-220fc054fe17 req-0285a970-6b4f-494b-b86a-219518808acc service placement] Successfully deleted allocations [, , ] {{(pid=104509) delete_allocations /opt/stack/placement/placement/handlers/allocation.py:627}}
Mar 29 10:00:50.810182 n-d-738019-9 devstack@placement-api.service[104509]: INFO placement.requestlog [req-800babd3-4bfb-43ae-9e38-220fc054fe17 req-0285a970-6b4f-494b-b86a-219518808acc service placement] 10.222.0.39 "DELETE /placement/allocations/8c26ce10-4cb7-4b3c-b59b-45a0a774321a" status: 204 len: 0 microversion: 1.0
Mar 29 10:00:50.811029 n-d-738019-9 devstack@placement-api.service[104509]: [pid: 104509|app: 0|req: 118/233] 10.222.0.39 () {60 vars in 1355 bytes} [Tue Mar 29 10:00:50 2022] DELETE /placement/allocations/8c26ce10-4cb7-4b3c-b59b-45a0a774321a => generated 0 bytes in 93 msecs (HTTP/1.1 204) 5 headers in 198 bytes (1 switches on core 0)
Mar 29 10:00:58.099116 n-d-738019-9 devstack@placement-api.service[104510]: DEBUG placement.requestlog [req-1fa9e628-b2e8-483d-9de7-69d2102e6821 req-82d990be-59d9-4903-9b5d-516f21ec762f None None] Starting request: 10.222.0.57 "GET /placement/allocation_candidates?limit=1000&resources=DISK_GB%3A1%2CMEMORY_MB%3A1024%2CVCPU%3A1&root_required=%21COMPUTE_STATUS_DISABLED" {{(pid=104510) __call__ /opt/stack/placement/placement/requestlog.py:55}}
Mar 29 10:00:58.160543 n-d-738019-9 devstack@placement-api.service[104510]: DEBUG placement.objects.research_context [req-1fa9e628-b2e8-483d-9de7-69d2102e6821 req-82d990be-59d9-4903-9b5d-516f21ec762f service placement] getting providers with 1 DISK_GB {{(pid=104510) __init__ /opt/stack/placement/placement/objects/research_context.py:136}}
Mar 29 10:00:58.170462 n-d-738019-9 devstack@placement-api.service[104510]: DEBUG placement.objects.research_context [req-1fa9e628-b2e8-483d-9de7-69d2102e6821 req-82d990be-59d9-4903-9b5d-516f21ec762f service placement] getting providers with 1024 MEMORY_MB {{(pid=104510) __init__ /opt/stack/placement/placement/objects/research_context.py:136}}
Mar 29 10:00:58.177684 n-d-738019-9 devstack@placement-api.service[104510]: DEBUG placement.objects.research_context [req-1fa9e628-b2e8-483d-9de7-69d2102e6821 req-82d990be-59d9-4903-9b5d-516f21ec762f service placement] getting providers with 1 VCPU {{(pid=104510) __init__ /opt/stack/placement/placement/objects/research_context.py:136}}
Mar 29 10:00:58.195785 n-d-738019-9 devstack@placement-api.service[104510]: DEBUG placement.objects.research_context [req-1fa9e628-b2e8-483d-9de7-69d2102e6821 req-82d990be-59d9-4903-9b5d-516f21ec762f service placement] found 2 providers with available 1 DISK_GB {{(pid=104510) get_provider_ids_matching /opt/stack/placement/placement/objects/research_context.py:559}}
Mar 29 10:00:58.196338 n-d-738019-9 devstack@placement-api.service[104510]: DEBUG placement.objects.research_context [req-1fa9e628-b2e8-483d-9de7-69d2102e6821 req-82d990be-59d9-4903-9b5d-516f21ec762f service placement] found 2 providers with available 1024 MEMORY_MB {{(pid=104510) get_provider_ids_matching /opt/stack/placement/placement/objects/research_context.py:559}}
Mar 29 10:00:58.196760 n-d-738019-9 devstack@placement-api.service[104510]: DEBUG placement.objects.research_context [req-1fa9e628-b2e8-483d-9de7-69d2102e6821 req-82d990be-59d9-4903-9b5d-516f21ec762f service placement] found 2 providers after filtering by previous result {{(pid=104510) get_provider_ids_matching /opt/stack/placement/placement/objects/research_context.py:590}}
Mar 29 10:00:58.197183 n-d-738019-9 devstack@placement-api.service[104510]: DEBUG placement.objects.research_context [req-1fa9e628-b2e8-483d-9de7-69d2102e6821 req-82d990be-59d9-4903-9b5d-516f21ec762f service placement] found 2 providers with available 1 VCPU {{(pid=104510) get_provider_ids_matching /opt/stack/placement/placement/objects/research_context.py:559}}
Mar 29 10:00:58.197687 n-d-738019-9 devstack@placement-api.service[104510]: DEBUG placement.objects.research_context [req-1fa9e628-b2e8-483d-9de7-69d2102e6821 req-82d990be-59d9-4903-9b5d-516f21ec762f service placement] found 2 providers after filtering by previous result {{(pid=104510) get_provider_ids_matching /opt/stack/placement/placement/objects/research_context.py:590}}
Mar 29 10:00:58.213128 n-d-738019-9 devstack@placement-api.service[104510]: DEBUG placement.objects.allocation_candidate [req-1fa9e628-b2e8-483d-9de7-69d2102e6821 req-82d990be-59d9-4903-9b5d-516f21ec762f service placement] RequestGroup(use_same_provider=False, resources={DISK_GB:1, MEMORY_MB:1024, VCPU:1}, traits=(), aggregates=[]) (suffix '') returned 2 matches {{(pid=104510) _get_by_requests /opt/stack/placement/placement/objects/allocation_candidate.py:156}}
Mar 29 10:00:58.213773 n-d-738019-9 devstack@placement-api.service[104510]: DEBUG placement.objects.allocation_candidate [req-1fa9e628-b2e8-483d-9de7-69d2102e6821 req-82d990be-59d9-4903-9b5d-516f21ec762f service placement] Merging candidates yields 2 allocation requests and 2 provider summaries {{(pid=104510) _merge_candidates /opt/stack/placement/placement/objects/allocation_candidate.py:809}}
Mar 29 10:00:58.216846 n-d-738019-9 devstack@placement-api.service[104510]: INFO placement.requestlog [req-1fa9e628-b2e8-483d-9de7-69d2102e6821 req-82d990be-59d9-4903-9b5d-516f21ec762f service placement] 10.222.0.57 "GET /placement/allocation_candidates?limit=1000&resources=DISK_GB%3A1%2CMEMORY_MB%3A1024%2CVCPU%3A1&root_required=%21COMPUTE_STATUS_DISABLED" status: 200 len: 1309 microversion: 1.36
Mar 29 10:00:58.217484 n-d-738019-9 devstack@placement-api.service[104510]: [pid: 104510|app: 0|req: 116/234] 10.222.0.57 () {60 vars in 1506 bytes} [Tue Mar 29 10:00:58 2022] GET /placement/allocation_candidates?limit=1000&resources=DISK_GB%3A1%2CMEMORY_MB%3A1024%2CVCPU%3A1&root_required=%21COMPUTE_STATUS_DISABLED => generated 1309 bytes in 119 msecs (HTTP/1.1 200) 8 headers in 297 bytes (1 switches on core 0)
Mar 29 10:00:58.324482 n-d-738019-9 devstack@placement-api.service[104509]: DEBUG placement.requestlog [req-1fa9e628-b2e8-483d-9de7-69d2102e6821 req-cf9903af-2abc-4190-ab28-8c456c38df45 None None] Starting request: 10.222.0.57 "GET /placement/allocations/8fe9d6f7-af04-4d90-8bab-9cf0fbdf8c93" {{(pid=104509) __call__ /opt/stack/placement/placement/requestlog.py:55}}
Mar 29 10:00:58.343986 n-d-738019-9 devstack@placement-api.service[104509]: INFO placement.requestlog [req-1fa9e628-b2e8-483d-9de7-69d2102e6821 req-cf9903af-2abc-4190-ab28-8c456c38df45 service placement] 10.222.0.57 "GET /placement/allocations/8fe9d6f7-af04-4d90-8bab-9cf0fbdf8c93" status: 200 len: 19 microversion: 1.28
Mar 29 10:00:58.344874 n-d-738019-9 devstack@placement-api.service[104509]: [pid: 104509|app: 0|req: 119/235] 10.222.0.57 () {60 vars in 1380 bytes} [Tue Mar 29 10:00:58 2022] GET /placement/allocations/8fe9d6f7-af04-4d90-8bab-9cf0fbdf8c93 => generated 19 bytes in 21 msecs (HTTP/1.1 200) 8 headers in 295 bytes (1 switches on core 0)
Mar 29 10:00:58.351939 n-d-738019-9 devstack@placement-api.service[104510]: DEBUG placement.requestlog [req-1fa9e628-b2e8-483d-9de7-69d2102e6821 req-2e2bb5fe-ceac-4661-a253-ed30868ad9cc None None] Starting request: 10.222.0.57 "PUT /placement/allocations/8fe9d6f7-af04-4d90-8bab-9cf0fbdf8c93" {{(pid=104510) __call__ /opt/stack/placement/placement/requestlog.py:55}}
Mar 29 10:00:58.409594 n-d-738019-9 devstack@placement-api.service[104509]: DEBUG placement.requestlog [req-73e15dcc-2504-4f81-b057-0ca02c16501a req-93e86ea9-bc6f-4ca9-bf96-4ddc5f6f8c78 None None] Starting request: 10.222.0.57 "GET /placement/allocation_candidates?limit=1000&resources=DISK_GB%3A1%2CMEMORY_MB%3A1024%2CVCPU%3A1&root_required=%21COMPUTE_STATUS_DISABLED" {{(pid=104509) __call__ /opt/stack/placement/placement/requestlog.py:55}}
Mar 29 10:00:58.494805 n-d-738019-9 devstack@placement-api.service[104509]: DEBUG placement.objects.research_context [req-73e15dcc-2504-4f81-b057-0ca02c16501a req-93e86ea9-bc6f-4ca9-bf96-4ddc5f6f8c78 service placement] getting providers with 1 DISK_GB {{(pid=104509) __init__ /opt/stack/placement/placement/objects/research_context.py:136}}
Mar 29 10:00:58.503277 n-d-738019-9 devstack@placement-api.service[104509]: DEBUG placement.objects.research_context [req-73e15dcc-2504-4f81-b057-0ca02c16501a req-93e86ea9-bc6f-4ca9-bf96-4ddc5f6f8c78 service placement] getting providers with 1024 MEMORY_MB {{(pid=104509) __init__ /opt/stack/placement/placement/objects/research_context.py:136}}
Mar 29 10:00:58.504032 n-d-738019-9 devstack@placement-api.service[104510]: DEBUG placement.handlers.allocation [req-1fa9e628-b2e8-483d-9de7-69d2102e6821 req-2e2bb5fe-ceac-4661-a253-ed30868ad9cc service placement] Successfully wrote allocations [, , ] {{(pid=104510) _update_consumers_and_create_allocations /opt/stack/placement/placement/handlers/allocation.py:462}}
Mar 29 10:00:58.508968 n-d-738019-9 devstack@placement-api.service[104510]: INFO placement.requestlog [req-1fa9e628-b2e8-483d-9de7-69d2102e6821 req-2e2bb5fe-ceac-4661-a253-ed30868ad9cc service placement] 10.222.0.57 "PUT /placement/allocations/8fe9d6f7-af04-4d90-8bab-9cf0fbdf8c93" status: 204 len: 0 microversion: 1.36
Mar 29 10:00:58.509418 n-d-738019-9 devstack@placement-api.service[104510]: [pid: 104510|app: 0|req: 117/236] 10.222.0.57 () {64 vars in 1433 bytes} [Tue Mar 29 10:00:58 2022] PUT /placement/allocations/8fe9d6f7-af04-4d90-8bab-9cf0fbdf8c93 => generated 0 bytes in 158 msecs (HTTP/1.1 204) 5 headers in 199 bytes (2 switches on core 0)
Mar 29 10:00:58.512696 n-d-738019-9 devstack@placement-api.service[104509]: DEBUG placement.objects.research_context [req-73e15dcc-2504-4f81-b057-0ca02c16501a req-93e86ea9-bc6f-4ca9-bf96-4ddc5f6f8c78 service placement] getting providers with 1 VCPU {{(pid=104509) __init__ /opt/stack/placement/placement/objects/research_context.py:136}}
Mar 29 10:00:58.518627 n-d-738019-9 devstack@placement-api.service[104509]: DEBUG placement.objects.research_context [req-73e15dcc-2504-4f81-b057-0ca02c16501a req-93e86ea9-bc6f-4ca9-bf96-4ddc5f6f8c78 service placement] found 2 providers with available 1 DISK_GB {{(pid=104509) get_provider_ids_matching /opt/stack/placement/placement/objects/research_context.py:559}}
Mar 29 10:00:58.519176 n-d-738019-9 devstack@placement-api.service[104509]: DEBUG placement.objects.research_context [req-73e15dcc-2504-4f81-b057-0ca02c16501a req-93e86ea9-bc6f-4ca9-bf96-4ddc5f6f8c78 service placement] found 2 providers with available 1024 MEMORY_MB {{(pid=104509) get_provider_ids_matching /opt/stack/placement/placement/objects/research_context.py:559}}
Mar 29 10:00:58.519665 n-d-738019-9 devstack@placement-api.service[104509]: DEBUG placement.objects.research_context [req-73e15dcc-2504-4f81-b057-0ca02c16501a req-93e86ea9-bc6f-4ca9-bf96-4ddc5f6f8c78 service placement] found 2 providers after filtering by previous result {{(pid=104509) get_provider_ids_matching /opt/stack/placement/placement/objects/research_context.py:590}}
Mar 29 10:00:58.520106 n-d-738019-9 devstack@placement-api.service[104509]: DEBUG placement.objects.research_context [req-73e15dcc-2504-4f81-b057-0ca02c16501a req-93e86ea9-bc6f-4ca9-bf96-4ddc5f6f8c78 service placement] found 2 providers with available 1 VCPU {{(pid=104509) get_provider_ids_matching /opt/stack/placement/placement/objects/research_context.py:559}}
Mar 29 10:00:58.520594 n-d-738019-9 devstack@placement-api.service[104509]: DEBUG placement.objects.research_context [req-73e15dcc-2504-4f81-b057-0ca02c16501a req-93e86ea9-bc6f-4ca9-bf96-4ddc5f6f8c78 service placement] found 2 providers after filtering by previous result {{(pid=104509) get_provider_ids_matching /opt/stack/placement/placement/objects/research_context.py:590}}
Mar 29 10:00:58.533875 n-d-738019-9 devstack@placement-api.service[104509]: DEBUG placement.objects.allocation_candidate [req-73e15dcc-2504-4f81-b057-0ca02c16501a req-93e86ea9-bc6f-4ca9-bf96-4ddc5f6f8c78 service placement] RequestGroup(use_same_provider=False, resources={DISK_GB:1, MEMORY_MB:1024, VCPU:1}, traits=(), aggregates=[]) (suffix '') returned 2 matches {{(pid=104509) _get_by_requests /opt/stack/placement/placement/objects/allocation_candidate.py:156}}
Mar 29 10:00:58.534722 n-d-738019-9 devstack@placement-api.service[104509]: DEBUG placement.objects.allocation_candidate [req-73e15dcc-2504-4f81-b057-0ca02c16501a req-93e86ea9-bc6f-4ca9-bf96-4ddc5f6f8c78 service placement] Merging candidates yields 2 allocation requests and 2 provider summaries {{(pid=104509) _merge_candidates /opt/stack/placement/placement/objects/allocation_candidate.py:809}}
Mar 29 10:00:58.536867 n-d-738019-9 devstack@placement-api.service[104509]: INFO placement.requestlog [req-73e15dcc-2504-4f81-b057-0ca02c16501a req-93e86ea9-bc6f-4ca9-bf96-4ddc5f6f8c78 service placement] 10.222.0.57 "GET /placement/allocation_candidates?limit=1000&resources=DISK_GB%3A1%2CMEMORY_MB%3A1024%2CVCPU%3A1&root_required=%21COMPUTE_STATUS_DISABLED" status: 200 len: 1309 microversion: 1.36
Mar 29 10:00:58.537600 n-d-738019-9 devstack@placement-api.service[104509]: [pid: 104509|app: 0|req: 120/237] 10.222.0.57 () {60 vars in 1506 bytes} [Tue Mar 29 10:00:58 2022] GET /placement/allocation_candidates?limit=1000&resources=DISK_GB%3A1%2CMEMORY_MB%3A1024%2CVCPU%3A1&root_required=%21COMPUTE_STATUS_DISABLED => generated 1309 bytes in 128 msecs (HTTP/1.1 200) 8 headers in 297 bytes (2 switches on core 0)
Mar 29 10:00:58.612108 n-d-738019-9 devstack@placement-api.service[104510]: DEBUG placement.requestlog [req-73e15dcc-2504-4f81-b057-0ca02c16501a req-d8cc5edc-93b7-436f-89cf-4ca85dd6e1a4 None None] Starting request: 10.222.0.57 "GET /placement/allocations/58505055-213c-427d-a34d-e5bf65213ec6" {{(pid=104510) __call__ /opt/stack/placement/placement/requestlog.py:55}}
Mar 29 10:00:58.628392 n-d-738019-9 devstack@placement-api.service[104510]: INFO placement.requestlog [req-73e15dcc-2504-4f81-b057-0ca02c16501a req-d8cc5edc-93b7-436f-89cf-4ca85dd6e1a4 service placement] 10.222.0.57 "GET /placement/allocations/58505055-213c-427d-a34d-e5bf65213ec6" status: 200 len: 19 microversion: 1.28
Mar 29 10:00:58.629237 n-d-738019-9 devstack@placement-api.service[104510]: [pid: 104510|app: 0|req: 118/238] 10.222.0.57 () {60 vars in 1380 bytes} [Tue Mar 29 10:00:58 2022] GET /placement/allocations/58505055-213c-427d-a34d-e5bf65213ec6 => generated 19 bytes in 17 msecs (HTTP/1.1 200) 8 headers in 295 bytes (1 switches on core 0)
Mar 29 10:00:58.638862 n-d-738019-9 devstack@placement-api.service[104509]: DEBUG placement.requestlog [req-73e15dcc-2504-4f81-b057-0ca02c16501a req-efee9f47-37d7-4f76-942a-8638c0c50111 None None] Starting request: 10.222.0.57 "PUT /placement/allocations/58505055-213c-427d-a34d-e5bf65213ec6" {{(pid=104509) __call__ /opt/stack/placement/placement/requestlog.py:55}}
Mar 29 10:00:58.720558 n-d-738019-9 devstack@placement-api.service[104509]: DEBUG placement.handlers.allocation [req-73e15dcc-2504-4f81-b057-0ca02c16501a req-efee9f47-37d7-4f76-942a-8638c0c50111 service placement] Successfully wrote allocations [, , ] {{(pid=104509) _update_consumers_and_create_allocations /opt/stack/placement/placement/handlers/allocation.py:462}}
Mar 29 10:00:58.733920 n-d-738019-9 devstack@placement-api.service[104509]: INFO placement.requestlog [req-73e15dcc-2504-4f81-b057-0ca02c16501a req-efee9f47-37d7-4f76-942a-8638c0c50111 service placement] 10.222.0.57 "PUT /placement/allocations/58505055-213c-427d-a34d-e5bf65213ec6" status: 204 len: 0 microversion: 1.36
Mar 29 10:00:58.735985 n-d-738019-9 devstack@placement-api.service[104509]: [pid: 104509|app: 0|req: 121/239] 10.222.0.57 () {64 vars in 1433 bytes} [Tue Mar 29 10:00:58 2022] PUT /placement/allocations/58505055-213c-427d-a34d-e5bf65213ec6 => generated 0 bytes in 97 msecs (HTTP/1.1 204) 5 headers in 199 bytes (1 switches on core 0)
Mar 29 10:00:58.924333 n-d-738019-9 devstack@placement-api.service[104510]: DEBUG placement.requestlog [req-1fa9e628-b2e8-483d-9de7-69d2102e6821 req-19e61d25-3284-42d9-ab23-ad4453c2e936 None None] Starting request: 10.222.0.39 "GET /placement/allocations/8fe9d6f7-af04-4d90-8bab-9cf0fbdf8c93" {{(pid=104510) __call__ /opt/stack/placement/placement/requestlog.py:55}}
Mar 29 10:00:58.953985 n-d-738019-9 devstack@placement-api.service[104510]: INFO placement.requestlog [req-1fa9e628-b2e8-483d-9de7-69d2102e6821 req-19e61d25-3284-42d9-ab23-ad4453c2e936 service placement] 10.222.0.39 "GET /placement/allocations/8fe9d6f7-af04-4d90-8bab-9cf0fbdf8c93" status: 200 len: 259 microversion: 1.28
Mar 29 10:00:58.954985 n-d-738019-9 devstack@placement-api.service[104510]: [pid: 104510|app: 0|req: 119/240] 10.222.0.39 () {60 vars in 1377 bytes} [Tue Mar 29 10:00:58 2022] GET /placement/allocations/8fe9d6f7-af04-4d90-8bab-9cf0fbdf8c93 => generated 259 bytes in 31 msecs (HTTP/1.1 200) 8 headers in 296 bytes (2 switches on core 0)
Mar 29 10:00:59.262254 n-d-738019-9 devstack@placement-api.service[104509]: DEBUG placement.requestlog [req-73e15dcc-2504-4f81-b057-0ca02c16501a req-41ae8dd3-d0b1-41c3-958b-365308e52b9a None None] Starting request: 10.222.0.39 "GET /placement/allocations/58505055-213c-427d-a34d-e5bf65213ec6" {{(pid=104509) __call__ /opt/stack/placement/placement/requestlog.py:55}}
Mar 29 10:00:59.291911 n-d-738019-9 devstack@placement-api.service[104509]: INFO placement.requestlog [req-73e15dcc-2504-4f81-b057-0ca02c16501a req-41ae8dd3-d0b1-41c3-958b-365308e52b9a service placement] 10.222.0.39 "GET /placement/allocations/58505055-213c-427d-a34d-e5bf65213ec6" status: 200 len: 259 microversion: 1.28
Mar 29 10:00:59.293117 n-d-738019-9 devstack@placement-api.service[104509]: [pid: 104509|app: 0|req: 122/241] 10.222.0.39 () {60 vars in 1377 bytes} [Tue Mar 29 10:00:59 2022] GET /placement/allocations/58505055-213c-427d-a34d-e5bf65213ec6 => generated 259 bytes in 31 msecs (HTTP/1.1 200) 8 headers in 296 bytes (1 switches on core 0)
Mar 29 10:00:59.884229 n-d-738019-9 devstack@placement-api.service[104510]: DEBUG placement.requestlog [req-51528ba5-7a1e-47fb-8414-0ad8cb85e60b req-5cbd0a5e-b394-4688-965c-139d363d2bf5 None None] Starting request: 10.222.0.57 "GET /placement/allocation_candidates?limit=1000&resources=DISK_GB%3A1%2CMEMORY_MB%3A1024%2CVCPU%3A1&root_required=%21COMPUTE_STATUS_DISABLED" {{(pid=104510) __call__ /opt/stack/placement/placement/requestlog.py:55}}
Mar 29 10:01:00.008275 n-d-738019-9 devstack@placement-api.service[104510]: DEBUG placement.objects.research_context [req-51528ba5-7a1e-47fb-8414-0ad8cb85e60b req-5cbd0a5e-b394-4688-965c-139d363d2bf5 service placement] getting providers with 1 DISK_GB {{(pid=104510) __init__ /opt/stack/placement/placement/objects/research_context.py:136}}
Mar 29 10:01:00.025798 n-d-738019-9 devstack@placement-api.service[104510]: DEBUG placement.objects.research_context [req-51528ba5-7a1e-47fb-8414-0ad8cb85e60b req-5cbd0a5e-b394-4688-965c-139d363d2bf5 service placement] getting providers with 1024 MEMORY_MB {{(pid=104510) __init__ /opt/stack/placement/placement/objects/research_context.py:136}}
Mar 29 10:01:00.045602 n-d-738019-9 devstack@placement-api.service[104510]: DEBUG placement.objects.research_context [req-51528ba5-7a1e-47fb-8414-0ad8cb85e60b req-5cbd0a5e-b394-4688-965c-139d363d2bf5 service placement] getting providers with 1 VCPU {{(pid=104510) __init__ /opt/stack/placement/placement/objects/research_context.py:136}}
Mar 29 10:01:00.076034 n-d-738019-9 devstack@placement-api.service[104510]: DEBUG placement.objects.research_context [req-51528ba5-7a1e-47fb-8414-0ad8cb85e60b req-5cbd0a5e-b394-4688-965c-139d363d2bf5 service placement] found 2 providers with available 1 DISK_GB {{(pid=104510) get_provider_ids_matching /opt/stack/placement/placement/objects/research_context.py:559}}
Mar 29 10:01:00.076310 n-d-738019-9 devstack@placement-api.service[104510]: DEBUG placement.objects.research_context [req-51528ba5-7a1e-47fb-8414-0ad8cb85e60b req-5cbd0a5e-b394-4688-965c-139d363d2bf5 service placement] found 2 providers with available 1024 MEMORY_MB {{(pid=104510) get_provider_ids_matching /opt/stack/placement/placement/objects/research_context.py:559}}
Mar 29 10:01:00.078430 n-d-738019-9 devstack@placement-api.service[104510]: DEBUG placement.objects.research_context [req-51528ba5-7a1e-47fb-8414-0ad8cb85e60b req-5cbd0a5e-b394-4688-965c-139d363d2bf5 service placement] found 2 providers after filtering by previous result {{(pid=104510) get_provider_ids_matching /opt/stack/placement/placement/objects/research_context.py:590}}
Mar 29 10:01:00.078959 n-d-738019-9 devstack@placement-api.service[104510]: DEBUG placement.objects.research_context [req-51528ba5-7a1e-47fb-8414-0ad8cb85e60b req-5cbd0a5e-b394-4688-965c-139d363d2bf5 service placement] found 2 providers with available 1 VCPU {{(pid=104510) get_provider_ids_matching /opt/stack/placement/placement/objects/research_context.py:559}}
Mar 29 10:01:00.082085 n-d-738019-9 devstack@placement-api.service[104510]: DEBUG placement.objects.research_context [req-51528ba5-7a1e-47fb-8414-0ad8cb85e60b req-5cbd0a5e-b394-4688-965c-139d363d2bf5 service placement] found 2 providers after filtering by previous result {{(pid=104510) get_provider_ids_matching /opt/stack/placement/placement/objects/research_context.py:590}}
Mar 29 10:01:00.113743 n-d-738019-9 devstack@placement-api.service[104510]: DEBUG placement.objects.allocation_candidate [req-51528ba5-7a1e-47fb-8414-0ad8cb85e60b req-5cbd0a5e-b394-4688-965c-139d363d2bf5 service placement] RequestGroup(use_same_provider=False, resources={DISK_GB:1, MEMORY_MB:1024, VCPU:1}, traits=(), aggregates=[]) (suffix '') returned 2 matches {{(pid=104510) _get_by_requests /opt/stack/placement/placement/objects/allocation_candidate.py:156}}
Mar 29 10:01:00.114207 n-d-738019-9 devstack@placement-api.service[104510]: DEBUG placement.objects.allocation_candidate [req-51528ba5-7a1e-47fb-8414-0ad8cb85e60b req-5cbd0a5e-b394-4688-965c-139d363d2bf5 service placement] Merging candidates yields 2 allocation requests and 2 provider summaries {{(pid=104510) _merge_candidates /opt/stack/placement/placement/objects/allocation_candidate.py:809}}
Mar 29 10:01:00.120267 n-d-738019-9 devstack@placement-api.service[104510]: INFO placement.requestlog [req-51528ba5-7a1e-47fb-8414-0ad8cb85e60b req-5cbd0a5e-b394-4688-965c-139d363d2bf5 service placement] 10.222.0.57 "GET /placement/allocation_candidates?limit=1000&resources=DISK_GB%3A1%2CMEMORY_MB%3A1024%2CVCPU%3A1&root_required=%21COMPUTE_STATUS_DISABLED" status: 200 len: 1309 microversion: 1.36
Mar 29 10:01:00.120879 n-d-738019-9 devstack@placement-api.service[104510]: [pid: 104510|app: 0|req: 120/242] 10.222.0.57 () {60 vars in 1506 bytes} [Tue Mar 29 10:00:59 2022] GET /placement/allocation_candidates?limit=1000&resources=DISK_GB%3A1%2CMEMORY_MB%3A1024%2CVCPU%3A1&root_required=%21COMPUTE_STATUS_DISABLED => generated 1309 bytes in 238 msecs (HTTP/1.1 200) 8 headers in 297 bytes (1 switches on core 0)
Mar 29 10:01:00.234726 n-d-738019-9 devstack@placement-api.service[104509]: DEBUG placement.requestlog [req-51528ba5-7a1e-47fb-8414-0ad8cb85e60b req-11fa9cf8-9285-48cd-a639-629eab8941a2 None None] Starting request: 10.222.0.57 "GET /placement/allocations/566beb73-9ed6-4ed5-ac8a-42ac26e2ca07" {{(pid=104509) __call__ /opt/stack/placement/placement/requestlog.py:55}}
Mar 29 10:01:00.252533 n-d-738019-9 devstack@placement-api.service[104509]: INFO placement.requestlog [req-51528ba5-7a1e-47fb-8414-0ad8cb85e60b req-11fa9cf8-9285-48cd-a639-629eab8941a2 service placement] 10.222.0.57 "GET /placement/allocations/566beb73-9ed6-4ed5-ac8a-42ac26e2ca07" status: 200 len: 19 microversion: 1.28
Mar 29 10:01:00.253601 n-d-738019-9 devstack@placement-api.service[104509]: [pid: 104509|app: 0|req: 123/243] 10.222.0.57 () {60 vars in 1380 bytes} [Tue Mar 29 10:01:00 2022] GET /placement/allocations/566beb73-9ed6-4ed5-ac8a-42ac26e2ca07 => generated 19 bytes in 19 msecs (HTTP/1.1 200) 8 headers in 295 bytes (1 switches on core 0)
Mar 29 10:01:00.260448 n-d-738019-9 devstack@placement-api.service[104510]: DEBUG placement.requestlog [req-51528ba5-7a1e-47fb-8414-0ad8cb85e60b req-a91396b2-7a9f-44c1-be68-0011ae8c6321 None None] Starting request: 10.222.0.57 "PUT /placement/allocations/566beb73-9ed6-4ed5-ac8a-42ac26e2ca07" {{(pid=104510) __call__ /opt/stack/placement/placement/requestlog.py:55}}
Mar 29 10:01:00.338581 n-d-738019-9 devstack@placement-api.service[104510]: DEBUG placement.handlers.allocation [req-51528ba5-7a1e-47fb-8414-0ad8cb85e60b req-a91396b2-7a9f-44c1-be68-0011ae8c6321 service placement] Successfully wrote allocations [, , ] {{(pid=104510) _update_consumers_and_create_allocations /opt/stack/placement/placement/handlers/allocation.py:462}}
Mar 29 10:01:00.354418 n-d-738019-9 devstack@placement-api.service[104510]: INFO placement.requestlog [req-51528ba5-7a1e-47fb-8414-0ad8cb85e60b req-a91396b2-7a9f-44c1-be68-0011ae8c6321 service placement] 10.222.0.57 "PUT /placement/allocations/566beb73-9ed6-4ed5-ac8a-42ac26e2ca07" status: 204 len: 0 microversion: 1.36
Mar 29 10:01:00.356050 n-d-738019-9 devstack@placement-api.service[104510]: [pid: 104510|app: 0|req: 121/244] 10.222.0.57 () {64 vars in 1433 bytes} [Tue Mar 29 10:01:00 2022] PUT /placement/allocations/566beb73-9ed6-4ed5-ac8a-42ac26e2ca07 => generated 0 bytes in 96 msecs (HTTP/1.1 204) 5 headers in 199 bytes (1 switches on core 0)
Mar 29 10:01:00.747437 n-d-738019-9 devstack@placement-api.service[104509]: DEBUG placement.requestlog [req-51528ba5-7a1e-47fb-8414-0ad8cb85e60b req-cb7a23f4-be89-4465-a6cc-01e8fbb2c8cc None None] Starting request: 10.222.0.59 "GET /placement/allocations/566beb73-9ed6-4ed5-ac8a-42ac26e2ca07" {{(pid=104509) __call__ /opt/stack/placement/placement/requestlog.py:55}}
Mar 29 10:01:00.765522 n-d-738019-9 devstack@placement-api.service[104509]: INFO placement.requestlog [req-51528ba5-7a1e-47fb-8414-0ad8cb85e60b req-cb7a23f4-be89-4465-a6cc-01e8fbb2c8cc service placement] 10.222.0.59 "GET /placement/allocations/566beb73-9ed6-4ed5-ac8a-42ac26e2ca07" status: 200 len: 259 microversion: 1.28
Mar 29 10:01:00.766509 n-d-738019-9 devstack@placement-api.service[104509]: [pid: 104509|app: 0|req: 124/245] 10.222.0.59 () {60 vars in 1377 bytes} [Tue Mar 29 10:01:00 2022] GET /placement/allocations/566beb73-9ed6-4ed5-ac8a-42ac26e2ca07 => generated 259 bytes in 19 msecs (HTTP/1.1 200) 8 headers in 296 bytes (1 switches on core 0)
Mar 29 10:01:00.933343 n-d-738019-9 devstack@placement-api.service[104510]: DEBUG placement.requestlog [req-289ac588-289a-4d6e-842e-f7df14200fec req-b938fa3a-c171-4ed7-97e8-73c97be3aa02 None None] Starting request: 10.222.0.57 "GET /placement/allocation_candidates?limit=1000&resources=DISK_GB%3A1%2CMEMORY_MB%3A1024%2CVCPU%3A1&root_required=%21COMPUTE_STATUS_DISABLED" {{(pid=104510) __call__ /opt/stack/placement/placement/requestlog.py:55}}
Mar 29 10:01:00.967264 n-d-738019-9 devstack@placement-api.service[104510]: DEBUG placement.objects.research_context [req-289ac588-289a-4d6e-842e-f7df14200fec req-b938fa3a-c171-4ed7-97e8-73c97be3aa02 service placement] getting providers with 1 DISK_GB {{(pid=104510) __init__ /opt/stack/placement/placement/objects/research_context.py:136}}
Mar 29 10:01:00.973689 n-d-738019-9 devstack@placement-api.service[104510]: DEBUG placement.objects.research_context [req-289ac588-289a-4d6e-842e-f7df14200fec req-b938fa3a-c171-4ed7-97e8-73c97be3aa02 service placement] getting providers with 1024 MEMORY_MB {{(pid=104510) __init__ /opt/stack/placement/placement/objects/research_context.py:136}}
Mar 29 10:01:00.988516 n-d-738019-9 devstack@placement-api.service[104510]: DEBUG placement.objects.research_context [req-289ac588-289a-4d6e-842e-f7df14200fec req-b938fa3a-c171-4ed7-97e8-73c97be3aa02 service placement] getting providers with 1 VCPU {{(pid=104510) __init__ /opt/stack/placement/placement/objects/research_context.py:136}}
Mar 29 10:01:00.995368 n-d-738019-9 devstack@placement-api.service[104510]: DEBUG placement.objects.research_context [req-289ac588-289a-4d6e-842e-f7df14200fec req-b938fa3a-c171-4ed7-97e8-73c97be3aa02 service placement] found 2 providers with available 1 DISK_GB {{(pid=104510) get_provider_ids_matching /opt/stack/placement/placement/objects/research_context.py:559}}
Mar 29 10:01:00.995727 n-d-738019-9 devstack@placement-api.service[104510]: DEBUG placement.objects.research_context [req-289ac588-289a-4d6e-842e-f7df14200fec req-b938fa3a-c171-4ed7-97e8-73c97be3aa02 service placement] found 2 providers with available 1024 MEMORY_MB {{(pid=104510) get_provider_ids_matching /opt/stack/placement/placement/objects/research_context.py:559}}
Mar 29 10:01:00.996066 n-d-738019-9 devstack@placement-api.service[104510]: DEBUG placement.objects.research_context [req-289ac588-289a-4d6e-842e-f7df14200fec req-b938fa3a-c171-4ed7-97e8-73c97be3aa02 service placement] found 2 providers after filtering by previous result {{(pid=104510) get_provider_ids_matching /opt/stack/placement/placement/objects/research_context.py:590}}
Mar 29 10:01:00.996506 n-d-738019-9 devstack@placement-api.service[104510]: DEBUG placement.objects.research_context [req-289ac588-289a-4d6e-842e-f7df14200fec req-b938fa3a-c171-4ed7-97e8-73c97be3aa02 service placement] found 2 providers with available 1 VCPU {{(pid=104510) get_provider_ids_matching /opt/stack/placement/placement/objects/research_context.py:559}}
Mar 29 10:01:00.996775 n-d-738019-9 devstack@placement-api.service[104510]: DEBUG placement.objects.research_context [req-289ac588-289a-4d6e-842e-f7df14200fec req-b938fa3a-c171-4ed7-97e8-73c97be3aa02 service placement] found 2 providers after filtering by previous result {{(pid=104510) get_provider_ids_matching /opt/stack/placement/placement/objects/research_context.py:590}}
Mar 29 10:01:01.012860 n-d-738019-9 devstack@placement-api.service[104510]: DEBUG placement.objects.allocation_candidate [req-289ac588-289a-4d6e-842e-f7df14200fec req-b938fa3a-c171-4ed7-97e8-73c97be3aa02 service placement] RequestGroup(use_same_provider=False, resources={DISK_GB:1, MEMORY_MB:1024, VCPU:1}, traits=(), aggregates=[]) (suffix '') returned 2 matches {{(pid=104510) _get_by_requests /opt/stack/placement/placement/objects/allocation_candidate.py:156}}
Mar 29 10:01:01.013264 n-d-738019-9 devstack@placement-api.service[104510]: DEBUG placement.objects.allocation_candidate [req-289ac588-289a-4d6e-842e-f7df14200fec req-b938fa3a-c171-4ed7-97e8-73c97be3aa02 service placement] Merging candidates yields 2 allocation requests and 2 provider summaries {{(pid=104510) _merge_candidates /opt/stack/placement/placement/objects/allocation_candidate.py:809}}
Mar 29 10:01:01.015007 n-d-738019-9 devstack@placement-api.service[104510]: INFO placement.requestlog [req-289ac588-289a-4d6e-842e-f7df14200fec req-b938fa3a-c171-4ed7-97e8-73c97be3aa02 service placement] 10.222.0.57 "GET /placement/allocation_candidates?limit=1000&resources=DISK_GB%3A1%2CMEMORY_MB%3A1024%2CVCPU%3A1&root_required=%21COMPUTE_STATUS_DISABLED" status: 200 len: 1309 microversion: 1.36
Mar 29 10:01:01.015377 n-d-738019-9 devstack@placement-api.service[104510]: [pid: 104510|app: 0|req: 122/246] 10.222.0.57 () {60 vars in 1506 bytes} [Tue Mar 29 10:01:00 2022] GET /placement/allocation_candidates?limit=1000&resources=DISK_GB%3A1%2CMEMORY_MB%3A1024%2CVCPU%3A1&root_required=%21COMPUTE_STATUS_DISABLED => generated 1309 bytes in 82 msecs (HTTP/1.1 200) 8 headers in 297 bytes (1 switches on core 0)
Mar 29 10:01:01.108284 n-d-738019-9 devstack@placement-api.service[104509]: DEBUG placement.requestlog [req-289ac588-289a-4d6e-842e-f7df14200fec req-275ab2c0-c668-471e-9cf1-1fe3e85f62bd None None] Starting request: 10.222.0.57 "GET /placement/allocations/d2948011-1d99-4493-9306-ae5d6b67cab0" {{(pid=104509) __call__ /opt/stack/placement/placement/requestlog.py:55}}
Mar 29 10:01:01.123847 n-d-738019-9 devstack@placement-api.service[104509]: INFO placement.requestlog [req-289ac588-289a-4d6e-842e-f7df14200fec req-275ab2c0-c668-471e-9cf1-1fe3e85f62bd service placement] 10.222.0.57 "GET /placement/allocations/d2948011-1d99-4493-9306-ae5d6b67cab0" status: 200 len: 19 microversion: 1.28
Mar 29 10:01:01.129206 n-d-738019-9 devstack@placement-api.service[104509]: [pid: 104509|app: 0|req: 125/247] 10.222.0.57 () {60 vars in 1380 bytes} [Tue Mar 29 10:01:01 2022] GET /placement/allocations/d2948011-1d99-4493-9306-ae5d6b67cab0 => generated 19 bytes in 21 msecs (HTTP/1.1 200) 8 headers in 295 bytes (1 switches on core 0)
Mar 29 10:01:01.131648 n-d-738019-9 devstack@placement-api.service[104510]: DEBUG placement.requestlog [req-289ac588-289a-4d6e-842e-f7df14200fec req-5f5b3f71-94cf-4693-8718-54e7b159f29d None None] Starting request: 10.222.0.57 "PUT /placement/allocations/d2948011-1d99-4493-9306-ae5d6b67cab0" {{(pid=104510) __call__ /opt/stack/placement/placement/requestlog.py:55}}
Mar 29 10:01:01.212298 n-d-738019-9 devstack@placement-api.service[104510]: DEBUG placement.handlers.allocation [req-289ac588-289a-4d6e-842e-f7df14200fec req-5f5b3f71-94cf-4693-8718-54e7b159f29d service placement] Successfully wrote allocations [, , ] {{(pid=104510) _update_consumers_and_create_allocations /opt/stack/placement/placement/handlers/allocation.py:462}}
Mar 29 10:01:01.217800 n-d-738019-9 devstack@placement-api.service[104510]: INFO placement.requestlog [req-289ac588-289a-4d6e-842e-f7df14200fec req-5f5b3f71-94cf-4693-8718-54e7b159f29d service placement] 10.222.0.57 "PUT /placement/allocations/d2948011-1d99-4493-9306-ae5d6b67cab0" status: 204 len: 0 microversion: 1.36
Mar 29 10:01:01.218457 n-d-738019-9 devstack@placement-api.service[104510]: [pid: 104510|app: 0|req: 123/248] 10.222.0.57 () {64 vars in 1433 bytes} [Tue Mar 29 10:01:01 2022] PUT /placement/allocations/d2948011-1d99-4493-9306-ae5d6b67cab0 => generated 0 bytes in 87 msecs (HTTP/1.1 204) 5 headers in 199 bytes (2 switches on core 0)
Mar 29 10:01:01.566235 n-d-738019-9 devstack@placement-api.service[104509]: DEBUG placement.requestlog [req-345ea09f-57c5-4aa8-97cd-361bc547c41c req-1c5c5d09-5e49-4fd5-943d-d9c3ca35541a None None] Starting request: 10.222.0.57 "GET /placement/allocation_candidates?limit=1000&resources=DISK_GB%3A1%2CMEMORY_MB%3A512%2CVCPU%3A1&root_required=%21COMPUTE_STATUS_DISABLED" {{(pid=104509) __call__ /opt/stack/placement/placement/requestlog.py:55}}
Mar 29 10:01:01.658951 n-d-738019-9 devstack@placement-api.service[104509]: DEBUG placement.objects.research_context [req-345ea09f-57c5-4aa8-97cd-361bc547c41c req-1c5c5d09-5e49-4fd5-943d-d9c3ca35541a service placement] getting providers with 1 DISK_GB {{(pid=104509) __init__ /opt/stack/placement/placement/objects/research_context.py:136}}
Mar 29 10:01:01.668661 n-d-738019-9 devstack@placement-api.service[104509]: DEBUG placement.objects.research_context [req-345ea09f-57c5-4aa8-97cd-361bc547c41c req-1c5c5d09-5e49-4fd5-943d-d9c3ca35541a service placement] getting providers with 512 MEMORY_MB {{(pid=104509) __init__ /opt/stack/placement/placement/objects/research_context.py:136}}
Mar 29 10:01:01.679141 n-d-738019-9 devstack@placement-api.service[104509]: DEBUG placement.objects.research_context [req-345ea09f-57c5-4aa8-97cd-361bc547c41c req-1c5c5d09-5e49-4fd5-943d-d9c3ca35541a service placement] getting providers with 1 VCPU {{(pid=104509) __init__ /opt/stack/placement/placement/objects/research_context.py:136}}
Mar 29 10:01:01.685633 n-d-738019-9 devstack@placement-api.service[104509]: DEBUG placement.objects.research_context [req-345ea09f-57c5-4aa8-97cd-361bc547c41c req-1c5c5d09-5e49-4fd5-943d-d9c3ca35541a service placement] found 2 providers with available 1 DISK_GB {{(pid=104509) get_provider_ids_matching /opt/stack/placement/placement/objects/research_context.py:559}}
Mar 29 10:01:01.686516 n-d-738019-9 devstack@placement-api.service[104509]: DEBUG placement.objects.research_context [req-345ea09f-57c5-4aa8-97cd-361bc547c41c req-1c5c5d09-5e49-4fd5-943d-d9c3ca35541a service placement] found 2 providers with available 512 MEMORY_MB {{(pid=104509) get_provider_ids_matching /opt/stack/placement/placement/objects/research_context.py:559}}
Mar 29 10:01:01.686945 n-d-738019-9 devstack@placement-api.service[104509]: DEBUG placement.objects.research_context [req-345ea09f-57c5-4aa8-97cd-361bc547c41c req-1c5c5d09-5e49-4fd5-943d-d9c3ca35541a service placement] found 2 providers after filtering by previous result {{(pid=104509) get_provider_ids_matching /opt/stack/placement/placement/objects/research_context.py:590}}
Mar 29 10:01:01.687378 n-d-738019-9 devstack@placement-api.service[104509]: DEBUG placement.objects.research_context [req-345ea09f-57c5-4aa8-97cd-361bc547c41c req-1c5c5d09-5e49-4fd5-943d-d9c3ca35541a service placement] found 2 providers with available 1 VCPU {{(pid=104509) get_provider_ids_matching /opt/stack/placement/placement/objects/research_context.py:559}}
Mar 29 10:01:01.687799 n-d-738019-9 devstack@placement-api.service[104509]: DEBUG placement.objects.research_context [req-345ea09f-57c5-4aa8-97cd-361bc547c41c req-1c5c5d09-5e49-4fd5-943d-d9c3ca35541a service placement] found 2 providers after filtering by previous result {{(pid=104509) get_provider_ids_matching /opt/stack/placement/placement/objects/research_context.py:590}}
Mar 29 10:01:01.699503 n-d-738019-9 devstack@placement-api.service[104510]: DEBUG placement.requestlog [req-289ac588-289a-4d6e-842e-f7df14200fec req-f5ff828d-afaf-44ae-a33a-a93a50ef5375 None None] Starting request: 10.222.0.59 "GET /placement/allocations/d2948011-1d99-4493-9306-ae5d6b67cab0" {{(pid=104510) __call__ /opt/stack/placement/placement/requestlog.py:55}}
