Mar 22 14:05:46.017271 n-d-738018-7 devstack@placement-api.service[116227]: DEBUG placement.objects.research_context [req-a7a280d3-c6e7-473d-98fd-e0822d0dcd83 req-83709932-0cda-4ed3-be0a-b2d52491ad21 service placement] found 2 providers after filtering by previous result {{(pid=116227) get_provider_ids_matching /opt/stack/placement/placement/objects/research_context.py:590}}
Mar 22 14:05:46.029398 n-d-738018-7 devstack@placement-api.service[116227]: DEBUG placement.objects.allocation_candidate [req-a7a280d3-c6e7-473d-98fd-e0822d0dcd83 req-83709932-0cda-4ed3-be0a-b2d52491ad21 service placement] RequestGroup(use_same_provider=False, resources={DISK_GB:1, MEMORY_MB:1024, VCPU:1}, traits=(), aggregates=[]) (suffix '') returned 2 matches {{(pid=116227) _get_by_requests /opt/stack/placement/placement/objects/allocation_candidate.py:156}}
Mar 22 14:05:46.029965 n-d-738018-7 devstack@placement-api.service[116227]: DEBUG placement.objects.allocation_candidate [req-a7a280d3-c6e7-473d-98fd-e0822d0dcd83 req-83709932-0cda-4ed3-be0a-b2d52491ad21 service placement] Merging candidates yields 2 allocation requests and 2 provider summaries {{(pid=116227) _merge_candidates /opt/stack/placement/placement/objects/allocation_candidate.py:809}}
Mar 22 14:05:46.033689 n-d-738018-7 devstack@placement-api.service[116227]: INFO placement.requestlog [req-a7a280d3-c6e7-473d-98fd-e0822d0dcd83 req-83709932-0cda-4ed3-be0a-b2d52491ad21 service placement] 10.222.0.76 "GET /placement/allocation_candidates?limit=1000&resources=DISK_GB%3A1%2CMEMORY_MB%3A1024%2CVCPU%3A1&root_required=%21COMPUTE_STATUS_DISABLED" status: 200 len: 1306 microversion: 1.36
Mar 22 14:05:46.034350 n-d-738018-7 devstack@placement-api.service[116227]: [pid: 116227|app: 0|req: 312/630] 10.222.0.76 () {60 vars in 1506 bytes} [Tue Mar 22 14:05:45 2022] GET /placement/allocation_candidates?limit=1000&resources=DISK_GB%3A1%2CMEMORY_MB%3A1024%2CVCPU%3A1&root_required=%21COMPUTE_STATUS_DISABLED => generated 1306 bytes in 93 msecs (HTTP/1.1 200) 8 headers in 297 bytes (1 switches on core 0)
Mar 22 14:05:46.108010 n-d-738018-7 devstack@placement-api.service[116228]: DEBUG placement.requestlog [req-a7a280d3-c6e7-473d-98fd-e0822d0dcd83 req-4cc5a1dc-d099-46f8-8b3a-9573ecfa0f63 None None] Starting request: 10.222.0.76 "GET /placement/allocations/84775544-4951-44ba-8d85-5bcff5166b3f" {{(pid=116228) __call__ /opt/stack/placement/placement/requestlog.py:55}}
Mar 22 14:05:46.119018 n-d-738018-7 devstack@placement-api.service[116228]: INFO placement.requestlog [req-a7a280d3-c6e7-473d-98fd-e0822d0dcd83 req-4cc5a1dc-d099-46f8-8b3a-9573ecfa0f63 service placement] 10.222.0.76 "GET /placement/allocations/84775544-4951-44ba-8d85-5bcff5166b3f" status: 200 len: 19 microversion: 1.28
Mar 22 14:05:46.122692 n-d-738018-7 devstack@placement-api.service[116228]: [pid: 116228|app: 0|req: 319/631] 10.222.0.76 () {60 vars in 1380 bytes} [Tue Mar 22 14:05:46 2022] GET /placement/allocations/84775544-4951-44ba-8d85-5bcff5166b3f => generated 19 bytes in 15 msecs (HTTP/1.1 200) 8 headers in 295 bytes (2 switches on core 0)
Mar 22 14:05:46.127673 n-d-738018-7 devstack@placement-api.service[116227]: DEBUG placement.requestlog [req-a7a280d3-c6e7-473d-98fd-e0822d0dcd83 req-fc476026-de06-4b1f-b073-f83995944e1b None None] Starting request: 10.222.0.76 "PUT /placement/allocations/84775544-4951-44ba-8d85-5bcff5166b3f" {{(pid=116227) __call__ /opt/stack/placement/placement/requestlog.py:55}}
Mar 22 14:05:46.220385 n-d-738018-7 devstack@placement-api.service[116227]: DEBUG placement.handlers.allocation [req-a7a280d3-c6e7-473d-98fd-e0822d0dcd83 req-fc476026-de06-4b1f-b073-f83995944e1b service placement] Successfully wrote allocations [, , ] {{(pid=116227) _update_consumers_and_create_allocations /opt/stack/placement/placement/handlers/allocation.py:462}}
Mar 22 14:05:46.224904 n-d-738018-7 devstack@placement-api.service[116227]: INFO placement.requestlog [req-a7a280d3-c6e7-473d-98fd-e0822d0dcd83 req-fc476026-de06-4b1f-b073-f83995944e1b service placement] 10.222.0.76 "PUT /placement/allocations/84775544-4951-44ba-8d85-5bcff5166b3f" status: 204 len: 0 microversion: 1.36
Mar 22 14:05:46.225627 n-d-738018-7 devstack@placement-api.service[116227]: [pid: 116227|app: 0|req: 313/632] 10.222.0.76 () {64 vars in 1433 bytes} [Tue Mar 22 14:05:46 2022] PUT /placement/allocations/84775544-4951-44ba-8d85-5bcff5166b3f => generated 0 bytes in 98 msecs (HTTP/1.1 204) 5 headers in 199 bytes (1 switches on core 0)
Mar 22 14:05:46.480400 n-d-738018-7 devstack@placement-api.service[116228]: DEBUG placement.requestlog [req-27e08eb3-9a64-473b-bcfd-05f591fca79d req-feed5def-aff0-420b-a6b3-cc8ff48c4b81 None None] Starting request: 10.222.0.76 "GET /placement/allocation_candidates?limit=1000&resources=DISK_GB%3A1%2CMEMORY_MB%3A1024%2CVCPU%3A1&root_required=%21COMPUTE_STATUS_DISABLED" {{(pid=116228) __call__ /opt/stack/placement/placement/requestlog.py:55}}
Mar 22 14:05:46.513321 n-d-738018-7 devstack@placement-api.service[116228]: DEBUG placement.objects.research_context [req-27e08eb3-9a64-473b-bcfd-05f591fca79d req-feed5def-aff0-420b-a6b3-cc8ff48c4b81 service placement] getting providers with 1 DISK_GB {{(pid=116228) __init__ /opt/stack/placement/placement/objects/research_context.py:136}}
Mar 22 14:05:46.520260 n-d-738018-7 devstack@placement-api.service[116228]: DEBUG placement.objects.research_context [req-27e08eb3-9a64-473b-bcfd-05f591fca79d req-feed5def-aff0-420b-a6b3-cc8ff48c4b81 service placement] getting providers with 1024 MEMORY_MB {{(pid=116228) __init__ /opt/stack/placement/placement/objects/research_context.py:136}}
Mar 22 14:05:46.525685 n-d-738018-7 devstack@placement-api.service[116228]: DEBUG placement.objects.research_context [req-27e08eb3-9a64-473b-bcfd-05f591fca79d req-feed5def-aff0-420b-a6b3-cc8ff48c4b81 service placement] getting providers with 1 VCPU {{(pid=116228) __init__ /opt/stack/placement/placement/objects/research_context.py:136}}
Mar 22 14:05:46.532064 n-d-738018-7 devstack@placement-api.service[116228]: DEBUG placement.objects.research_context [req-27e08eb3-9a64-473b-bcfd-05f591fca79d req-feed5def-aff0-420b-a6b3-cc8ff48c4b81 service placement] found 2 providers with available 1 DISK_GB {{(pid=116228) get_provider_ids_matching /opt/stack/placement/placement/objects/research_context.py:559}}
Mar 22 14:05:46.532575 n-d-738018-7 devstack@placement-api.service[116228]: DEBUG placement.objects.research_context [req-27e08eb3-9a64-473b-bcfd-05f591fca79d req-feed5def-aff0-420b-a6b3-cc8ff48c4b81 service placement] found 2 providers with available 1024 MEMORY_MB {{(pid=116228) get_provider_ids_matching /opt/stack/placement/placement/objects/research_context.py:559}}
Mar 22 14:05:46.533082 n-d-738018-7 devstack@placement-api.service[116228]: DEBUG placement.objects.research_context [req-27e08eb3-9a64-473b-bcfd-05f591fca79d req-feed5def-aff0-420b-a6b3-cc8ff48c4b81 service placement] found 2 providers after filtering by previous result {{(pid=116228) get_provider_ids_matching /opt/stack/placement/placement/objects/research_context.py:590}}
Mar 22 14:05:46.533807 n-d-738018-7 devstack@placement-api.service[116228]: DEBUG placement.objects.research_context [req-27e08eb3-9a64-473b-bcfd-05f591fca79d req-feed5def-aff0-420b-a6b3-cc8ff48c4b81 service placement] found 2 providers with available 1 VCPU {{(pid=116228) get_provider_ids_matching /opt/stack/placement/placement/objects/research_context.py:559}}
Mar 22 14:05:46.534735 n-d-738018-7 devstack@placement-api.service[116228]: DEBUG placement.objects.research_context [req-27e08eb3-9a64-473b-bcfd-05f591fca79d req-feed5def-aff0-420b-a6b3-cc8ff48c4b81 service placement] found 2 providers after filtering by previous result {{(pid=116228) get_provider_ids_matching /opt/stack/placement/placement/objects/research_context.py:590}}
Mar 22 14:05:46.548276 n-d-738018-7 devstack@placement-api.service[116228]: DEBUG placement.objects.allocation_candidate [req-27e08eb3-9a64-473b-bcfd-05f591fca79d req-feed5def-aff0-420b-a6b3-cc8ff48c4b81 service placement] RequestGroup(use_same_provider=False, resources={DISK_GB:1, MEMORY_MB:1024, VCPU:1}, traits=(), aggregates=[]) (suffix '') returned 2 matches {{(pid=116228) _get_by_requests /opt/stack/placement/placement/objects/allocation_candidate.py:156}}
Mar 22 14:05:46.549359 n-d-738018-7 devstack@placement-api.service[116228]: DEBUG placement.objects.allocation_candidate [req-27e08eb3-9a64-473b-bcfd-05f591fca79d req-feed5def-aff0-420b-a6b3-cc8ff48c4b81 service placement] Merging candidates yields 2 allocation requests and 2 provider summaries {{(pid=116228) _merge_candidates /opt/stack/placement/placement/objects/allocation_candidate.py:809}}
Mar 22 14:05:46.552127 n-d-738018-7 devstack@placement-api.service[116228]: INFO placement.requestlog [req-27e08eb3-9a64-473b-bcfd-05f591fca79d req-feed5def-aff0-420b-a6b3-cc8ff48c4b81 service placement] 10.222.0.76 "GET /placement/allocation_candidates?limit=1000&resources=DISK_GB%3A1%2CMEMORY_MB%3A1024%2CVCPU%3A1&root_required=%21COMPUTE_STATUS_DISABLED" status: 200 len: 1308 microversion: 1.36
Mar 22 14:05:46.553048 n-d-738018-7 devstack@placement-api.service[116228]: [pid: 116228|app: 0|req: 320/633] 10.222.0.76 () {60 vars in 1506 bytes} [Tue Mar 22 14:05:46 2022] GET /placement/allocation_candidates?limit=1000&resources=DISK_GB%3A1%2CMEMORY_MB%3A1024%2CVCPU%3A1&root_required=%21COMPUTE_STATUS_DISABLED => generated 1308 bytes in 73 msecs (HTTP/1.1 200) 8 headers in 297 bytes (1 switches on core 0)
Mar 22 14:05:46.628085 n-d-738018-7 devstack@placement-api.service[116227]: DEBUG placement.requestlog [req-a7a280d3-c6e7-473d-98fd-e0822d0dcd83 req-73e3740e-3be0-447a-8eee-11413e599d6c None None] Starting request: 10.222.0.72 "GET /placement/allocations/84775544-4951-44ba-8d85-5bcff5166b3f" {{(pid=116227) __call__ /opt/stack/placement/placement/requestlog.py:55}}
Mar 22 14:05:46.656894 n-d-738018-7 devstack@placement-api.service[116228]: DEBUG placement.requestlog [req-27e08eb3-9a64-473b-bcfd-05f591fca79d req-5647aa5a-db3d-465b-9687-b5a4128e679d None None] Starting request: 10.222.0.76 "GET /placement/allocations/1e71f8ba-9fb7-4e11-bb4c-41111e0f3c2b" {{(pid=116228) __call__ /opt/stack/placement/placement/requestlog.py:55}}
Mar 22 14:05:46.658410 n-d-738018-7 devstack@placement-api.service[116227]: INFO placement.requestlog [req-a7a280d3-c6e7-473d-98fd-e0822d0dcd83 req-73e3740e-3be0-447a-8eee-11413e599d6c service placement] 10.222.0.72 "GET /placement/allocations/84775544-4951-44ba-8d85-5bcff5166b3f" status: 200 len: 259 microversion: 1.28
Mar 22 14:05:46.659345 n-d-738018-7 devstack@placement-api.service[116227]: [pid: 116227|app: 0|req: 314/634] 10.222.0.72 () {60 vars in 1377 bytes} [Tue Mar 22 14:05:46 2022] GET /placement/allocations/84775544-4951-44ba-8d85-5bcff5166b3f => generated 259 bytes in 31 msecs (HTTP/1.1 200) 8 headers in 296 bytes (1 switches on core 0)
Mar 22 14:05:46.677226 n-d-738018-7 devstack@placement-api.service[116228]: INFO placement.requestlog [req-27e08eb3-9a64-473b-bcfd-05f591fca79d req-5647aa5a-db3d-465b-9687-b5a4128e679d service placement] 10.222.0.76 "GET /placement/allocations/1e71f8ba-9fb7-4e11-bb4c-41111e0f3c2b" status: 200 len: 19 microversion: 1.28
Mar 22 14:05:46.678169 n-d-738018-7 devstack@placement-api.service[116228]: [pid: 116228|app: 0|req: 321/635] 10.222.0.76 () {60 vars in 1380 bytes} [Tue Mar 22 14:05:46 2022] GET /placement/allocations/1e71f8ba-9fb7-4e11-bb4c-41111e0f3c2b => generated 19 bytes in 22 msecs (HTTP/1.1 200) 8 headers in 295 bytes (1 switches on core 0)
Mar 22 14:05:46.684619 n-d-738018-7 devstack@placement-api.service[116227]: DEBUG placement.requestlog [req-27e08eb3-9a64-473b-bcfd-05f591fca79d req-6dbad6e3-d067-434d-9abe-8f15d0e3eb8e None None] Starting request: 10.222.0.76 "PUT /placement/allocations/1e71f8ba-9fb7-4e11-bb4c-41111e0f3c2b" {{(pid=116227) __call__ /opt/stack/placement/placement/requestlog.py:55}}
Mar 22 14:05:46.785091 n-d-738018-7 devstack@placement-api.service[116227]: DEBUG placement.handlers.allocation [req-27e08eb3-9a64-473b-bcfd-05f591fca79d req-6dbad6e3-d067-434d-9abe-8f15d0e3eb8e service placement] Successfully wrote allocations [, , ] {{(pid=116227) _update_consumers_and_create_allocations /opt/stack/placement/placement/handlers/allocation.py:462}}
Mar 22 14:05:46.791165 n-d-738018-7 devstack@placement-api.service[116227]: INFO placement.requestlog [req-27e08eb3-9a64-473b-bcfd-05f591fca79d req-6dbad6e3-d067-434d-9abe-8f15d0e3eb8e service placement] 10.222.0.76 "PUT /placement/allocations/1e71f8ba-9fb7-4e11-bb4c-41111e0f3c2b" status: 204 len: 0 microversion: 1.36
Mar 22 14:05:46.793114 n-d-738018-7 devstack@placement-api.service[116227]: [pid: 116227|app: 0|req: 315/636] 10.222.0.76 () {64 vars in 1433 bytes} [Tue Mar 22 14:05:46 2022] PUT /placement/allocations/1e71f8ba-9fb7-4e11-bb4c-41111e0f3c2b => generated 0 bytes in 109 msecs (HTTP/1.1 204) 5 headers in 199 bytes (2 switches on core 0)
Mar 22 14:05:47.208918 n-d-738018-7 devstack@placement-api.service[116228]: DEBUG placement.requestlog [req-27e08eb3-9a64-473b-bcfd-05f591fca79d req-3a2f4037-62cc-4fc2-86d6-d3f4549dc6bc None None] Starting request: 10.222.0.72 "GET /placement/allocations/1e71f8ba-9fb7-4e11-bb4c-41111e0f3c2b" {{(pid=116228) __call__ /opt/stack/placement/placement/requestlog.py:55}}
Mar 22 14:05:47.240545 n-d-738018-7 devstack@placement-api.service[116228]: INFO placement.requestlog [req-27e08eb3-9a64-473b-bcfd-05f591fca79d req-3a2f4037-62cc-4fc2-86d6-d3f4549dc6bc service placement] 10.222.0.72 "GET /placement/allocations/1e71f8ba-9fb7-4e11-bb4c-41111e0f3c2b" status: 200 len: 259 microversion: 1.28
Mar 22 14:05:47.241404 n-d-738018-7 devstack@placement-api.service[116228]: [pid: 116228|app: 0|req: 322/637] 10.222.0.72 () {60 vars in 1377 bytes} [Tue Mar 22 14:05:47 2022] GET /placement/allocations/1e71f8ba-9fb7-4e11-bb4c-41111e0f3c2b => generated 259 bytes in 33 msecs (HTTP/1.1 200) 8 headers in 296 bytes (1 switches on core 0)
Mar 22 14:05:56.612377 n-d-738018-7 devstack@placement-api.service[116227]: DEBUG placement.requestlog [req-95e92b7d-ff65-4b11-b29b-4ee950a51b73 req-12a9b163-826e-44b3-b1fe-2fd26274e8bb None None] Starting request: 10.222.0.76 "GET /placement/allocation_candidates?limit=1000&resources=DISK_GB%3A1%2CMEMORY_MB%3A1024%2CVCPU%3A1&root_required=%21COMPUTE_STATUS_DISABLED" {{(pid=116227) __call__ /opt/stack/placement/placement/requestlog.py:55}}
Mar 22 14:05:56.653561 n-d-738018-7 devstack@placement-api.service[116227]: DEBUG placement.objects.research_context [req-95e92b7d-ff65-4b11-b29b-4ee950a51b73 req-12a9b163-826e-44b3-b1fe-2fd26274e8bb service placement] getting providers with 1 DISK_GB {{(pid=116227) __init__ /opt/stack/placement/placement/objects/research_context.py:136}}
Mar 22 14:05:56.659554 n-d-738018-7 devstack@placement-api.service[116227]: DEBUG placement.objects.research_context [req-95e92b7d-ff65-4b11-b29b-4ee950a51b73 req-12a9b163-826e-44b3-b1fe-2fd26274e8bb service placement] getting providers with 1024 MEMORY_MB {{(pid=116227) __init__ /opt/stack/placement/placement/objects/research_context.py:136}}
Mar 22 14:05:56.665192 n-d-738018-7 devstack@placement-api.service[116227]: DEBUG placement.objects.research_context [req-95e92b7d-ff65-4b11-b29b-4ee950a51b73 req-12a9b163-826e-44b3-b1fe-2fd26274e8bb service placement] getting providers with 1 VCPU {{(pid=116227) __init__ /opt/stack/placement/placement/objects/research_context.py:136}}
Mar 22 14:05:56.678250 n-d-738018-7 devstack@placement-api.service[116227]: DEBUG placement.objects.research_context [req-95e92b7d-ff65-4b11-b29b-4ee950a51b73 req-12a9b163-826e-44b3-b1fe-2fd26274e8bb service placement] found 2 providers with available 1 DISK_GB {{(pid=116227) get_provider_ids_matching /opt/stack/placement/placement/objects/research_context.py:559}}
Mar 22 14:05:56.678525 n-d-738018-7 devstack@placement-api.service[116227]: DEBUG placement.objects.research_context [req-95e92b7d-ff65-4b11-b29b-4ee950a51b73 req-12a9b163-826e-44b3-b1fe-2fd26274e8bb service placement] found 2 providers with available 1024 MEMORY_MB {{(pid=116227) get_provider_ids_matching /opt/stack/placement/placement/objects/research_context.py:559}}
Mar 22 14:05:56.678979 n-d-738018-7 devstack@placement-api.service[116227]: DEBUG placement.objects.research_context [req-95e92b7d-ff65-4b11-b29b-4ee950a51b73 req-12a9b163-826e-44b3-b1fe-2fd26274e8bb service placement] found 2 providers after filtering by previous result {{(pid=116227) get_provider_ids_matching /opt/stack/placement/placement/objects/research_context.py:590}}
Mar 22 14:05:56.679520 n-d-738018-7 devstack@placement-api.service[116227]: DEBUG placement.objects.research_context [req-95e92b7d-ff65-4b11-b29b-4ee950a51b73 req-12a9b163-826e-44b3-b1fe-2fd26274e8bb service placement] found 2 providers with available 1 VCPU {{(pid=116227) get_provider_ids_matching /opt/stack/placement/placement/objects/research_context.py:559}}
Mar 22 14:05:56.679937 n-d-738018-7 devstack@placement-api.service[116227]: DEBUG placement.objects.research_context [req-95e92b7d-ff65-4b11-b29b-4ee950a51b73 req-12a9b163-826e-44b3-b1fe-2fd26274e8bb service placement] found 2 providers after filtering by previous result {{(pid=116227) get_provider_ids_matching /opt/stack/placement/placement/objects/research_context.py:590}}
Mar 22 14:05:56.692620 n-d-738018-7 devstack@placement-api.service[116227]: DEBUG placement.objects.allocation_candidate [req-95e92b7d-ff65-4b11-b29b-4ee950a51b73 req-12a9b163-826e-44b3-b1fe-2fd26274e8bb service placement] RequestGroup(use_same_provider=False, resources={DISK_GB:1, MEMORY_MB:1024, VCPU:1}, traits=(), aggregates=[]) (suffix '') returned 2 matches {{(pid=116227) _get_by_requests /opt/stack/placement/placement/objects/allocation_candidate.py:156}}
Mar 22 14:05:56.693213 n-d-738018-7 devstack@placement-api.service[116227]: DEBUG placement.objects.allocation_candidate [req-95e92b7d-ff65-4b11-b29b-4ee950a51b73 req-12a9b163-826e-44b3-b1fe-2fd26274e8bb service placement] Merging candidates yields 2 allocation requests and 2 provider summaries {{(pid=116227) _merge_candidates /opt/stack/placement/placement/objects/allocation_candidate.py:809}}
Mar 22 14:05:56.695009 n-d-738018-7 devstack@placement-api.service[116227]: INFO placement.requestlog [req-95e92b7d-ff65-4b11-b29b-4ee950a51b73 req-12a9b163-826e-44b3-b1fe-2fd26274e8bb service placement] 10.222.0.76 "GET /placement/allocation_candidates?limit=1000&resources=DISK_GB%3A1%2CMEMORY_MB%3A1024%2CVCPU%3A1&root_required=%21COMPUTE_STATUS_DISABLED" status: 200 len: 1309 microversion: 1.36
Mar 22 14:05:56.695848 n-d-738018-7 devstack@placement-api.service[116227]: [pid: 116227|app: 0|req: 316/638] 10.222.0.76 () {60 vars in 1506 bytes} [Tue Mar 22 14:05:56 2022] GET /placement/allocation_candidates?limit=1000&resources=DISK_GB%3A1%2CMEMORY_MB%3A1024%2CVCPU%3A1&root_required=%21COMPUTE_STATUS_DISABLED => generated 1309 bytes in 84 msecs (HTTP/1.1 200) 8 headers in 297 bytes (1 switches on core 0)
Mar 22 14:05:56.785257 n-d-738018-7 devstack@placement-api.service[116228]: DEBUG placement.requestlog [req-95e92b7d-ff65-4b11-b29b-4ee950a51b73 req-6035b1ba-ccb1-42d1-8d97-e331137c3437 None None] Starting request: 10.222.0.76 "GET /placement/allocations/10daf03c-e864-40c0-95ae-b16ba2b5b82a" {{(pid=116228) __call__ /opt/stack/placement/placement/requestlog.py:55}}
Mar 22 14:05:56.797745 n-d-738018-7 devstack@placement-api.service[116228]: INFO placement.requestlog [req-95e92b7d-ff65-4b11-b29b-4ee950a51b73 req-6035b1ba-ccb1-42d1-8d97-e331137c3437 service placement] 10.222.0.76 "GET /placement/allocations/10daf03c-e864-40c0-95ae-b16ba2b5b82a" status: 200 len: 19 microversion: 1.28
Mar 22 14:05:56.806361 n-d-738018-7 devstack@placement-api.service[116228]: [pid: 116228|app: 0|req: 323/639] 10.222.0.76 () {60 vars in 1380 bytes} [Tue Mar 22 14:05:56 2022] GET /placement/allocations/10daf03c-e864-40c0-95ae-b16ba2b5b82a => generated 19 bytes in 17 msecs (HTTP/1.1 200) 8 headers in 295 bytes (1 switches on core 0)
Mar 22 14:05:56.806963 n-d-738018-7 devstack@placement-api.service[116227]: DEBUG placement.requestlog [req-95e92b7d-ff65-4b11-b29b-4ee950a51b73 req-1f3a3ab9-8464-43e8-8382-777261a04b27 None None] Starting request: 10.222.0.76 "PUT /placement/allocations/10daf03c-e864-40c0-95ae-b16ba2b5b82a" {{(pid=116227) __call__ /opt/stack/placement/placement/requestlog.py:55}}
Mar 22 14:05:56.864882 n-d-738018-7 devstack@placement-api.service[116227]: DEBUG placement.handlers.allocation [req-95e92b7d-ff65-4b11-b29b-4ee950a51b73 req-1f3a3ab9-8464-43e8-8382-777261a04b27 service placement] Successfully wrote allocations [, , ] {{(pid=116227) _update_consumers_and_create_allocations /opt/stack/placement/placement/handlers/allocation.py:462}}
Mar 22 14:05:56.872600 n-d-738018-7 devstack@placement-api.service[116227]: INFO placement.requestlog [req-95e92b7d-ff65-4b11-b29b-4ee950a51b73 req-1f3a3ab9-8464-43e8-8382-777261a04b27 service placement] 10.222.0.76 "PUT /placement/allocations/10daf03c-e864-40c0-95ae-b16ba2b5b82a" status: 204 len: 0 microversion: 1.36
Mar 22 14:05:56.873005 n-d-738018-7 devstack@placement-api.service[116227]: [pid: 116227|app: 0|req: 317/640] 10.222.0.76 () {64 vars in 1433 bytes} [Tue Mar 22 14:05:56 2022] PUT /placement/allocations/10daf03c-e864-40c0-95ae-b16ba2b5b82a => generated 0 bytes in 67 msecs (HTTP/1.1 204) 5 headers in 199 bytes (2 switches on core 0)
Mar 22 14:05:57.170290 n-d-738018-7 devstack@placement-api.service[116228]: DEBUG placement.requestlog [req-95e92b7d-ff65-4b11-b29b-4ee950a51b73 req-4db3896c-4a42-49d0-aa49-509689e73b9c None None] Starting request: 10.222.0.72 "GET /placement/allocations/10daf03c-e864-40c0-95ae-b16ba2b5b82a" {{(pid=116228) __call__ /opt/stack/placement/placement/requestlog.py:55}}
Mar 22 14:05:57.185863 n-d-738018-7 devstack@placement-api.service[116228]: INFO placement.requestlog [req-95e92b7d-ff65-4b11-b29b-4ee950a51b73 req-4db3896c-4a42-49d0-aa49-509689e73b9c service placement] 10.222.0.72 "GET /placement/allocations/10daf03c-e864-40c0-95ae-b16ba2b5b82a" status: 200 len: 259 microversion: 1.28
Mar 22 14:05:57.186223 n-d-738018-7 devstack@placement-api.service[116228]: [pid: 116228|app: 0|req: 324/641] 10.222.0.72 () {60 vars in 1377 bytes} [Tue Mar 22 14:05:57 2022] GET /placement/allocations/10daf03c-e864-40c0-95ae-b16ba2b5b82a => generated 259 bytes in 16 msecs (HTTP/1.1 200) 8 headers in 296 bytes (1 switches on core 0)
Mar 22 14:05:57.266355 n-d-738018-7 devstack@placement-api.service[116227]: DEBUG placement.requestlog [req-f0930f76-53aa-4c08-abcb-e87c4716a838 req-9ffb60ef-0a0a-4be9-a70f-bdc3969ccd3d None None] Starting request: 10.222.0.72 "DELETE /placement/allocations/f03dbaf8-75af-4f1c-865a-61436c23c833" {{(pid=116227) __call__ /opt/stack/placement/placement/requestlog.py:55}}
Mar 22 14:05:57.296397 n-d-738018-7 devstack@placement-api.service[116227]: DEBUG placement.handlers.allocation [req-f0930f76-53aa-4c08-abcb-e87c4716a838 req-9ffb60ef-0a0a-4be9-a70f-bdc3969ccd3d service placement] Successfully deleted allocations [, , ] {{(pid=116227) delete_allocations /opt/stack/placement/placement/handlers/allocation.py:627}}
Mar 22 14:05:57.296969 n-d-738018-7 devstack@placement-api.service[116227]: INFO placement.requestlog [req-f0930f76-53aa-4c08-abcb-e87c4716a838 req-9ffb60ef-0a0a-4be9-a70f-bdc3969ccd3d service placement] 10.222.0.72 "DELETE /placement/allocations/f03dbaf8-75af-4f1c-865a-61436c23c833" status: 204 len: 0 microversion: 1.0
Mar 22 14:05:57.297777 n-d-738018-7 devstack@placement-api.service[116227]: [pid: 116227|app: 0|req: 318/642] 10.222.0.72 () {60 vars in 1355 bytes} [Tue Mar 22 14:05:57 2022] DELETE /placement/allocations/f03dbaf8-75af-4f1c-865a-61436c23c833 => generated 0 bytes in 32 msecs (HTTP/1.1 204) 5 headers in 198 bytes (1 switches on core 0)
Mar 22 14:05:57.450823 n-d-738018-7 devstack@placement-api.service[116228]: DEBUG placement.requestlog [req-9f921551-ebe0-4c8a-898e-880b83409865 req-6aec3a52-6960-420c-a69b-72fa32e79bd4 None None] Starting request: 10.222.0.76 "GET /placement/allocation_candidates?limit=1000&resources=DISK_GB%3A1%2CMEMORY_MB%3A1024%2CVCPU%3A1&root_required=%21COMPUTE_STATUS_DISABLED" {{(pid=116228) __call__ /opt/stack/placement/placement/requestlog.py:55}}
Mar 22 14:05:57.484098 n-d-738018-7 devstack@placement-api.service[116228]: DEBUG placement.objects.research_context [req-9f921551-ebe0-4c8a-898e-880b83409865 req-6aec3a52-6960-420c-a69b-72fa32e79bd4 service placement] getting providers with 1 DISK_GB {{(pid=116228) __init__ /opt/stack/placement/placement/objects/research_context.py:136}}
Mar 22 14:05:57.498070 n-d-738018-7 devstack@placement-api.service[116228]: DEBUG placement.objects.research_context [req-9f921551-ebe0-4c8a-898e-880b83409865 req-6aec3a52-6960-420c-a69b-72fa32e79bd4 service placement] getting providers with 1024 MEMORY_MB {{(pid=116228) __init__ /opt/stack/placement/placement/objects/research_context.py:136}}
Mar 22 14:05:57.499268 n-d-738018-7 devstack@placement-api.service[116228]: DEBUG placement.objects.research_context [req-9f921551-ebe0-4c8a-898e-880b83409865 req-6aec3a52-6960-420c-a69b-72fa32e79bd4 service placement] getting providers with 1 VCPU {{(pid=116228) __init__ /opt/stack/placement/placement/objects/research_context.py:136}}
Mar 22 14:05:57.504710 n-d-738018-7 devstack@placement-api.service[116228]: DEBUG placement.objects.research_context [req-9f921551-ebe0-4c8a-898e-880b83409865 req-6aec3a52-6960-420c-a69b-72fa32e79bd4 service placement] found 2 providers with available 1 DISK_GB {{(pid=116228) get_provider_ids_matching /opt/stack/placement/placement/objects/research_context.py:559}}
Mar 22 14:05:57.504976 n-d-738018-7 devstack@placement-api.service[116228]: DEBUG placement.objects.research_context [req-9f921551-ebe0-4c8a-898e-880b83409865 req-6aec3a52-6960-420c-a69b-72fa32e79bd4 service placement] found 2 providers with available 1024 MEMORY_MB {{(pid=116228) get_provider_ids_matching /opt/stack/placement/placement/objects/research_context.py:559}}
Mar 22 14:05:57.505245 n-d-738018-7 devstack@placement-api.service[116228]: DEBUG placement.objects.research_context [req-9f921551-ebe0-4c8a-898e-880b83409865 req-6aec3a52-6960-420c-a69b-72fa32e79bd4 service placement] found 2 providers after filtering by previous result {{(pid=116228) get_provider_ids_matching /opt/stack/placement/placement/objects/research_context.py:590}}
Mar 22 14:05:57.505489 n-d-738018-7 devstack@placement-api.service[116228]: DEBUG placement.objects.research_context [req-9f921551-ebe0-4c8a-898e-880b83409865 req-6aec3a52-6960-420c-a69b-72fa32e79bd4 service placement] found 2 providers with available 1 VCPU {{(pid=116228) get_provider_ids_matching /opt/stack/placement/placement/objects/research_context.py:559}}
Mar 22 14:05:57.505741 n-d-738018-7 devstack@placement-api.service[116228]: DEBUG placement.objects.research_context [req-9f921551-ebe0-4c8a-898e-880b83409865 req-6aec3a52-6960-420c-a69b-72fa32e79bd4 service placement] found 2 providers after filtering by previous result {{(pid=116228) get_provider_ids_matching /opt/stack/placement/placement/objects/research_context.py:590}}
Mar 22 14:05:57.515869 n-d-738018-7 devstack@placement-api.service[116228]: DEBUG placement.objects.allocation_candidate [req-9f921551-ebe0-4c8a-898e-880b83409865 req-6aec3a52-6960-420c-a69b-72fa32e79bd4 service placement] RequestGroup(use_same_provider=False, resources={DISK_GB:1, MEMORY_MB:1024, VCPU:1}, traits=(), aggregates=[]) (suffix '') returned 2 matches {{(pid=116228) _get_by_requests /opt/stack/placement/placement/objects/allocation_candidate.py:156}}
Mar 22 14:05:57.516262 n-d-738018-7 devstack@placement-api.service[116228]: DEBUG placement.objects.allocation_candidate [req-9f921551-ebe0-4c8a-898e-880b83409865 req-6aec3a52-6960-420c-a69b-72fa32e79bd4 service placement] Merging candidates yields 2 allocation requests and 2 provider summaries {{(pid=116228) _merge_candidates /opt/stack/placement/placement/objects/allocation_candidate.py:809}}
Mar 22 14:05:57.517828 n-d-738018-7 devstack@placement-api.service[116228]: INFO placement.requestlog [req-9f921551-ebe0-4c8a-898e-880b83409865 req-6aec3a52-6960-420c-a69b-72fa32e79bd4 service placement] 10.222.0.76 "GET /placement/allocation_candidates?limit=1000&resources=DISK_GB%3A1%2CMEMORY_MB%3A1024%2CVCPU%3A1&root_required=%21COMPUTE_STATUS_DISABLED" status: 200 len: 1309 microversion: 1.36
Mar 22 14:05:57.518141 n-d-738018-7 devstack@placement-api.service[116228]: [pid: 116228|app: 0|req: 325/643] 10.222.0.76 () {60 vars in 1506 bytes} [Tue Mar 22 14:05:57 2022] GET /placement/allocation_candidates?limit=1000&resources=DISK_GB%3A1%2CMEMORY_MB%3A1024%2CVCPU%3A1&root_required=%21COMPUTE_STATUS_DISABLED => generated 1309 bytes in 68 msecs (HTTP/1.1 200) 8 headers in 297 bytes (1 switches on core 0)
Mar 22 14:05:57.574433 n-d-738018-7 devstack@placement-api.service[116227]: DEBUG placement.requestlog [req-9f921551-ebe0-4c8a-898e-880b83409865 req-3a2d3acc-1a95-48b2-aa7f-aaad23aa6cca None None] Starting request: 10.222.0.76 "GET /placement/allocations/1e4e827d-2bbf-4a70-b417-98d46188c968" {{(pid=116227) __call__ /opt/stack/placement/placement/requestlog.py:55}}
Mar 22 14:05:57.584827 n-d-738018-7 devstack@placement-api.service[116227]: INFO placement.requestlog [req-9f921551-ebe0-4c8a-898e-880b83409865 req-3a2d3acc-1a95-48b2-aa7f-aaad23aa6cca service placement] 10.222.0.76 "GET /placement/allocations/1e4e827d-2bbf-4a70-b417-98d46188c968" status: 200 len: 19 microversion: 1.28
Mar 22 14:05:57.585162 n-d-738018-7 devstack@placement-api.service[116227]: [pid: 116227|app: 0|req: 319/644] 10.222.0.76 () {60 vars in 1380 bytes} [Tue Mar 22 14:05:57 2022] GET /placement/allocations/1e4e827d-2bbf-4a70-b417-98d46188c968 => generated 19 bytes in 12 msecs (HTTP/1.1 200) 8 headers in 295 bytes (1 switches on core 0)
Mar 22 14:05:57.591825 n-d-738018-7 devstack@placement-api.service[116228]: DEBUG placement.requestlog [req-9f921551-ebe0-4c8a-898e-880b83409865 req-dcff8c31-f990-4e2e-ac86-6cbdf39ae1b4 None None] Starting request: 10.222.0.76 "PUT /placement/allocations/1e4e827d-2bbf-4a70-b417-98d46188c968" {{(pid=116228) __call__ /opt/stack/placement/placement/requestlog.py:55}}
Mar 22 14:05:57.655520 n-d-738018-7 devstack@placement-api.service[116228]: DEBUG placement.handlers.allocation [req-9f921551-ebe0-4c8a-898e-880b83409865 req-dcff8c31-f990-4e2e-ac86-6cbdf39ae1b4 service placement] Successfully wrote allocations [, , ] {{(pid=116228) _update_consumers_and_create_allocations /opt/stack/placement/placement/handlers/allocation.py:462}}
Mar 22 14:05:57.659891 n-d-738018-7 devstack@placement-api.service[116228]: INFO placement.requestlog [req-9f921551-ebe0-4c8a-898e-880b83409865 req-dcff8c31-f990-4e2e-ac86-6cbdf39ae1b4 service placement] 10.222.0.76 "PUT /placement/allocations/1e4e827d-2bbf-4a70-b417-98d46188c968" status: 204 len: 0 microversion: 1.36
Mar 22 14:05:57.660531 n-d-738018-7 devstack@placement-api.service[116228]: [pid: 116228|app: 0|req: 326/645] 10.222.0.76 () {64 vars in 1433 bytes} [Tue Mar 22 14:05:57 2022] PUT /placement/allocations/1e4e827d-2bbf-4a70-b417-98d46188c968 => generated 0 bytes in 69 msecs (HTTP/1.1 204) 5 headers in 199 bytes (2 switches on core 0)
Mar 22 14:05:58.162711 n-d-738018-7 devstack@placement-api.service[116227]: DEBUG placement.requestlog [req-9f921551-ebe0-4c8a-898e-880b83409865 req-5e2f74fe-d3b2-49e6-9edb-bd027c60a6fd None None] Starting request: 10.222.0.72 "GET /placement/allocations/1e4e827d-2bbf-4a70-b417-98d46188c968" {{(pid=116227) __call__ /opt/stack/placement/placement/requestlog.py:55}}
Mar 22 14:05:58.191767 n-d-738018-7 devstack@placement-api.service[116227]: INFO placement.requestlog [req-9f921551-ebe0-4c8a-898e-880b83409865 req-5e2f74fe-d3b2-49e6-9edb-bd027c60a6fd service placement] 10.222.0.72 "GET /placement/allocations/1e4e827d-2bbf-4a70-b417-98d46188c968" status: 200 len: 259 microversion: 1.28
Mar 22 14:05:58.192659 n-d-738018-7 devstack@placement-api.service[116227]: [pid: 116227|app: 0|req: 320/646] 10.222.0.72 () {60 vars in 1377 bytes} [Tue Mar 22 14:05:58 2022] GET /placement/allocations/1e4e827d-2bbf-4a70-b417-98d46188c968 => generated 259 bytes in 30 msecs (HTTP/1.1 200) 8 headers in 296 bytes (1 switches on core 0)
Mar 22 14:06:11.026240 n-d-738018-7 devstack@placement-api.service[116228]: DEBUG placement.requestlog [req-1fe4379b-7a23-4919-981e-f9fc8a686af7 req-3482ab5e-2772-4e6a-bfb4-4e6c197e3617 None None] Starting request: 10.222.0.76 "GET /placement/allocation_candidates?limit=1000&resources=DISK_GB%3A1%2CMEMORY_MB%3A1024%2CVCPU%3A1&root_required=%21COMPUTE_STATUS_DISABLED" {{(pid=116228) __call__ /opt/stack/placement/placement/requestlog.py:55}}
Mar 22 14:06:11.067441 n-d-738018-7 devstack@placement-api.service[116228]: DEBUG placement.objects.research_context [req-1fe4379b-7a23-4919-981e-f9fc8a686af7 req-3482ab5e-2772-4e6a-bfb4-4e6c197e3617 service placement] getting providers with 1 DISK_GB {{(pid=116228) __init__ /opt/stack/placement/placement/objects/research_context.py:136}}
Mar 22 14:06:11.074175 n-d-738018-7 devstack@placement-api.service[116228]: DEBUG placement.objects.research_context [req-1fe4379b-7a23-4919-981e-f9fc8a686af7 req-3482ab5e-2772-4e6a-bfb4-4e6c197e3617 service placement] getting providers with 1024 MEMORY_MB {{(pid=116228) __init__ /opt/stack/placement/placement/objects/research_context.py:136}}
Mar 22 14:06:11.079366 n-d-738018-7 devstack@placement-api.service[116228]: DEBUG placement.objects.research_context [req-1fe4379b-7a23-4919-981e-f9fc8a686af7 req-3482ab5e-2772-4e6a-bfb4-4e6c197e3617 service placement] getting providers with 1 VCPU {{(pid=116228) __init__ /opt/stack/placement/placement/objects/research_context.py:136}}
Mar 22 14:06:11.085481 n-d-738018-7 devstack@placement-api.service[116228]: DEBUG placement.objects.research_context [req-1fe4379b-7a23-4919-981e-f9fc8a686af7 req-3482ab5e-2772-4e6a-bfb4-4e6c197e3617 service placement] found 2 providers with available 1 DISK_GB {{(pid=116228) get_provider_ids_matching /opt/stack/placement/placement/objects/research_context.py:559}}
Mar 22 14:06:11.086062 n-d-738018-7 devstack@placement-api.service[116228]: DEBUG placement.objects.research_context [req-1fe4379b-7a23-4919-981e-f9fc8a686af7 req-3482ab5e-2772-4e6a-bfb4-4e6c197e3617 service placement] found 2 providers with available 1024 MEMORY_MB {{(pid=116228) get_provider_ids_matching /opt/stack/placement/placement/objects/research_context.py:559}}
Mar 22 14:06:11.086409 n-d-738018-7 devstack@placement-api.service[116228]: DEBUG placement.objects.research_context [req-1fe4379b-7a23-4919-981e-f9fc8a686af7 req-3482ab5e-2772-4e6a-bfb4-4e6c197e3617 service placement] found 2 providers after filtering by previous result {{(pid=116228) get_provider_ids_matching /opt/stack/placement/placement/objects/research_context.py:590}}
Mar 22 14:06:11.086676 n-d-738018-7 devstack@placement-api.service[116228]: DEBUG placement.objects.research_context [req-1fe4379b-7a23-4919-981e-f9fc8a686af7 req-3482ab5e-2772-4e6a-bfb4-4e6c197e3617 service placement] found 2 providers with available 1 VCPU {{(pid=116228) get_provider_ids_matching /opt/stack/placement/placement/objects/research_context.py:559}}
Mar 22 14:06:11.086934 n-d-738018-7 devstack@placement-api.service[116228]: DEBUG placement.objects.research_context [req-1fe4379b-7a23-4919-981e-f9fc8a686af7 req-3482ab5e-2772-4e6a-bfb4-4e6c197e3617 service placement] found 2 providers after filtering by previous result {{(pid=116228) get_provider_ids_matching /opt/stack/placement/placement/objects/research_context.py:590}}
Mar 22 14:06:11.097160 n-d-738018-7 devstack@placement-api.service[116228]: DEBUG placement.objects.allocation_candidate [req-1fe4379b-7a23-4919-981e-f9fc8a686af7 req-3482ab5e-2772-4e6a-bfb4-4e6c197e3617 service placement] RequestGroup(use_same_provider=False, resources={DISK_GB:1, MEMORY_MB:1024, VCPU:1}, traits=(), aggregates=[]) (suffix '') returned 2 matches {{(pid=116228) _get_by_requests /opt/stack/placement/placement/objects/allocation_candidate.py:156}}
Mar 22 14:06:11.097529 n-d-738018-7 devstack@placement-api.service[116228]: DEBUG placement.objects.allocation_candidate [req-1fe4379b-7a23-4919-981e-f9fc8a686af7 req-3482ab5e-2772-4e6a-bfb4-4e6c197e3617 service placement] Merging candidates yields 2 allocation requests and 2 provider summaries {{(pid=116228) _merge_candidates /opt/stack/placement/placement/objects/allocation_candidate.py:809}}
Mar 22 14:06:11.099004 n-d-738018-7 devstack@placement-api.service[116228]: INFO placement.requestlog [req-1fe4379b-7a23-4919-981e-f9fc8a686af7 req-3482ab5e-2772-4e6a-bfb4-4e6c197e3617 service placement] 10.222.0.76 "GET /placement/allocation_candidates?limit=1000&resources=DISK_GB%3A1%2CMEMORY_MB%3A1024%2CVCPU%3A1&root_required=%21COMPUTE_STATUS_DISABLED" status: 200 len: 1309 microversion: 1.36
Mar 22 14:06:11.099390 n-d-738018-7 devstack@placement-api.service[116228]: [pid: 116228|app: 0|req: 327/647] 10.222.0.76 () {60 vars in 1506 bytes} [Tue Mar 22 14:06:11 2022] GET /placement/allocation_candidates?limit=1000&resources=DISK_GB%3A1%2CMEMORY_MB%3A1024%2CVCPU%3A1&root_required=%21COMPUTE_STATUS_DISABLED => generated 1309 bytes in 73 msecs (HTTP/1.1 200) 8 headers in 297 bytes (1 switches on core 0)
Mar 22 14:06:11.156172 n-d-738018-7 devstack@placement-api.service[116227]: DEBUG placement.requestlog [req-1fe4379b-7a23-4919-981e-f9fc8a686af7 req-53e7a7fa-ef0c-49b0-9f8b-7453c1c99a42 None None] Starting request: 10.222.0.76 "GET /placement/allocations/1c264f8f-42dc-4464-b77c-04ec9161b24e" {{(pid=116227) __call__ /opt/stack/placement/placement/requestlog.py:55}}
Mar 22 14:06:11.166716 n-d-738018-7 devstack@placement-api.service[116227]: INFO placement.requestlog [req-1fe4379b-7a23-4919-981e-f9fc8a686af7 req-53e7a7fa-ef0c-49b0-9f8b-7453c1c99a42 service placement] 10.222.0.76 "GET /placement/allocations/1c264f8f-42dc-4464-b77c-04ec9161b24e" status: 200 len: 19 microversion: 1.28
Mar 22 14:06:11.167214 n-d-738018-7 devstack@placement-api.service[116227]: [pid: 116227|app: 0|req: 321/648] 10.222.0.76 () {60 vars in 1380 bytes} [Tue Mar 22 14:06:11 2022] GET /placement/allocations/1c264f8f-42dc-4464-b77c-04ec9161b24e => generated 19 bytes in 11 msecs (HTTP/1.1 200) 8 headers in 295 bytes (1 switches on core 0)
Mar 22 14:06:11.173161 n-d-738018-7 devstack@placement-api.service[116228]: DEBUG placement.requestlog [req-1fe4379b-7a23-4919-981e-f9fc8a686af7 req-3077e37a-9e87-4b56-b894-d42cee298441 None None] Starting request: 10.222.0.76 "PUT /placement/allocations/1c264f8f-42dc-4464-b77c-04ec9161b24e" {{(pid=116228) __call__ /opt/stack/placement/placement/requestlog.py:55}}
Mar 22 14:06:11.235735 n-d-738018-7 devstack@placement-api.service[116228]: DEBUG placement.handlers.allocation [req-1fe4379b-7a23-4919-981e-f9fc8a686af7 req-3077e37a-9e87-4b56-b894-d42cee298441 service placement] Successfully wrote allocations [, , ] {{(pid=116228) _update_consumers_and_create_allocations /opt/stack/placement/placement/handlers/allocation.py:462}}
Mar 22 14:06:11.238741 n-d-738018-7 devstack@placement-api.service[116228]: INFO placement.requestlog [req-1fe4379b-7a23-4919-981e-f9fc8a686af7 req-3077e37a-9e87-4b56-b894-d42cee298441 service placement] 10.222.0.76 "PUT /placement/allocations/1c264f8f-42dc-4464-b77c-04ec9161b24e" status: 204 len: 0 microversion: 1.36
Mar 22 14:06:11.239576 n-d-738018-7 devstack@placement-api.service[116228]: [pid: 116228|app: 0|req: 328/649] 10.222.0.76 () {64 vars in 1433 bytes} [Tue Mar 22 14:06:11 2022] PUT /placement/allocations/1c264f8f-42dc-4464-b77c-04ec9161b24e => generated 0 bytes in 66 msecs (HTTP/1.1 204) 5 headers in 199 bytes (2 switches on core 0)
Mar 22 14:06:13.816577 n-d-738018-7 devstack@placement-api.service[116227]: DEBUG placement.requestlog [req-1fe4379b-7a23-4919-981e-f9fc8a686af7 req-712812b1-6946-4ad5-ac73-8aa187296429 None None] Starting request: 10.222.0.72 "GET /placement/allocations/1c264f8f-42dc-4464-b77c-04ec9161b24e" {{(pid=116227) __call__ /opt/stack/placement/placement/requestlog.py:55}}
Mar 22 14:06:13.850378 n-d-738018-7 devstack@placement-api.service[116227]: INFO placement.requestlog [req-1fe4379b-7a23-4919-981e-f9fc8a686af7 req-712812b1-6946-4ad5-ac73-8aa187296429 service placement] 10.222.0.72 "GET /placement/allocations/1c264f8f-42dc-4464-b77c-04ec9161b24e" status: 200 len: 259 microversion: 1.28
Mar 22 14:06:13.851370 n-d-738018-7 devstack@placement-api.service[116227]: [pid: 116227|app: 0|req: 322/650] 10.222.0.72 () {60 vars in 1377 bytes} [Tue Mar 22 14:06:13 2022] GET /placement/allocations/1c264f8f-42dc-4464-b77c-04ec9161b24e => generated 259 bytes in 35 msecs (HTTP/1.1 200) 8 headers in 296 bytes (1 switches on core 0)
Mar 22 14:06:22.547462 n-d-738018-7 devstack@placement-api.service[116228]: DEBUG placement.requestlog [req-abdfec04-3d7b-41b8-a788-3583b5a35580 req-48174834-7298-4a97-b647-219c2bfb488d None None] Starting request: 10.222.0.72 "GET /placement/resource_providers/2063f814-6c61-4900-a8a7-8cda1a829878/allocations" {{(pid=116228) __call__ /opt/stack/placement/placement/requestlog.py:55}}
Mar 22 14:06:22.569926 n-d-738018-7 devstack@placement-api.service[116228]: INFO placement.requestlog [req-abdfec04-3d7b-41b8-a788-3583b5a35580 req-48174834-7298-4a97-b647-219c2bfb488d service placement] 10.222.0.72 "GET /placement/resource_providers/2063f814-6c61-4900-a8a7-8cda1a829878/allocations" status: 200 len: 1352 microversion: 1.0
Mar 22 14:06:22.570252 n-d-738018-7 devstack@placement-api.service[116228]: [pid: 116228|app: 0|req: 329/651] 10.222.0.72 () {58 vars in 1390 bytes} [Tue Mar 22 14:06:22 2022] GET /placement/resource_providers/2063f814-6c61-4900-a8a7-8cda1a829878/allocations => generated 1352 bytes in 23 msecs (HTTP/1.1 200) 6 headers in 225 bytes (1 switches on core 0)
Mar 22 14:06:25.420812 n-d-738018-7 devstack@placement-api.service[116227]: DEBUG placement.requestlog [req-435ab3c2-a96c-4829-84be-9fd37e731abc req-e67ae4bc-112c-4484-ad68-397d1f90d253 None None] Starting request: 10.222.0.43 "GET /placement/resource_providers/6712136d-39c6-4567-bdd4-50571897ca16/allocations" {{(pid=116227) __call__ /opt/stack/placement/placement/requestlog.py:55}}
Mar 22 14:06:25.437248 n-d-738018-7 devstack@placement-api.service[116227]: INFO placement.requestlog [req-435ab3c2-a96c-4829-84be-9fd37e731abc req-e67ae4bc-112c-4484-ad68-397d1f90d253 service placement] 10.222.0.43 "GET /placement/resource_providers/6712136d-39c6-4567-bdd4-50571897ca16/allocations" status: 200 len: 55 microversion: 1.0
Mar 22 14:06:25.437626 n-d-738018-7 devstack@placement-api.service[116227]: [pid: 116227|app: 0|req: 323/652] 10.222.0.43 () {58 vars in 1390 bytes} [Tue Mar 22 14:06:25 2022] GET /placement/resource_providers/6712136d-39c6-4567-bdd4-50571897ca16/allocations => generated 55 bytes in 17 msecs (HTTP/1.1 200) 6 headers in 223 bytes (1 switches on core 0)
Mar 22 14:06:33.709086 n-d-738018-7 devstack@placement-api.service[116228]: DEBUG placement.requestlog [req-96b1f354-0af1-4b1d-924d-c7e0af396890 req-4516720e-2e83-470f-9e68-40cad0e96a16 None None] Starting request: 10.222.0.72 "DELETE /placement/allocations/10daf03c-e864-40c0-95ae-b16ba2b5b82a" {{(pid=116228) __call__ /opt/stack/placement/placement/requestlog.py:55}}
Mar 22 14:06:33.752905 n-d-738018-7 devstack@placement-api.service[116228]: DEBUG placement.handlers.allocation [req-96b1f354-0af1-4b1d-924d-c7e0af396890 req-4516720e-2e83-470f-9e68-40cad0e96a16 service placement] Successfully deleted allocations [, , ] {{(pid=116228) delete_allocations /opt/stack/placement/placement/handlers/allocation.py:627}}
Mar 22 14:06:33.756433 n-d-738018-7 devstack@placement-api.service[116228]: INFO placement.requestlog [req-96b1f354-0af1-4b1d-924d-c7e0af396890 req-4516720e-2e83-470f-9e68-40cad0e96a16 service placement] 10.222.0.72 "DELETE /placement/allocations/10daf03c-e864-40c0-95ae-b16ba2b5b82a" status: 204 len: 0 microversion: 1.0
Mar 22 14:06:33.757703 n-d-738018-7 devstack@placement-api.service[116228]: [pid: 116228|app: 0|req: 330/653] 10.222.0.72 () {60 vars in 1355 bytes} [Tue Mar 22 14:06:33 2022] DELETE /placement/allocations/10daf03c-e864-40c0-95ae-b16ba2b5b82a => generated 0 bytes in 48 msecs (HTTP/1.1 204) 5 headers in 198 bytes (1 switches on core 0)
Mar 22 14:06:38.845455 n-d-738018-7 devstack@placement-api.service[116227]: DEBUG placement.requestlog [req-3f4ff7d0-ffb9-41c7-80c4-f659bb5befbb req-55f384fe-5013-4ea0-b117-a95636b8e4fb None None] Starting request: 10.222.0.72 "DELETE /placement/allocations/e1d44092-bc97-4360-8589-0c536c8a50aa" {{(pid=116227) __call__ /opt/stack/placement/placement/requestlog.py:55}}
Mar 22 14:06:38.875063 n-d-738018-7 devstack@placement-api.service[116227]: DEBUG placement.handlers.allocation [req-3f4ff7d0-ffb9-41c7-80c4-f659bb5befbb req-55f384fe-5013-4ea0-b117-a95636b8e4fb service placement] Successfully deleted allocations [, , ] {{(pid=116227) delete_allocations /opt/stack/placement/placement/handlers/allocation.py:627}}
Mar 22 14:06:38.875758 n-d-738018-7 devstack@placement-api.service[116227]: INFO placement.requestlog [req-3f4ff7d0-ffb9-41c7-80c4-f659bb5befbb req-55f384fe-5013-4ea0-b117-a95636b8e4fb service placement] 10.222.0.72 "DELETE /placement/allocations/e1d44092-bc97-4360-8589-0c536c8a50aa" status: 204 len: 0 microversion: 1.0
Mar 22 14:06:38.876481 n-d-738018-7 devstack@placement-api.service[116227]: [pid: 116227|app: 0|req: 324/654] 10.222.0.72 () {60 vars in 1355 bytes} [Tue Mar 22 14:06:38 2022] DELETE /placement/allocations/e1d44092-bc97-4360-8589-0c536c8a50aa => generated 0 bytes in 31 msecs (HTTP/1.1 204) 5 headers in 198 bytes (1 switches on core 0)
Mar 22 14:06:40.261620 n-d-738018-7 devstack@placement-api.service[116228]: DEBUG placement.requestlog [req-8d1447e0-fca6-4e0c-aad7-353cc6461256 req-b0097079-aa55-4db6-b71c-106fd4533f78 None None] Starting request: 10.222.0.76 "GET /placement/allocation_candidates?limit=1000&resources=DISK_GB%3A1%2CMEMORY_MB%3A1024%2CVCPU%3A1&root_required=%21COMPUTE_STATUS_DISABLED" {{(pid=116228) __call__ /opt/stack/placement/placement/requestlog.py:55}}
Mar 22 14:06:40.313899 n-d-738018-7 devstack@placement-api.service[116228]: DEBUG placement.objects.research_context [req-8d1447e0-fca6-4e0c-aad7-353cc6461256 req-b0097079-aa55-4db6-b71c-106fd4533f78 service placement] getting providers with 1 DISK_GB {{(pid=116228) __init__ /opt/stack/placement/placement/objects/research_context.py:136}}
Mar 22 14:06:40.322648 n-d-738018-7 devstack@placement-api.service[116228]: DEBUG placement.objects.research_context [req-8d1447e0-fca6-4e0c-aad7-353cc6461256 req-b0097079-aa55-4db6-b71c-106fd4533f78 service placement] getting providers with 1024 MEMORY_MB {{(pid=116228) __init__ /opt/stack/placement/placement/objects/research_context.py:136}}
Mar 22 14:06:40.328104 n-d-738018-7 devstack@placement-api.service[116228]: DEBUG placement.objects.research_context [req-8d1447e0-fca6-4e0c-aad7-353cc6461256 req-b0097079-aa55-4db6-b71c-106fd4533f78 service placement] getting providers with 1 VCPU {{(pid=116228) __init__ /opt/stack/placement/placement/objects/research_context.py:136}}
Mar 22 14:06:40.334404 n-d-738018-7 devstack@placement-api.service[116228]: DEBUG placement.objects.research_context [req-8d1447e0-fca6-4e0c-aad7-353cc6461256 req-b0097079-aa55-4db6-b71c-106fd4533f78 service placement] found 2 providers with available 1 DISK_GB {{(pid=116228) get_provider_ids_matching /opt/stack/placement/placement/objects/research_context.py:559}}
Mar 22 14:06:40.334865 n-d-738018-7 devstack@placement-api.service[116228]: DEBUG placement.objects.research_context [req-8d1447e0-fca6-4e0c-aad7-353cc6461256 req-b0097079-aa55-4db6-b71c-106fd4533f78 service placement] found 2 providers with available 1024 MEMORY_MB {{(pid=116228) get_provider_ids_matching /opt/stack/placement/placement/objects/research_context.py:559}}
Mar 22 14:06:40.335280 n-d-738018-7 devstack@placement-api.service[116228]: DEBUG placement.objects.research_context [req-8d1447e0-fca6-4e0c-aad7-353cc6461256 req-b0097079-aa55-4db6-b71c-106fd4533f78 service placement] found 2 providers after filtering by previous result {{(pid=116228) get_provider_ids_matching /opt/stack/placement/placement/objects/research_context.py:590}}
Mar 22 14:06:40.335692 n-d-738018-7 devstack@placement-api.service[116228]: DEBUG placement.objects.research_context [req-8d1447e0-fca6-4e0c-aad7-353cc6461256 req-b0097079-aa55-4db6-b71c-106fd4533f78 service placement] found 2 providers with available 1 VCPU {{(pid=116228) get_provider_ids_matching /opt/stack/placement/placement/objects/research_context.py:559}}
Mar 22 14:06:40.336154 n-d-738018-7 devstack@placement-api.service[116228]: DEBUG placement.objects.research_context [req-8d1447e0-fca6-4e0c-aad7-353cc6461256 req-b0097079-aa55-4db6-b71c-106fd4533f78 service placement] found 2 providers after filtering by previous result {{(pid=116228) get_provider_ids_matching /opt/stack/placement/placement/objects/research_context.py:590}}
Mar 22 14:06:40.348683 n-d-738018-7 devstack@placement-api.service[116228]: DEBUG placement.objects.allocation_candidate [req-8d1447e0-fca6-4e0c-aad7-353cc6461256 req-b0097079-aa55-4db6-b71c-106fd4533f78 service placement] RequestGroup(use_same_provider=False, resources={DISK_GB:1, MEMORY_MB:1024, VCPU:1}, traits=(), aggregates=[]) (suffix '') returned 2 matches {{(pid=116228) _get_by_requests /opt/stack/placement/placement/objects/allocation_candidate.py:156}}
Mar 22 14:06:40.349189 n-d-738018-7 devstack@placement-api.service[116228]: DEBUG placement.objects.allocation_candidate [req-8d1447e0-fca6-4e0c-aad7-353cc6461256 req-b0097079-aa55-4db6-b71c-106fd4533f78 service placement] Merging candidates yields 2 allocation requests and 2 provider summaries {{(pid=116228) _merge_candidates /opt/stack/placement/placement/objects/allocation_candidate.py:809}}
