Nov 15 11:10:12.165645 n-d-729945-9 devstack@n-api.service[117701]: DEBUG oslo_concurrency.lockutils [None req-97dd63ab-1fe8-40e6-b3df-9c34dab8ab40 tempest-LiveAutoBlockMigrationV225Test-541063754 tempest-LiveAutoBlockMigrationV225Test-541063754-project] Lock "a541cb14-0567-4a5f-9bef-a8495b011e40" "released" by "nova.context.set_target_cell..get_or_set_cached_cell_and_set_connections" :: held 0.000s {{(pid=117701) inner /usr/local/lib/python3.8/dist-packages/oslo_concurrency/lockutils.py:400}}
Nov 15 11:10:12.217583 n-d-729945-9 devstack@n-api.service[117702]: DEBUG nova.quota [None req-aec1ba6e-8458-46c7-93c9-a3d60ccd3e36 tempest-ImagesMetadataTestJSON-1086564888 tempest-ImagesMetadataTestJSON-1086564888-project] Getting quotas for project c803fdadf3314c0f8bf7072f9c2d23e3. Resources: dict_keys(['metadata_items']) {{(pid=117702) _get_quotas /opt/stack/nova/nova/quota.py:387}}
Nov 15 11:10:12.227234 n-d-729945-9 devstack@n-api.service[117702]: DEBUG nova.quota [None req-aec1ba6e-8458-46c7-93c9-a3d60ccd3e36 tempest-ImagesMetadataTestJSON-1086564888 tempest-ImagesMetadataTestJSON-1086564888-project] Getting quotas for user 3d65f1565e9249e6be8f6b1d33d156ae and project c803fdadf3314c0f8bf7072f9c2d23e3. Resources: dict_keys(['metadata_items']) {{(pid=117702) _get_quotas /opt/stack/nova/nova/quota.py:377}}
Nov 15 11:10:12.449389 n-d-729945-9 devstack@n-api.service[117701]: DEBUG nova.policy [None req-97dd63ab-1fe8-40e6-b3df-9c34dab8ab40 tempest-LiveAutoBlockMigrationV225Test-541063754 tempest-LiveAutoBlockMigrationV225Test-541063754-project] Policy check for os_compute_api:os-extended-server-attributes failed with credentials {'is_admin': False, 'user_id': '322608571a4b4c25b1001ad07916495f', 'user_domain_id': 'default', 'system_scope': None, 'domain_id': None, 'project_id': '15d30ad0cec74e39a796f7b31ab517b2', 'project_domain_id': 'default', 'roles': ['reader', 'member'], 'is_admin_project': True, 'service_user_id': None, 'service_user_domain_id': None, 'service_project_id': None, 'service_project_domain_id': None, 'service_roles': []} {{(pid=117701) authorize /opt/stack/nova/nova/policy.py:199}}
Nov 15 11:10:12.458622 n-d-729945-9 devstack@n-api.service[117701]: DEBUG nova.policy [None req-97dd63ab-1fe8-40e6-b3df-9c34dab8ab40 tempest-LiveAutoBlockMigrationV225Test-541063754 tempest-LiveAutoBlockMigrationV225Test-541063754-project] Policy check for os_compute_api:servers:show:host_status failed with credentials {'is_admin': False, 'user_id': '322608571a4b4c25b1001ad07916495f', 'user_domain_id': 'default', 'system_scope': None, 'domain_id': None, 'project_id': '15d30ad0cec74e39a796f7b31ab517b2', 'project_domain_id': 'default', 'roles': ['reader', 'member'], 'is_admin_project': True, 'service_user_id': None, 'service_user_domain_id': None, 'service_project_id': None, 'service_project_domain_id': None, 'service_roles': []} {{(pid=117701) authorize /opt/stack/nova/nova/policy.py:199}}
Nov 15 11:10:12.462212 n-d-729945-9 devstack@n-api.service[117701]: DEBUG nova.policy [None req-97dd63ab-1fe8-40e6-b3df-9c34dab8ab40 tempest-LiveAutoBlockMigrationV225Test-541063754 tempest-LiveAutoBlockMigrationV225Test-541063754-project] Policy check for os_compute_api:servers:show:host_status:unknown-only failed with credentials {'is_admin': False, 'user_id': '322608571a4b4c25b1001ad07916495f', 'user_domain_id': 'default', 'system_scope': None, 'domain_id': None, 'project_id': '15d30ad0cec74e39a796f7b31ab517b2', 'project_domain_id': 'default', 'roles': ['reader', 'member'], 'is_admin_project': True, 'service_user_id': None, 'service_user_domain_id': None, 'service_project_id': None, 'service_project_domain_id': None, 'service_roles': []} {{(pid=117701) authorize /opt/stack/nova/nova/policy.py:199}}
Nov 15 11:10:12.468905 n-d-729945-9 devstack@n-api.service[117701]: INFO nova.api.openstack.requestlog [None req-97dd63ab-1fe8-40e6-b3df-9c34dab8ab40 tempest-LiveAutoBlockMigrationV225Test-541063754 tempest-LiveAutoBlockMigrationV225Test-541063754-project] 10.222.0.64 "GET /compute/v2.1/servers/0a225b70-a6dc-4d48-8c58-cebebf58954b" status: 200 len: 1567 microversion: 2.25 time: 0.322661
Nov 15 11:10:12.469823 n-d-729945-9 devstack@n-api.service[117701]: [pid: 117701|app: 0|req: 199/391] 10.222.0.64 () {60 vars in 1276 bytes} [Mon Nov 15 11:10:12 2021] GET /compute/v2.1/servers/0a225b70-a6dc-4d48-8c58-cebebf58954b => generated 1567 bytes in 324 msecs (HTTP/1.1 200) 9 headers in 360 bytes (1 switches on core 0)
Nov 15 11:10:12.501472 n-d-729945-9 devstack@n-api.service[117701]: DEBUG nova.api.openstack.wsgi [None req-c84f82d4-ee26-4260-8d4d-260e28f3549c tempest-LiveMigrationTest-78944723 tempest-LiveMigrationTest-78944723-project] Calling method '>' {{(pid=117701) _process_stack /opt/stack/nova/nova/api/openstack/wsgi.py:513}}
Nov 15 11:10:12.505044 n-d-729945-9 devstack@n-api.service[117701]: DEBUG nova.compute.api [None req-c84f82d4-ee26-4260-8d4d-260e28f3549c tempest-LiveMigrationTest-78944723 tempest-LiveMigrationTest-78944723-project] [instance: 30e11502-3e76-48ce-9f73-6a45023145c8] Fetching instance by UUID {{(pid=117701) get /opt/stack/nova/nova/compute/api.py:2865}}
Nov 15 11:10:12.519700 n-d-729945-9 devstack@n-api.service[117701]: DEBUG oslo_concurrency.lockutils [None req-c84f82d4-ee26-4260-8d4d-260e28f3549c tempest-LiveMigrationTest-78944723 tempest-LiveMigrationTest-78944723-project] Lock "a541cb14-0567-4a5f-9bef-a8495b011e40" acquired by "nova.context.set_target_cell..get_or_set_cached_cell_and_set_connections" :: waited 0.000s {{(pid=117701) inner /usr/local/lib/python3.8/dist-packages/oslo_concurrency/lockutils.py:386}}
Nov 15 11:10:12.520431 n-d-729945-9 devstack@n-api.service[117701]: DEBUG oslo_concurrency.lockutils [None req-c84f82d4-ee26-4260-8d4d-260e28f3549c tempest-LiveMigrationTest-78944723 tempest-LiveMigrationTest-78944723-project] Lock "a541cb14-0567-4a5f-9bef-a8495b011e40" "released" by "nova.context.set_target_cell..get_or_set_cached_cell_and_set_connections" :: held 0.001s {{(pid=117701) inner /usr/local/lib/python3.8/dist-packages/oslo_concurrency/lockutils.py:400}}
Nov 15 11:10:12.521460 n-d-729945-9 devstack@n-api.service[117701]: DEBUG oslo_concurrency.lockutils [None req-c84f82d4-ee26-4260-8d4d-260e28f3549c tempest-LiveMigrationTest-78944723 tempest-LiveMigrationTest-78944723-project] Lock "a541cb14-0567-4a5f-9bef-a8495b011e40" acquired by "nova.context.set_target_cell..get_or_set_cached_cell_and_set_connections" :: waited 0.000s {{(pid=117701) inner /usr/local/lib/python3.8/dist-packages/oslo_concurrency/lockutils.py:386}}
Nov 15 11:10:12.522315 n-d-729945-9 devstack@n-api.service[117701]: DEBUG oslo_concurrency.lockutils [None req-c84f82d4-ee26-4260-8d4d-260e28f3549c tempest-LiveMigrationTest-78944723 tempest-LiveMigrationTest-78944723-project] Lock "a541cb14-0567-4a5f-9bef-a8495b011e40" "released" by "nova.context.set_target_cell..get_or_set_cached_cell_and_set_connections" :: held 0.001s {{(pid=117701) inner /usr/local/lib/python3.8/dist-packages/oslo_concurrency/lockutils.py:400}}
Nov 15 11:10:12.574206 n-d-729945-9 devstack@n-api.service[117702]: INFO nova.api.openstack.requestlog [None req-aec1ba6e-8458-46c7-93c9-a3d60ccd3e36 tempest-ImagesMetadataTestJSON-1086564888 tempest-ImagesMetadataTestJSON-1086564888-project] 10.222.0.64 "PUT /compute/v2.1/images/83255aeb-a4a1-4a3b-a07e-39727637856d/metadata" status: 200 len: 61 microversion: 2.1 time: 0.444063
Nov 15 11:10:12.575279 n-d-729945-9 devstack@n-api.service[117702]: [pid: 117702|app: 0|req: 193/392] 10.222.0.64 () {60 vars in 1279 bytes} [Mon Nov 15 11:10:12 2021] PUT /compute/v2.1/images/83255aeb-a4a1-4a3b-a07e-39727637856d/metadata => generated 61 bytes in 446 msecs (HTTP/1.1 200) 9 headers in 356 bytes (1 switches on core 0)
Nov 15 11:10:12.579951 n-d-729945-9 devstack@n-api.service[117702]: DEBUG nova.api.openstack.wsgi [None req-7289e021-bbf5-46ad-b50c-83f06f39d2ed tempest-ServersWithSpecificFlavorTestJSON-242113605 tempest-ServersWithSpecificFlavorTestJSON-242113605-project] Action: 'action', calling method: >, body: {"os-getConsoleOutput": {}} {{(pid=117702) _process_stack /opt/stack/nova/nova/api/openstack/wsgi.py:511}}
Nov 15 11:10:12.581778 n-d-729945-9 devstack@n-api.service[117702]: DEBUG nova.compute.api [None req-7289e021-bbf5-46ad-b50c-83f06f39d2ed tempest-ServersWithSpecificFlavorTestJSON-242113605 tempest-ServersWithSpecificFlavorTestJSON-242113605-project] [instance: 432dfa28-48da-4a1e-adec-b9bd084e2cb2] Fetching instance by UUID {{(pid=117702) get /opt/stack/nova/nova/compute/api.py:2865}}
Nov 15 11:10:12.597388 n-d-729945-9 devstack@n-api.service[117702]: DEBUG oslo_concurrency.lockutils [None req-7289e021-bbf5-46ad-b50c-83f06f39d2ed tempest-ServersWithSpecificFlavorTestJSON-242113605 tempest-ServersWithSpecificFlavorTestJSON-242113605-project] Lock "a541cb14-0567-4a5f-9bef-a8495b011e40" acquired by "nova.context.set_target_cell..get_or_set_cached_cell_and_set_connections" :: waited 0.000s {{(pid=117702) inner /usr/local/lib/python3.8/dist-packages/oslo_concurrency/lockutils.py:386}}
Nov 15 11:10:12.601142 n-d-729945-9 devstack@n-api.service[117702]: DEBUG oslo_concurrency.lockutils [None req-7289e021-bbf5-46ad-b50c-83f06f39d2ed tempest-ServersWithSpecificFlavorTestJSON-242113605 tempest-ServersWithSpecificFlavorTestJSON-242113605-project] Lock "a541cb14-0567-4a5f-9bef-a8495b011e40" "released" by "nova.context.set_target_cell..get_or_set_cached_cell_and_set_connections" :: held 0.004s {{(pid=117702) inner /usr/local/lib/python3.8/dist-packages/oslo_concurrency/lockutils.py:400}}
Nov 15 11:10:12.602154 n-d-729945-9 devstack@n-api.service[117702]: DEBUG oslo_concurrency.lockutils [None req-7289e021-bbf5-46ad-b50c-83f06f39d2ed tempest-ServersWithSpecificFlavorTestJSON-242113605 tempest-ServersWithSpecificFlavorTestJSON-242113605-project] Lock "a541cb14-0567-4a5f-9bef-a8495b011e40" acquired by "nova.context.set_target_cell..get_or_set_cached_cell_and_set_connections" :: waited 0.000s {{(pid=117702) inner /usr/local/lib/python3.8/dist-packages/oslo_concurrency/lockutils.py:386}}
Nov 15 11:10:12.602745 n-d-729945-9 devstack@n-api.service[117702]: DEBUG oslo_concurrency.lockutils [None req-7289e021-bbf5-46ad-b50c-83f06f39d2ed tempest-ServersWithSpecificFlavorTestJSON-242113605 tempest-ServersWithSpecificFlavorTestJSON-242113605-project] Lock "a541cb14-0567-4a5f-9bef-a8495b011e40" "released" by "nova.context.set_target_cell..get_or_set_cached_cell_and_set_connections" :: held 0.001s {{(pid=117702) inner /usr/local/lib/python3.8/dist-packages/oslo_concurrency/lockutils.py:400}}
Nov 15 11:10:12.655904 n-d-729945-9 devstack@n-api.service[117702]: INFO nova.api.openstack.requestlog [None req-7289e021-bbf5-46ad-b50c-83f06f39d2ed tempest-ServersWithSpecificFlavorTestJSON-242113605 tempest-ServersWithSpecificFlavorTestJSON-242113605-project] 10.222.0.64 "POST /compute/v2.1/servers/432dfa28-48da-4a1e-adec-b9bd084e2cb2/action" status: 200 len: 14 microversion: 2.1 time: 0.079119
Nov 15 11:10:12.656552 n-d-729945-9 devstack@n-api.service[117702]: [pid: 117702|app: 0|req: 194/393] 10.222.0.64 () {60 vars in 1277 bytes} [Mon Nov 15 11:10:12 2021] POST /compute/v2.1/servers/432dfa28-48da-4a1e-adec-b9bd084e2cb2/action => generated 14 bytes in 81 msecs (HTTP/1.1 200) 9 headers in 356 bytes (1 switches on core 0)
Nov 15 11:10:12.661697 n-d-729945-9 devstack@n-api.service[117702]: DEBUG nova.api.openstack.wsgi [None req-89a7cf89-f105-4f94-9439-3477e79d157d tempest-ImagesMetadataTestJSON-1086564888 tempest-ImagesMetadataTestJSON-1086564888-project] Action: 'update_all', calling method: .version_select at 0x7fe67a3b9ca0>, body: {"metadata": {"os_version": "value2", "architecture": "value3"}} {{(pid=117702) _process_stack /opt/stack/nova/nova/api/openstack/wsgi.py:511}}
Nov 15 11:10:12.698626 n-d-729945-9 devstack@n-api.service[117701]: DEBUG nova.policy [None req-c84f82d4-ee26-4260-8d4d-260e28f3549c tempest-LiveMigrationTest-78944723 tempest-LiveMigrationTest-78944723-project] Policy check for os_compute_api:os-extended-server-attributes failed with credentials {'is_admin': False, 'user_id': '17c43094620c43bca720c1f1db4e963b', 'user_domain_id': 'default', 'system_scope': None, 'domain_id': None, 'project_id': 'd1bb86b62ca44c409ecbffbdf93d7c92', 'project_domain_id': 'default', 'roles': ['reader', 'member'], 'is_admin_project': True, 'service_user_id': None, 'service_user_domain_id': None, 'service_project_id': None, 'service_project_domain_id': None, 'service_roles': []} {{(pid=117701) authorize /opt/stack/nova/nova/policy.py:199}}
Nov 15 11:10:12.712774 n-d-729945-9 devstack@n-api.service[117701]: INFO nova.api.openstack.requestlog [None req-c84f82d4-ee26-4260-8d4d-260e28f3549c tempest-LiveMigrationTest-78944723 tempest-LiveMigrationTest-78944723-project] 10.222.0.64 "GET /compute/v2.1/servers/30e11502-3e76-48ce-9f73-6a45023145c8" status: 200 len: 1502 microversion: 2.1 time: 0.214847
Nov 15 11:10:12.730227 n-d-729945-9 devstack@n-api.service[117701]: [pid: 117701|app: 0|req: 200/394] 10.222.0.64 () {58 vars in 1235 bytes} [Mon Nov 15 11:10:12 2021] GET /compute/v2.1/servers/30e11502-3e76-48ce-9f73-6a45023145c8 => generated 1502 bytes in 233 msecs (HTTP/1.1 200) 9 headers in 358 bytes (1 switches on core 0)
Nov 15 11:10:12.739276 n-d-729945-9 devstack@n-api.service[117702]: DEBUG nova.quota [None req-89a7cf89-f105-4f94-9439-3477e79d157d tempest-ImagesMetadataTestJSON-1086564888 tempest-ImagesMetadataTestJSON-1086564888-project] Getting quotas for project c803fdadf3314c0f8bf7072f9c2d23e3. Resources: dict_keys(['metadata_items']) {{(pid=117702) _get_quotas /opt/stack/nova/nova/quota.py:387}}
Nov 15 11:10:12.744017 n-d-729945-9 devstack@n-api.service[117702]: DEBUG nova.quota [None req-89a7cf89-f105-4f94-9439-3477e79d157d tempest-ImagesMetadataTestJSON-1086564888 tempest-ImagesMetadataTestJSON-1086564888-project] Getting quotas for user 3d65f1565e9249e6be8f6b1d33d156ae and project c803fdadf3314c0f8bf7072f9c2d23e3. Resources: dict_keys(['metadata_items']) {{(pid=117702) _get_quotas /opt/stack/nova/nova/quota.py:377}}
Nov 15 11:10:13.032106 n-d-729945-9 devstack@n-api.service[117701]: DEBUG nova.api.openstack.wsgi [None req-e69d6f7f-491e-4787-9e4d-b3cc6319988e tempest-MigrationsAdminTest-748935517 tempest-MigrationsAdminTest-748935517-project] Calling method '>' {{(pid=117701) _process_stack /opt/stack/nova/nova/api/openstack/wsgi.py:513}}
Nov 15 11:10:13.032827 n-d-729945-9 devstack@n-api.service[117701]: DEBUG nova.compute.api [None req-e69d6f7f-491e-4787-9e4d-b3cc6319988e tempest-MigrationsAdminTest-748935517 tempest-MigrationsAdminTest-748935517-project] [instance: 3065710c-41b7-4eb6-896e-d0b7817be20c] Fetching instance by UUID {{(pid=117701) get /opt/stack/nova/nova/compute/api.py:2865}}
Nov 15 11:10:13.046353 n-d-729945-9 devstack@n-api.service[117701]: DEBUG oslo_concurrency.lockutils [None req-e69d6f7f-491e-4787-9e4d-b3cc6319988e tempest-MigrationsAdminTest-748935517 tempest-MigrationsAdminTest-748935517-project] Lock "a541cb14-0567-4a5f-9bef-a8495b011e40" acquired by "nova.context.set_target_cell..get_or_set_cached_cell_and_set_connections" :: waited 0.000s {{(pid=117701) inner /usr/local/lib/python3.8/dist-packages/oslo_concurrency/lockutils.py:386}}
Nov 15 11:10:13.046806 n-d-729945-9 devstack@n-api.service[117701]: DEBUG oslo_concurrency.lockutils [None req-e69d6f7f-491e-4787-9e4d-b3cc6319988e tempest-MigrationsAdminTest-748935517 tempest-MigrationsAdminTest-748935517-project] Lock "a541cb14-0567-4a5f-9bef-a8495b011e40" "released" by "nova.context.set_target_cell..get_or_set_cached_cell_and_set_connections" :: held 0.001s {{(pid=117701) inner /usr/local/lib/python3.8/dist-packages/oslo_concurrency/lockutils.py:400}}
Nov 15 11:10:13.050559 n-d-729945-9 devstack@n-api.service[117701]: DEBUG oslo_concurrency.lockutils [None req-e69d6f7f-491e-4787-9e4d-b3cc6319988e tempest-MigrationsAdminTest-748935517 tempest-MigrationsAdminTest-748935517-project] Lock "a541cb14-0567-4a5f-9bef-a8495b011e40" acquired by "nova.context.set_target_cell..get_or_set_cached_cell_and_set_connections" :: waited 0.000s {{(pid=117701) inner /usr/local/lib/python3.8/dist-packages/oslo_concurrency/lockutils.py:386}}
Nov 15 11:10:13.051009 n-d-729945-9 devstack@n-api.service[117701]: DEBUG oslo_concurrency.lockutils [None req-e69d6f7f-491e-4787-9e4d-b3cc6319988e tempest-MigrationsAdminTest-748935517 tempest-MigrationsAdminTest-748935517-project] Lock "a541cb14-0567-4a5f-9bef-a8495b011e40" "released" by "nova.context.set_target_cell..get_or_set_cached_cell_and_set_connections" :: held 0.001s {{(pid=117701) inner /usr/local/lib/python3.8/dist-packages/oslo_concurrency/lockutils.py:400}}
Nov 15 11:10:13.121270 n-d-729945-9 devstack@n-api.service[117702]: INFO nova.api.openstack.requestlog [None req-89a7cf89-f105-4f94-9439-3477e79d157d tempest-ImagesMetadataTestJSON-1086564888 tempest-ImagesMetadataTestJSON-1086564888-project] 10.222.0.64 "PUT /compute/v2.1/images/83255aeb-a4a1-4a3b-a07e-39727637856d/metadata" status: 200 len: 64 microversion: 2.1 time: 0.463077
Nov 15 11:10:13.129614 n-d-729945-9 devstack@n-api.service[117702]: [pid: 117702|app: 0|req: 195/395] 10.222.0.64 () {60 vars in 1279 bytes} [Mon Nov 15 11:10:12 2021] PUT /compute/v2.1/images/83255aeb-a4a1-4a3b-a07e-39727637856d/metadata => generated 64 bytes in 472 msecs (HTTP/1.1 200) 9 headers in 356 bytes (1 switches on core 0)
Nov 15 11:10:13.135982 n-d-729945-9 devstack@n-api.service[117702]: DEBUG nova.api.openstack.wsgi [None req-4ba031f9-565c-4da6-a3ab-5cf99b80b9c4 tempest-ImagesMetadataTestJSON-1086564888 tempest-ImagesMetadataTestJSON-1086564888-project] Calling method '.version_select at 0x7fe67a533e50>' {{(pid=117702) _process_stack /opt/stack/nova/nova/api/openstack/wsgi.py:513}}
Nov 15 11:10:13.190401 n-d-729945-9 devstack@n-api.service[117702]: INFO nova.api.openstack.requestlog [None req-4ba031f9-565c-4da6-a3ab-5cf99b80b9c4 tempest-ImagesMetadataTestJSON-1086564888 tempest-ImagesMetadataTestJSON-1086564888-project] 10.222.0.64 "GET /compute/v2.1/images/83255aeb-a4a1-4a3b-a07e-39727637856d/metadata" status: 200 len: 64 microversion: 2.1 time: 0.059213
Nov 15 11:10:13.191690 n-d-729945-9 devstack@n-api.service[117702]: [pid: 117702|app: 0|req: 196/396] 10.222.0.64 () {58 vars in 1259 bytes} [Mon Nov 15 11:10:13 2021] GET /compute/v2.1/images/83255aeb-a4a1-4a3b-a07e-39727637856d/metadata => generated 64 bytes in 61 msecs (HTTP/1.1 200) 9 headers in 356 bytes (1 switches on core 0)
Nov 15 11:10:13.203315 n-d-729945-9 devstack@n-api.service[117702]: DEBUG nova.api.openstack.wsgi [None req-2cff728f-a29c-47b3-a8bd-f22d7717d336 tempest-ImagesMetadataTestJSON-1086564888 tempest-ImagesMetadataTestJSON-1086564888-project] Action: 'update_all', calling method: .version_select at 0x7fe67a456d30>, body: {"metadata": {"os_version": "value1", "os_distro": "value2"}} {{(pid=117702) _process_stack /opt/stack/nova/nova/api/openstack/wsgi.py:511}}
Nov 15 11:10:13.261545 n-d-729945-9 devstack@n-api.service[117701]: DEBUG nova.policy [None req-e69d6f7f-491e-4787-9e4d-b3cc6319988e tempest-MigrationsAdminTest-748935517 tempest-MigrationsAdminTest-748935517-project] Policy check for os_compute_api:os-extended-server-attributes failed with credentials {'is_admin': False, 'user_id': '5adf8d0abe294b52a6af39d6d85fcf85', 'user_domain_id': 'default', 'system_scope': None, 'domain_id': None, 'project_id': 'f683158a34ba4a62a024151827d9c8e8', 'project_domain_id': 'default', 'roles': ['reader', 'member'], 'is_admin_project': True, 'service_user_id': None, 'service_user_domain_id': None, 'service_project_id': None, 'service_project_domain_id': None, 'service_roles': []} {{(pid=117701) authorize /opt/stack/nova/nova/policy.py:199}}
Nov 15 11:10:13.271188 n-d-729945-9 devstack@n-api.service[117702]: DEBUG nova.quota [None req-2cff728f-a29c-47b3-a8bd-f22d7717d336 tempest-ImagesMetadataTestJSON-1086564888 tempest-ImagesMetadataTestJSON-1086564888-project] Getting quotas for project c803fdadf3314c0f8bf7072f9c2d23e3. Resources: dict_keys(['metadata_items']) {{(pid=117702) _get_quotas /opt/stack/nova/nova/quota.py:387}}
Nov 15 11:10:13.275996 n-d-729945-9 devstack@n-api.service[117702]: DEBUG nova.quota [None req-2cff728f-a29c-47b3-a8bd-f22d7717d336 tempest-ImagesMetadataTestJSON-1086564888 tempest-ImagesMetadataTestJSON-1086564888-project] Getting quotas for user 3d65f1565e9249e6be8f6b1d33d156ae and project c803fdadf3314c0f8bf7072f9c2d23e3. Resources: dict_keys(['metadata_items']) {{(pid=117702) _get_quotas /opt/stack/nova/nova/quota.py:377}}
Nov 15 11:10:13.277741 n-d-729945-9 devstack@n-api.service[117701]: INFO nova.api.openstack.requestlog [None req-e69d6f7f-491e-4787-9e4d-b3cc6319988e tempest-MigrationsAdminTest-748935517 tempest-MigrationsAdminTest-748935517-project] 10.222.0.64 "GET /compute/v2.1/servers/3065710c-41b7-4eb6-896e-d0b7817be20c" status: 200 len: 1476 microversion: 2.1 time: 0.251925
Nov 15 11:10:13.280508 n-d-729945-9 devstack@n-api.service[117701]: [pid: 117701|app: 0|req: 201/397] 10.222.0.64 () {58 vars in 1235 bytes} [Mon Nov 15 11:10:13 2021] GET /compute/v2.1/servers/3065710c-41b7-4eb6-896e-d0b7817be20c => generated 1476 bytes in 255 msecs (HTTP/1.1 200) 9 headers in 358 bytes (1 switches on core 0)
Nov 15 11:10:13.487668 n-d-729945-9 devstack@n-api.service[117701]: DEBUG nova.api.openstack.wsgi [None req-afb53c96-ebb9-4d33-bf34-b4686e1e4f90 tempest-LiveAutoBlockMigrationV225Test-541063754 tempest-LiveAutoBlockMigrationV225Test-541063754-project] Calling method '>' {{(pid=117701) _process_stack /opt/stack/nova/nova/api/openstack/wsgi.py:513}}
Nov 15 11:10:13.488740 n-d-729945-9 devstack@n-api.service[117701]: DEBUG nova.compute.api [None req-afb53c96-ebb9-4d33-bf34-b4686e1e4f90 tempest-LiveAutoBlockMigrationV225Test-541063754 tempest-LiveAutoBlockMigrationV225Test-541063754-project] [instance: 0a225b70-a6dc-4d48-8c58-cebebf58954b] Fetching instance by UUID {{(pid=117701) get /opt/stack/nova/nova/compute/api.py:2865}}
Nov 15 11:10:13.496946 n-d-729945-9 devstack@n-api.service[117701]: DEBUG oslo_concurrency.lockutils [None req-afb53c96-ebb9-4d33-bf34-b4686e1e4f90 tempest-LiveAutoBlockMigrationV225Test-541063754 tempest-LiveAutoBlockMigrationV225Test-541063754-project] Lock "a541cb14-0567-4a5f-9bef-a8495b011e40" acquired by "nova.context.set_target_cell..get_or_set_cached_cell_and_set_connections" :: waited 0.000s {{(pid=117701) inner /usr/local/lib/python3.8/dist-packages/oslo_concurrency/lockutils.py:386}}
Nov 15 11:10:13.497792 n-d-729945-9 devstack@n-api.service[117701]: DEBUG oslo_concurrency.lockutils [None req-afb53c96-ebb9-4d33-bf34-b4686e1e4f90 tempest-LiveAutoBlockMigrationV225Test-541063754 tempest-LiveAutoBlockMigrationV225Test-541063754-project] Lock "a541cb14-0567-4a5f-9bef-a8495b011e40" "released" by "nova.context.set_target_cell..get_or_set_cached_cell_and_set_connections" :: held 0.001s {{(pid=117701) inner /usr/local/lib/python3.8/dist-packages/oslo_concurrency/lockutils.py:400}}
Nov 15 11:10:13.499264 n-d-729945-9 devstack@n-api.service[117701]: DEBUG oslo_concurrency.lockutils [None req-afb53c96-ebb9-4d33-bf34-b4686e1e4f90 tempest-LiveAutoBlockMigrationV225Test-541063754 tempest-LiveAutoBlockMigrationV225Test-541063754-project] Lock "a541cb14-0567-4a5f-9bef-a8495b011e40" acquired by "nova.context.set_target_cell..get_or_set_cached_cell_and_set_connections" :: waited 0.000s {{(pid=117701) inner /usr/local/lib/python3.8/dist-packages/oslo_concurrency/lockutils.py:386}}
Nov 15 11:10:13.499983 n-d-729945-9 devstack@n-api.service[117701]: DEBUG oslo_concurrency.lockutils [None req-afb53c96-ebb9-4d33-bf34-b4686e1e4f90 tempest-LiveAutoBlockMigrationV225Test-541063754 tempest-LiveAutoBlockMigrationV225Test-541063754-project] Lock "a541cb14-0567-4a5f-9bef-a8495b011e40" "released" by "nova.context.set_target_cell..get_or_set_cached_cell_and_set_connections" :: held 0.001s {{(pid=117701) inner /usr/local/lib/python3.8/dist-packages/oslo_concurrency/lockutils.py:400}}
Nov 15 11:10:13.675649 n-d-729945-9 devstack@n-api.service[117702]: INFO nova.api.openstack.requestlog [None req-2cff728f-a29c-47b3-a8bd-f22d7717d336 tempest-ImagesMetadataTestJSON-1086564888 tempest-ImagesMetadataTestJSON-1086564888-project] 10.222.0.64 "PUT /compute/v2.1/images/83255aeb-a4a1-4a3b-a07e-39727637856d/metadata" status: 200 len: 61 microversion: 2.1 time: 0.477383
Nov 15 11:10:13.676286 n-d-729945-9 devstack@n-api.service[117702]: [pid: 117702|app: 0|req: 197/398] 10.222.0.64 () {60 vars in 1279 bytes} [Mon Nov 15 11:10:13 2021] PUT /compute/v2.1/images/83255aeb-a4a1-4a3b-a07e-39727637856d/metadata => generated 61 bytes in 479 msecs (HTTP/1.1 200) 9 headers in 356 bytes (1 switches on core 0)
Nov 15 11:10:13.685654 n-d-729945-9 devstack@n-api.service[117702]: DEBUG nova.api.openstack.wsgi [None req-4c2059eb-b06e-4250-aee0-133ffcd67422 tempest-ServersWithSpecificFlavorTestJSON-242113605 tempest-ServersWithSpecificFlavorTestJSON-242113605-project] Action: 'action', calling method: >, body: {"os-getConsoleOutput": {}} {{(pid=117702) _process_stack /opt/stack/nova/nova/api/openstack/wsgi.py:511}}
Nov 15 11:10:13.690502 n-d-729945-9 devstack@n-api.service[117702]: DEBUG nova.compute.api [None req-4c2059eb-b06e-4250-aee0-133ffcd67422 tempest-ServersWithSpecificFlavorTestJSON-242113605 tempest-ServersWithSpecificFlavorTestJSON-242113605-project] [instance: 432dfa28-48da-4a1e-adec-b9bd084e2cb2] Fetching instance by UUID {{(pid=117702) get /opt/stack/nova/nova/compute/api.py:2865}}
Nov 15 11:10:13.698272 n-d-729945-9 devstack@n-api.service[117702]: DEBUG oslo_concurrency.lockutils [None req-4c2059eb-b06e-4250-aee0-133ffcd67422 tempest-ServersWithSpecificFlavorTestJSON-242113605 tempest-ServersWithSpecificFlavorTestJSON-242113605-project] Lock "a541cb14-0567-4a5f-9bef-a8495b011e40" acquired by "nova.context.set_target_cell..get_or_set_cached_cell_and_set_connections" :: waited 0.000s {{(pid=117702) inner /usr/local/lib/python3.8/dist-packages/oslo_concurrency/lockutils.py:386}}
Nov 15 11:10:13.699138 n-d-729945-9 devstack@n-api.service[117702]: DEBUG oslo_concurrency.lockutils [None req-4c2059eb-b06e-4250-aee0-133ffcd67422 tempest-ServersWithSpecificFlavorTestJSON-242113605 tempest-ServersWithSpecificFlavorTestJSON-242113605-project] Lock "a541cb14-0567-4a5f-9bef-a8495b011e40" "released" by "nova.context.set_target_cell..get_or_set_cached_cell_and_set_connections" :: held 0.001s {{(pid=117702) inner /usr/local/lib/python3.8/dist-packages/oslo_concurrency/lockutils.py:400}}
Nov 15 11:10:13.700192 n-d-729945-9 devstack@n-api.service[117702]: DEBUG oslo_concurrency.lockutils [None req-4c2059eb-b06e-4250-aee0-133ffcd67422 tempest-ServersWithSpecificFlavorTestJSON-242113605 tempest-ServersWithSpecificFlavorTestJSON-242113605-project] Lock "a541cb14-0567-4a5f-9bef-a8495b011e40" acquired by "nova.context.set_target_cell..get_or_set_cached_cell_and_set_connections" :: waited 0.000s {{(pid=117702) inner /usr/local/lib/python3.8/dist-packages/oslo_concurrency/lockutils.py:386}}
Nov 15 11:10:13.700845 n-d-729945-9 devstack@n-api.service[117702]: DEBUG oslo_concurrency.lockutils [None req-4c2059eb-b06e-4250-aee0-133ffcd67422 tempest-ServersWithSpecificFlavorTestJSON-242113605 tempest-ServersWithSpecificFlavorTestJSON-242113605-project] Lock "a541cb14-0567-4a5f-9bef-a8495b011e40" "released" by "nova.context.set_target_cell..get_or_set_cached_cell_and_set_connections" :: held 0.001s {{(pid=117702) inner /usr/local/lib/python3.8/dist-packages/oslo_concurrency/lockutils.py:400}}
Nov 15 11:10:13.712035 n-d-729945-9 devstack@n-api.service[117701]: DEBUG nova.policy [None req-afb53c96-ebb9-4d33-bf34-b4686e1e4f90 tempest-LiveAutoBlockMigrationV225Test-541063754 tempest-LiveAutoBlockMigrationV225Test-541063754-project] Policy check for os_compute_api:os-extended-server-attributes failed with credentials {'is_admin': False, 'user_id': '322608571a4b4c25b1001ad07916495f', 'user_domain_id': 'default', 'system_scope': None, 'domain_id': None, 'project_id': '15d30ad0cec74e39a796f7b31ab517b2', 'project_domain_id': 'default', 'roles': ['reader', 'member'], 'is_admin_project': True, 'service_user_id': None, 'service_user_domain_id': None, 'service_project_id': None, 'service_project_domain_id': None, 'service_roles': []} {{(pid=117701) authorize /opt/stack/nova/nova/policy.py:199}}
Nov 15 11:10:13.720372 n-d-729945-9 devstack@n-api.service[117701]: DEBUG nova.policy [None req-afb53c96-ebb9-4d33-bf34-b4686e1e4f90 tempest-LiveAutoBlockMigrationV225Test-541063754 tempest-LiveAutoBlockMigrationV225Test-541063754-project] Policy check for os_compute_api:servers:show:host_status failed with credentials {'is_admin': False, 'user_id': '322608571a4b4c25b1001ad07916495f', 'user_domain_id': 'default', 'system_scope': None, 'domain_id': None, 'project_id': '15d30ad0cec74e39a796f7b31ab517b2', 'project_domain_id': 'default', 'roles': ['reader', 'member'], 'is_admin_project': True, 'service_user_id': None, 'service_user_domain_id': None, 'service_project_id': None, 'service_project_domain_id': None, 'service_roles': []} {{(pid=117701) authorize /opt/stack/nova/nova/policy.py:199}}
Nov 15 11:10:13.722844 n-d-729945-9 devstack@n-api.service[117701]: DEBUG nova.policy [None req-afb53c96-ebb9-4d33-bf34-b4686e1e4f90 tempest-LiveAutoBlockMigrationV225Test-541063754 tempest-LiveAutoBlockMigrationV225Test-541063754-project] Policy check for os_compute_api:servers:show:host_status:unknown-only failed with credentials {'is_admin': False, 'user_id': '322608571a4b4c25b1001ad07916495f', 'user_domain_id': 'default', 'system_scope': None, 'domain_id': None, 'project_id': '15d30ad0cec74e39a796f7b31ab517b2', 'project_domain_id': 'default', 'roles': ['reader', 'member'], 'is_admin_project': True, 'service_user_id': None, 'service_user_domain_id': None, 'service_project_id': None, 'service_project_domain_id': None, 'service_roles': []} {{(pid=117701) authorize /opt/stack/nova/nova/policy.py:199}}
Nov 15 11:10:13.725268 n-d-729945-9 devstack@n-api.service[117701]: INFO nova.api.openstack.requestlog [None req-afb53c96-ebb9-4d33-bf34-b4686e1e4f90 tempest-LiveAutoBlockMigrationV225Test-541063754 tempest-LiveAutoBlockMigrationV225Test-541063754-project] 10.222.0.64 "GET /compute/v2.1/servers/0a225b70-a6dc-4d48-8c58-cebebf58954b" status: 200 len: 1557 microversion: 2.25 time: 0.241461
Nov 15 11:10:13.725268 n-d-729945-9 devstack@n-api.service[117701]: [pid: 117701|app: 0|req: 202/399] 10.222.0.64 () {60 vars in 1276 bytes} [Mon Nov 15 11:10:13 2021] GET /compute/v2.1/servers/0a225b70-a6dc-4d48-8c58-cebebf58954b => generated 1557 bytes in 243 msecs (HTTP/1.1 200) 9 headers in 360 bytes (1 switches on core 0)
Nov 15 11:10:13.738629 n-d-729945-9 devstack@n-api.service[117701]: DEBUG nova.api.openstack.wsgi [None req-7c527ae0-3459-49d8-a8ff-8fa7588e7db0 tempest-ImagesMetadataTestJSON-1086564888 tempest-ImagesMetadataTestJSON-1086564888-project] Action: 'update', calling method: .version_select at 0x7fe67a3cf700>, body: {"meta": {"os_version": "alt"}} {{(pid=117701) _process_stack /opt/stack/nova/nova/api/openstack/wsgi.py:511}}
Nov 15 11:10:13.753420 n-d-729945-9 devstack@n-api.service[117702]: INFO nova.api.openstack.requestlog [None req-4c2059eb-b06e-4250-aee0-133ffcd67422 tempest-ServersWithSpecificFlavorTestJSON-242113605 tempest-ServersWithSpecificFlavorTestJSON-242113605-project] 10.222.0.64 "POST /compute/v2.1/servers/432dfa28-48da-4a1e-adec-b9bd084e2cb2/action" status: 200 len: 14 microversion: 2.1 time: 0.071797
Nov 15 11:10:13.757484 n-d-729945-9 devstack@n-api.service[117702]: [pid: 117702|app: 0|req: 198/400] 10.222.0.64 () {60 vars in 1277 bytes} [Mon Nov 15 11:10:13 2021] POST /compute/v2.1/servers/432dfa28-48da-4a1e-adec-b9bd084e2cb2/action => generated 14 bytes in 73 msecs (HTTP/1.1 200) 9 headers in 356 bytes (1 switches on core 0)
Nov 15 11:10:13.759396 n-d-729945-9 devstack@n-api.service[117702]: DEBUG nova.api.openstack.wsgi [None req-422064d9-d164-440a-b840-36298ed0785f tempest-LiveMigrationTest-78944723 tempest-LiveMigrationTest-78944723-project] Calling method '>' {{(pid=117702) _process_stack /opt/stack/nova/nova/api/openstack/wsgi.py:513}}
Nov 15 11:10:13.760134 n-d-729945-9 devstack@n-api.service[117702]: DEBUG nova.compute.api [None req-422064d9-d164-440a-b840-36298ed0785f tempest-LiveMigrationTest-78944723 tempest-LiveMigrationTest-78944723-project] [instance: 30e11502-3e76-48ce-9f73-6a45023145c8] Fetching instance by UUID {{(pid=117702) get /opt/stack/nova/nova/compute/api.py:2865}}
Nov 15 11:10:13.771798 n-d-729945-9 devstack@n-api.service[117702]: DEBUG oslo_concurrency.lockutils [None req-422064d9-d164-440a-b840-36298ed0785f tempest-LiveMigrationTest-78944723 tempest-LiveMigrationTest-78944723-project] Lock "a541cb14-0567-4a5f-9bef-a8495b011e40" acquired by "nova.context.set_target_cell..get_or_set_cached_cell_and_set_connections" :: waited 0.000s {{(pid=117702) inner /usr/local/lib/python3.8/dist-packages/oslo_concurrency/lockutils.py:386}}
Nov 15 11:10:13.772272 n-d-729945-9 devstack@n-api.service[117702]: DEBUG oslo_concurrency.lockutils [None req-422064d9-d164-440a-b840-36298ed0785f tempest-LiveMigrationTest-78944723 tempest-LiveMigrationTest-78944723-project] Lock "a541cb14-0567-4a5f-9bef-a8495b011e40" "released" by "nova.context.set_target_cell..get_or_set_cached_cell_and_set_connections" :: held 0.001s {{(pid=117702) inner /usr/local/lib/python3.8/dist-packages/oslo_concurrency/lockutils.py:400}}
Nov 15 11:10:13.773277 n-d-729945-9 devstack@n-api.service[117702]: DEBUG oslo_concurrency.lockutils [None req-422064d9-d164-440a-b840-36298ed0785f tempest-LiveMigrationTest-78944723 tempest-LiveMigrationTest-78944723-project] Lock "a541cb14-0567-4a5f-9bef-a8495b011e40" acquired by "nova.context.set_target_cell..get_or_set_cached_cell_and_set_connections" :: waited 0.000s {{(pid=117702) inner /usr/local/lib/python3.8/dist-packages/oslo_concurrency/lockutils.py:386}}
Nov 15 11:10:13.773979 n-d-729945-9 devstack@n-api.service[117702]: DEBUG oslo_concurrency.lockutils [None req-422064d9-d164-440a-b840-36298ed0785f tempest-LiveMigrationTest-78944723 tempest-LiveMigrationTest-78944723-project] Lock "a541cb14-0567-4a5f-9bef-a8495b011e40" "released" by "nova.context.set_target_cell..get_or_set_cached_cell_and_set_connections" :: held 0.001s {{(pid=117702) inner /usr/local/lib/python3.8/dist-packages/oslo_concurrency/lockutils.py:400}}
Nov 15 11:10:13.803620 n-d-729945-9 devstack@n-api.service[117701]: DEBUG nova.quota [None req-7c527ae0-3459-49d8-a8ff-8fa7588e7db0 tempest-ImagesMetadataTestJSON-1086564888 tempest-ImagesMetadataTestJSON-1086564888-project] Getting quotas for project c803fdadf3314c0f8bf7072f9c2d23e3. Resources: dict_keys(['metadata_items']) {{(pid=117701) _get_quotas /opt/stack/nova/nova/quota.py:387}}
Nov 15 11:10:13.807757 n-d-729945-9 devstack@n-api.service[117701]: DEBUG nova.quota [None req-7c527ae0-3459-49d8-a8ff-8fa7588e7db0 tempest-ImagesMetadataTestJSON-1086564888 tempest-ImagesMetadataTestJSON-1086564888-project] Getting quotas for user 3d65f1565e9249e6be8f6b1d33d156ae and project c803fdadf3314c0f8bf7072f9c2d23e3. Resources: dict_keys(['metadata_items']) {{(pid=117701) _get_quotas /opt/stack/nova/nova/quota.py:377}}
Nov 15 11:10:13.932156 n-d-729945-9 devstack@n-api.service[117702]: DEBUG nova.policy [None req-422064d9-d164-440a-b840-36298ed0785f tempest-LiveMigrationTest-78944723 tempest-LiveMigrationTest-78944723-project] Policy check for os_compute_api:os-extended-server-attributes failed with credentials {'is_admin': False, 'user_id': '17c43094620c43bca720c1f1db4e963b', 'user_domain_id': 'default', 'system_scope': None, 'domain_id': None, 'project_id': 'd1bb86b62ca44c409ecbffbdf93d7c92', 'project_domain_id': 'default', 'roles': ['reader', 'member'], 'is_admin_project': True, 'service_user_id': None, 'service_user_domain_id': None, 'service_project_id': None, 'service_project_domain_id': None, 'service_roles': []} {{(pid=117702) authorize /opt/stack/nova/nova/policy.py:199}}
Nov 15 11:10:13.940517 n-d-729945-9 devstack@n-api.service[117702]: INFO nova.api.openstack.requestlog [None req-422064d9-d164-440a-b840-36298ed0785f tempest-LiveMigrationTest-78944723 tempest-LiveMigrationTest-78944723-project] 10.222.0.64 "GET /compute/v2.1/servers/30e11502-3e76-48ce-9f73-6a45023145c8" status: 200 len: 1502 microversion: 2.1 time: 0.185323
Nov 15 11:10:13.941312 n-d-729945-9 devstack@n-api.service[117702]: [pid: 117702|app: 0|req: 199/401] 10.222.0.64 () {58 vars in 1235 bytes} [Mon Nov 15 11:10:13 2021] GET /compute/v2.1/servers/30e11502-3e76-48ce-9f73-6a45023145c8 => generated 1502 bytes in 187 msecs (HTTP/1.1 200) 9 headers in 358 bytes (1 switches on core 0)
Nov 15 11:10:13.955606 n-d-729945-9 devstack@n-api.service[117702]: DEBUG nova.api.openstack.wsgi [None req-9124fe77-4cbb-4285-a838-76a36f5c5fdb tempest-LiveAutoBlockMigrationV225Test-701231093 tempest-LiveAutoBlockMigrationV225Test-701231093-project-admin] Calling method '.version_select at 0x7fe67a456e50>' {{(pid=117702) _process_stack /opt/stack/nova/nova/api/openstack/wsgi.py:513}}
Nov 15 11:10:13.957059 n-d-729945-9 devstack@n-api.service[117702]: /usr/local/lib/python3.8/dist-packages/oslo_policy/policy.py:1075: UserWarning: Policy os_compute_api:os-migrations:index failed scope check. The token used to make the request was project scoped but the policy requires ['system'] scope. This behavior may change in the future where using the intended scope is required
Nov 15 11:10:13.957059 n-d-729945-9 devstack@n-api.service[117702]: warnings.warn(msg)
Nov 15 11:10:13.958472 n-d-729945-9 devstack@n-api.service[117702]: DEBUG oslo_concurrency.lockutils [None req-9124fe77-4cbb-4285-a838-76a36f5c5fdb tempest-LiveAutoBlockMigrationV225Test-701231093 tempest-LiveAutoBlockMigrationV225Test-701231093-project-admin] Lock "a541cb14-0567-4a5f-9bef-a8495b011e40" acquired by "nova.context.set_target_cell..get_or_set_cached_cell_and_set_connections" :: waited 0.000s {{(pid=117702) inner /usr/local/lib/python3.8/dist-packages/oslo_concurrency/lockutils.py:386}}
Nov 15 11:10:13.958926 n-d-729945-9 devstack@n-api.service[117702]: DEBUG oslo_concurrency.lockutils [None req-9124fe77-4cbb-4285-a838-76a36f5c5fdb tempest-LiveAutoBlockMigrationV225Test-701231093 tempest-LiveAutoBlockMigrationV225Test-701231093-project-admin] Lock "a541cb14-0567-4a5f-9bef-a8495b011e40" "released" by "nova.context.set_target_cell..get_or_set_cached_cell_and_set_connections" :: held 0.000s {{(pid=117702) inner /usr/local/lib/python3.8/dist-packages/oslo_concurrency/lockutils.py:400}}
Nov 15 11:10:13.977341 n-d-729945-9 devstack@n-api.service[117702]: INFO nova.api.openstack.requestlog [None req-9124fe77-4cbb-4285-a838-76a36f5c5fdb tempest-LiveAutoBlockMigrationV225Test-701231093 tempest-LiveAutoBlockMigrationV225Test-701231093-project-admin] 10.222.0.64 "GET /compute/v2.1/os-migrations" status: 200 len: 1767 microversion: 2.25 time: 0.025290
Nov 15 11:10:13.978248 n-d-729945-9 devstack@n-api.service[117702]: [pid: 117702|app: 0|req: 200/402] 10.222.0.64 () {60 vars in 1183 bytes} [Mon Nov 15 11:10:13 2021] GET /compute/v2.1/os-migrations => generated 1767 bytes in 36 msecs (HTTP/1.1 200) 9 headers in 360 bytes (1 switches on core 0)
Nov 15 11:10:14.193789 n-d-729945-9 devstack@n-api.service[117701]: INFO nova.api.openstack.requestlog [None req-7c527ae0-3459-49d8-a8ff-8fa7588e7db0 tempest-ImagesMetadataTestJSON-1086564888 tempest-ImagesMetadataTestJSON-1086564888-project] 10.222.0.64 "PUT /compute/v2.1/images/83255aeb-a4a1-4a3b-a07e-39727637856d/metadata/os_version" status: 200 len: 31 microversion: 2.1 time: 0.459519
Nov 15 11:10:14.194384 n-d-729945-9 devstack@n-api.service[117701]: [pid: 117701|app: 0|req: 203/403] 10.222.0.64 () {60 vars in 1312 bytes} [Mon Nov 15 11:10:13 2021] PUT /compute/v2.1/images/83255aeb-a4a1-4a3b-a07e-39727637856d/metadata/os_version => generated 31 bytes in 469 msecs (HTTP/1.1 200) 9 headers in 356 bytes (1 switches on core 0)
Nov 15 11:10:14.199120 n-d-729945-9 devstack@n-api.service[117701]: DEBUG nova.api.openstack.wsgi [None req-f7133022-afb9-445e-8bd5-a6c690a241eb tempest-LiveAutoBlockMigrationV225Test-701231093 tempest-LiveAutoBlockMigrationV225Test-701231093-project-admin] Calling method '>' {{(pid=117701) _process_stack /opt/stack/nova/nova/api/openstack/wsgi.py:513}}
Nov 15 11:10:14.199720 n-d-729945-9 devstack@n-api.service[117701]: DEBUG nova.compute.api [None req-f7133022-afb9-445e-8bd5-a6c690a241eb tempest-LiveAutoBlockMigrationV225Test-701231093 tempest-LiveAutoBlockMigrationV225Test-701231093-project-admin] [instance: 0a225b70-a6dc-4d48-8c58-cebebf58954b] Fetching instance by UUID {{(pid=117701) get /opt/stack/nova/nova/compute/api.py:2865}}
Nov 15 11:10:14.205884 n-d-729945-9 devstack@n-api.service[117701]: DEBUG oslo_concurrency.lockutils [None req-f7133022-afb9-445e-8bd5-a6c690a241eb tempest-LiveAutoBlockMigrationV225Test-701231093 tempest-LiveAutoBlockMigrationV225Test-701231093-project-admin] Lock "a541cb14-0567-4a5f-9bef-a8495b011e40" acquired by "nova.context.set_target_cell..get_or_set_cached_cell_and_set_connections" :: waited 0.000s {{(pid=117701) inner /usr/local/lib/python3.8/dist-packages/oslo_concurrency/lockutils.py:386}}
Nov 15 11:10:14.206332 n-d-729945-9 devstack@n-api.service[117701]: DEBUG oslo_concurrency.lockutils [None req-f7133022-afb9-445e-8bd5-a6c690a241eb tempest-LiveAutoBlockMigrationV225Test-701231093 tempest-LiveAutoBlockMigrationV225Test-701231093-project-admin] Lock "a541cb14-0567-4a5f-9bef-a8495b011e40" "released" by "nova.context.set_target_cell..get_or_set_cached_cell_and_set_connections" :: held 0.001s {{(pid=117701) inner /usr/local/lib/python3.8/dist-packages/oslo_concurrency/lockutils.py:400}}
Nov 15 11:10:14.207187 n-d-729945-9 devstack@n-api.service[117701]: DEBUG oslo_concurrency.lockutils [None req-f7133022-afb9-445e-8bd5-a6c690a241eb tempest-LiveAutoBlockMigrationV225Test-701231093 tempest-LiveAutoBlockMigrationV225Test-701231093-project-admin] Lock "a541cb14-0567-4a5f-9bef-a8495b011e40" acquired by "nova.context.set_target_cell..get_or_set_cached_cell_and_set_connections" :: waited 0.000s {{(pid=117701) inner /usr/local/lib/python3.8/dist-packages/oslo_concurrency/lockutils.py:386}}
Nov 15 11:10:14.207621 n-d-729945-9 devstack@n-api.service[117701]: DEBUG oslo_concurrency.lockutils [None req-f7133022-afb9-445e-8bd5-a6c690a241eb tempest-LiveAutoBlockMigrationV225Test-701231093 tempest-LiveAutoBlockMigrationV225Test-701231093-project-admin] Lock "a541cb14-0567-4a5f-9bef-a8495b011e40" "released" by "nova.context.set_target_cell..get_or_set_cached_cell_and_set_connections" :: held 0.000s {{(pid=117701) inner /usr/local/lib/python3.8/dist-packages/oslo_concurrency/lockutils.py:400}}
Nov 15 11:10:14.351248 n-d-729945-9 devstack@n-api.service[117701]: DEBUG nova.objects.instance [None req-f7133022-afb9-445e-8bd5-a6c690a241eb tempest-LiveAutoBlockMigrationV225Test-701231093 tempest-LiveAutoBlockMigrationV225Test-701231093-project-admin] Lazy-loading 'services' on Instance uuid 0a225b70-a6dc-4d48-8c58-cebebf58954b {{(pid=117701) obj_load_attr /opt/stack/nova/nova/objects/instance.py:1099}}
Nov 15 11:10:14.366876 n-d-729945-9 devstack@n-api.service[117702]: DEBUG nova.api.openstack.wsgi [None req-1f217df2-34f5-4ec2-b51f-f9a34bd85d46 tempest-ServersOnMultiNodesTest-1214858735 tempest-ServersOnMultiNodesTest-1214858735-project] Action: 'create', calling method: >, body: {"server": {"name": "tempest-ServersOnMultiNodesTest-server-505865863", "imageRef": "5129a7e8-5af7-4b7e-99c7-38142ec6a41b", "flavorRef": "452"}} {{(pid=117702) _process_stack /opt/stack/nova/nova/api/openstack/wsgi.py:511}}
Nov 15 11:10:14.372483 n-d-729945-9 devstack@n-api.service[117701]: INFO nova.api.openstack.requestlog [None req-f7133022-afb9-445e-8bd5-a6c690a241eb tempest-LiveAutoBlockMigrationV225Test-701231093 tempest-LiveAutoBlockMigrationV225Test-701231093-project-admin] 10.222.0.64 "GET /compute/v2.1/servers/0a225b70-a6dc-4d48-8c58-cebebf58954b" status: 200 len: 2049 microversion: 2.25 time: 0.176897
Nov 15 11:10:14.373085 n-d-729945-9 devstack@n-api.service[117701]: [pid: 117701|app: 0|req: 204/404] 10.222.0.64 () {60 vars in 1276 bytes} [Mon Nov 15 11:10:14 2021] GET /compute/v2.1/servers/0a225b70-a6dc-4d48-8c58-cebebf58954b => generated 2049 bytes in 178 msecs (HTTP/1.1 200) 9 headers in 360 bytes (1 switches on core 0)
Nov 15 11:10:14.452415 n-d-729945-9 devstack@n-api.service[117702]: DEBUG nova.network.neutron [None req-1f217df2-34f5-4ec2-b51f-f9a34bd85d46 tempest-ServersOnMultiNodesTest-1214858735 tempest-ServersOnMultiNodesTest-1214858735-project] validate_networks() for None {{(pid=117702) validate_networks /opt/stack/nova/nova/network/neutron.py:2482}}
Nov 15 11:10:14.497065 n-d-729945-9 devstack@n-api.service[117701]: DEBUG nova.api.openstack.wsgi [None req-acad4988-1356-4ff4-a7e3-11b10d76ae21 tempest-DeleteServersAdminTestJSON-1767626779 tempest-DeleteServersAdminTestJSON-1767626779-project] Action: 'create', calling method: >, body: {"server": {"name": "tempest-DeleteServersAdminTestJSON-server-1634827273", "imageRef": "5129a7e8-5af7-4b7e-99c7-38142ec6a41b", "flavorRef": "452"}} {{(pid=117701) _process_stack /opt/stack/nova/nova/api/openstack/wsgi.py:511}}
Nov 15 11:10:14.563266 n-d-729945-9 devstack@n-api.service[117701]: DEBUG nova.network.neutron [None req-acad4988-1356-4ff4-a7e3-11b10d76ae21 tempest-DeleteServersAdminTestJSON-1767626779 tempest-DeleteServersAdminTestJSON-1767626779-project] validate_networks() for None {{(pid=117701) validate_networks /opt/stack/nova/nova/network/neutron.py:2482}}
Nov 15 11:10:14.762783 n-d-729945-9 devstack@n-api.service[117702]: DEBUG nova.virt.hardware [None req-1f217df2-34f5-4ec2-b51f-f9a34bd85d46 tempest-ServersOnMultiNodesTest-1214858735 tempest-ServersOnMultiNodesTest-1214858735-project] Flavor limits 0:0:0 {{(pid=117702) get_cpu_topology_constraints /opt/stack/nova/nova/virt/hardware.py:343}}
Nov 15 11:10:14.763297 n-d-729945-9 devstack@n-api.service[117702]: DEBUG nova.virt.hardware [None req-1f217df2-34f5-4ec2-b51f-f9a34bd85d46 tempest-ServersOnMultiNodesTest-1214858735 tempest-ServersOnMultiNodesTest-1214858735-project] Image limits 0:0:0 {{(pid=117702) get_cpu_topology_constraints /opt/stack/nova/nova/virt/hardware.py:347}}
Nov 15 11:10:14.764142 n-d-729945-9 devstack@n-api.service[117702]: DEBUG nova.virt.hardware [None req-1f217df2-34f5-4ec2-b51f-f9a34bd85d46 tempest-ServersOnMultiNodesTest-1214858735 tempest-ServersOnMultiNodesTest-1214858735-project] Flavor pref 0:0:0 {{(pid=117702) get_cpu_topology_constraints /opt/stack/nova/nova/virt/hardware.py:383}}
Nov 15 11:10:14.764747 n-d-729945-9 devstack@n-api.service[117702]: DEBUG nova.virt.hardware [None req-1f217df2-34f5-4ec2-b51f-f9a34bd85d46 tempest-ServersOnMultiNodesTest-1214858735 tempest-ServersOnMultiNodesTest-1214858735-project] Image pref 0:0:0 {{(pid=117702) get_cpu_topology_constraints /opt/stack/nova/nova/virt/hardware.py:387}}
Nov 15 11:10:14.765348 n-d-729945-9 devstack@n-api.service[117702]: DEBUG nova.virt.hardware [None req-1f217df2-34f5-4ec2-b51f-f9a34bd85d46 tempest-ServersOnMultiNodesTest-1214858735 tempest-ServersOnMultiNodesTest-1214858735-project] Chose sockets=0, cores=0, threads=0; limits were sockets=65536, cores=65536, threads=65536 {{(pid=117702) get_cpu_topology_constraints /opt/stack/nova/nova/virt/hardware.py:425}}
Nov 15 11:10:14.775057 n-d-729945-9 devstack@n-api.service[117702]: DEBUG oslo_concurrency.lockutils [None req-1f217df2-34f5-4ec2-b51f-f9a34bd85d46 tempest-ServersOnMultiNodesTest-1214858735 tempest-ServersOnMultiNodesTest-1214858735-project] Lock "00000000-0000-0000-0000-000000000000" acquired by "nova.context.set_target_cell..get_or_set_cached_cell_and_set_connections" :: waited 0.000s {{(pid=117702) inner /usr/local/lib/python3.8/dist-packages/oslo_concurrency/lockutils.py:386}}
Nov 15 11:10:14.776139 n-d-729945-9 devstack@n-api.service[117702]: DEBUG oslo_concurrency.lockutils [None req-1f217df2-34f5-4ec2-b51f-f9a34bd85d46 tempest-ServersOnMultiNodesTest-1214858735 tempest-ServersOnMultiNodesTest-1214858735-project] Lock "00000000-0000-0000-0000-000000000000" "released" by "nova.context.set_target_cell..get_or_set_cached_cell_and_set_connections" :: held 0.001s {{(pid=117702) inner /usr/local/lib/python3.8/dist-packages/oslo_concurrency/lockutils.py:400}}
Nov 15 11:10:14.777419 n-d-729945-9 devstack@n-api.service[117702]: DEBUG oslo_concurrency.lockutils [None req-1f217df2-34f5-4ec2-b51f-f9a34bd85d46 tempest-ServersOnMultiNodesTest-1214858735 tempest-ServersOnMultiNodesTest-1214858735-project] Lock "a541cb14-0567-4a5f-9bef-a8495b011e40" acquired by "nova.context.set_target_cell..get_or_set_cached_cell_and_set_connections" :: waited 0.000s {{(pid=117702) inner /usr/local/lib/python3.8/dist-packages/oslo_concurrency/lockutils.py:386}}
Nov 15 11:10:14.777913 n-d-729945-9 devstack@n-api.service[117702]: DEBUG oslo_concurrency.lockutils [None req-1f217df2-34f5-4ec2-b51f-f9a34bd85d46 tempest-ServersOnMultiNodesTest-1214858735 tempest-ServersOnMultiNodesTest-1214858735-project] Lock "a541cb14-0567-4a5f-9bef-a8495b011e40" "released" by "nova.context.set_target_cell..get_or_set_cached_cell_and_set_connections" :: held 0.000s {{(pid=117702) inner /usr/local/lib/python3.8/dist-packages/oslo_concurrency/lockutils.py:400}}
Nov 15 11:10:14.795438 n-d-729945-9 devstack@n-api.service[117702]: DEBUG nova.quota [None req-1f217df2-34f5-4ec2-b51f-f9a34bd85d46 tempest-ServersOnMultiNodesTest-1214858735 tempest-ServersOnMultiNodesTest-1214858735-project] Getting quotas for project a6d46483816c4ff99a1f4543088780e7. Resources: {'instances', 'cores', 'ram'} {{(pid=117702) _get_quotas /opt/stack/nova/nova/quota.py:387}}
