Jul 27 16:35:24.290978 n-d-723572-6 devstack@placement-api.service[94415]: DEBUG placement.objects.research_context [req-ebb025ea-870a-42ce-b4e8-8adde2824201 req-8f4d811a-02c7-454d-99d0-6cd9e3b41ccd service placement] getting providers with 1 VCPU {{(pid=94415) __init__ /opt/stack/placement/placement/objects/research_context.py:126}}
Jul 27 16:35:24.314299 n-d-723572-6 devstack@placement-api.service[94415]: DEBUG placement.objects.research_context [req-ebb025ea-870a-42ce-b4e8-8adde2824201 req-8f4d811a-02c7-454d-99d0-6cd9e3b41ccd service placement] found 2 providers with available 1 DISK_GB {{(pid=94415) get_provider_ids_matching /opt/stack/placement/placement/objects/research_context.py:549}}
Jul 27 16:35:24.315152 n-d-723572-6 devstack@placement-api.service[94415]: DEBUG placement.objects.research_context [req-ebb025ea-870a-42ce-b4e8-8adde2824201 req-8f4d811a-02c7-454d-99d0-6cd9e3b41ccd service placement] found 2 providers with available 1024 MEMORY_MB {{(pid=94415) get_provider_ids_matching /opt/stack/placement/placement/objects/research_context.py:549}}
Jul 27 16:35:24.316559 n-d-723572-6 devstack@placement-api.service[94415]: DEBUG placement.objects.research_context [req-ebb025ea-870a-42ce-b4e8-8adde2824201 req-8f4d811a-02c7-454d-99d0-6cd9e3b41ccd service placement] found 2 providers after filtering by previous result {{(pid=94415) get_provider_ids_matching /opt/stack/placement/placement/objects/research_context.py:580}}
Jul 27 16:35:24.318013 n-d-723572-6 devstack@placement-api.service[94415]: DEBUG placement.objects.research_context [req-ebb025ea-870a-42ce-b4e8-8adde2824201 req-8f4d811a-02c7-454d-99d0-6cd9e3b41ccd service placement] found 2 providers with available 1 VCPU {{(pid=94415) get_provider_ids_matching /opt/stack/placement/placement/objects/research_context.py:549}}
Jul 27 16:35:24.319684 n-d-723572-6 devstack@placement-api.service[94415]: DEBUG placement.objects.research_context [req-ebb025ea-870a-42ce-b4e8-8adde2824201 req-8f4d811a-02c7-454d-99d0-6cd9e3b41ccd service placement] found 2 providers after filtering by previous result {{(pid=94415) get_provider_ids_matching /opt/stack/placement/placement/objects/research_context.py:580}}
Jul 27 16:35:24.382346 n-d-723572-6 devstack@placement-api.service[94415]: DEBUG placement.objects.allocation_candidate [req-ebb025ea-870a-42ce-b4e8-8adde2824201 req-8f4d811a-02c7-454d-99d0-6cd9e3b41ccd service placement] RequestGroup(use_same_provider=False, resources={DISK_GB:1, MEMORY_MB:1024, VCPU:1}, traits=[], aggregates=[]) (suffix '') returned 2 matches {{(pid=94415) _get_by_requests /opt/stack/placement/placement/objects/allocation_candidate.py:145}}
Jul 27 16:35:24.384894 n-d-723572-6 devstack@placement-api.service[94415]: DEBUG placement.objects.allocation_candidate [req-ebb025ea-870a-42ce-b4e8-8adde2824201 req-8f4d811a-02c7-454d-99d0-6cd9e3b41ccd service placement] Merging candidates yields 2 allocation requests and 2 provider summaries {{(pid=94415) _merge_candidates /opt/stack/placement/placement/objects/allocation_candidate.py:783}}
Jul 27 16:35:24.392500 n-d-723572-6 devstack@placement-api.service[94415]: INFO placement.requestlog [req-ebb025ea-870a-42ce-b4e8-8adde2824201 req-8f4d811a-02c7-454d-99d0-6cd9e3b41ccd service placement] 10.222.0.64 "GET /placement/allocation_candidates?limit=1000&resources=DISK_GB%3A1%2CMEMORY_MB%3A1024%2CVCPU%3A1&root_required=%21COMPUTE_STATUS_DISABLED" status: 200 len: 1309 microversion: 1.35
Jul 27 16:35:24.408046 n-d-723572-6 devstack@placement-api.service[94415]: [pid: 94415|app: 0|req: 130/264] 10.222.0.64 () {60 vars in 1507 bytes} [Tue Jul 27 16:35:24 2021] GET /placement/allocation_candidates?limit=1000&resources=DISK_GB%3A1%2CMEMORY_MB%3A1024%2CVCPU%3A1&root_required=%21COMPUTE_STATUS_DISABLED => generated 1309 bytes in 390 msecs (HTTP/1.1 200) 8 headers in 297 bytes (1 switches on core 0)
Jul 27 16:35:24.553625 n-d-723572-6 devstack@placement-api.service[94416]: DEBUG placement.requestlog [req-ebb025ea-870a-42ce-b4e8-8adde2824201 req-321e09da-3b08-4ae3-9492-0064e9317de7 None None] Starting request: 10.222.0.64 "GET /placement/allocations/2be32600-d1af-4d15-b9d5-c661fa5db776" {{(pid=94416) __call__ /opt/stack/placement/placement/requestlog.py:55}}
Jul 27 16:35:24.600214 n-d-723572-6 devstack@placement-api.service[94416]: INFO placement.requestlog [req-ebb025ea-870a-42ce-b4e8-8adde2824201 req-321e09da-3b08-4ae3-9492-0064e9317de7 service placement] 10.222.0.64 "GET /placement/allocations/2be32600-d1af-4d15-b9d5-c661fa5db776" status: 200 len: 19 microversion: 1.28
Jul 27 16:35:24.602100 n-d-723572-6 devstack@placement-api.service[94416]: [pid: 94416|app: 0|req: 135/265] 10.222.0.64 () {60 vars in 1381 bytes} [Tue Jul 27 16:35:24 2021] GET /placement/allocations/2be32600-d1af-4d15-b9d5-c661fa5db776 => generated 19 bytes in 52 msecs (HTTP/1.1 200) 8 headers in 295 bytes (1 switches on core 0)
Jul 27 16:35:24.610761 n-d-723572-6 devstack@placement-api.service[94415]: DEBUG placement.requestlog [req-ebb025ea-870a-42ce-b4e8-8adde2824201 req-e147ced5-01e9-4764-89cf-d472fad87601 None None] Starting request: 10.222.0.64 "PUT /placement/allocations/2be32600-d1af-4d15-b9d5-c661fa5db776" {{(pid=94415) __call__ /opt/stack/placement/placement/requestlog.py:55}}
Jul 27 16:35:24.842700 n-d-723572-6 devstack@placement-api.service[94415]: DEBUG placement.handlers.allocation [req-ebb025ea-870a-42ce-b4e8-8adde2824201 req-e147ced5-01e9-4764-89cf-d472fad87601 service placement] Successfully wrote allocations [, , ] {{(pid=94415) _create_allocations /opt/stack/placement/placement/handlers/allocation.py:435}}
Jul 27 16:35:24.845082 n-d-723572-6 devstack@placement-api.service[94415]: INFO placement.requestlog [req-ebb025ea-870a-42ce-b4e8-8adde2824201 req-e147ced5-01e9-4764-89cf-d472fad87601 service placement] 10.222.0.64 "PUT /placement/allocations/2be32600-d1af-4d15-b9d5-c661fa5db776" status: 204 len: 0 microversion: 1.35
Jul 27 16:35:24.846137 n-d-723572-6 devstack@placement-api.service[94415]: [pid: 94415|app: 0|req: 131/266] 10.222.0.64 () {64 vars in 1434 bytes} [Tue Jul 27 16:35:24 2021] PUT /placement/allocations/2be32600-d1af-4d15-b9d5-c661fa5db776 => generated 0 bytes in 236 msecs (HTTP/1.1 204) 5 headers in 199 bytes (2 switches on core 0)
Jul 27 16:35:25.833094 n-d-723572-6 devstack@placement-api.service[94416]: DEBUG placement.requestlog [req-ebb025ea-870a-42ce-b4e8-8adde2824201 req-5aaf79e9-ee2c-4014-bf25-99aace0287fd None None] Starting request: 10.222.0.13 "GET /placement/allocations/2be32600-d1af-4d15-b9d5-c661fa5db776" {{(pid=94416) __call__ /opt/stack/placement/placement/requestlog.py:55}}
Jul 27 16:35:25.867492 n-d-723572-6 devstack@placement-api.service[94416]: INFO placement.requestlog [req-ebb025ea-870a-42ce-b4e8-8adde2824201 req-5aaf79e9-ee2c-4014-bf25-99aace0287fd service placement] 10.222.0.13 "GET /placement/allocations/2be32600-d1af-4d15-b9d5-c661fa5db776" status: 200 len: 259 microversion: 1.28
Jul 27 16:35:25.868352 n-d-723572-6 devstack@placement-api.service[94416]: [pid: 94416|app: 0|req: 136/267] 10.222.0.13 () {60 vars in 1378 bytes} [Tue Jul 27 16:35:25 2021] GET /placement/allocations/2be32600-d1af-4d15-b9d5-c661fa5db776 => generated 259 bytes in 37 msecs (HTTP/1.1 200) 8 headers in 296 bytes (2 switches on core 0)
Jul 27 16:35:45.589383 n-d-723572-6 devstack@placement-api.service[94415]: DEBUG placement.requestlog [req-117ce759-0739-4845-9f09-e30ce06fcfe0 req-974f77e1-4428-4c10-abbf-b05615fe2887 None None] Starting request: 10.222.0.64 "GET /placement/allocation_candidates?limit=1000&resources=DISK_GB%3A1%2CMEMORY_MB%3A1024%2CVCPU%3A1&root_required=%21COMPUTE_STATUS_DISABLED" {{(pid=94415) __call__ /opt/stack/placement/placement/requestlog.py:55}}
Jul 27 16:35:45.702529 n-d-723572-6 devstack@placement-api.service[94415]: DEBUG placement.objects.research_context [req-117ce759-0739-4845-9f09-e30ce06fcfe0 req-974f77e1-4428-4c10-abbf-b05615fe2887 service placement] getting providers with 1 DISK_GB {{(pid=94415) __init__ /opt/stack/placement/placement/objects/research_context.py:126}}
Jul 27 16:35:45.735739 n-d-723572-6 devstack@placement-api.service[94415]: DEBUG placement.objects.research_context [req-117ce759-0739-4845-9f09-e30ce06fcfe0 req-974f77e1-4428-4c10-abbf-b05615fe2887 service placement] getting providers with 1024 MEMORY_MB {{(pid=94415) __init__ /opt/stack/placement/placement/objects/research_context.py:126}}
Jul 27 16:35:45.765754 n-d-723572-6 devstack@placement-api.service[94415]: DEBUG placement.objects.research_context [req-117ce759-0739-4845-9f09-e30ce06fcfe0 req-974f77e1-4428-4c10-abbf-b05615fe2887 service placement] getting providers with 1 VCPU {{(pid=94415) __init__ /opt/stack/placement/placement/objects/research_context.py:126}}
Jul 27 16:35:45.785870 n-d-723572-6 devstack@placement-api.service[94415]: DEBUG placement.objects.research_context [req-117ce759-0739-4845-9f09-e30ce06fcfe0 req-974f77e1-4428-4c10-abbf-b05615fe2887 service placement] found 2 providers with available 1 DISK_GB {{(pid=94415) get_provider_ids_matching /opt/stack/placement/placement/objects/research_context.py:549}}
Jul 27 16:35:45.786353 n-d-723572-6 devstack@placement-api.service[94415]: DEBUG placement.objects.research_context [req-117ce759-0739-4845-9f09-e30ce06fcfe0 req-974f77e1-4428-4c10-abbf-b05615fe2887 service placement] found 2 providers with available 1024 MEMORY_MB {{(pid=94415) get_provider_ids_matching /opt/stack/placement/placement/objects/research_context.py:549}}
Jul 27 16:35:45.786798 n-d-723572-6 devstack@placement-api.service[94415]: DEBUG placement.objects.research_context [req-117ce759-0739-4845-9f09-e30ce06fcfe0 req-974f77e1-4428-4c10-abbf-b05615fe2887 service placement] found 2 providers after filtering by previous result {{(pid=94415) get_provider_ids_matching /opt/stack/placement/placement/objects/research_context.py:580}}
Jul 27 16:35:45.788337 n-d-723572-6 devstack@placement-api.service[94415]: DEBUG placement.objects.research_context [req-117ce759-0739-4845-9f09-e30ce06fcfe0 req-974f77e1-4428-4c10-abbf-b05615fe2887 service placement] found 2 providers with available 1 VCPU {{(pid=94415) get_provider_ids_matching /opt/stack/placement/placement/objects/research_context.py:549}}
Jul 27 16:35:45.789067 n-d-723572-6 devstack@placement-api.service[94415]: DEBUG placement.objects.research_context [req-117ce759-0739-4845-9f09-e30ce06fcfe0 req-974f77e1-4428-4c10-abbf-b05615fe2887 service placement] found 2 providers after filtering by previous result {{(pid=94415) get_provider_ids_matching /opt/stack/placement/placement/objects/research_context.py:580}}
Jul 27 16:35:45.817382 n-d-723572-6 devstack@placement-api.service[94415]: DEBUG placement.objects.allocation_candidate [req-117ce759-0739-4845-9f09-e30ce06fcfe0 req-974f77e1-4428-4c10-abbf-b05615fe2887 service placement] RequestGroup(use_same_provider=False, resources={DISK_GB:1, MEMORY_MB:1024, VCPU:1}, traits=[], aggregates=[]) (suffix '') returned 2 matches {{(pid=94415) _get_by_requests /opt/stack/placement/placement/objects/allocation_candidate.py:145}}
Jul 27 16:35:45.818000 n-d-723572-6 devstack@placement-api.service[94415]: DEBUG placement.objects.allocation_candidate [req-117ce759-0739-4845-9f09-e30ce06fcfe0 req-974f77e1-4428-4c10-abbf-b05615fe2887 service placement] Merging candidates yields 2 allocation requests and 2 provider summaries {{(pid=94415) _merge_candidates /opt/stack/placement/placement/objects/allocation_candidate.py:783}}
Jul 27 16:35:45.825532 n-d-723572-6 devstack@placement-api.service[94415]: INFO placement.requestlog [req-117ce759-0739-4845-9f09-e30ce06fcfe0 req-974f77e1-4428-4c10-abbf-b05615fe2887 service placement] 10.222.0.64 "GET /placement/allocation_candidates?limit=1000&resources=DISK_GB%3A1%2CMEMORY_MB%3A1024%2CVCPU%3A1&root_required=%21COMPUTE_STATUS_DISABLED" status: 200 len: 1309 microversion: 1.35
Jul 27 16:35:45.826538 n-d-723572-6 devstack@placement-api.service[94415]: [pid: 94415|app: 0|req: 132/268] 10.222.0.64 () {60 vars in 1507 bytes} [Tue Jul 27 16:35:45 2021] GET /placement/allocation_candidates?limit=1000&resources=DISK_GB%3A1%2CMEMORY_MB%3A1024%2CVCPU%3A1&root_required=%21COMPUTE_STATUS_DISABLED => generated 1309 bytes in 237 msecs (HTTP/1.1 200) 8 headers in 297 bytes (1 switches on core 0)
Jul 27 16:35:45.988799 n-d-723572-6 devstack@placement-api.service[94416]: DEBUG placement.requestlog [req-027779bd-b219-4dfe-8033-8318ab3dab8c req-b8934a99-d520-4ec9-ac86-43c4615ada3b None None] Starting request: 10.222.0.64 "GET /placement/allocation_candidates?resources=DISK_GB%3A1%2CMEMORY_MB%3A1024%2CVCPU%3A1&root_required=%21COMPUTE_STATUS_DISABLED" {{(pid=94416) __call__ /opt/stack/placement/placement/requestlog.py:55}}
Jul 27 16:35:46.024371 n-d-723572-6 devstack@placement-api.service[94415]: DEBUG placement.requestlog [req-117ce759-0739-4845-9f09-e30ce06fcfe0 req-98754004-726e-4e19-bfd2-c01a66f82327 None None] Starting request: 10.222.0.64 "GET /placement/allocations/94ae6e7d-11ff-4919-b7e7-d05f899f4a97" {{(pid=94415) __call__ /opt/stack/placement/placement/requestlog.py:55}}
Jul 27 16:35:46.049894 n-d-723572-6 devstack@placement-api.service[94415]: INFO placement.requestlog [req-117ce759-0739-4845-9f09-e30ce06fcfe0 req-98754004-726e-4e19-bfd2-c01a66f82327 service placement] 10.222.0.64 "GET /placement/allocations/94ae6e7d-11ff-4919-b7e7-d05f899f4a97" status: 200 len: 19 microversion: 1.28
Jul 27 16:35:46.050817 n-d-723572-6 devstack@placement-api.service[94415]: [pid: 94415|app: 0|req: 133/269] 10.222.0.64 () {60 vars in 1381 bytes} [Tue Jul 27 16:35:46 2021] GET /placement/allocations/94ae6e7d-11ff-4919-b7e7-d05f899f4a97 => generated 19 bytes in 27 msecs (HTTP/1.1 200) 8 headers in 295 bytes (2 switches on core 0)
Jul 27 16:35:46.061241 n-d-723572-6 devstack@placement-api.service[94415]: DEBUG placement.requestlog [req-117ce759-0739-4845-9f09-e30ce06fcfe0 req-2335adeb-4bad-4664-8d79-8edab8da3bbd None None] Starting request: 10.222.0.64 "PUT /placement/allocations/94ae6e7d-11ff-4919-b7e7-d05f899f4a97" {{(pid=94415) __call__ /opt/stack/placement/placement/requestlog.py:55}}
Jul 27 16:35:46.108415 n-d-723572-6 devstack@placement-api.service[94416]: DEBUG placement.objects.research_context [req-027779bd-b219-4dfe-8033-8318ab3dab8c req-b8934a99-d520-4ec9-ac86-43c4615ada3b service placement] getting providers with 1 DISK_GB {{(pid=94416) __init__ /opt/stack/placement/placement/objects/research_context.py:126}}
Jul 27 16:35:46.151763 n-d-723572-6 devstack@placement-api.service[94416]: DEBUG placement.objects.research_context [req-027779bd-b219-4dfe-8033-8318ab3dab8c req-b8934a99-d520-4ec9-ac86-43c4615ada3b service placement] getting providers with 1024 MEMORY_MB {{(pid=94416) __init__ /opt/stack/placement/placement/objects/research_context.py:126}}
Jul 27 16:35:46.168559 n-d-723572-6 devstack@placement-api.service[94416]: DEBUG placement.objects.research_context [req-027779bd-b219-4dfe-8033-8318ab3dab8c req-b8934a99-d520-4ec9-ac86-43c4615ada3b service placement] getting providers with 1 VCPU {{(pid=94416) __init__ /opt/stack/placement/placement/objects/research_context.py:126}}
Jul 27 16:35:46.187838 n-d-723572-6 devstack@placement-api.service[94416]: DEBUG placement.objects.research_context [req-027779bd-b219-4dfe-8033-8318ab3dab8c req-b8934a99-d520-4ec9-ac86-43c4615ada3b service placement] found 2 providers with available 1 DISK_GB {{(pid=94416) get_provider_ids_matching /opt/stack/placement/placement/objects/research_context.py:549}}
Jul 27 16:35:46.188306 n-d-723572-6 devstack@placement-api.service[94416]: DEBUG placement.objects.research_context [req-027779bd-b219-4dfe-8033-8318ab3dab8c req-b8934a99-d520-4ec9-ac86-43c4615ada3b service placement] found 2 providers with available 1024 MEMORY_MB {{(pid=94416) get_provider_ids_matching /opt/stack/placement/placement/objects/research_context.py:549}}
Jul 27 16:35:46.189135 n-d-723572-6 devstack@placement-api.service[94416]: DEBUG placement.objects.research_context [req-027779bd-b219-4dfe-8033-8318ab3dab8c req-b8934a99-d520-4ec9-ac86-43c4615ada3b service placement] found 2 providers after filtering by previous result {{(pid=94416) get_provider_ids_matching /opt/stack/placement/placement/objects/research_context.py:580}}
Jul 27 16:35:46.189410 n-d-723572-6 devstack@placement-api.service[94416]: DEBUG placement.objects.research_context [req-027779bd-b219-4dfe-8033-8318ab3dab8c req-b8934a99-d520-4ec9-ac86-43c4615ada3b service placement] found 2 providers with available 1 VCPU {{(pid=94416) get_provider_ids_matching /opt/stack/placement/placement/objects/research_context.py:549}}
Jul 27 16:35:46.204997 n-d-723572-6 devstack@placement-api.service[94416]: DEBUG placement.objects.research_context [req-027779bd-b219-4dfe-8033-8318ab3dab8c req-b8934a99-d520-4ec9-ac86-43c4615ada3b service placement] found 2 providers after filtering by previous result {{(pid=94416) get_provider_ids_matching /opt/stack/placement/placement/objects/research_context.py:580}}
Jul 27 16:35:46.246186 n-d-723572-6 devstack@placement-api.service[94416]: DEBUG placement.objects.allocation_candidate [req-027779bd-b219-4dfe-8033-8318ab3dab8c req-b8934a99-d520-4ec9-ac86-43c4615ada3b service placement] RequestGroup(use_same_provider=False, resources={DISK_GB:1, MEMORY_MB:1024, VCPU:1}, traits=[], aggregates=[]) (suffix '') returned 2 matches {{(pid=94416) _get_by_requests /opt/stack/placement/placement/objects/allocation_candidate.py:145}}
Jul 27 16:35:46.246186 n-d-723572-6 devstack@placement-api.service[94416]: DEBUG placement.objects.allocation_candidate [req-027779bd-b219-4dfe-8033-8318ab3dab8c req-b8934a99-d520-4ec9-ac86-43c4615ada3b service placement] Merging candidates yields 2 allocation requests and 2 provider summaries {{(pid=94416) _merge_candidates /opt/stack/placement/placement/objects/allocation_candidate.py:783}}
Jul 27 16:35:46.249026 n-d-723572-6 devstack@placement-api.service[94416]: INFO placement.requestlog [req-027779bd-b219-4dfe-8033-8318ab3dab8c req-b8934a99-d520-4ec9-ac86-43c4615ada3b service placement] 10.222.0.64 "GET /placement/allocation_candidates?resources=DISK_GB%3A1%2CMEMORY_MB%3A1024%2CVCPU%3A1&root_required=%21COMPUTE_STATUS_DISABLED" status: 200 len: 1309 microversion: 1.35
Jul 27 16:35:46.256348 n-d-723572-6 devstack@placement-api.service[94416]: [pid: 94416|app: 0|req: 137/270] 10.222.0.64 () {60 vars in 1485 bytes} [Tue Jul 27 16:35:45 2021] GET /placement/allocation_candidates?resources=DISK_GB%3A1%2CMEMORY_MB%3A1024%2CVCPU%3A1&root_required=%21COMPUTE_STATUS_DISABLED => generated 1309 bytes in 268 msecs (HTTP/1.1 200) 8 headers in 297 bytes (1 switches on core 0)
Jul 27 16:35:46.326671 n-d-723572-6 devstack@placement-api.service[94415]: DEBUG placement.handlers.allocation [req-117ce759-0739-4845-9f09-e30ce06fcfe0 req-2335adeb-4bad-4664-8d79-8edab8da3bbd service placement] Successfully wrote allocations [, , ] {{(pid=94415) _create_allocations /opt/stack/placement/placement/handlers/allocation.py:435}}
Jul 27 16:35:46.329904 n-d-723572-6 devstack@placement-api.service[94415]: INFO placement.requestlog [req-117ce759-0739-4845-9f09-e30ce06fcfe0 req-2335adeb-4bad-4664-8d79-8edab8da3bbd service placement] 10.222.0.64 "PUT /placement/allocations/94ae6e7d-11ff-4919-b7e7-d05f899f4a97" status: 204 len: 0 microversion: 1.35
Jul 27 16:35:46.332034 n-d-723572-6 devstack@placement-api.service[94415]: [pid: 94415|app: 0|req: 134/271] 10.222.0.64 () {64 vars in 1434 bytes} [Tue Jul 27 16:35:46 2021] PUT /placement/allocations/94ae6e7d-11ff-4919-b7e7-d05f899f4a97 => generated 0 bytes in 271 msecs (HTTP/1.1 204) 5 headers in 199 bytes (1 switches on core 0)
Jul 27 16:35:46.386689 n-d-723572-6 devstack@placement-api.service[94416]: DEBUG placement.requestlog [req-027779bd-b219-4dfe-8033-8318ab3dab8c req-51ab4615-5ecb-4759-8594-f7c782664eda None None] Starting request: 10.222.0.64 "GET /placement/allocations/e84457f0-2f34-4697-a720-3bf7d74c8001" {{(pid=94416) __call__ /opt/stack/placement/placement/requestlog.py:55}}
Jul 27 16:35:46.405731 n-d-723572-6 devstack@placement-api.service[94416]: INFO placement.requestlog [req-027779bd-b219-4dfe-8033-8318ab3dab8c req-51ab4615-5ecb-4759-8594-f7c782664eda service placement] 10.222.0.64 "GET /placement/allocations/e84457f0-2f34-4697-a720-3bf7d74c8001" status: 200 len: 19 microversion: 1.28
Jul 27 16:35:46.411726 n-d-723572-6 devstack@placement-api.service[94416]: [pid: 94416|app: 0|req: 138/272] 10.222.0.64 () {60 vars in 1381 bytes} [Tue Jul 27 16:35:46 2021] GET /placement/allocations/e84457f0-2f34-4697-a720-3bf7d74c8001 => generated 19 bytes in 25 msecs (HTTP/1.1 200) 8 headers in 295 bytes (2 switches on core 0)
Jul 27 16:35:46.414446 n-d-723572-6 devstack@placement-api.service[94415]: DEBUG placement.requestlog [req-027779bd-b219-4dfe-8033-8318ab3dab8c req-c7cd1dda-a90a-48ac-8dbb-c57346ae2abf None None] Starting request: 10.222.0.64 "PUT /placement/allocations/e84457f0-2f34-4697-a720-3bf7d74c8001" {{(pid=94415) __call__ /opt/stack/placement/placement/requestlog.py:55}}
Jul 27 16:35:46.584809 n-d-723572-6 devstack@placement-api.service[94415]: DEBUG placement.handlers.allocation [req-027779bd-b219-4dfe-8033-8318ab3dab8c req-c7cd1dda-a90a-48ac-8dbb-c57346ae2abf service placement] Successfully wrote allocations [, , ] {{(pid=94415) _create_allocations /opt/stack/placement/placement/handlers/allocation.py:435}}
Jul 27 16:35:46.585860 n-d-723572-6 devstack@placement-api.service[94415]: INFO placement.requestlog [req-027779bd-b219-4dfe-8033-8318ab3dab8c req-c7cd1dda-a90a-48ac-8dbb-c57346ae2abf service placement] 10.222.0.64 "PUT /placement/allocations/e84457f0-2f34-4697-a720-3bf7d74c8001" status: 204 len: 0 microversion: 1.35
Jul 27 16:35:46.587023 n-d-723572-6 devstack@placement-api.service[94415]: [pid: 94415|app: 0|req: 135/273] 10.222.0.64 () {64 vars in 1434 bytes} [Tue Jul 27 16:35:46 2021] PUT /placement/allocations/e84457f0-2f34-4697-a720-3bf7d74c8001 => generated 0 bytes in 174 msecs (HTTP/1.1 204) 5 headers in 199 bytes (2 switches on core 0)
Jul 27 16:35:47.042461 n-d-723572-6 devstack@placement-api.service[94416]: DEBUG placement.requestlog [req-117ce759-0739-4845-9f09-e30ce06fcfe0 req-fc85212f-a0f0-4a9c-951a-0931d6d8ae57 None None] Starting request: 10.222.0.13 "GET /placement/allocations/94ae6e7d-11ff-4919-b7e7-d05f899f4a97" {{(pid=94416) __call__ /opt/stack/placement/placement/requestlog.py:55}}
Jul 27 16:35:47.114209 n-d-723572-6 devstack@placement-api.service[94416]: INFO placement.requestlog [req-117ce759-0739-4845-9f09-e30ce06fcfe0 req-fc85212f-a0f0-4a9c-951a-0931d6d8ae57 service placement] 10.222.0.13 "GET /placement/allocations/94ae6e7d-11ff-4919-b7e7-d05f899f4a97" status: 200 len: 259 microversion: 1.28
Jul 27 16:35:47.114997 n-d-723572-6 devstack@placement-api.service[94416]: [pid: 94416|app: 0|req: 139/274] 10.222.0.13 () {60 vars in 1378 bytes} [Tue Jul 27 16:35:47 2021] GET /placement/allocations/94ae6e7d-11ff-4919-b7e7-d05f899f4a97 => generated 259 bytes in 73 msecs (HTTP/1.1 200) 8 headers in 296 bytes (1 switches on core 0)
Jul 27 16:35:47.169137 n-d-723572-6 devstack@placement-api.service[94415]: DEBUG placement.requestlog [req-027779bd-b219-4dfe-8033-8318ab3dab8c req-7341289a-328f-4e02-9b49-6c085d63226e None None] Starting request: 10.222.0.13 "GET /placement/allocations/e84457f0-2f34-4697-a720-3bf7d74c8001" {{(pid=94415) __call__ /opt/stack/placement/placement/requestlog.py:55}}
Jul 27 16:35:47.209042 n-d-723572-6 devstack@placement-api.service[94415]: INFO placement.requestlog [req-027779bd-b219-4dfe-8033-8318ab3dab8c req-7341289a-328f-4e02-9b49-6c085d63226e service placement] 10.222.0.13 "GET /placement/allocations/e84457f0-2f34-4697-a720-3bf7d74c8001" status: 200 len: 259 microversion: 1.28
Jul 27 16:35:47.209944 n-d-723572-6 devstack@placement-api.service[94415]: [pid: 94415|app: 0|req: 136/275] 10.222.0.13 () {60 vars in 1378 bytes} [Tue Jul 27 16:35:47 2021] GET /placement/allocations/e84457f0-2f34-4697-a720-3bf7d74c8001 => generated 259 bytes in 41 msecs (HTTP/1.1 200) 8 headers in 296 bytes (1 switches on core 0)
Jul 27 16:35:48.332920 n-d-723572-6 devstack@placement-api.service[94416]: DEBUG placement.requestlog [req-9b65464a-2e5a-4fcc-95bb-9af6d2205823 req-a50d965b-3beb-4456-a3d9-3a511490a1ff None None] Starting request: 10.222.0.64 "GET /placement/allocation_candidates?limit=1000&resources=MEMORY_MB%3A1024%2CVCPU%3A1&root_required=%21COMPUTE_STATUS_DISABLED" {{(pid=94416) __call__ /opt/stack/placement/placement/requestlog.py:55}}
Jul 27 16:35:48.443776 n-d-723572-6 devstack@placement-api.service[94416]: DEBUG placement.objects.research_context [req-9b65464a-2e5a-4fcc-95bb-9af6d2205823 req-a50d965b-3beb-4456-a3d9-3a511490a1ff service placement] getting providers with 1024 MEMORY_MB {{(pid=94416) __init__ /opt/stack/placement/placement/objects/research_context.py:126}}
Jul 27 16:35:48.493874 n-d-723572-6 devstack@placement-api.service[94416]: DEBUG placement.objects.research_context [req-9b65464a-2e5a-4fcc-95bb-9af6d2205823 req-a50d965b-3beb-4456-a3d9-3a511490a1ff service placement] getting providers with 1 VCPU {{(pid=94416) __init__ /opt/stack/placement/placement/objects/research_context.py:126}}
Jul 27 16:35:48.523954 n-d-723572-6 devstack@placement-api.service[94416]: DEBUG placement.objects.research_context [req-9b65464a-2e5a-4fcc-95bb-9af6d2205823 req-a50d965b-3beb-4456-a3d9-3a511490a1ff service placement] found 2 providers with available 1024 MEMORY_MB {{(pid=94416) get_provider_ids_matching /opt/stack/placement/placement/objects/research_context.py:549}}
Jul 27 16:35:48.524976 n-d-723572-6 devstack@placement-api.service[94416]: DEBUG placement.objects.research_context [req-9b65464a-2e5a-4fcc-95bb-9af6d2205823 req-a50d965b-3beb-4456-a3d9-3a511490a1ff service placement] found 2 providers with available 1 VCPU {{(pid=94416) get_provider_ids_matching /opt/stack/placement/placement/objects/research_context.py:549}}
Jul 27 16:35:48.529338 n-d-723572-6 devstack@placement-api.service[94416]: DEBUG placement.objects.research_context [req-9b65464a-2e5a-4fcc-95bb-9af6d2205823 req-a50d965b-3beb-4456-a3d9-3a511490a1ff service placement] found 2 providers after filtering by previous result {{(pid=94416) get_provider_ids_matching /opt/stack/placement/placement/objects/research_context.py:580}}
Jul 27 16:35:48.552647 n-d-723572-6 devstack@placement-api.service[94416]: DEBUG placement.objects.allocation_candidate [req-9b65464a-2e5a-4fcc-95bb-9af6d2205823 req-a50d965b-3beb-4456-a3d9-3a511490a1ff service placement] RequestGroup(use_same_provider=False, resources={MEMORY_MB:1024, VCPU:1}, traits=[], aggregates=[]) (suffix '') returned 2 matches {{(pid=94416) _get_by_requests /opt/stack/placement/placement/objects/allocation_candidate.py:145}}
Jul 27 16:35:48.554306 n-d-723572-6 devstack@placement-api.service[94416]: DEBUG placement.objects.allocation_candidate [req-9b65464a-2e5a-4fcc-95bb-9af6d2205823 req-a50d965b-3beb-4456-a3d9-3a511490a1ff service placement] Merging candidates yields 2 allocation requests and 2 provider summaries {{(pid=94416) _merge_candidates /opt/stack/placement/placement/objects/allocation_candidate.py:783}}
Jul 27 16:35:48.557553 n-d-723572-6 devstack@placement-api.service[94416]: INFO placement.requestlog [req-9b65464a-2e5a-4fcc-95bb-9af6d2205823 req-a50d965b-3beb-4456-a3d9-3a511490a1ff service placement] 10.222.0.64 "GET /placement/allocation_candidates?limit=1000&resources=MEMORY_MB%3A1024%2CVCPU%3A1&root_required=%21COMPUTE_STATUS_DISABLED" status: 200 len: 1284 microversion: 1.35
Jul 27 16:35:48.558496 n-d-723572-6 devstack@placement-api.service[94416]: [pid: 94416|app: 0|req: 140/276] 10.222.0.64 () {60 vars in 1479 bytes} [Tue Jul 27 16:35:48 2021] GET /placement/allocation_candidates?limit=1000&resources=MEMORY_MB%3A1024%2CVCPU%3A1&root_required=%21COMPUTE_STATUS_DISABLED => generated 1284 bytes in 226 msecs (HTTP/1.1 200) 8 headers in 297 bytes (2 switches on core 0)
Jul 27 16:35:48.714233 n-d-723572-6 devstack@placement-api.service[94415]: DEBUG placement.requestlog [req-9b65464a-2e5a-4fcc-95bb-9af6d2205823 req-a603f4f3-e374-41f9-985b-3a2b94a9f1f9 None None] Starting request: 10.222.0.64 "GET /placement/allocations/7a4288a8-37bc-4e76-8047-8256bd537144" {{(pid=94415) __call__ /opt/stack/placement/placement/requestlog.py:55}}
Jul 27 16:35:48.729305 n-d-723572-6 devstack@placement-api.service[94415]: INFO placement.requestlog [req-9b65464a-2e5a-4fcc-95bb-9af6d2205823 req-a603f4f3-e374-41f9-985b-3a2b94a9f1f9 service placement] 10.222.0.64 "GET /placement/allocations/7a4288a8-37bc-4e76-8047-8256bd537144" status: 200 len: 19 microversion: 1.28
Jul 27 16:35:48.730016 n-d-723572-6 devstack@placement-api.service[94415]: [pid: 94415|app: 0|req: 137/277] 10.222.0.64 () {60 vars in 1381 bytes} [Tue Jul 27 16:35:48 2021] GET /placement/allocations/7a4288a8-37bc-4e76-8047-8256bd537144 => generated 19 bytes in 16 msecs (HTTP/1.1 200) 8 headers in 295 bytes (1 switches on core 0)
Jul 27 16:35:48.736469 n-d-723572-6 devstack@placement-api.service[94416]: DEBUG placement.requestlog [req-9b65464a-2e5a-4fcc-95bb-9af6d2205823 req-80d4518e-bc30-4de2-86de-53c386161f70 None None] Starting request: 10.222.0.64 "PUT /placement/allocations/7a4288a8-37bc-4e76-8047-8256bd537144" {{(pid=94416) __call__ /opt/stack/placement/placement/requestlog.py:55}}
Jul 27 16:35:48.897932 n-d-723572-6 devstack@placement-api.service[94416]: DEBUG placement.handlers.allocation [req-9b65464a-2e5a-4fcc-95bb-9af6d2205823 req-80d4518e-bc30-4de2-86de-53c386161f70 service placement] Successfully wrote allocations [, ] {{(pid=94416) _create_allocations /opt/stack/placement/placement/handlers/allocation.py:435}}
Jul 27 16:35:48.898615 n-d-723572-6 devstack@placement-api.service[94416]: INFO placement.requestlog [req-9b65464a-2e5a-4fcc-95bb-9af6d2205823 req-80d4518e-bc30-4de2-86de-53c386161f70 service placement] 10.222.0.64 "PUT /placement/allocations/7a4288a8-37bc-4e76-8047-8256bd537144" status: 204 len: 0 microversion: 1.35
Jul 27 16:35:48.899341 n-d-723572-6 devstack@placement-api.service[94416]: [pid: 94416|app: 0|req: 141/278] 10.222.0.64 () {64 vars in 1434 bytes} [Tue Jul 27 16:35:48 2021] PUT /placement/allocations/7a4288a8-37bc-4e76-8047-8256bd537144 => generated 0 bytes in 163 msecs (HTTP/1.1 204) 5 headers in 199 bytes (1 switches on core 0)
Jul 27 16:35:49.472467 n-d-723572-6 devstack@placement-api.service[94415]: DEBUG placement.requestlog [req-9b65464a-2e5a-4fcc-95bb-9af6d2205823 req-e31a1138-e846-4e13-beda-9aa5ba5449a9 None None] Starting request: 10.222.0.13 "GET /placement/allocations/7a4288a8-37bc-4e76-8047-8256bd537144" {{(pid=94415) __call__ /opt/stack/placement/placement/requestlog.py:55}}
Jul 27 16:35:49.537747 n-d-723572-6 devstack@placement-api.service[94415]: INFO placement.requestlog [req-9b65464a-2e5a-4fcc-95bb-9af6d2205823 req-e31a1138-e846-4e13-beda-9aa5ba5449a9 service placement] 10.222.0.13 "GET /placement/allocations/7a4288a8-37bc-4e76-8047-8256bd537144" status: 200 len: 245 microversion: 1.28
Jul 27 16:35:49.538481 n-d-723572-6 devstack@placement-api.service[94415]: [pid: 94415|app: 0|req: 138/279] 10.222.0.13 () {60 vars in 1378 bytes} [Tue Jul 27 16:35:49 2021] GET /placement/allocations/7a4288a8-37bc-4e76-8047-8256bd537144 => generated 245 bytes in 67 msecs (HTTP/1.1 200) 8 headers in 296 bytes (1 switches on core 0)
Jul 27 16:35:50.697984 n-d-723572-6 devstack@placement-api.service[94416]: DEBUG placement.requestlog [req-e73967f0-327c-47f9-adcb-eda5f06d3910 req-d6b31280-ad00-4b84-a08d-d803fada428a None None] Starting request: 10.222.0.64 "GET /placement/allocation_candidates?limit=1000&resources=DISK_GB%3A1%2CMEMORY_MB%3A1024%2CVCPU%3A1&root_required=%21COMPUTE_STATUS_DISABLED" {{(pid=94416) __call__ /opt/stack/placement/placement/requestlog.py:55}}
Jul 27 16:35:50.758990 n-d-723572-6 devstack@placement-api.service[94416]: DEBUG placement.objects.research_context [req-e73967f0-327c-47f9-adcb-eda5f06d3910 req-d6b31280-ad00-4b84-a08d-d803fada428a service placement] getting providers with 1 DISK_GB {{(pid=94416) __init__ /opt/stack/placement/placement/objects/research_context.py:126}}
Jul 27 16:35:50.790627 n-d-723572-6 devstack@placement-api.service[94416]: DEBUG placement.objects.research_context [req-e73967f0-327c-47f9-adcb-eda5f06d3910 req-d6b31280-ad00-4b84-a08d-d803fada428a service placement] getting providers with 1024 MEMORY_MB {{(pid=94416) __init__ /opt/stack/placement/placement/objects/research_context.py:126}}
Jul 27 16:35:50.804658 n-d-723572-6 devstack@placement-api.service[94416]: DEBUG placement.objects.research_context [req-e73967f0-327c-47f9-adcb-eda5f06d3910 req-d6b31280-ad00-4b84-a08d-d803fada428a service placement] getting providers with 1 VCPU {{(pid=94416) __init__ /opt/stack/placement/placement/objects/research_context.py:126}}
Jul 27 16:35:50.819625 n-d-723572-6 devstack@placement-api.service[94416]: DEBUG placement.objects.research_context [req-e73967f0-327c-47f9-adcb-eda5f06d3910 req-d6b31280-ad00-4b84-a08d-d803fada428a service placement] found 2 providers with available 1 DISK_GB {{(pid=94416) get_provider_ids_matching /opt/stack/placement/placement/objects/research_context.py:549}}
Jul 27 16:35:50.820384 n-d-723572-6 devstack@placement-api.service[94416]: DEBUG placement.objects.research_context [req-e73967f0-327c-47f9-adcb-eda5f06d3910 req-d6b31280-ad00-4b84-a08d-d803fada428a service placement] found 2 providers with available 1024 MEMORY_MB {{(pid=94416) get_provider_ids_matching /opt/stack/placement/placement/objects/research_context.py:549}}
Jul 27 16:35:50.820899 n-d-723572-6 devstack@placement-api.service[94416]: DEBUG placement.objects.research_context [req-e73967f0-327c-47f9-adcb-eda5f06d3910 req-d6b31280-ad00-4b84-a08d-d803fada428a service placement] found 2 providers after filtering by previous result {{(pid=94416) get_provider_ids_matching /opt/stack/placement/placement/objects/research_context.py:580}}
Jul 27 16:35:50.821359 n-d-723572-6 devstack@placement-api.service[94416]: DEBUG placement.objects.research_context [req-e73967f0-327c-47f9-adcb-eda5f06d3910 req-d6b31280-ad00-4b84-a08d-d803fada428a service placement] found 2 providers with available 1 VCPU {{(pid=94416) get_provider_ids_matching /opt/stack/placement/placement/objects/research_context.py:549}}
Jul 27 16:35:50.822046 n-d-723572-6 devstack@placement-api.service[94416]: DEBUG placement.objects.research_context [req-e73967f0-327c-47f9-adcb-eda5f06d3910 req-d6b31280-ad00-4b84-a08d-d803fada428a service placement] found 2 providers after filtering by previous result {{(pid=94416) get_provider_ids_matching /opt/stack/placement/placement/objects/research_context.py:580}}
Jul 27 16:35:50.837145 n-d-723572-6 devstack@placement-api.service[94416]: DEBUG placement.objects.allocation_candidate [req-e73967f0-327c-47f9-adcb-eda5f06d3910 req-d6b31280-ad00-4b84-a08d-d803fada428a service placement] RequestGroup(use_same_provider=False, resources={DISK_GB:1, MEMORY_MB:1024, VCPU:1}, traits=[], aggregates=[]) (suffix '') returned 2 matches {{(pid=94416) _get_by_requests /opt/stack/placement/placement/objects/allocation_candidate.py:145}}
Jul 27 16:35:50.837756 n-d-723572-6 devstack@placement-api.service[94416]: DEBUG placement.objects.allocation_candidate [req-e73967f0-327c-47f9-adcb-eda5f06d3910 req-d6b31280-ad00-4b84-a08d-d803fada428a service placement] Merging candidates yields 2 allocation requests and 2 provider summaries {{(pid=94416) _merge_candidates /opt/stack/placement/placement/objects/allocation_candidate.py:783}}
Jul 27 16:35:50.839757 n-d-723572-6 devstack@placement-api.service[94416]: INFO placement.requestlog [req-e73967f0-327c-47f9-adcb-eda5f06d3910 req-d6b31280-ad00-4b84-a08d-d803fada428a service placement] 10.222.0.64 "GET /placement/allocation_candidates?limit=1000&resources=DISK_GB%3A1%2CMEMORY_MB%3A1024%2CVCPU%3A1&root_required=%21COMPUTE_STATUS_DISABLED" status: 200 len: 1312 microversion: 1.35
Jul 27 16:35:50.845759 n-d-723572-6 devstack@placement-api.service[94416]: [pid: 94416|app: 0|req: 142/280] 10.222.0.64 () {60 vars in 1507 bytes} [Tue Jul 27 16:35:50 2021] GET /placement/allocation_candidates?limit=1000&resources=DISK_GB%3A1%2CMEMORY_MB%3A1024%2CVCPU%3A1&root_required=%21COMPUTE_STATUS_DISABLED => generated 1312 bytes in 147 msecs (HTTP/1.1 200) 8 headers in 297 bytes (1 switches on core 0)
Jul 27 16:35:50.912400 n-d-723572-6 devstack@placement-api.service[94415]: DEBUG placement.requestlog [req-e73967f0-327c-47f9-adcb-eda5f06d3910 req-2877f546-8ea3-4b37-b3c9-96fd150ac870 None None] Starting request: 10.222.0.64 "GET /placement/allocations/60dc1db8-5300-4fe5-8bd0-53fd16333710" {{(pid=94415) __call__ /opt/stack/placement/placement/requestlog.py:55}}
Jul 27 16:35:50.924551 n-d-723572-6 devstack@placement-api.service[94415]: INFO placement.requestlog [req-e73967f0-327c-47f9-adcb-eda5f06d3910 req-2877f546-8ea3-4b37-b3c9-96fd150ac870 service placement] 10.222.0.64 "GET /placement/allocations/60dc1db8-5300-4fe5-8bd0-53fd16333710" status: 200 len: 19 microversion: 1.28
Jul 27 16:35:50.932461 n-d-723572-6 devstack@placement-api.service[94415]: [pid: 94415|app: 0|req: 139/281] 10.222.0.64 () {60 vars in 1381 bytes} [Tue Jul 27 16:35:50 2021] GET /placement/allocations/60dc1db8-5300-4fe5-8bd0-53fd16333710 => generated 19 bytes in 20 msecs (HTTP/1.1 200) 8 headers in 295 bytes (1 switches on core 0)
Jul 27 16:35:50.939797 n-d-723572-6 devstack@placement-api.service[94416]: DEBUG placement.requestlog [req-e73967f0-327c-47f9-adcb-eda5f06d3910 req-f809cc07-c8f6-4220-a37c-aa820e7db999 None None] Starting request: 10.222.0.64 "PUT /placement/allocations/60dc1db8-5300-4fe5-8bd0-53fd16333710" {{(pid=94416) __call__ /opt/stack/placement/placement/requestlog.py:55}}
Jul 27 16:35:51.050268 n-d-723572-6 devstack@placement-api.service[94416]: DEBUG placement.handlers.allocation [req-e73967f0-327c-47f9-adcb-eda5f06d3910 req-f809cc07-c8f6-4220-a37c-aa820e7db999 service placement] Successfully wrote allocations [, , ] {{(pid=94416) _create_allocations /opt/stack/placement/placement/handlers/allocation.py:435}}
Jul 27 16:35:51.051084 n-d-723572-6 devstack@placement-api.service[94416]: INFO placement.requestlog [req-e73967f0-327c-47f9-adcb-eda5f06d3910 req-f809cc07-c8f6-4220-a37c-aa820e7db999 service placement] 10.222.0.64 "PUT /placement/allocations/60dc1db8-5300-4fe5-8bd0-53fd16333710" status: 204 len: 0 microversion: 1.35
Jul 27 16:35:51.052414 n-d-723572-6 devstack@placement-api.service[94416]: [pid: 94416|app: 0|req: 143/282] 10.222.0.64 () {64 vars in 1434 bytes} [Tue Jul 27 16:35:50 2021] PUT /placement/allocations/60dc1db8-5300-4fe5-8bd0-53fd16333710 => generated 0 bytes in 113 msecs (HTTP/1.1 204) 5 headers in 199 bytes (2 switches on core 0)
Jul 27 16:35:51.704331 n-d-723572-6 devstack@placement-api.service[94415]: DEBUG placement.requestlog [req-e73967f0-327c-47f9-adcb-eda5f06d3910 req-9431c402-4588-4c57-b23f-241ebca116ef None None] Starting request: 10.222.0.13 "GET /placement/allocations/60dc1db8-5300-4fe5-8bd0-53fd16333710" {{(pid=94415) __call__ /opt/stack/placement/placement/requestlog.py:55}}
Jul 27 16:35:51.752862 n-d-723572-6 devstack@placement-api.service[94415]: INFO placement.requestlog [req-e73967f0-327c-47f9-adcb-eda5f06d3910 req-9431c402-4588-4c57-b23f-241ebca116ef service placement] 10.222.0.13 "GET /placement/allocations/60dc1db8-5300-4fe5-8bd0-53fd16333710" status: 200 len: 259 microversion: 1.28
Jul 27 16:35:51.753635 n-d-723572-6 devstack@placement-api.service[94415]: [pid: 94415|app: 0|req: 140/283] 10.222.0.13 () {60 vars in 1378 bytes} [Tue Jul 27 16:35:51 2021] GET /placement/allocations/60dc1db8-5300-4fe5-8bd0-53fd16333710 => generated 259 bytes in 50 msecs (HTTP/1.1 200) 8 headers in 296 bytes (2 switches on core 0)
Jul 27 16:36:06.808355 n-d-723572-6 devstack@placement-api.service[94416]: DEBUG placement.requestlog [req-3882203b-c877-4491-af11-38fcb85cd6ef req-ea1082bb-9831-448b-8b41-9ba85bfd2998 None None] Starting request: 10.222.0.61 "GET /placement/resource_providers/0d8ef7a9-6c73-4522-8a7f-39c40c7656d7/allocations" {{(pid=94416) __call__ /opt/stack/placement/placement/requestlog.py:55}}
Jul 27 16:36:06.890515 n-d-723572-6 devstack@placement-api.service[94416]: INFO placement.requestlog [req-3882203b-c877-4491-af11-38fcb85cd6ef req-ea1082bb-9831-448b-8b41-9ba85bfd2998 service placement] 10.222.0.61 "GET /placement/resource_providers/0d8ef7a9-6c73-4522-8a7f-39c40c7656d7/allocations" status: 200 len: 457 microversion: 1.0
Jul 27 16:36:06.891218 n-d-723572-6 devstack@placement-api.service[94416]: [pid: 94416|app: 0|req: 144/284] 10.222.0.61 () {58 vars in 1391 bytes} [Tue Jul 27 16:36:06 2021] GET /placement/resource_providers/0d8ef7a9-6c73-4522-8a7f-39c40c7656d7/allocations => generated 457 bytes in 83 msecs (HTTP/1.1 200) 6 headers in 224 bytes (1 switches on core 0)
Jul 27 16:36:12.900474 n-d-723572-6 devstack@placement-api.service[94415]: DEBUG placement.requestlog [None req-d4ccd326-d6ff-49dd-9bd4-75c7f7403007 None None] Starting request: 10.222.0.64 "GET /placement/" {{(pid=94415) __call__ /opt/stack/placement/placement/requestlog.py:55}}
Jul 27 16:36:12.905426 n-d-723572-6 devstack@placement-api.service[94415]: INFO placement.requestlog [None req-d4ccd326-d6ff-49dd-9bd4-75c7f7403007 None None] 10.222.0.64 "GET /placement/" status: 200 len: 136 microversion: 1.0
Jul 27 16:36:12.906225 n-d-723572-6 devstack@placement-api.service[94415]: [pid: 94415|app: 0|req: 141/285] 10.222.0.64 () {54 vars in 916 bytes} [Tue Jul 27 16:36:12 2021] GET /placement => generated 136 bytes in 6 msecs (HTTP/1.1 200) 6 headers in 224 bytes (1 switches on core 0)
Jul 27 16:36:12.927027 n-d-723572-6 devstack@placement-api.service[94416]: DEBUG placement.requestlog [req-c2a90f16-1469-47de-b7bc-0190853524ce req-5b05b561-b65a-43a9-8efd-6b10823a9851 None None] Starting request: 10.222.0.64 "GET /placement/allocations/2be32600-d1af-4d15-b9d5-c661fa5db776" {{(pid=94416) __call__ /opt/stack/placement/placement/requestlog.py:55}}
Jul 27 16:36:13.114610 n-d-723572-6 devstack@placement-api.service[94416]: INFO placement.requestlog [req-c2a90f16-1469-47de-b7bc-0190853524ce req-5b05b561-b65a-43a9-8efd-6b10823a9851 service placement] 10.222.0.64 "GET /placement/allocations/2be32600-d1af-4d15-b9d5-c661fa5db776" status: 200 len: 259 microversion: 1.28
Jul 27 16:36:13.115195 n-d-723572-6 devstack@placement-api.service[94416]: [pid: 94416|app: 0|req: 145/286] 10.222.0.64 () {60 vars in 1381 bytes} [Tue Jul 27 16:36:12 2021] GET /placement/allocations/2be32600-d1af-4d15-b9d5-c661fa5db776 => generated 259 bytes in 189 msecs (HTTP/1.1 200) 8 headers in 296 bytes (1 switches on core 0)
Jul 27 16:36:13.125486 n-d-723572-6 devstack@placement-api.service[94415]: DEBUG placement.requestlog [req-c2a90f16-1469-47de-b7bc-0190853524ce req-27d58836-2f57-40fb-a23b-d6f760efe341 None None] Starting request: 10.222.0.64 "GET /placement/allocations/2be32600-d1af-4d15-b9d5-c661fa5db776" {{(pid=94415) __call__ /opt/stack/placement/placement/requestlog.py:55}}
Jul 27 16:36:13.141756 n-d-723572-6 devstack@placement-api.service[94416]: DEBUG placement.requestlog [req-2388d782-c1ad-4eac-9551-a952231e575c req-ec6ef99d-059f-4640-a6dd-ea17692de587 None None] Starting request: 10.222.0.64 "GET /placement/allocation_candidates?resources=DISK_GB%3A1%2CMEMORY_MB%3A1024%2CVCPU%3A1&root_required=%21COMPUTE_STATUS_DISABLED" {{(pid=94416) __call__ /opt/stack/placement/placement/requestlog.py:55}}
Jul 27 16:36:13.175890 n-d-723572-6 devstack@placement-api.service[94415]: INFO placement.requestlog [req-c2a90f16-1469-47de-b7bc-0190853524ce req-27d58836-2f57-40fb-a23b-d6f760efe341 service placement] 10.222.0.64 "GET /placement/allocations/2be32600-d1af-4d15-b9d5-c661fa5db776" status: 200 len: 259 microversion: 1.28
Jul 27 16:36:13.176579 n-d-723572-6 devstack@placement-api.service[94415]: [pid: 94415|app: 0|req: 142/287] 10.222.0.64 () {60 vars in 1381 bytes} [Tue Jul 27 16:36:13 2021] GET /placement/allocations/2be32600-d1af-4d15-b9d5-c661fa5db776 => generated 259 bytes in 54 msecs (HTTP/1.1 200) 8 headers in 296 bytes (2 switches on core 0)
Jul 27 16:36:13.186976 n-d-723572-6 devstack@placement-api.service[94415]: DEBUG placement.requestlog [req-c2a90f16-1469-47de-b7bc-0190853524ce req-df481e0d-7fd7-4c78-9562-c391e556f0e2 None None] Starting request: 10.222.0.64 "GET /placement/allocations/4eb2604c-25e3-49c7-b6f3-10276e7c0845" {{(pid=94415) __call__ /opt/stack/placement/placement/requestlog.py:55}}
Jul 27 16:36:13.216232 n-d-723572-6 devstack@placement-api.service[94416]: DEBUG placement.objects.research_context [req-2388d782-c1ad-4eac-9551-a952231e575c req-ec6ef99d-059f-4640-a6dd-ea17692de587 service placement] getting providers with 1 DISK_GB {{(pid=94416) __init__ /opt/stack/placement/placement/objects/research_context.py:126}}
Jul 27 16:36:13.222398 n-d-723572-6 devstack@placement-api.service[94415]: INFO placement.requestlog [req-c2a90f16-1469-47de-b7bc-0190853524ce req-df481e0d-7fd7-4c78-9562-c391e556f0e2 service placement] 10.222.0.64 "GET /placement/allocations/4eb2604c-25e3-49c7-b6f3-10276e7c0845" status: 200 len: 19 microversion: 1.28
Jul 27 16:36:13.229460 n-d-723572-6 devstack@placement-api.service[94415]: [pid: 94415|app: 0|req: 143/288] 10.222.0.64 () {60 vars in 1381 bytes} [Tue Jul 27 16:36:13 2021] GET /placement/allocations/4eb2604c-25e3-49c7-b6f3-10276e7c0845 => generated 19 bytes in 45 msecs (HTTP/1.1 200) 8 headers in 295 bytes (2 switches on core 0)
Jul 27 16:36:13.230490 n-d-723572-6 devstack@placement-api.service[94416]: DEBUG placement.objects.research_context [req-2388d782-c1ad-4eac-9551-a952231e575c req-ec6ef99d-059f-4640-a6dd-ea17692de587 service placement] getting providers with 1024 MEMORY_MB {{(pid=94416) __init__ /opt/stack/placement/placement/objects/research_context.py:126}}
Jul 27 16:36:13.231308 n-d-723572-6 devstack@placement-api.service[94415]: DEBUG placement.requestlog [req-c2a90f16-1469-47de-b7bc-0190853524ce req-75b6bffc-1241-457a-9a2e-6cff71e13412 None None] Starting request: 10.222.0.64 "POST /placement/allocations" {{(pid=94415) __call__ /opt/stack/placement/placement/requestlog.py:55}}
Jul 27 16:36:13.239796 n-d-723572-6 devstack@placement-api.service[94416]: DEBUG placement.objects.research_context [req-2388d782-c1ad-4eac-9551-a952231e575c req-ec6ef99d-059f-4640-a6dd-ea17692de587 service placement] getting providers with 1 VCPU {{(pid=94416) __init__ /opt/stack/placement/placement/objects/research_context.py:126}}
Jul 27 16:36:13.248295 n-d-723572-6 devstack@placement-api.service[94416]: DEBUG placement.objects.research_context [req-2388d782-c1ad-4eac-9551-a952231e575c req-ec6ef99d-059f-4640-a6dd-ea17692de587 service placement] found 2 providers with available 1 DISK_GB {{(pid=94416) get_provider_ids_matching /opt/stack/placement/placement/objects/research_context.py:549}}
Jul 27 16:36:13.249771 n-d-723572-6 devstack@placement-api.service[94416]: DEBUG placement.objects.research_context [req-2388d782-c1ad-4eac-9551-a952231e575c req-ec6ef99d-059f-4640-a6dd-ea17692de587 service placement] found 2 providers with available 1024 MEMORY_MB {{(pid=94416) get_provider_ids_matching /opt/stack/placement/placement/objects/research_context.py:549}}
Jul 27 16:36:13.250363 n-d-723572-6 devstack@placement-api.service[94416]: DEBUG placement.objects.research_context [req-2388d782-c1ad-4eac-9551-a952231e575c req-ec6ef99d-059f-4640-a6dd-ea17692de587 service placement] found 2 providers after filtering by previous result {{(pid=94416) get_provider_ids_matching /opt/stack/placement/placement/objects/research_context.py:580}}
Jul 27 16:36:13.250931 n-d-723572-6 devstack@placement-api.service[94416]: DEBUG placement.objects.research_context [req-2388d782-c1ad-4eac-9551-a952231e575c req-ec6ef99d-059f-4640-a6dd-ea17692de587 service placement] found 2 providers with available 1 VCPU {{(pid=94416) get_provider_ids_matching /opt/stack/placement/placement/objects/research_context.py:549}}
Jul 27 16:36:13.251384 n-d-723572-6 devstack@placement-api.service[94416]: DEBUG placement.objects.research_context [req-2388d782-c1ad-4eac-9551-a952231e575c req-ec6ef99d-059f-4640-a6dd-ea17692de587 service placement] found 2 providers after filtering by previous result {{(pid=94416) get_provider_ids_matching /opt/stack/placement/placement/objects/research_context.py:580}}
Jul 27 16:36:13.273356 n-d-723572-6 devstack@placement-api.service[94416]: DEBUG placement.objects.allocation_candidate [req-2388d782-c1ad-4eac-9551-a952231e575c req-ec6ef99d-059f-4640-a6dd-ea17692de587 service placement] RequestGroup(use_same_provider=False, resources={DISK_GB:1, MEMORY_MB:1024, VCPU:1}, traits=[], aggregates=[]) (suffix '') returned 2 matches {{(pid=94416) _get_by_requests /opt/stack/placement/placement/objects/allocation_candidate.py:145}}
Jul 27 16:36:13.275753 n-d-723572-6 devstack@placement-api.service[94416]: DEBUG placement.objects.allocation_candidate [req-2388d782-c1ad-4eac-9551-a952231e575c req-ec6ef99d-059f-4640-a6dd-ea17692de587 service placement] Merging candidates yields 2 allocation requests and 2 provider summaries {{(pid=94416) _merge_candidates /opt/stack/placement/placement/objects/allocation_candidate.py:783}}
Jul 27 16:36:13.280259 n-d-723572-6 devstack@placement-api.service[94416]: INFO placement.requestlog [req-2388d782-c1ad-4eac-9551-a952231e575c req-ec6ef99d-059f-4640-a6dd-ea17692de587 service placement] 10.222.0.64 "GET /placement/allocation_candidates?resources=DISK_GB%3A1%2CMEMORY_MB%3A1024%2CVCPU%3A1&root_required=%21COMPUTE_STATUS_DISABLED" status: 200 len: 1312 microversion: 1.35
Jul 27 16:36:13.282111 n-d-723572-6 devstack@placement-api.service[94416]: [pid: 94416|app: 0|req: 146/289] 10.222.0.64 () {60 vars in 1485 bytes} [Tue Jul 27 16:36:13 2021] GET /placement/allocation_candidates?resources=DISK_GB%3A1%2CMEMORY_MB%3A1024%2CVCPU%3A1&root_required=%21COMPUTE_STATUS_DISABLED => generated 1312 bytes in 140 msecs (HTTP/1.1 200) 8 headers in 297 bytes (2 switches on core 0)
