Aug 11 02:16:48.664418 n-d-715271-8 devstack@placement-api.service[95184]: DEBUG placement.objects.research_context [req-43c94cd5-20c5-4643-a8be-d8da0c5039cc req-f2423bed-fe15-4b8c-9f81-299fd096786a service placement] getting providers with 1 DISK_GB {{(pid=95184) __init__ /opt/stack/placement/placement/objects/research_context.py:126}}
Aug 11 02:16:48.709251 n-d-715271-8 devstack@placement-api.service[95184]: DEBUG placement.objects.research_context [req-43c94cd5-20c5-4643-a8be-d8da0c5039cc req-f2423bed-fe15-4b8c-9f81-299fd096786a service placement] getting providers with 1024 MEMORY_MB {{(pid=95184) __init__ /opt/stack/placement/placement/objects/research_context.py:126}}
Aug 11 02:16:48.734389 n-d-715271-8 devstack@placement-api.service[95184]: DEBUG placement.objects.research_context [req-43c94cd5-20c5-4643-a8be-d8da0c5039cc req-f2423bed-fe15-4b8c-9f81-299fd096786a service placement] getting providers with 1 VCPU {{(pid=95184) __init__ /opt/stack/placement/placement/objects/research_context.py:126}}
Aug 11 02:16:48.764517 n-d-715271-8 devstack@placement-api.service[95184]: DEBUG placement.objects.research_context [req-43c94cd5-20c5-4643-a8be-d8da0c5039cc req-f2423bed-fe15-4b8c-9f81-299fd096786a service placement] found 2 providers with available 1 DISK_GB {{(pid=95184) get_provider_ids_matching /opt/stack/placement/placement/objects/research_context.py:549}}
Aug 11 02:16:48.765089 n-d-715271-8 devstack@placement-api.service[95184]: DEBUG placement.objects.research_context [req-43c94cd5-20c5-4643-a8be-d8da0c5039cc req-f2423bed-fe15-4b8c-9f81-299fd096786a service placement] found 2 providers with available 1024 MEMORY_MB {{(pid=95184) get_provider_ids_matching /opt/stack/placement/placement/objects/research_context.py:549}}
Aug 11 02:16:48.767601 n-d-715271-8 devstack@placement-api.service[95184]: DEBUG placement.objects.research_context [req-43c94cd5-20c5-4643-a8be-d8da0c5039cc req-f2423bed-fe15-4b8c-9f81-299fd096786a service placement] found 2 providers after filtering by previous result {{(pid=95184) get_provider_ids_matching /opt/stack/placement/placement/objects/research_context.py:580}}
Aug 11 02:16:48.768730 n-d-715271-8 devstack@placement-api.service[95184]: DEBUG placement.objects.research_context [req-43c94cd5-20c5-4643-a8be-d8da0c5039cc req-f2423bed-fe15-4b8c-9f81-299fd096786a service placement] found 2 providers with available 1 VCPU {{(pid=95184) get_provider_ids_matching /opt/stack/placement/placement/objects/research_context.py:549}}
Aug 11 02:16:48.770113 n-d-715271-8 devstack@placement-api.service[95184]: DEBUG placement.objects.research_context [req-43c94cd5-20c5-4643-a8be-d8da0c5039cc req-f2423bed-fe15-4b8c-9f81-299fd096786a service placement] found 2 providers after filtering by previous result {{(pid=95184) get_provider_ids_matching /opt/stack/placement/placement/objects/research_context.py:580}}
Aug 11 02:16:48.857012 n-d-715271-8 devstack@placement-api.service[95184]: DEBUG placement.objects.allocation_candidate [req-43c94cd5-20c5-4643-a8be-d8da0c5039cc req-f2423bed-fe15-4b8c-9f81-299fd096786a service placement] RequestGroup(use_same_provider=False, resources={DISK_GB:1, MEMORY_MB:1024, VCPU:1}, traits=[], aggregates=[]) (suffix '') returned 2 matches {{(pid=95184) _get_by_requests /opt/stack/placement/placement/objects/allocation_candidate.py:145}}
Aug 11 02:16:48.857970 n-d-715271-8 devstack@placement-api.service[95184]: DEBUG placement.objects.allocation_candidate [req-43c94cd5-20c5-4643-a8be-d8da0c5039cc req-f2423bed-fe15-4b8c-9f81-299fd096786a service placement] Merging candidates yields 2 allocation requests and 2 provider summaries {{(pid=95184) _merge_candidates /opt/stack/placement/placement/objects/allocation_candidate.py:783}}
Aug 11 02:16:48.879940 n-d-715271-8 devstack@placement-api.service[95184]: INFO placement.requestlog [req-43c94cd5-20c5-4643-a8be-d8da0c5039cc req-f2423bed-fe15-4b8c-9f81-299fd096786a service placement] 10.222.0.16 "GET /placement/allocation_candidates?limit=1000&resources=DISK_GB%3A1%2CMEMORY_MB%3A1024%2CVCPU%3A1&root_required=%21COMPUTE_STATUS_DISABLED" status: 200 len: 1303 microversion: 1.35
Aug 11 02:16:48.904212 n-d-715271-8 devstack@placement-api.service[95184]: [pid: 95184|app: 0|req: 18/34] 10.222.0.16 () {60 vars in 1507 bytes} [Wed Aug 11 02:16:47 2021] GET /placement/allocation_candidates?limit=1000&resources=DISK_GB%3A1%2CMEMORY_MB%3A1024%2CVCPU%3A1&root_required=%21COMPUTE_STATUS_DISABLED => generated 1303 bytes in 1654 msecs (HTTP/1.1 200) 8 headers in 297 bytes (1 switches on core 0)
Aug 11 02:16:49.310044 n-d-715271-8 devstack@placement-api.service[95183]: DEBUG placement.requestlog [req-43c94cd5-20c5-4643-a8be-d8da0c5039cc req-12f2410e-b208-4dd6-adf5-4575e83a29c9 None None] Starting request: 10.222.0.16 "GET /placement/allocations/59b41180-85c5-4fbc-b740-779ec7235cb5" {{(pid=95183) __call__ /opt/stack/placement/placement/requestlog.py:55}}
Aug 11 02:16:49.958271 n-d-715271-8 devstack@placement-api.service[95183]: INFO placement.requestlog [req-43c94cd5-20c5-4643-a8be-d8da0c5039cc req-12f2410e-b208-4dd6-adf5-4575e83a29c9 service placement] 10.222.0.16 "GET /placement/allocations/59b41180-85c5-4fbc-b740-779ec7235cb5" status: 200 len: 19 microversion: 1.28
Aug 11 02:16:49.958271 n-d-715271-8 devstack@placement-api.service[95183]: [pid: 95183|app: 0|req: 17/35] 10.222.0.16 () {60 vars in 1381 bytes} [Wed Aug 11 02:16:49 2021] GET /placement/allocations/59b41180-85c5-4fbc-b740-779ec7235cb5 => generated 19 bytes in 645 msecs (HTTP/1.1 200) 8 headers in 295 bytes (1 switches on core 0)
Aug 11 02:16:49.968842 n-d-715271-8 devstack@placement-api.service[95184]: DEBUG placement.requestlog [req-43c94cd5-20c5-4643-a8be-d8da0c5039cc req-a9e062e1-80ca-4040-9502-2278b9091d73 None None] Starting request: 10.222.0.16 "PUT /placement/allocations/59b41180-85c5-4fbc-b740-779ec7235cb5" {{(pid=95184) __call__ /opt/stack/placement/placement/requestlog.py:55}}
Aug 11 02:16:50.150499 n-d-715271-8 devstack@placement-api.service[95184]: DEBUG placement.handlers.allocation [req-43c94cd5-20c5-4643-a8be-d8da0c5039cc req-a9e062e1-80ca-4040-9502-2278b9091d73 service placement] Successfully wrote allocations [, , ] {{(pid=95184) _create_allocations /opt/stack/placement/placement/handlers/allocation.py:435}}
Aug 11 02:16:50.151622 n-d-715271-8 devstack@placement-api.service[95184]: INFO placement.requestlog [req-43c94cd5-20c5-4643-a8be-d8da0c5039cc req-a9e062e1-80ca-4040-9502-2278b9091d73 service placement] 10.222.0.16 "PUT /placement/allocations/59b41180-85c5-4fbc-b740-779ec7235cb5" status: 204 len: 0 microversion: 1.35
Aug 11 02:16:50.152057 n-d-715271-8 devstack@placement-api.service[95184]: [pid: 95184|app: 0|req: 19/36] 10.222.0.16 () {64 vars in 1434 bytes} [Wed Aug 11 02:16:49 2021] PUT /placement/allocations/59b41180-85c5-4fbc-b740-779ec7235cb5 => generated 0 bytes in 184 msecs (HTTP/1.1 204) 5 headers in 199 bytes (1 switches on core 0)
Aug 11 02:16:51.335048 n-d-715271-8 devstack@placement-api.service[95183]: DEBUG placement.requestlog [req-43c94cd5-20c5-4643-a8be-d8da0c5039cc req-cbdf5ee1-5f10-4add-9441-896d7dbcfa5c None None] Starting request: 10.222.0.59 "GET /placement/allocations/59b41180-85c5-4fbc-b740-779ec7235cb5" {{(pid=95183) __call__ /opt/stack/placement/placement/requestlog.py:55}}
Aug 11 02:16:51.364114 n-d-715271-8 devstack@placement-api.service[95183]: INFO placement.requestlog [req-43c94cd5-20c5-4643-a8be-d8da0c5039cc req-cbdf5ee1-5f10-4add-9441-896d7dbcfa5c service placement] 10.222.0.59 "GET /placement/allocations/59b41180-85c5-4fbc-b740-779ec7235cb5" status: 200 len: 258 microversion: 1.28
Aug 11 02:16:51.366032 n-d-715271-8 devstack@placement-api.service[95183]: [pid: 95183|app: 0|req: 18/37] 10.222.0.59 () {60 vars in 1378 bytes} [Wed Aug 11 02:16:51 2021] GET /placement/allocations/59b41180-85c5-4fbc-b740-779ec7235cb5 => generated 258 bytes in 31 msecs (HTTP/1.1 200) 8 headers in 296 bytes (1 switches on core 0)
Aug 11 02:17:06.647023 n-d-715271-8 devstack@placement-api.service[95184]: DEBUG placement.requestlog [req-9f1d4ea1-025c-4e7b-84be-b68d53bd4c33 req-98981115-8c59-42e7-ba2f-e5b8780ba549 None None] Starting request: 10.222.0.16 "GET /placement/allocation_candidates?limit=1000&resources=DISK_GB%3A1%2CMEMORY_MB%3A1024%2CVCPU%3A1&root_required=%21COMPUTE_STATUS_DISABLED" {{(pid=95184) __call__ /opt/stack/placement/placement/requestlog.py:55}}
Aug 11 02:17:06.774309 n-d-715271-8 devstack@placement-api.service[95184]: DEBUG placement.objects.research_context [req-9f1d4ea1-025c-4e7b-84be-b68d53bd4c33 req-98981115-8c59-42e7-ba2f-e5b8780ba549 service placement] getting providers with 1 DISK_GB {{(pid=95184) __init__ /opt/stack/placement/placement/objects/research_context.py:126}}
Aug 11 02:17:06.810111 n-d-715271-8 devstack@placement-api.service[95184]: DEBUG placement.objects.research_context [req-9f1d4ea1-025c-4e7b-84be-b68d53bd4c33 req-98981115-8c59-42e7-ba2f-e5b8780ba549 service placement] getting providers with 1024 MEMORY_MB {{(pid=95184) __init__ /opt/stack/placement/placement/objects/research_context.py:126}}
Aug 11 02:17:06.827139 n-d-715271-8 devstack@placement-api.service[95184]: DEBUG placement.objects.research_context [req-9f1d4ea1-025c-4e7b-84be-b68d53bd4c33 req-98981115-8c59-42e7-ba2f-e5b8780ba549 service placement] getting providers with 1 VCPU {{(pid=95184) __init__ /opt/stack/placement/placement/objects/research_context.py:126}}
Aug 11 02:17:06.859490 n-d-715271-8 devstack@placement-api.service[95184]: DEBUG placement.objects.research_context [req-9f1d4ea1-025c-4e7b-84be-b68d53bd4c33 req-98981115-8c59-42e7-ba2f-e5b8780ba549 service placement] found 2 providers with available 1 DISK_GB {{(pid=95184) get_provider_ids_matching /opt/stack/placement/placement/objects/research_context.py:549}}
Aug 11 02:17:06.861618 n-d-715271-8 devstack@placement-api.service[95184]: DEBUG placement.objects.research_context [req-9f1d4ea1-025c-4e7b-84be-b68d53bd4c33 req-98981115-8c59-42e7-ba2f-e5b8780ba549 service placement] found 2 providers with available 1024 MEMORY_MB {{(pid=95184) get_provider_ids_matching /opt/stack/placement/placement/objects/research_context.py:549}}
Aug 11 02:17:06.861927 n-d-715271-8 devstack@placement-api.service[95184]: DEBUG placement.objects.research_context [req-9f1d4ea1-025c-4e7b-84be-b68d53bd4c33 req-98981115-8c59-42e7-ba2f-e5b8780ba549 service placement] found 2 providers after filtering by previous result {{(pid=95184) get_provider_ids_matching /opt/stack/placement/placement/objects/research_context.py:580}}
Aug 11 02:17:06.862244 n-d-715271-8 devstack@placement-api.service[95184]: DEBUG placement.objects.research_context [req-9f1d4ea1-025c-4e7b-84be-b68d53bd4c33 req-98981115-8c59-42e7-ba2f-e5b8780ba549 service placement] found 2 providers with available 1 VCPU {{(pid=95184) get_provider_ids_matching /opt/stack/placement/placement/objects/research_context.py:549}}
Aug 11 02:17:06.866153 n-d-715271-8 devstack@placement-api.service[95184]: DEBUG placement.objects.research_context [req-9f1d4ea1-025c-4e7b-84be-b68d53bd4c33 req-98981115-8c59-42e7-ba2f-e5b8780ba549 service placement] found 2 providers after filtering by previous result {{(pid=95184) get_provider_ids_matching /opt/stack/placement/placement/objects/research_context.py:580}}
Aug 11 02:17:06.871668 n-d-715271-8 devstack@placement-api.service[95183]: DEBUG placement.requestlog [req-9e19c03b-8a24-40c5-b0ad-c643ad0477e0 req-796c0f15-f64b-493a-93f2-49dcc376f8f3 None None] Starting request: 10.222.0.16 "GET /placement/allocation_candidates?limit=1000&resources=DISK_GB%3A1%2CMEMORY_MB%3A1024%2CVCPU%3A1&root_required=%21COMPUTE_STATUS_DISABLED" {{(pid=95183) __call__ /opt/stack/placement/placement/requestlog.py:55}}
Aug 11 02:17:06.912176 n-d-715271-8 devstack@placement-api.service[95184]: DEBUG placement.objects.allocation_candidate [req-9f1d4ea1-025c-4e7b-84be-b68d53bd4c33 req-98981115-8c59-42e7-ba2f-e5b8780ba549 service placement] RequestGroup(use_same_provider=False, resources={DISK_GB:1, MEMORY_MB:1024, VCPU:1}, traits=[], aggregates=[]) (suffix '') returned 2 matches {{(pid=95184) _get_by_requests /opt/stack/placement/placement/objects/allocation_candidate.py:145}}
Aug 11 02:17:06.916490 n-d-715271-8 devstack@placement-api.service[95184]: DEBUG placement.objects.allocation_candidate [req-9f1d4ea1-025c-4e7b-84be-b68d53bd4c33 req-98981115-8c59-42e7-ba2f-e5b8780ba549 service placement] Merging candidates yields 2 allocation requests and 2 provider summaries {{(pid=95184) _merge_candidates /opt/stack/placement/placement/objects/allocation_candidate.py:783}}
Aug 11 02:17:06.920968 n-d-715271-8 devstack@placement-api.service[95184]: INFO placement.requestlog [req-9f1d4ea1-025c-4e7b-84be-b68d53bd4c33 req-98981115-8c59-42e7-ba2f-e5b8780ba549 service placement] 10.222.0.16 "GET /placement/allocation_candidates?limit=1000&resources=DISK_GB%3A1%2CMEMORY_MB%3A1024%2CVCPU%3A1&root_required=%21COMPUTE_STATUS_DISABLED" status: 200 len: 1306 microversion: 1.35
Aug 11 02:17:06.922981 n-d-715271-8 devstack@placement-api.service[95184]: [pid: 95184|app: 0|req: 20/38] 10.222.0.16 () {60 vars in 1507 bytes} [Wed Aug 11 02:17:06 2021] GET /placement/allocation_candidates?limit=1000&resources=DISK_GB%3A1%2CMEMORY_MB%3A1024%2CVCPU%3A1&root_required=%21COMPUTE_STATUS_DISABLED => generated 1306 bytes in 276 msecs (HTTP/1.1 200) 8 headers in 297 bytes (1 switches on core 0)
Aug 11 02:17:06.934527 n-d-715271-8 devstack@placement-api.service[95183]: DEBUG placement.objects.research_context [req-9e19c03b-8a24-40c5-b0ad-c643ad0477e0 req-796c0f15-f64b-493a-93f2-49dcc376f8f3 service placement] getting providers with 1 DISK_GB {{(pid=95183) __init__ /opt/stack/placement/placement/objects/research_context.py:126}}
Aug 11 02:17:06.948616 n-d-715271-8 devstack@placement-api.service[95183]: DEBUG placement.objects.research_context [req-9e19c03b-8a24-40c5-b0ad-c643ad0477e0 req-796c0f15-f64b-493a-93f2-49dcc376f8f3 service placement] getting providers with 1024 MEMORY_MB {{(pid=95183) __init__ /opt/stack/placement/placement/objects/research_context.py:126}}
Aug 11 02:17:06.957534 n-d-715271-8 devstack@placement-api.service[95183]: DEBUG placement.objects.research_context [req-9e19c03b-8a24-40c5-b0ad-c643ad0477e0 req-796c0f15-f64b-493a-93f2-49dcc376f8f3 service placement] getting providers with 1 VCPU {{(pid=95183) __init__ /opt/stack/placement/placement/objects/research_context.py:126}}
Aug 11 02:17:06.967161 n-d-715271-8 devstack@placement-api.service[95183]: DEBUG placement.objects.research_context [req-9e19c03b-8a24-40c5-b0ad-c643ad0477e0 req-796c0f15-f64b-493a-93f2-49dcc376f8f3 service placement] found 2 providers with available 1 DISK_GB {{(pid=95183) get_provider_ids_matching /opt/stack/placement/placement/objects/research_context.py:549}}
Aug 11 02:17:06.967883 n-d-715271-8 devstack@placement-api.service[95183]: DEBUG placement.objects.research_context [req-9e19c03b-8a24-40c5-b0ad-c643ad0477e0 req-796c0f15-f64b-493a-93f2-49dcc376f8f3 service placement] found 2 providers with available 1024 MEMORY_MB {{(pid=95183) get_provider_ids_matching /opt/stack/placement/placement/objects/research_context.py:549}}
Aug 11 02:17:06.970161 n-d-715271-8 devstack@placement-api.service[95183]: DEBUG placement.objects.research_context [req-9e19c03b-8a24-40c5-b0ad-c643ad0477e0 req-796c0f15-f64b-493a-93f2-49dcc376f8f3 service placement] found 2 providers after filtering by previous result {{(pid=95183) get_provider_ids_matching /opt/stack/placement/placement/objects/research_context.py:580}}
Aug 11 02:17:06.971652 n-d-715271-8 devstack@placement-api.service[95183]: DEBUG placement.objects.research_context [req-9e19c03b-8a24-40c5-b0ad-c643ad0477e0 req-796c0f15-f64b-493a-93f2-49dcc376f8f3 service placement] found 2 providers with available 1 VCPU {{(pid=95183) get_provider_ids_matching /opt/stack/placement/placement/objects/research_context.py:549}}
Aug 11 02:17:06.972589 n-d-715271-8 devstack@placement-api.service[95183]: DEBUG placement.objects.research_context [req-9e19c03b-8a24-40c5-b0ad-c643ad0477e0 req-796c0f15-f64b-493a-93f2-49dcc376f8f3 service placement] found 2 providers after filtering by previous result {{(pid=95183) get_provider_ids_matching /opt/stack/placement/placement/objects/research_context.py:580}}
Aug 11 02:17:06.999247 n-d-715271-8 devstack@placement-api.service[95183]: DEBUG placement.objects.allocation_candidate [req-9e19c03b-8a24-40c5-b0ad-c643ad0477e0 req-796c0f15-f64b-493a-93f2-49dcc376f8f3 service placement] RequestGroup(use_same_provider=False, resources={DISK_GB:1, MEMORY_MB:1024, VCPU:1}, traits=[], aggregates=[]) (suffix '') returned 2 matches {{(pid=95183) _get_by_requests /opt/stack/placement/placement/objects/allocation_candidate.py:145}}
Aug 11 02:17:07.000212 n-d-715271-8 devstack@placement-api.service[95183]: DEBUG placement.objects.allocation_candidate [req-9e19c03b-8a24-40c5-b0ad-c643ad0477e0 req-796c0f15-f64b-493a-93f2-49dcc376f8f3 service placement] Merging candidates yields 2 allocation requests and 2 provider summaries {{(pid=95183) _merge_candidates /opt/stack/placement/placement/objects/allocation_candidate.py:783}}
Aug 11 02:17:07.003979 n-d-715271-8 devstack@placement-api.service[95183]: INFO placement.requestlog [req-9e19c03b-8a24-40c5-b0ad-c643ad0477e0 req-796c0f15-f64b-493a-93f2-49dcc376f8f3 service placement] 10.222.0.16 "GET /placement/allocation_candidates?limit=1000&resources=DISK_GB%3A1%2CMEMORY_MB%3A1024%2CVCPU%3A1&root_required=%21COMPUTE_STATUS_DISABLED" status: 200 len: 1306 microversion: 1.35
Aug 11 02:17:07.010893 n-d-715271-8 devstack@placement-api.service[95183]: [pid: 95183|app: 0|req: 19/39] 10.222.0.16 () {60 vars in 1507 bytes} [Wed Aug 11 02:17:06 2021] GET /placement/allocation_candidates?limit=1000&resources=DISK_GB%3A1%2CMEMORY_MB%3A1024%2CVCPU%3A1&root_required=%21COMPUTE_STATUS_DISABLED => generated 1306 bytes in 139 msecs (HTTP/1.1 200) 8 headers in 297 bytes (2 switches on core 0)
Aug 11 02:17:07.086360 n-d-715271-8 devstack@placement-api.service[95184]: DEBUG placement.requestlog [req-9e19c03b-8a24-40c5-b0ad-c643ad0477e0 req-201b07e5-498b-494c-b474-815c630134b1 None None] Starting request: 10.222.0.16 "GET /placement/allocations/39f6a562-8cbd-414b-9277-4d9234821d2f" {{(pid=95184) __call__ /opt/stack/placement/placement/requestlog.py:55}}
Aug 11 02:17:07.113231 n-d-715271-8 devstack@placement-api.service[95184]: INFO placement.requestlog [req-9e19c03b-8a24-40c5-b0ad-c643ad0477e0 req-201b07e5-498b-494c-b474-815c630134b1 service placement] 10.222.0.16 "GET /placement/allocations/39f6a562-8cbd-414b-9277-4d9234821d2f" status: 200 len: 19 microversion: 1.28
Aug 11 02:17:07.116569 n-d-715271-8 devstack@placement-api.service[95184]: [pid: 95184|app: 0|req: 21/40] 10.222.0.16 () {60 vars in 1381 bytes} [Wed Aug 11 02:17:07 2021] GET /placement/allocations/39f6a562-8cbd-414b-9277-4d9234821d2f => generated 19 bytes in 31 msecs (HTTP/1.1 200) 8 headers in 295 bytes (1 switches on core 0)
Aug 11 02:17:07.121935 n-d-715271-8 devstack@placement-api.service[95183]: DEBUG placement.requestlog [req-9e19c03b-8a24-40c5-b0ad-c643ad0477e0 req-116317cc-ac6a-4760-a40d-916c9252bcc8 None None] Starting request: 10.222.0.16 "PUT /placement/allocations/39f6a562-8cbd-414b-9277-4d9234821d2f" {{(pid=95183) __call__ /opt/stack/placement/placement/requestlog.py:55}}
Aug 11 02:17:07.336837 n-d-715271-8 devstack@placement-api.service[95183]: DEBUG placement.handlers.allocation [req-9e19c03b-8a24-40c5-b0ad-c643ad0477e0 req-116317cc-ac6a-4760-a40d-916c9252bcc8 service placement] Successfully wrote allocations [, , ] {{(pid=95183) _create_allocations /opt/stack/placement/placement/handlers/allocation.py:435}}
Aug 11 02:17:07.337736 n-d-715271-8 devstack@placement-api.service[95183]: INFO placement.requestlog [req-9e19c03b-8a24-40c5-b0ad-c643ad0477e0 req-116317cc-ac6a-4760-a40d-916c9252bcc8 service placement] 10.222.0.16 "PUT /placement/allocations/39f6a562-8cbd-414b-9277-4d9234821d2f" status: 204 len: 0 microversion: 1.35
Aug 11 02:17:07.338362 n-d-715271-8 devstack@placement-api.service[95183]: [pid: 95183|app: 0|req: 20/41] 10.222.0.16 () {64 vars in 1434 bytes} [Wed Aug 11 02:17:07 2021] PUT /placement/allocations/39f6a562-8cbd-414b-9277-4d9234821d2f => generated 0 bytes in 216 msecs (HTTP/1.1 204) 5 headers in 199 bytes (1 switches on core 0)
Aug 11 02:17:07.550504 n-d-715271-8 devstack@placement-api.service[95184]: DEBUG placement.requestlog [req-9f1d4ea1-025c-4e7b-84be-b68d53bd4c33 req-30342b6b-40c1-449c-90ed-7bf241435237 None None] Starting request: 10.222.0.16 "GET /placement/allocations/818f87c0-8d4a-4ffc-b486-8c84f3dd8ced" {{(pid=95184) __call__ /opt/stack/placement/placement/requestlog.py:55}}
Aug 11 02:17:07.568098 n-d-715271-8 devstack@placement-api.service[95184]: INFO placement.requestlog [req-9f1d4ea1-025c-4e7b-84be-b68d53bd4c33 req-30342b6b-40c1-449c-90ed-7bf241435237 service placement] 10.222.0.16 "GET /placement/allocations/818f87c0-8d4a-4ffc-b486-8c84f3dd8ced" status: 200 len: 19 microversion: 1.28
Aug 11 02:17:07.568845 n-d-715271-8 devstack@placement-api.service[95184]: [pid: 95184|app: 0|req: 22/42] 10.222.0.16 () {60 vars in 1381 bytes} [Wed Aug 11 02:17:07 2021] GET /placement/allocations/818f87c0-8d4a-4ffc-b486-8c84f3dd8ced => generated 19 bytes in 19 msecs (HTTP/1.1 200) 8 headers in 295 bytes (1 switches on core 0)
Aug 11 02:17:07.583378 n-d-715271-8 devstack@placement-api.service[95183]: DEBUG placement.requestlog [req-9f1d4ea1-025c-4e7b-84be-b68d53bd4c33 req-752b776c-2ecf-4922-aeaf-2d424baee2c7 None None] Starting request: 10.222.0.16 "PUT /placement/allocations/818f87c0-8d4a-4ffc-b486-8c84f3dd8ced" {{(pid=95183) __call__ /opt/stack/placement/placement/requestlog.py:55}}
Aug 11 02:17:07.769050 n-d-715271-8 devstack@placement-api.service[95183]: DEBUG placement.handlers.allocation [req-9f1d4ea1-025c-4e7b-84be-b68d53bd4c33 req-752b776c-2ecf-4922-aeaf-2d424baee2c7 service placement] Successfully wrote allocations [, , ] {{(pid=95183) _create_allocations /opt/stack/placement/placement/handlers/allocation.py:435}}
Aug 11 02:17:07.769881 n-d-715271-8 devstack@placement-api.service[95183]: INFO placement.requestlog [req-9f1d4ea1-025c-4e7b-84be-b68d53bd4c33 req-752b776c-2ecf-4922-aeaf-2d424baee2c7 service placement] 10.222.0.16 "PUT /placement/allocations/818f87c0-8d4a-4ffc-b486-8c84f3dd8ced" status: 204 len: 0 microversion: 1.35
Aug 11 02:17:07.770367 n-d-715271-8 devstack@placement-api.service[95183]: [pid: 95183|app: 0|req: 21/43] 10.222.0.16 () {64 vars in 1434 bytes} [Wed Aug 11 02:17:07 2021] PUT /placement/allocations/818f87c0-8d4a-4ffc-b486-8c84f3dd8ced => generated 0 bytes in 187 msecs (HTTP/1.1 204) 5 headers in 199 bytes (3 switches on core 0)
Aug 11 02:17:08.092575 n-d-715271-8 devstack@placement-api.service[95184]: DEBUG placement.requestlog [req-9e19c03b-8a24-40c5-b0ad-c643ad0477e0 req-294f5d38-5321-4726-8ab1-bf46aed140ef None None] Starting request: 10.222.0.25 "GET /placement/allocations/39f6a562-8cbd-414b-9277-4d9234821d2f" {{(pid=95184) __call__ /opt/stack/placement/placement/requestlog.py:55}}
Aug 11 02:17:08.125636 n-d-715271-8 devstack@placement-api.service[95184]: INFO placement.requestlog [req-9e19c03b-8a24-40c5-b0ad-c643ad0477e0 req-294f5d38-5321-4726-8ab1-bf46aed140ef service placement] 10.222.0.25 "GET /placement/allocations/39f6a562-8cbd-414b-9277-4d9234821d2f" status: 200 len: 258 microversion: 1.28
Aug 11 02:17:08.127287 n-d-715271-8 devstack@placement-api.service[95184]: [pid: 95184|app: 0|req: 23/44] 10.222.0.25 () {60 vars in 1378 bytes} [Wed Aug 11 02:17:08 2021] GET /placement/allocations/39f6a562-8cbd-414b-9277-4d9234821d2f => generated 258 bytes in 35 msecs (HTTP/1.1 200) 8 headers in 296 bytes (1 switches on core 0)
Aug 11 02:17:09.741611 n-d-715271-8 devstack@placement-api.service[95183]: DEBUG placement.requestlog [req-9f1d4ea1-025c-4e7b-84be-b68d53bd4c33 req-7eee81ba-4139-4fcc-91c2-1014af2662c5 None None] Starting request: 10.222.0.25 "GET /placement/allocations/818f87c0-8d4a-4ffc-b486-8c84f3dd8ced" {{(pid=95183) __call__ /opt/stack/placement/placement/requestlog.py:55}}
Aug 11 02:17:09.855523 n-d-715271-8 devstack@placement-api.service[95183]: INFO placement.requestlog [req-9f1d4ea1-025c-4e7b-84be-b68d53bd4c33 req-7eee81ba-4139-4fcc-91c2-1014af2662c5 service placement] 10.222.0.25 "GET /placement/allocations/818f87c0-8d4a-4ffc-b486-8c84f3dd8ced" status: 200 len: 258 microversion: 1.28
Aug 11 02:17:09.857473 n-d-715271-8 devstack@placement-api.service[95183]: [pid: 95183|app: 0|req: 22/45] 10.222.0.25 () {60 vars in 1378 bytes} [Wed Aug 11 02:17:09 2021] GET /placement/allocations/818f87c0-8d4a-4ffc-b486-8c84f3dd8ced => generated 258 bytes in 117 msecs (HTTP/1.1 200) 8 headers in 296 bytes (1 switches on core 0)
Aug 11 02:17:22.342368 n-d-715271-8 devstack@placement-api.service[95184]: DEBUG placement.requestlog [req-b4fab6bb-0da2-440f-bd22-9bf47b88666f req-01eda737-a259-4ebc-84d0-aed2be655a2c None None] Starting request: 10.222.0.16 "GET /placement/allocation_candidates?limit=1000&resources=DISK_GB%3A1%2CMEMORY_MB%3A1024%2CVCPU%3A1&root_required=%21COMPUTE_STATUS_DISABLED" {{(pid=95184) __call__ /opt/stack/placement/placement/requestlog.py:55}}
Aug 11 02:17:22.379800 n-d-715271-8 devstack@placement-api.service[95184]: DEBUG placement.objects.research_context [req-b4fab6bb-0da2-440f-bd22-9bf47b88666f req-01eda737-a259-4ebc-84d0-aed2be655a2c service placement] getting providers with 1 DISK_GB {{(pid=95184) __init__ /opt/stack/placement/placement/objects/research_context.py:126}}
Aug 11 02:17:22.388073 n-d-715271-8 devstack@placement-api.service[95184]: DEBUG placement.objects.research_context [req-b4fab6bb-0da2-440f-bd22-9bf47b88666f req-01eda737-a259-4ebc-84d0-aed2be655a2c service placement] getting providers with 1024 MEMORY_MB {{(pid=95184) __init__ /opt/stack/placement/placement/objects/research_context.py:126}}
Aug 11 02:17:22.395662 n-d-715271-8 devstack@placement-api.service[95184]: DEBUG placement.objects.research_context [req-b4fab6bb-0da2-440f-bd22-9bf47b88666f req-01eda737-a259-4ebc-84d0-aed2be655a2c service placement] getting providers with 1 VCPU {{(pid=95184) __init__ /opt/stack/placement/placement/objects/research_context.py:126}}
Aug 11 02:17:22.404131 n-d-715271-8 devstack@placement-api.service[95184]: DEBUG placement.objects.research_context [req-b4fab6bb-0da2-440f-bd22-9bf47b88666f req-01eda737-a259-4ebc-84d0-aed2be655a2c service placement] found 2 providers with available 1 DISK_GB {{(pid=95184) get_provider_ids_matching /opt/stack/placement/placement/objects/research_context.py:549}}
Aug 11 02:17:22.404528 n-d-715271-8 devstack@placement-api.service[95184]: DEBUG placement.objects.research_context [req-b4fab6bb-0da2-440f-bd22-9bf47b88666f req-01eda737-a259-4ebc-84d0-aed2be655a2c service placement] found 2 providers with available 1024 MEMORY_MB {{(pid=95184) get_provider_ids_matching /opt/stack/placement/placement/objects/research_context.py:549}}
Aug 11 02:17:22.404808 n-d-715271-8 devstack@placement-api.service[95184]: DEBUG placement.objects.research_context [req-b4fab6bb-0da2-440f-bd22-9bf47b88666f req-01eda737-a259-4ebc-84d0-aed2be655a2c service placement] found 2 providers after filtering by previous result {{(pid=95184) get_provider_ids_matching /opt/stack/placement/placement/objects/research_context.py:580}}
Aug 11 02:17:22.405175 n-d-715271-8 devstack@placement-api.service[95184]: DEBUG placement.objects.research_context [req-b4fab6bb-0da2-440f-bd22-9bf47b88666f req-01eda737-a259-4ebc-84d0-aed2be655a2c service placement] found 2 providers with available 1 VCPU {{(pid=95184) get_provider_ids_matching /opt/stack/placement/placement/objects/research_context.py:549}}
Aug 11 02:17:22.405443 n-d-715271-8 devstack@placement-api.service[95184]: DEBUG placement.objects.research_context [req-b4fab6bb-0da2-440f-bd22-9bf47b88666f req-01eda737-a259-4ebc-84d0-aed2be655a2c service placement] found 2 providers after filtering by previous result {{(pid=95184) get_provider_ids_matching /opt/stack/placement/placement/objects/research_context.py:580}}
Aug 11 02:17:22.423207 n-d-715271-8 devstack@placement-api.service[95184]: DEBUG placement.objects.allocation_candidate [req-b4fab6bb-0da2-440f-bd22-9bf47b88666f req-01eda737-a259-4ebc-84d0-aed2be655a2c service placement] RequestGroup(use_same_provider=False, resources={DISK_GB:1, MEMORY_MB:1024, VCPU:1}, traits=[], aggregates=[]) (suffix '') returned 2 matches {{(pid=95184) _get_by_requests /opt/stack/placement/placement/objects/allocation_candidate.py:145}}
Aug 11 02:17:22.423907 n-d-715271-8 devstack@placement-api.service[95184]: DEBUG placement.objects.allocation_candidate [req-b4fab6bb-0da2-440f-bd22-9bf47b88666f req-01eda737-a259-4ebc-84d0-aed2be655a2c service placement] Merging candidates yields 2 allocation requests and 2 provider summaries {{(pid=95184) _merge_candidates /opt/stack/placement/placement/objects/allocation_candidate.py:783}}
Aug 11 02:17:22.426388 n-d-715271-8 devstack@placement-api.service[95184]: INFO placement.requestlog [req-b4fab6bb-0da2-440f-bd22-9bf47b88666f req-01eda737-a259-4ebc-84d0-aed2be655a2c service placement] 10.222.0.16 "GET /placement/allocation_candidates?limit=1000&resources=DISK_GB%3A1%2CMEMORY_MB%3A1024%2CVCPU%3A1&root_required=%21COMPUTE_STATUS_DISABLED" status: 200 len: 1309 microversion: 1.35
Aug 11 02:17:22.439713 n-d-715271-8 devstack@placement-api.service[95184]: [pid: 95184|app: 0|req: 24/46] 10.222.0.16 () {60 vars in 1507 bytes} [Wed Aug 11 02:17:22 2021] GET /placement/allocation_candidates?limit=1000&resources=DISK_GB%3A1%2CMEMORY_MB%3A1024%2CVCPU%3A1&root_required=%21COMPUTE_STATUS_DISABLED => generated 1309 bytes in 97 msecs (HTTP/1.1 200) 8 headers in 297 bytes (2 switches on core 0)
Aug 11 02:17:22.506181 n-d-715271-8 devstack@placement-api.service[95183]: DEBUG placement.requestlog [req-b4fab6bb-0da2-440f-bd22-9bf47b88666f req-e63051dd-f1ee-4236-8c7f-7c4e94a8c29e None None] Starting request: 10.222.0.16 "GET /placement/allocations/ff4b2a42-828a-4fa3-9a1c-736a3379da40" {{(pid=95183) __call__ /opt/stack/placement/placement/requestlog.py:55}}
Aug 11 02:17:22.521759 n-d-715271-8 devstack@placement-api.service[95183]: INFO placement.requestlog [req-b4fab6bb-0da2-440f-bd22-9bf47b88666f req-e63051dd-f1ee-4236-8c7f-7c4e94a8c29e service placement] 10.222.0.16 "GET /placement/allocations/ff4b2a42-828a-4fa3-9a1c-736a3379da40" status: 200 len: 19 microversion: 1.28
Aug 11 02:17:22.528695 n-d-715271-8 devstack@placement-api.service[95183]: [pid: 95183|app: 0|req: 23/47] 10.222.0.16 () {60 vars in 1381 bytes} [Wed Aug 11 02:17:22 2021] GET /placement/allocations/ff4b2a42-828a-4fa3-9a1c-736a3379da40 => generated 19 bytes in 23 msecs (HTTP/1.1 200) 8 headers in 295 bytes (1 switches on core 0)
Aug 11 02:17:22.531931 n-d-715271-8 devstack@placement-api.service[95184]: DEBUG placement.requestlog [req-b4fab6bb-0da2-440f-bd22-9bf47b88666f req-92d791e8-45c5-4b4b-8859-9473f7ede191 None None] Starting request: 10.222.0.16 "PUT /placement/allocations/ff4b2a42-828a-4fa3-9a1c-736a3379da40" {{(pid=95184) __call__ /opt/stack/placement/placement/requestlog.py:55}}
Aug 11 02:17:22.652894 n-d-715271-8 devstack@placement-api.service[95184]: DEBUG placement.handlers.allocation [req-b4fab6bb-0da2-440f-bd22-9bf47b88666f req-92d791e8-45c5-4b4b-8859-9473f7ede191 service placement] Successfully wrote allocations [, , ] {{(pid=95184) _create_allocations /opt/stack/placement/placement/handlers/allocation.py:435}}
Aug 11 02:17:22.654152 n-d-715271-8 devstack@placement-api.service[95184]: INFO placement.requestlog [req-b4fab6bb-0da2-440f-bd22-9bf47b88666f req-92d791e8-45c5-4b4b-8859-9473f7ede191 service placement] 10.222.0.16 "PUT /placement/allocations/ff4b2a42-828a-4fa3-9a1c-736a3379da40" status: 204 len: 0 microversion: 1.35
Aug 11 02:17:22.654758 n-d-715271-8 devstack@placement-api.service[95184]: [pid: 95184|app: 0|req: 25/48] 10.222.0.16 () {64 vars in 1434 bytes} [Wed Aug 11 02:17:22 2021] PUT /placement/allocations/ff4b2a42-828a-4fa3-9a1c-736a3379da40 => generated 0 bytes in 123 msecs (HTTP/1.1 204) 5 headers in 199 bytes (1 switches on core 0)
Aug 11 02:17:23.535271 n-d-715271-8 devstack@placement-api.service[95183]: DEBUG placement.requestlog [req-b4fab6bb-0da2-440f-bd22-9bf47b88666f req-0a195f6b-3c49-47d1-8945-c9f569f0527c None None] Starting request: 10.222.0.59 "GET /placement/allocations/ff4b2a42-828a-4fa3-9a1c-736a3379da40" {{(pid=95183) __call__ /opt/stack/placement/placement/requestlog.py:55}}
Aug 11 02:17:23.571624 n-d-715271-8 devstack@placement-api.service[95183]: INFO placement.requestlog [req-b4fab6bb-0da2-440f-bd22-9bf47b88666f req-0a195f6b-3c49-47d1-8945-c9f569f0527c service placement] 10.222.0.59 "GET /placement/allocations/ff4b2a42-828a-4fa3-9a1c-736a3379da40" status: 200 len: 258 microversion: 1.28
Aug 11 02:17:23.572614 n-d-715271-8 devstack@placement-api.service[95183]: [pid: 95183|app: 0|req: 24/49] 10.222.0.59 () {60 vars in 1378 bytes} [Wed Aug 11 02:17:23 2021] GET /placement/allocations/ff4b2a42-828a-4fa3-9a1c-736a3379da40 => generated 258 bytes in 37 msecs (HTTP/1.1 200) 8 headers in 296 bytes (2 switches on core 0)
Aug 11 02:17:26.081957 n-d-715271-8 devstack@placement-api.service[95184]: DEBUG placement.requestlog [req-ed6b32d7-6718-43ce-aac3-6611328e25c3 req-bec1afb6-10a4-4057-82c7-d341150d8414 None None] Starting request: 10.222.0.16 "GET /placement/allocation_candidates?limit=1000&resources=DISK_GB%3A1%2CMEMORY_MB%3A1024%2CVCPU%3A1&root_required=%21COMPUTE_STATUS_DISABLED" {{(pid=95184) __call__ /opt/stack/placement/placement/requestlog.py:55}}
Aug 11 02:17:26.170251 n-d-715271-8 devstack@placement-api.service[95184]: DEBUG placement.objects.research_context [req-ed6b32d7-6718-43ce-aac3-6611328e25c3 req-bec1afb6-10a4-4057-82c7-d341150d8414 service placement] getting providers with 1 DISK_GB {{(pid=95184) __init__ /opt/stack/placement/placement/objects/research_context.py:126}}
Aug 11 02:17:26.192557 n-d-715271-8 devstack@placement-api.service[95184]: DEBUG placement.objects.research_context [req-ed6b32d7-6718-43ce-aac3-6611328e25c3 req-bec1afb6-10a4-4057-82c7-d341150d8414 service placement] getting providers with 1024 MEMORY_MB {{(pid=95184) __init__ /opt/stack/placement/placement/objects/research_context.py:126}}
Aug 11 02:17:26.220084 n-d-715271-8 devstack@placement-api.service[95184]: DEBUG placement.objects.research_context [req-ed6b32d7-6718-43ce-aac3-6611328e25c3 req-bec1afb6-10a4-4057-82c7-d341150d8414 service placement] getting providers with 1 VCPU {{(pid=95184) __init__ /opt/stack/placement/placement/objects/research_context.py:126}}
Aug 11 02:17:26.274408 n-d-715271-8 devstack@placement-api.service[95184]: DEBUG placement.objects.research_context [req-ed6b32d7-6718-43ce-aac3-6611328e25c3 req-bec1afb6-10a4-4057-82c7-d341150d8414 service placement] found 2 providers with available 1 DISK_GB {{(pid=95184) get_provider_ids_matching /opt/stack/placement/placement/objects/research_context.py:549}}
Aug 11 02:17:26.275197 n-d-715271-8 devstack@placement-api.service[95184]: DEBUG placement.objects.research_context [req-ed6b32d7-6718-43ce-aac3-6611328e25c3 req-bec1afb6-10a4-4057-82c7-d341150d8414 service placement] found 2 providers with available 1024 MEMORY_MB {{(pid=95184) get_provider_ids_matching /opt/stack/placement/placement/objects/research_context.py:549}}
Aug 11 02:17:26.275881 n-d-715271-8 devstack@placement-api.service[95184]: DEBUG placement.objects.research_context [req-ed6b32d7-6718-43ce-aac3-6611328e25c3 req-bec1afb6-10a4-4057-82c7-d341150d8414 service placement] found 2 providers after filtering by previous result {{(pid=95184) get_provider_ids_matching /opt/stack/placement/placement/objects/research_context.py:580}}
Aug 11 02:17:26.277263 n-d-715271-8 devstack@placement-api.service[95184]: DEBUG placement.objects.research_context [req-ed6b32d7-6718-43ce-aac3-6611328e25c3 req-bec1afb6-10a4-4057-82c7-d341150d8414 service placement] found 2 providers with available 1 VCPU {{(pid=95184) get_provider_ids_matching /opt/stack/placement/placement/objects/research_context.py:549}}
Aug 11 02:17:26.282171 n-d-715271-8 devstack@placement-api.service[95184]: DEBUG placement.objects.research_context [req-ed6b32d7-6718-43ce-aac3-6611328e25c3 req-bec1afb6-10a4-4057-82c7-d341150d8414 service placement] found 2 providers after filtering by previous result {{(pid=95184) get_provider_ids_matching /opt/stack/placement/placement/objects/research_context.py:580}}
Aug 11 02:17:26.311167 n-d-715271-8 devstack@placement-api.service[95184]: DEBUG placement.objects.allocation_candidate [req-ed6b32d7-6718-43ce-aac3-6611328e25c3 req-bec1afb6-10a4-4057-82c7-d341150d8414 service placement] RequestGroup(use_same_provider=False, resources={DISK_GB:1, MEMORY_MB:1024, VCPU:1}, traits=[], aggregates=[]) (suffix '') returned 2 matches {{(pid=95184) _get_by_requests /opt/stack/placement/placement/objects/allocation_candidate.py:145}}
Aug 11 02:17:26.313987 n-d-715271-8 devstack@placement-api.service[95184]: DEBUG placement.objects.allocation_candidate [req-ed6b32d7-6718-43ce-aac3-6611328e25c3 req-bec1afb6-10a4-4057-82c7-d341150d8414 service placement] Merging candidates yields 2 allocation requests and 2 provider summaries {{(pid=95184) _merge_candidates /opt/stack/placement/placement/objects/allocation_candidate.py:783}}
Aug 11 02:17:26.317457 n-d-715271-8 devstack@placement-api.service[95184]: INFO placement.requestlog [req-ed6b32d7-6718-43ce-aac3-6611328e25c3 req-bec1afb6-10a4-4057-82c7-d341150d8414 service placement] 10.222.0.16 "GET /placement/allocation_candidates?limit=1000&resources=DISK_GB%3A1%2CMEMORY_MB%3A1024%2CVCPU%3A1&root_required=%21COMPUTE_STATUS_DISABLED" status: 200 len: 1309 microversion: 1.35
Aug 11 02:17:26.318618 n-d-715271-8 devstack@placement-api.service[95184]: [pid: 95184|app: 0|req: 26/50] 10.222.0.16 () {60 vars in 1507 bytes} [Wed Aug 11 02:17:26 2021] GET /placement/allocation_candidates?limit=1000&resources=DISK_GB%3A1%2CMEMORY_MB%3A1024%2CVCPU%3A1&root_required=%21COMPUTE_STATUS_DISABLED => generated 1309 bytes in 237 msecs (HTTP/1.1 200) 8 headers in 297 bytes (1 switches on core 0)
Aug 11 02:17:26.462055 n-d-715271-8 devstack@placement-api.service[95183]: DEBUG placement.requestlog [req-ed6b32d7-6718-43ce-aac3-6611328e25c3 req-946306e0-c8a5-40d1-8ab9-e4019255205f None None] Starting request: 10.222.0.16 "GET /placement/allocations/c7de5a0f-feeb-4a0a-a4f9-83d509bcef23" {{(pid=95183) __call__ /opt/stack/placement/placement/requestlog.py:55}}
Aug 11 02:17:26.499370 n-d-715271-8 devstack@placement-api.service[95183]: INFO placement.requestlog [req-ed6b32d7-6718-43ce-aac3-6611328e25c3 req-946306e0-c8a5-40d1-8ab9-e4019255205f service placement] 10.222.0.16 "GET /placement/allocations/c7de5a0f-feeb-4a0a-a4f9-83d509bcef23" status: 200 len: 19 microversion: 1.28
Aug 11 02:17:26.500465 n-d-715271-8 devstack@placement-api.service[95183]: [pid: 95183|app: 0|req: 25/51] 10.222.0.16 () {60 vars in 1381 bytes} [Wed Aug 11 02:17:26 2021] GET /placement/allocations/c7de5a0f-feeb-4a0a-a4f9-83d509bcef23 => generated 19 bytes in 39 msecs (HTTP/1.1 200) 8 headers in 295 bytes (1 switches on core 0)
Aug 11 02:17:26.514369 n-d-715271-8 devstack@placement-api.service[95184]: DEBUG placement.requestlog [req-ed6b32d7-6718-43ce-aac3-6611328e25c3 req-57b2d022-8e43-4e18-833b-85913a010fb0 None None] Starting request: 10.222.0.16 "PUT /placement/allocations/c7de5a0f-feeb-4a0a-a4f9-83d509bcef23" {{(pid=95184) __call__ /opt/stack/placement/placement/requestlog.py:55}}
Aug 11 02:17:26.712925 n-d-715271-8 devstack@placement-api.service[95184]: DEBUG placement.handlers.allocation [req-ed6b32d7-6718-43ce-aac3-6611328e25c3 req-57b2d022-8e43-4e18-833b-85913a010fb0 service placement] Successfully wrote allocations [, , ] {{(pid=95184) _create_allocations /opt/stack/placement/placement/handlers/allocation.py:435}}
Aug 11 02:17:26.713441 n-d-715271-8 devstack@placement-api.service[95184]: INFO placement.requestlog [req-ed6b32d7-6718-43ce-aac3-6611328e25c3 req-57b2d022-8e43-4e18-833b-85913a010fb0 service placement] 10.222.0.16 "PUT /placement/allocations/c7de5a0f-feeb-4a0a-a4f9-83d509bcef23" status: 204 len: 0 microversion: 1.35
Aug 11 02:17:26.714874 n-d-715271-8 devstack@placement-api.service[95184]: [pid: 95184|app: 0|req: 27/52] 10.222.0.16 () {64 vars in 1434 bytes} [Wed Aug 11 02:17:26 2021] PUT /placement/allocations/c7de5a0f-feeb-4a0a-a4f9-83d509bcef23 => generated 0 bytes in 200 msecs (HTTP/1.1 204) 5 headers in 199 bytes (1 switches on core 0)
Aug 11 02:17:27.300052 n-d-715271-8 devstack@placement-api.service[95183]: DEBUG placement.requestlog [req-ed6b32d7-6718-43ce-aac3-6611328e25c3 req-9ef89f41-f4fa-4a58-aa51-bf7d2b8f84c1 None None] Starting request: 10.222.0.25 "GET /placement/allocations/c7de5a0f-feeb-4a0a-a4f9-83d509bcef23" {{(pid=95183) __call__ /opt/stack/placement/placement/requestlog.py:55}}
Aug 11 02:17:27.347151 n-d-715271-8 devstack@placement-api.service[95183]: INFO placement.requestlog [req-ed6b32d7-6718-43ce-aac3-6611328e25c3 req-9ef89f41-f4fa-4a58-aa51-bf7d2b8f84c1 service placement] 10.222.0.25 "GET /placement/allocations/c7de5a0f-feeb-4a0a-a4f9-83d509bcef23" status: 200 len: 258 microversion: 1.28
Aug 11 02:17:27.348764 n-d-715271-8 devstack@placement-api.service[95183]: [pid: 95183|app: 0|req: 26/53] 10.222.0.25 () {60 vars in 1378 bytes} [Wed Aug 11 02:17:27 2021] GET /placement/allocations/c7de5a0f-feeb-4a0a-a4f9-83d509bcef23 => generated 258 bytes in 49 msecs (HTTP/1.1 200) 8 headers in 296 bytes (1 switches on core 0)
Aug 11 02:17:28.043426 n-d-715271-8 devstack@placement-api.service[95184]: DEBUG placement.requestlog [req-0dfe9097-67bd-46a0-97b4-a537156b0598 req-a49ad4d8-e696-4f76-94c7-c7f29da584de None None] Starting request: 10.222.0.25 "GET /placement/resource_providers/52f17160-7b13-4c86-91e1-88399f7fdda0/allocations" {{(pid=95184) __call__ /opt/stack/placement/placement/requestlog.py:55}}
Aug 11 02:17:28.228378 n-d-715271-8 devstack@placement-api.service[95184]: INFO placement.requestlog [req-0dfe9097-67bd-46a0-97b4-a537156b0598 req-a49ad4d8-e696-4f76-94c7-c7f29da584de service placement] 10.222.0.25 "GET /placement/resource_providers/52f17160-7b13-4c86-91e1-88399f7fdda0/allocations" status: 200 len: 355 microversion: 1.0
Aug 11 02:17:28.228820 n-d-715271-8 devstack@placement-api.service[95184]: [pid: 95184|app: 0|req: 28/54] 10.222.0.25 () {58 vars in 1391 bytes} [Wed Aug 11 02:17:28 2021] GET /placement/resource_providers/52f17160-7b13-4c86-91e1-88399f7fdda0/allocations => generated 355 bytes in 187 msecs (HTTP/1.1 200) 6 headers in 224 bytes (1 switches on core 0)
Aug 11 02:17:29.197979 n-d-715271-8 devstack@placement-api.service[95183]: DEBUG placement.requestlog [req-118bc114-580f-4ef5-a4a3-55978301bfa8 req-a3ce547b-2e30-4412-b35a-11f56bc835ad None None] Starting request: 10.222.0.59 "GET /placement/resource_providers/1f63ae95-e6cf-468c-88f5-9baa61cf9502/allocations" {{(pid=95183) __call__ /opt/stack/placement/placement/requestlog.py:55}}
Aug 11 02:17:29.252006 n-d-715271-8 devstack@placement-api.service[95183]: INFO placement.requestlog [req-118bc114-580f-4ef5-a4a3-55978301bfa8 req-a3ce547b-2e30-4412-b35a-11f56bc835ad service placement] 10.222.0.59 "GET /placement/resource_providers/1f63ae95-e6cf-468c-88f5-9baa61cf9502/allocations" status: 200 len: 254 microversion: 1.0
Aug 11 02:17:29.253167 n-d-715271-8 devstack@placement-api.service[95183]: [pid: 95183|app: 0|req: 27/55] 10.222.0.59 () {58 vars in 1391 bytes} [Wed Aug 11 02:17:29 2021] GET /placement/resource_providers/1f63ae95-e6cf-468c-88f5-9baa61cf9502/allocations => generated 254 bytes in 56 msecs (HTTP/1.1 200) 6 headers in 224 bytes (1 switches on core 0)
Aug 11 02:17:29.993786 n-d-715271-8 devstack@placement-api.service[95184]: DEBUG placement.requestlog [req-5acc83d8-cfc4-49eb-82d3-c5b9eab6d7e8 req-0479b82c-02a5-48d4-9c90-24b621e3cc05 None None] Starting request: 10.222.0.16 "GET /placement/resource_providers?name=n-h2-715271-8" {{(pid=95184) __call__ /opt/stack/placement/placement/requestlog.py:55}}
Aug 11 02:17:30.016371 n-d-715271-8 devstack@placement-api.service[95184]: INFO placement.requestlog [req-5acc83d8-cfc4-49eb-82d3-c5b9eab6d7e8 req-0479b82c-02a5-48d4-9c90-24b621e3cc05 service placement] 10.222.0.16 "GET /placement/resource_providers?name=n-h2-715271-8" status: 200 len: 440 microversion: 1.0
Aug 11 02:17:30.024733 n-d-715271-8 devstack@placement-api.service[95184]: [pid: 95184|app: 0|req: 29/56] 10.222.0.16 () {58 vars in 1275 bytes} [Wed Aug 11 02:17:29 2021] GET /placement/resource_providers?name=n-h2-715271-8 => generated 440 bytes in 33 msecs (HTTP/1.1 200) 6 headers in 224 bytes (1 switches on core 0)
Aug 11 02:17:30.034822 n-d-715271-8 devstack@placement-api.service[95183]: DEBUG placement.requestlog [req-5acc83d8-cfc4-49eb-82d3-c5b9eab6d7e8 req-6aefd4cb-1eef-43d8-9180-d04558f16f2c None None] Starting request: 10.222.0.16 "GET /placement/resource_providers/1f63ae95-e6cf-468c-88f5-9baa61cf9502/aggregates" {{(pid=95183) __call__ /opt/stack/placement/placement/requestlog.py:55}}
Aug 11 02:17:30.048749 n-d-715271-8 devstack@placement-api.service[95183]: INFO placement.requestlog [req-5acc83d8-cfc4-49eb-82d3-c5b9eab6d7e8 req-6aefd4cb-1eef-43d8-9180-d04558f16f2c service placement] 10.222.0.16 "GET /placement/resource_providers/1f63ae95-e6cf-468c-88f5-9baa61cf9502/aggregates" status: 200 len: 91 microversion: 1.19
Aug 11 02:17:30.049686 n-d-715271-8 devstack@placement-api.service[95183]: [pid: 95183|app: 0|req: 28/57] 10.222.0.16 () {60 vars in 1426 bytes} [Wed Aug 11 02:17:30 2021] GET /placement/resource_providers/1f63ae95-e6cf-468c-88f5-9baa61cf9502/aggregates => generated 91 bytes in 15 msecs (HTTP/1.1 200) 8 headers in 295 bytes (1 switches on core 0)
Aug 11 02:17:30.063577 n-d-715271-8 devstack@placement-api.service[95184]: DEBUG placement.requestlog [req-5acc83d8-cfc4-49eb-82d3-c5b9eab6d7e8 req-e52f4cea-b421-49f5-94c5-39fe37dda19d None None] Starting request: 10.222.0.16 "PUT /placement/resource_providers/1f63ae95-e6cf-468c-88f5-9baa61cf9502/aggregates" {{(pid=95184) __call__ /opt/stack/placement/placement/requestlog.py:55}}
Aug 11 02:17:30.096977 n-d-715271-8 devstack@placement-api.service[95184]: DEBUG placement.objects.resource_provider [req-5acc83d8-cfc4-49eb-82d3-c5b9eab6d7e8 req-e52f4cea-b421-49f5-94c5-39fe37dda19d service placement] Setting aggregates for provider 1f63ae95-e6cf-468c-88f5-9baa61cf9502. Successfully disassociated aggregate 74e6b0a7-994f-4642-a9db-8b4be4b471e0. {{(pid=95184) _set_aggregates /opt/stack/placement/placement/objects/resource_provider.py:403}}
Aug 11 02:17:30.107879 n-d-715271-8 devstack@placement-api.service[95184]: INFO placement.requestlog [req-5acc83d8-cfc4-49eb-82d3-c5b9eab6d7e8 req-e52f4cea-b421-49f5-94c5-39fe37dda19d service placement] 10.222.0.16 "PUT /placement/resource_providers/1f63ae95-e6cf-468c-88f5-9baa61cf9502/aggregates" status: 200 len: 53 microversion: 1.19
Aug 11 02:17:30.118329 n-d-715271-8 devstack@placement-api.service[95184]: [pid: 95184|app: 0|req: 30/58] 10.222.0.16 () {64 vars in 1478 bytes} [Wed Aug 11 02:17:30 2021] PUT /placement/resource_providers/1f63ae95-e6cf-468c-88f5-9baa61cf9502/aggregates => generated 53 bytes in 55 msecs (HTTP/1.1 200) 8 headers in 295 bytes (1 switches on core 0)
Aug 11 02:17:30.857577 n-d-715271-8 devstack@placement-api.service[95183]: DEBUG placement.requestlog [req-367bbdba-5b09-4ec2-874d-060f95b030b4 req-8fa87b3d-e175-4a6c-bd8d-44ea1a74d65a None None] Starting request: 10.222.0.16 "GET /placement/resource_providers?name=n-h2-715271-8" {{(pid=95183) __call__ /opt/stack/placement/placement/requestlog.py:55}}
Aug 11 02:17:30.875535 n-d-715271-8 devstack@placement-api.service[95183]: INFO placement.requestlog [req-367bbdba-5b09-4ec2-874d-060f95b030b4 req-8fa87b3d-e175-4a6c-bd8d-44ea1a74d65a service placement] 10.222.0.16 "GET /placement/resource_providers?name=n-h2-715271-8" status: 200 len: 440 microversion: 1.0
Aug 11 02:17:30.876470 n-d-715271-8 devstack@placement-api.service[95183]: [pid: 95183|app: 0|req: 29/59] 10.222.0.16 () {58 vars in 1275 bytes} [Wed Aug 11 02:17:30 2021] GET /placement/resource_providers?name=n-h2-715271-8 => generated 440 bytes in 19 msecs (HTTP/1.1 200) 6 headers in 224 bytes (1 switches on core 0)
Aug 11 02:17:30.886532 n-d-715271-8 devstack@placement-api.service[95184]: DEBUG placement.requestlog [req-367bbdba-5b09-4ec2-874d-060f95b030b4 req-41f45e0c-acbd-491c-b501-a4283d56d627 None None] Starting request: 10.222.0.16 "GET /placement/resource_providers/1f63ae95-e6cf-468c-88f5-9baa61cf9502/aggregates" {{(pid=95184) __call__ /opt/stack/placement/placement/requestlog.py:55}}
Aug 11 02:17:30.905275 n-d-715271-8 devstack@placement-api.service[95184]: INFO placement.requestlog [req-367bbdba-5b09-4ec2-874d-060f95b030b4 req-41f45e0c-acbd-491c-b501-a4283d56d627 service placement] 10.222.0.16 "GET /placement/resource_providers/1f63ae95-e6cf-468c-88f5-9baa61cf9502/aggregates" status: 200 len: 53 microversion: 1.19
Aug 11 02:17:30.905828 n-d-715271-8 devstack@placement-api.service[95184]: [pid: 95184|app: 0|req: 31/60] 10.222.0.16 () {60 vars in 1426 bytes} [Wed Aug 11 02:17:30 2021] GET /placement/resource_providers/1f63ae95-e6cf-468c-88f5-9baa61cf9502/aggregates => generated 53 bytes in 20 msecs (HTTP/1.1 200) 8 headers in 295 bytes (1 switches on core 0)
Aug 11 02:17:30.913834 n-d-715271-8 devstack@placement-api.service[95183]: DEBUG placement.requestlog [req-367bbdba-5b09-4ec2-874d-060f95b030b4 req-0346d32a-1e6c-4061-9cc2-53a1890cfa50 None None] Starting request: 10.222.0.16 "PUT /placement/resource_providers/1f63ae95-e6cf-468c-88f5-9baa61cf9502/aggregates" {{(pid=95183) __call__ /opt/stack/placement/placement/requestlog.py:55}}
