May 04 21:56:07.717034 n-d-715271-6 devstack@n-api.service[89511]: DEBUG nova.limit.keystone [None req-7b003bc4-5578-4f76-be4e-765b85aade15 tempest-ImagesOneServerTestJSON-942668974 tempest-ImagesOneServerTestJSON-942668974-project] Skip unified limits checks. {{(pid=89511) enforce_num_instances /opt/stack/nova/nova/limit/keystone.py:129}}
May 04 21:56:07.718298 n-d-715271-6 devstack@n-api.service[89511]: DEBUG nova.compute.api [None req-7b003bc4-5578-4f76-be4e-765b85aade15 tempest-ImagesOneServerTestJSON-942668974 tempest-ImagesOneServerTestJSON-942668974-project] Going to run 1 instances... {{(pid=89511) _provision_instances /opt/stack/nova/nova/compute/api.py:1311}}
May 04 21:56:07.722474 n-d-715271-6 devstack@n-api.service[89511]: DEBUG nova.compute.api [None req-7b003bc4-5578-4f76-be4e-765b85aade15 tempest-ImagesOneServerTestJSON-942668974 tempest-ImagesOneServerTestJSON-942668974-project] [instance: 790f424d-f011-4bb3-ab63-9dc07ae0d5ca] block_device_mapping [BlockDeviceMapping(attachment_id=,boot_index=0,connection_info=None,created_at=,delete_on_termination=True,deleted=,deleted_at=,destination_type='local',device_name=None,device_type='disk',disk_bus=None,guest_format=None,id=,image_id='a70280f0-8b05-48a6-86b4-cfc162d7edf8',instance=,instance_uuid=,no_device=False,snapshot_id=None,source_type='image',tag=None,updated_at=,uuid=,volume_id=None,volume_size=None,volume_type=None)] {{(pid=89511) _bdm_validate_set_size_and_instance /opt/stack/nova/nova/compute/api.py:1713}}
May 04 21:56:07.806190 n-d-715271-6 devstack@n-api.service[89512]: DEBUG nova.api.openstack.wsgi [None req-bf7d78b6-a6ae-4204-86cb-971bb3705e24 tempest-DeleteServersAdminTestJSON-1897673829 tempest-DeleteServersAdminTestJSON-1897673829-project] Calling method '>' {{(pid=89512) _process_stack /opt/stack/nova/nova/api/openstack/wsgi.py:513}}
May 04 21:56:07.806820 n-d-715271-6 devstack@n-api.service[89512]: DEBUG nova.compute.api [None req-bf7d78b6-a6ae-4204-86cb-971bb3705e24 tempest-DeleteServersAdminTestJSON-1897673829 tempest-DeleteServersAdminTestJSON-1897673829-project] [instance: d02a55d3-ac95-4a05-990d-5ae06ffef7da] Fetching instance by UUID {{(pid=89512) get /opt/stack/nova/nova/compute/api.py:2821}}
May 04 21:56:07.828154 n-d-715271-6 devstack@n-api.service[89512]: DEBUG oslo_concurrency.lockutils [None req-bf7d78b6-a6ae-4204-86cb-971bb3705e24 tempest-DeleteServersAdminTestJSON-1897673829 tempest-DeleteServersAdminTestJSON-1897673829-project] Lock "f72ffdf0-20a5-46ab-b690-9e54e5d12fb2" acquired by "nova.context.set_target_cell..get_or_set_cached_cell_and_set_connections" :: waited 0.000s {{(pid=89512) inner /usr/local/lib/python3.8/dist-packages/oslo_concurrency/lockutils.py:355}}
May 04 21:56:07.832809 n-d-715271-6 devstack@n-api.service[89511]: INFO nova.api.openstack.requestlog [None req-7b003bc4-5578-4f76-be4e-765b85aade15 tempest-ImagesOneServerTestJSON-942668974 tempest-ImagesOneServerTestJSON-942668974-project] 10.222.0.74 "POST /compute/v2.1/servers" status: 202 len: 380 microversion: 2.1 time: 2.076192
May 04 21:56:07.832920 n-d-715271-6 devstack@n-api.service[89512]: DEBUG oslo_concurrency.lockutils [None req-bf7d78b6-a6ae-4204-86cb-971bb3705e24 tempest-DeleteServersAdminTestJSON-1897673829 tempest-DeleteServersAdminTestJSON-1897673829-project] Lock "f72ffdf0-20a5-46ab-b690-9e54e5d12fb2" released by "nova.context.set_target_cell..get_or_set_cached_cell_and_set_connections" :: held 0.001s {{(pid=89512) inner /usr/local/lib/python3.8/dist-packages/oslo_concurrency/lockutils.py:367}}
May 04 21:56:07.833515 n-d-715271-6 devstack@n-api.service[89511]: [pid: 89511|app: 0|req: 155/297] 10.222.0.74 () {60 vars in 1147 bytes} [Tue May 4 21:56:05 2021] POST /compute/v2.1/servers => generated 380 bytes in 2080 msecs (HTTP/1.1 202) 10 headers in 451 bytes (2 switches on core 0)
May 04 21:56:07.834923 n-d-715271-6 devstack@n-api.service[89512]: DEBUG oslo_concurrency.lockutils [None req-bf7d78b6-a6ae-4204-86cb-971bb3705e24 tempest-DeleteServersAdminTestJSON-1897673829 tempest-DeleteServersAdminTestJSON-1897673829-project] Lock "f72ffdf0-20a5-46ab-b690-9e54e5d12fb2" acquired by "nova.context.set_target_cell..get_or_set_cached_cell_and_set_connections" :: waited 0.000s {{(pid=89512) inner /usr/local/lib/python3.8/dist-packages/oslo_concurrency/lockutils.py:355}}
May 04 21:56:07.835578 n-d-715271-6 devstack@n-api.service[89512]: DEBUG oslo_concurrency.lockutils [None req-bf7d78b6-a6ae-4204-86cb-971bb3705e24 tempest-DeleteServersAdminTestJSON-1897673829 tempest-DeleteServersAdminTestJSON-1897673829-project] Lock "f72ffdf0-20a5-46ab-b690-9e54e5d12fb2" released by "nova.context.set_target_cell..get_or_set_cached_cell_and_set_connections" :: held 0.002s {{(pid=89512) inner /usr/local/lib/python3.8/dist-packages/oslo_concurrency/lockutils.py:367}}
May 04 21:56:07.844132 n-d-715271-6 devstack@n-api.service[89511]: DEBUG nova.api.openstack.wsgi [None req-a6a2c688-fbda-4be0-bfa5-6d730d01fd73 tempest-ImagesOneServerTestJSON-942668974 tempest-ImagesOneServerTestJSON-942668974-project] Calling method '>' {{(pid=89511) _process_stack /opt/stack/nova/nova/api/openstack/wsgi.py:513}}
May 04 21:56:07.845751 n-d-715271-6 devstack@n-api.service[89511]: DEBUG nova.compute.api [None req-a6a2c688-fbda-4be0-bfa5-6d730d01fd73 tempest-ImagesOneServerTestJSON-942668974 tempest-ImagesOneServerTestJSON-942668974-project] [instance: 790f424d-f011-4bb3-ab63-9dc07ae0d5ca] Fetching instance by UUID {{(pid=89511) get /opt/stack/nova/nova/compute/api.py:2821}}
May 04 21:56:08.144788 n-d-715271-6 devstack@n-api.service[89511]: DEBUG nova.policy [None req-a6a2c688-fbda-4be0-bfa5-6d730d01fd73 tempest-ImagesOneServerTestJSON-942668974 tempest-ImagesOneServerTestJSON-942668974-project] Policy check for os_compute_api:os-extended-server-attributes failed with credentials {'is_admin': False, 'user_id': '67850c76904f4275adbe87c53be87e41', 'user_domain_id': 'default', 'system_scope': None, 'domain_id': None, 'project_id': '645072430ce643cea59ca6bbd0be35af', 'project_domain_id': 'default', 'roles': ['reader', 'member'], 'is_admin_project': True, 'service_user_id': None, 'service_user_domain_id': None, 'service_project_id': None, 'service_project_domain_id': None, 'service_roles': []} {{(pid=89511) authorize /opt/stack/nova/nova/policy.py:199}}
May 04 21:56:08.154792 n-d-715271-6 devstack@n-api.service[89511]: INFO nova.api.openstack.requestlog [None req-a6a2c688-fbda-4be0-bfa5-6d730d01fd73 tempest-ImagesOneServerTestJSON-942668974 tempest-ImagesOneServerTestJSON-942668974-project] 10.222.0.74 "GET /compute/v2.1/servers/790f424d-f011-4bb3-ab63-9dc07ae0d5ca" status: 200 len: 1216 microversion: 2.1 time: 0.315055
May 04 21:56:08.155383 n-d-715271-6 devstack@n-api.service[89511]: [pid: 89511|app: 0|req: 156/298] 10.222.0.74 () {58 vars in 1236 bytes} [Tue May 4 21:56:07 2021] GET /compute/v2.1/servers/790f424d-f011-4bb3-ab63-9dc07ae0d5ca => generated 1216 bytes in 316 msecs (HTTP/1.1 200) 9 headers in 358 bytes (1 switches on core 0)
May 04 21:56:08.241354 n-d-715271-6 devstack@n-api.service[89511]: DEBUG nova.api.openstack.wsgi [req-f8a8edcf-52cc-4398-986f-d55f4f2c032d req-a79531be-38c7-4bdb-97fc-6d83e9c2829c service nova] Action: 'create', calling method: >, body: {"events": [{"name": "network-changed", "server_uuid": "d02a55d3-ac95-4a05-990d-5ae06ffef7da", "tag": "c4d4d207-458d-4bea-b13f-1f0c24c167d3"}]} {{(pid=89511) _process_stack /opt/stack/nova/nova/api/openstack/wsgi.py:511}}
May 04 21:56:08.243311 n-d-715271-6 devstack@n-api.service[89511]: /usr/local/lib/python3.8/dist-packages/oslo_policy/policy.py:1054: UserWarning: Policy os_compute_api:os-server-external-events:create failed scope check. The token used to make the request was project scoped but the policy requires ['system'] scope. This behavior may change in the future where using the intended scope is required
May 04 21:56:08.243311 n-d-715271-6 devstack@n-api.service[89511]: warnings.warn(msg)
May 04 21:56:08.269309 n-d-715271-6 devstack@n-api.service[89511]: DEBUG oslo_concurrency.lockutils [req-f8a8edcf-52cc-4398-986f-d55f4f2c032d req-a79531be-38c7-4bdb-97fc-6d83e9c2829c service nova] Lock "f72ffdf0-20a5-46ab-b690-9e54e5d12fb2" acquired by "nova.context.set_target_cell..get_or_set_cached_cell_and_set_connections" :: waited 0.000s {{(pid=89511) inner /usr/local/lib/python3.8/dist-packages/oslo_concurrency/lockutils.py:355}}
May 04 21:56:08.269781 n-d-715271-6 devstack@n-api.service[89511]: DEBUG oslo_concurrency.lockutils [req-f8a8edcf-52cc-4398-986f-d55f4f2c032d req-a79531be-38c7-4bdb-97fc-6d83e9c2829c service nova] Lock "f72ffdf0-20a5-46ab-b690-9e54e5d12fb2" released by "nova.context.set_target_cell..get_or_set_cached_cell_and_set_connections" :: held 0.001s {{(pid=89511) inner /usr/local/lib/python3.8/dist-packages/oslo_concurrency/lockutils.py:367}}
May 04 21:56:08.332198 n-d-715271-6 devstack@n-api.service[89511]: INFO nova.api.openstack.compute.server_external_events [req-f8a8edcf-52cc-4398-986f-d55f4f2c032d req-a79531be-38c7-4bdb-97fc-6d83e9c2829c service nova] Creating event network-changed:c4d4d207-458d-4bea-b13f-1f0c24c167d3 for instance d02a55d3-ac95-4a05-990d-5ae06ffef7da on n-h1-715271-6
May 04 21:56:08.351559 n-d-715271-6 devstack@n-api.service[89511]: INFO nova.api.openstack.requestlog [req-f8a8edcf-52cc-4398-986f-d55f4f2c032d req-a79531be-38c7-4bdb-97fc-6d83e9c2829c service nova] 10.222.0.74 "POST /compute/v2.1/os-server-external-events" status: 200 len: 179 microversion: 2.1 time: 0.114273
May 04 21:56:08.353642 n-d-715271-6 devstack@n-api.service[89511]: [pid: 89511|app: 0|req: 157/299] 10.222.0.74 () {64 vars in 1318 bytes} [Tue May 4 21:56:08 2021] POST /compute/v2.1/os-server-external-events => generated 179 bytes in 117 msecs (HTTP/1.1 200) 9 headers in 357 bytes (2 switches on core 0)
May 04 21:56:08.693388 n-d-715271-6 devstack@n-api.service[89511]: DEBUG nova.api.openstack.wsgi [None req-d9ea75b8-ba54-4d33-84eb-a0172ad1a30e tempest-LiveMigrationNegativeTest-376485590 tempest-LiveMigrationNegativeTest-376485590-project] Calling method '>' {{(pid=89511) _process_stack /opt/stack/nova/nova/api/openstack/wsgi.py:513}}
May 04 21:56:08.695406 n-d-715271-6 devstack@n-api.service[89511]: DEBUG nova.compute.api [None req-d9ea75b8-ba54-4d33-84eb-a0172ad1a30e tempest-LiveMigrationNegativeTest-376485590 tempest-LiveMigrationNegativeTest-376485590-project] [instance: dd65a1ff-9e4b-4a4f-9892-d37aca92ac45] Fetching instance by UUID {{(pid=89511) get /opt/stack/nova/nova/compute/api.py:2821}}
May 04 21:56:08.716365 n-d-715271-6 devstack@n-api.service[89511]: DEBUG oslo_concurrency.lockutils [None req-d9ea75b8-ba54-4d33-84eb-a0172ad1a30e tempest-LiveMigrationNegativeTest-376485590 tempest-LiveMigrationNegativeTest-376485590-project] Lock "f72ffdf0-20a5-46ab-b690-9e54e5d12fb2" acquired by "nova.context.set_target_cell..get_or_set_cached_cell_and_set_connections" :: waited 0.002s {{(pid=89511) inner /usr/local/lib/python3.8/dist-packages/oslo_concurrency/lockutils.py:355}}
May 04 21:56:08.718103 n-d-715271-6 devstack@n-api.service[89511]: DEBUG oslo_concurrency.lockutils [None req-d9ea75b8-ba54-4d33-84eb-a0172ad1a30e tempest-LiveMigrationNegativeTest-376485590 tempest-LiveMigrationNegativeTest-376485590-project] Lock "f72ffdf0-20a5-46ab-b690-9e54e5d12fb2" released by "nova.context.set_target_cell..get_or_set_cached_cell_and_set_connections" :: held 0.001s {{(pid=89511) inner /usr/local/lib/python3.8/dist-packages/oslo_concurrency/lockutils.py:367}}
May 04 21:56:08.724394 n-d-715271-6 devstack@n-api.service[89511]: DEBUG oslo_concurrency.lockutils [None req-d9ea75b8-ba54-4d33-84eb-a0172ad1a30e tempest-LiveMigrationNegativeTest-376485590 tempest-LiveMigrationNegativeTest-376485590-project] Lock "f72ffdf0-20a5-46ab-b690-9e54e5d12fb2" acquired by "nova.context.set_target_cell..get_or_set_cached_cell_and_set_connections" :: waited 0.000s {{(pid=89511) inner /usr/local/lib/python3.8/dist-packages/oslo_concurrency/lockutils.py:355}}
May 04 21:56:08.726845 n-d-715271-6 devstack@n-api.service[89511]: DEBUG oslo_concurrency.lockutils [None req-d9ea75b8-ba54-4d33-84eb-a0172ad1a30e tempest-LiveMigrationNegativeTest-376485590 tempest-LiveMigrationNegativeTest-376485590-project] Lock "f72ffdf0-20a5-46ab-b690-9e54e5d12fb2" released by "nova.context.set_target_cell..get_or_set_cached_cell_and_set_connections" :: held 0.006s {{(pid=89511) inner /usr/local/lib/python3.8/dist-packages/oslo_concurrency/lockutils.py:367}}
May 04 21:56:09.136682 n-d-715271-6 devstack@n-api.service[89512]: DEBUG nova.policy [None req-bf7d78b6-a6ae-4204-86cb-971bb3705e24 tempest-DeleteServersAdminTestJSON-1897673829 tempest-DeleteServersAdminTestJSON-1897673829-project] Policy check for os_compute_api:os-extended-server-attributes failed with credentials {'is_admin': False, 'user_id': 'fcb9f448a8ba46c8b63f9a3d7edfa94a', 'user_domain_id': 'default', 'system_scope': None, 'domain_id': None, 'project_id': '034b495588ff4b71992a52a27a5f4365', 'project_domain_id': 'default', 'roles': ['reader', 'member'], 'is_admin_project': True, 'service_user_id': None, 'service_user_domain_id': None, 'service_project_id': None, 'service_project_domain_id': None, 'service_roles': []} {{(pid=89512) authorize /opt/stack/nova/nova/policy.py:199}}
May 04 21:56:09.146290 n-d-715271-6 devstack@n-api.service[89512]: INFO nova.api.openstack.requestlog [None req-bf7d78b6-a6ae-4204-86cb-971bb3705e24 tempest-DeleteServersAdminTestJSON-1897673829 tempest-DeleteServersAdminTestJSON-1897673829-project] 10.222.0.74 "GET /compute/v2.1/servers/d02a55d3-ac95-4a05-990d-5ae06ffef7da" status: 200 len: 1320 microversion: 2.1 time: 1.343905
May 04 21:56:09.146879 n-d-715271-6 devstack@n-api.service[89512]: [pid: 89512|app: 0|req: 143/300] 10.222.0.74 () {58 vars in 1236 bytes} [Tue May 4 21:56:07 2021] GET /compute/v2.1/servers/d02a55d3-ac95-4a05-990d-5ae06ffef7da => generated 1320 bytes in 1345 msecs (HTTP/1.1 200) 9 headers in 358 bytes (1 switches on core 0)
May 04 21:56:09.379273 n-d-715271-6 devstack@n-api.service[89511]: DEBUG nova.policy [None req-d9ea75b8-ba54-4d33-84eb-a0172ad1a30e tempest-LiveMigrationNegativeTest-376485590 tempest-LiveMigrationNegativeTest-376485590-project] Policy check for os_compute_api:os-extended-server-attributes failed with credentials {'is_admin': False, 'user_id': 'c1f21115732b40f8aa4ea6a3991fdef7', 'user_domain_id': 'default', 'system_scope': None, 'domain_id': None, 'project_id': '7edde57f7954416d904ba4db46ad5406', 'project_domain_id': 'default', 'roles': ['reader', 'member'], 'is_admin_project': True, 'service_user_id': None, 'service_user_domain_id': None, 'service_project_id': None, 'service_project_domain_id': None, 'service_roles': []} {{(pid=89511) authorize /opt/stack/nova/nova/policy.py:199}}
May 04 21:56:09.396583 n-d-715271-6 devstack@n-api.service[89511]: INFO nova.api.openstack.requestlog [None req-d9ea75b8-ba54-4d33-84eb-a0172ad1a30e tempest-LiveMigrationNegativeTest-376485590 tempest-LiveMigrationNegativeTest-376485590-project] 10.222.0.74 "GET /compute/v2.1/servers/dd65a1ff-9e4b-4a4f-9892-d37aca92ac45" status: 200 len: 1468 microversion: 2.1 time: 0.707603
May 04 21:56:09.397707 n-d-715271-6 devstack@n-api.service[89511]: [pid: 89511|app: 0|req: 158/301] 10.222.0.74 () {58 vars in 1236 bytes} [Tue May 4 21:56:08 2021] GET /compute/v2.1/servers/dd65a1ff-9e4b-4a4f-9892-d37aca92ac45 => generated 1468 bytes in 710 msecs (HTTP/1.1 200) 9 headers in 358 bytes (1 switches on core 0)
May 04 21:56:09.404593 n-d-715271-6 devstack@n-api.service[89511]: DEBUG nova.api.openstack.wsgi [None req-1496b3b9-a42e-4768-8317-b8e253f3d713 tempest-ImagesOneServerTestJSON-942668974 tempest-ImagesOneServerTestJSON-942668974-project] Calling method '>' {{(pid=89511) _process_stack /opt/stack/nova/nova/api/openstack/wsgi.py:513}}
May 04 21:56:09.405632 n-d-715271-6 devstack@n-api.service[89511]: DEBUG nova.compute.api [None req-1496b3b9-a42e-4768-8317-b8e253f3d713 tempest-ImagesOneServerTestJSON-942668974 tempest-ImagesOneServerTestJSON-942668974-project] [instance: 790f424d-f011-4bb3-ab63-9dc07ae0d5ca] Fetching instance by UUID {{(pid=89511) get /opt/stack/nova/nova/compute/api.py:2821}}
May 04 21:56:09.431768 n-d-715271-6 devstack@n-api.service[89511]: DEBUG oslo_concurrency.lockutils [None req-1496b3b9-a42e-4768-8317-b8e253f3d713 tempest-ImagesOneServerTestJSON-942668974 tempest-ImagesOneServerTestJSON-942668974-project] Lock "f72ffdf0-20a5-46ab-b690-9e54e5d12fb2" acquired by "nova.context.set_target_cell..get_or_set_cached_cell_and_set_connections" :: waited 0.000s {{(pid=89511) inner /usr/local/lib/python3.8/dist-packages/oslo_concurrency/lockutils.py:355}}
May 04 21:56:09.432517 n-d-715271-6 devstack@n-api.service[89511]: DEBUG oslo_concurrency.lockutils [None req-1496b3b9-a42e-4768-8317-b8e253f3d713 tempest-ImagesOneServerTestJSON-942668974 tempest-ImagesOneServerTestJSON-942668974-project] Lock "f72ffdf0-20a5-46ab-b690-9e54e5d12fb2" released by "nova.context.set_target_cell..get_or_set_cached_cell_and_set_connections" :: held 0.001s {{(pid=89511) inner /usr/local/lib/python3.8/dist-packages/oslo_concurrency/lockutils.py:367}}
May 04 21:56:09.433374 n-d-715271-6 devstack@n-api.service[89511]: DEBUG oslo_concurrency.lockutils [None req-1496b3b9-a42e-4768-8317-b8e253f3d713 tempest-ImagesOneServerTestJSON-942668974 tempest-ImagesOneServerTestJSON-942668974-project] Lock "f72ffdf0-20a5-46ab-b690-9e54e5d12fb2" acquired by "nova.context.set_target_cell..get_or_set_cached_cell_and_set_connections" :: waited 0.000s {{(pid=89511) inner /usr/local/lib/python3.8/dist-packages/oslo_concurrency/lockutils.py:355}}
May 04 21:56:09.435594 n-d-715271-6 devstack@n-api.service[89511]: DEBUG oslo_concurrency.lockutils [None req-1496b3b9-a42e-4768-8317-b8e253f3d713 tempest-ImagesOneServerTestJSON-942668974 tempest-ImagesOneServerTestJSON-942668974-project] Lock "f72ffdf0-20a5-46ab-b690-9e54e5d12fb2" released by "nova.context.set_target_cell..get_or_set_cached_cell_and_set_connections" :: held 0.001s {{(pid=89511) inner /usr/local/lib/python3.8/dist-packages/oslo_concurrency/lockutils.py:367}}
May 04 21:56:09.745610 n-d-715271-6 devstack@n-api.service[89512]: DEBUG nova.api.openstack.wsgi [None req-c86e31c1-7d30-4262-b651-1f9f3ee33ce1 tempest-FlavorsAccessTestJSON-1272335034 tempest-FlavorsAccessTestJSON-1272335034-project-admin] Action: 'create', calling method: >, body: {"flavor": {"ram": 512, "vcpus": 1, "disk": 10, "name": "tempest-FlavorsAccessTestJSON-flavor-521460434", "id": 846022684, "os-flavor-access:is_public": "False"}} {{(pid=89512) _process_stack /opt/stack/nova/nova/api/openstack/wsgi.py:511}}
May 04 21:56:09.748413 n-d-715271-6 devstack@n-api.service[89512]: /usr/local/lib/python3.8/dist-packages/oslo_policy/policy.py:1054: UserWarning: Policy os_compute_api:os-flavor-manage:create failed scope check. The token used to make the request was project scoped but the policy requires ['system'] scope. This behavior may change in the future where using the intended scope is required
May 04 21:56:09.748413 n-d-715271-6 devstack@n-api.service[89512]: warnings.warn(msg)
May 04 21:56:09.797144 n-d-715271-6 devstack@n-api.service[89512]: INFO nova.api.openstack.requestlog [None req-c86e31c1-7d30-4262-b651-1f9f3ee33ce1 tempest-FlavorsAccessTestJSON-1272335034 tempest-FlavorsAccessTestJSON-1272335034-project-admin] 10.222.0.74 "POST /compute/v2.1/flavors" status: 200 len: 427 microversion: 2.1 time: 0.637962
May 04 21:56:09.811392 n-d-715271-6 devstack@n-api.service[89512]: [pid: 89512|app: 0|req: 144/302] 10.222.0.74 () {60 vars in 1147 bytes} [Tue May 4 21:56:09 2021] POST /compute/v2.1/flavors => generated 427 bytes in 653 msecs (HTTP/1.1 200) 9 headers in 357 bytes (1 switches on core 0)
May 04 21:56:09.963493 n-d-715271-6 devstack@n-api.service[89511]: DEBUG nova.policy [None req-1496b3b9-a42e-4768-8317-b8e253f3d713 tempest-ImagesOneServerTestJSON-942668974 tempest-ImagesOneServerTestJSON-942668974-project] Policy check for os_compute_api:os-extended-server-attributes failed with credentials {'is_admin': False, 'user_id': '67850c76904f4275adbe87c53be87e41', 'user_domain_id': 'default', 'system_scope': None, 'domain_id': None, 'project_id': '645072430ce643cea59ca6bbd0be35af', 'project_domain_id': 'default', 'roles': ['reader', 'member'], 'is_admin_project': True, 'service_user_id': None, 'service_user_domain_id': None, 'service_project_id': None, 'service_project_domain_id': None, 'service_roles': []} {{(pid=89511) authorize /opt/stack/nova/nova/policy.py:199}}
May 04 21:56:09.977505 n-d-715271-6 devstack@n-api.service[89511]: INFO nova.api.openstack.requestlog [None req-1496b3b9-a42e-4768-8317-b8e253f3d713 tempest-ImagesOneServerTestJSON-942668974 tempest-ImagesOneServerTestJSON-942668974-project] 10.222.0.74 "GET /compute/v2.1/servers/790f424d-f011-4bb3-ab63-9dc07ae0d5ca" status: 200 len: 1268 microversion: 2.1 time: 0.577296
May 04 21:56:09.982876 n-d-715271-6 devstack@n-api.service[89511]: [pid: 89511|app: 0|req: 159/303] 10.222.0.74 () {58 vars in 1236 bytes} [Tue May 4 21:56:09 2021] GET /compute/v2.1/servers/790f424d-f011-4bb3-ab63-9dc07ae0d5ca => generated 1268 bytes in 584 msecs (HTTP/1.1 200) 9 headers in 358 bytes (1 switches on core 0)
May 04 21:56:09.988779 n-d-715271-6 devstack@n-api.service[89511]: DEBUG nova.api.openstack.wsgi [None req-5803deff-14c4-49a5-9a0b-6be492e4bc87 tempest-FlavorsAccessTestJSON-1272335034 tempest-FlavorsAccessTestJSON-1272335034-project-admin] Action: 'action', calling method: >, body: {"addTenantAccess": {"tenant": "dc7b03e105cb47d9b0872d458ba2519c"}} {{(pid=89511) _process_stack /opt/stack/nova/nova/api/openstack/wsgi.py:511}}
May 04 21:56:10.000845 n-d-715271-6 devstack@n-api.service[89511]: /usr/local/lib/python3.8/dist-packages/oslo_policy/policy.py:1054: UserWarning: Policy os_compute_api:os-flavor-access:add_tenant_access failed scope check. The token used to make the request was project scoped but the policy requires ['system'] scope. This behavior may change in the future where using the intended scope is required
May 04 21:56:10.000845 n-d-715271-6 devstack@n-api.service[89511]: warnings.warn(msg)
May 04 21:56:10.145837 n-d-715271-6 devstack@n-api.service[89512]: DEBUG nova.api.openstack.wsgi [None req-310117e4-9294-4022-a7fd-f16b9d8b8204 tempest-LiveMigrationNegativeTest-1681276696 tempest-LiveMigrationNegativeTest-1681276696-project-admin] Action: 'action', calling method: >, body: {"os-migrateLive": {"host": "tempest-host-2108330433", "block_migration": true, "disk_over_commit": false}} {{(pid=89512) _process_stack /opt/stack/nova/nova/api/openstack/wsgi.py:511}}
May 04 21:56:10.147246 n-d-715271-6 devstack@n-api.service[89512]: DEBUG nova.compute.api [None req-310117e4-9294-4022-a7fd-f16b9d8b8204 tempest-LiveMigrationNegativeTest-1681276696 tempest-LiveMigrationNegativeTest-1681276696-project-admin] [instance: dd65a1ff-9e4b-4a4f-9892-d37aca92ac45] Fetching instance by UUID {{(pid=89512) get /opt/stack/nova/nova/compute/api.py:2821}}
May 04 21:56:10.171798 n-d-715271-6 devstack@n-api.service[89512]: DEBUG oslo_concurrency.lockutils [None req-310117e4-9294-4022-a7fd-f16b9d8b8204 tempest-LiveMigrationNegativeTest-1681276696 tempest-LiveMigrationNegativeTest-1681276696-project-admin] Lock "f72ffdf0-20a5-46ab-b690-9e54e5d12fb2" acquired by "nova.context.set_target_cell..get_or_set_cached_cell_and_set_connections" :: waited 0.000s {{(pid=89512) inner /usr/local/lib/python3.8/dist-packages/oslo_concurrency/lockutils.py:355}}
May 04 21:56:10.172173 n-d-715271-6 devstack@n-api.service[89512]: DEBUG oslo_concurrency.lockutils [None req-310117e4-9294-4022-a7fd-f16b9d8b8204 tempest-LiveMigrationNegativeTest-1681276696 tempest-LiveMigrationNegativeTest-1681276696-project-admin] Lock "f72ffdf0-20a5-46ab-b690-9e54e5d12fb2" released by "nova.context.set_target_cell..get_or_set_cached_cell_and_set_connections" :: held 0.001s {{(pid=89512) inner /usr/local/lib/python3.8/dist-packages/oslo_concurrency/lockutils.py:367}}
May 04 21:56:10.173632 n-d-715271-6 devstack@n-api.service[89512]: DEBUG oslo_concurrency.lockutils [None req-310117e4-9294-4022-a7fd-f16b9d8b8204 tempest-LiveMigrationNegativeTest-1681276696 tempest-LiveMigrationNegativeTest-1681276696-project-admin] Lock "f72ffdf0-20a5-46ab-b690-9e54e5d12fb2" acquired by "nova.context.set_target_cell..get_or_set_cached_cell_and_set_connections" :: waited 0.000s {{(pid=89512) inner /usr/local/lib/python3.8/dist-packages/oslo_concurrency/lockutils.py:355}}
May 04 21:56:10.174204 n-d-715271-6 devstack@n-api.service[89512]: DEBUG oslo_concurrency.lockutils [None req-310117e4-9294-4022-a7fd-f16b9d8b8204 tempest-LiveMigrationNegativeTest-1681276696 tempest-LiveMigrationNegativeTest-1681276696-project-admin] Lock "f72ffdf0-20a5-46ab-b690-9e54e5d12fb2" released by "nova.context.set_target_cell..get_or_set_cached_cell_and_set_connections" :: held 0.001s {{(pid=89512) inner /usr/local/lib/python3.8/dist-packages/oslo_concurrency/lockutils.py:367}}
May 04 21:56:10.325009 n-d-715271-6 devstack@n-api.service[89512]: DEBUG nova.objects.instance [None req-310117e4-9294-4022-a7fd-f16b9d8b8204 tempest-LiveMigrationNegativeTest-1681276696 tempest-LiveMigrationNegativeTest-1681276696-project-admin] Lazy-loading 'flavor' on Instance uuid dd65a1ff-9e4b-4a4f-9892-d37aca92ac45 {{(pid=89512) obj_load_attr /opt/stack/nova/nova/objects/instance.py:1098}}
May 04 21:56:10.434617 n-d-715271-6 devstack@n-api.service[89512]: DEBUG nova.compute.api [None req-310117e4-9294-4022-a7fd-f16b9d8b8204 tempest-LiveMigrationNegativeTest-1681276696 tempest-LiveMigrationNegativeTest-1681276696-project-admin] [instance: dd65a1ff-9e4b-4a4f-9892-d37aca92ac45] Going to try to live migrate instance to tempest-host-2108330433 {{(pid=89512) live_migrate /opt/stack/nova/nova/compute/api.py:5178}}
May 04 21:56:10.448309 n-d-715271-6 devstack@n-api.service[89512]: INFO nova.api.openstack.wsgi [None req-310117e4-9294-4022-a7fd-f16b9d8b8204 tempest-LiveMigrationNegativeTest-1681276696 tempest-LiveMigrationNegativeTest-1681276696-project-admin] HTTP exception thrown: Compute host tempest-host-2108330433 could not be found.
May 04 21:56:10.449662 n-d-715271-6 devstack@n-api.service[89512]: DEBUG nova.api.openstack.wsgi [None req-310117e4-9294-4022-a7fd-f16b9d8b8204 tempest-LiveMigrationNegativeTest-1681276696 tempest-LiveMigrationNegativeTest-1681276696-project-admin] Returning 400 to user: Compute host tempest-host-2108330433 could not be found. {{(pid=89512) __call__ /opt/stack/nova/nova/api/openstack/wsgi.py:927}}
May 04 21:56:10.456950 n-d-715271-6 devstack@n-api.service[89512]: INFO nova.api.openstack.requestlog [None req-310117e4-9294-4022-a7fd-f16b9d8b8204 tempest-LiveMigrationNegativeTest-1681276696 tempest-LiveMigrationNegativeTest-1681276696-project-admin] 10.222.0.74 "POST /compute/v2.1/servers/dd65a1ff-9e4b-4a4f-9892-d37aca92ac45/action" status: 400 len: 100 microversion: 2.1 time: 0.638356
May 04 21:56:10.461765 n-d-715271-6 devstack@n-api.service[89512]: [pid: 89512|app: 0|req: 145/304] 10.222.0.74 () {60 vars in 1279 bytes} [Tue May 4 21:56:09 2021] POST /compute/v2.1/servers/dd65a1ff-9e4b-4a4f-9892-d37aca92ac45/action => generated 100 bytes in 650 msecs (HTTP/1.1 400) 9 headers in 381 bytes (1 switches on core 0)
May 04 21:56:10.468239 n-d-715271-6 devstack@n-api.service[89512]: DEBUG nova.api.openstack.wsgi [None req-39dfa78c-2505-45a1-a491-11279501594e tempest-DeleteServersAdminTestJSON-1897673829 tempest-DeleteServersAdminTestJSON-1897673829-project] Calling method '>' {{(pid=89512) _process_stack /opt/stack/nova/nova/api/openstack/wsgi.py:513}}
May 04 21:56:10.469214 n-d-715271-6 devstack@n-api.service[89512]: DEBUG nova.compute.api [None req-39dfa78c-2505-45a1-a491-11279501594e tempest-DeleteServersAdminTestJSON-1897673829 tempest-DeleteServersAdminTestJSON-1897673829-project] [instance: d02a55d3-ac95-4a05-990d-5ae06ffef7da] Fetching instance by UUID {{(pid=89512) get /opt/stack/nova/nova/compute/api.py:2821}}
May 04 21:56:10.486749 n-d-715271-6 devstack@n-api.service[89512]: DEBUG oslo_concurrency.lockutils [None req-39dfa78c-2505-45a1-a491-11279501594e tempest-DeleteServersAdminTestJSON-1897673829 tempest-DeleteServersAdminTestJSON-1897673829-project] Lock "f72ffdf0-20a5-46ab-b690-9e54e5d12fb2" acquired by "nova.context.set_target_cell..get_or_set_cached_cell_and_set_connections" :: waited 0.000s {{(pid=89512) inner /usr/local/lib/python3.8/dist-packages/oslo_concurrency/lockutils.py:355}}
May 04 21:56:10.487222 n-d-715271-6 devstack@n-api.service[89511]: INFO nova.api.openstack.requestlog [None req-5803deff-14c4-49a5-9a0b-6be492e4bc87 tempest-FlavorsAccessTestJSON-1272335034 tempest-FlavorsAccessTestJSON-1272335034-project-admin] 10.222.0.74 "POST /compute/v2.1/flavors/846022684/action" status: 200 len: 96 microversion: 2.1 time: 0.502592
May 04 21:56:10.487877 n-d-715271-6 devstack@n-api.service[89512]: DEBUG oslo_concurrency.lockutils [None req-39dfa78c-2505-45a1-a491-11279501594e tempest-DeleteServersAdminTestJSON-1897673829 tempest-DeleteServersAdminTestJSON-1897673829-project] Lock "f72ffdf0-20a5-46ab-b690-9e54e5d12fb2" released by "nova.context.set_target_cell..get_or_set_cached_cell_and_set_connections" :: held 0.001s {{(pid=89512) inner /usr/local/lib/python3.8/dist-packages/oslo_concurrency/lockutils.py:367}}
May 04 21:56:10.488868 n-d-715271-6 devstack@n-api.service[89512]: DEBUG oslo_concurrency.lockutils [None req-39dfa78c-2505-45a1-a491-11279501594e tempest-DeleteServersAdminTestJSON-1897673829 tempest-DeleteServersAdminTestJSON-1897673829-project] Lock "f72ffdf0-20a5-46ab-b690-9e54e5d12fb2" acquired by "nova.context.set_target_cell..get_or_set_cached_cell_and_set_connections" :: waited 0.000s {{(pid=89512) inner /usr/local/lib/python3.8/dist-packages/oslo_concurrency/lockutils.py:355}}
May 04 21:56:10.489539 n-d-715271-6 devstack@n-api.service[89512]: DEBUG oslo_concurrency.lockutils [None req-39dfa78c-2505-45a1-a491-11279501594e tempest-DeleteServersAdminTestJSON-1897673829 tempest-DeleteServersAdminTestJSON-1897673829-project] Lock "f72ffdf0-20a5-46ab-b690-9e54e5d12fb2" released by "nova.context.set_target_cell..get_or_set_cached_cell_and_set_connections" :: held 0.001s {{(pid=89512) inner /usr/local/lib/python3.8/dist-packages/oslo_concurrency/lockutils.py:367}}
May 04 21:56:10.497467 n-d-715271-6 devstack@n-api.service[89511]: [pid: 89511|app: 0|req: 160/305] 10.222.0.74 () {60 vars in 1197 bytes} [Tue May 4 21:56:09 2021] POST /compute/v2.1/flavors/846022684/action => generated 96 bytes in 513 msecs (HTTP/1.1 200) 9 headers in 356 bytes (1 switches on core 0)
May 04 21:56:10.511044 n-d-715271-6 devstack@n-api.service[89511]: DEBUG nova.api.openstack.wsgi [None req-43c73780-6f8d-4981-9fd2-7afd612e761b tempest-LiveMigrationNegativeTest-376485590 tempest-LiveMigrationNegativeTest-376485590-project] Calling method '>' {{(pid=89511) _process_stack /opt/stack/nova/nova/api/openstack/wsgi.py:513}}
May 04 21:56:10.512879 n-d-715271-6 devstack@n-api.service[89511]: DEBUG nova.compute.api [None req-43c73780-6f8d-4981-9fd2-7afd612e761b tempest-LiveMigrationNegativeTest-376485590 tempest-LiveMigrationNegativeTest-376485590-project] [instance: dd65a1ff-9e4b-4a4f-9892-d37aca92ac45] Fetching instance by UUID {{(pid=89511) get /opt/stack/nova/nova/compute/api.py:2821}}
May 04 21:56:10.538021 n-d-715271-6 devstack@n-api.service[89511]: DEBUG oslo_concurrency.lockutils [None req-43c73780-6f8d-4981-9fd2-7afd612e761b tempest-LiveMigrationNegativeTest-376485590 tempest-LiveMigrationNegativeTest-376485590-project] Lock "f72ffdf0-20a5-46ab-b690-9e54e5d12fb2" acquired by "nova.context.set_target_cell..get_or_set_cached_cell_and_set_connections" :: waited 0.000s {{(pid=89511) inner /usr/local/lib/python3.8/dist-packages/oslo_concurrency/lockutils.py:355}}
May 04 21:56:10.539866 n-d-715271-6 devstack@n-api.service[89511]: DEBUG oslo_concurrency.lockutils [None req-43c73780-6f8d-4981-9fd2-7afd612e761b tempest-LiveMigrationNegativeTest-376485590 tempest-LiveMigrationNegativeTest-376485590-project] Lock "f72ffdf0-20a5-46ab-b690-9e54e5d12fb2" released by "nova.context.set_target_cell..get_or_set_cached_cell_and_set_connections" :: held 0.001s {{(pid=89511) inner /usr/local/lib/python3.8/dist-packages/oslo_concurrency/lockutils.py:367}}
May 04 21:56:10.540733 n-d-715271-6 devstack@n-api.service[89511]: DEBUG oslo_concurrency.lockutils [None req-43c73780-6f8d-4981-9fd2-7afd612e761b tempest-LiveMigrationNegativeTest-376485590 tempest-LiveMigrationNegativeTest-376485590-project] Lock "f72ffdf0-20a5-46ab-b690-9e54e5d12fb2" acquired by "nova.context.set_target_cell..get_or_set_cached_cell_and_set_connections" :: waited 0.000s {{(pid=89511) inner /usr/local/lib/python3.8/dist-packages/oslo_concurrency/lockutils.py:355}}
May 04 21:56:10.541191 n-d-715271-6 devstack@n-api.service[89511]: DEBUG oslo_concurrency.lockutils [None req-43c73780-6f8d-4981-9fd2-7afd612e761b tempest-LiveMigrationNegativeTest-376485590 tempest-LiveMigrationNegativeTest-376485590-project] Lock "f72ffdf0-20a5-46ab-b690-9e54e5d12fb2" released by "nova.context.set_target_cell..get_or_set_cached_cell_and_set_connections" :: held 0.000s {{(pid=89511) inner /usr/local/lib/python3.8/dist-packages/oslo_concurrency/lockutils.py:367}}
May 04 21:56:11.292240 n-d-715271-6 devstack@n-api.service[89511]: DEBUG nova.policy [None req-43c73780-6f8d-4981-9fd2-7afd612e761b tempest-LiveMigrationNegativeTest-376485590 tempest-LiveMigrationNegativeTest-376485590-project] Policy check for os_compute_api:os-extended-server-attributes failed with credentials {'is_admin': False, 'user_id': 'c1f21115732b40f8aa4ea6a3991fdef7', 'user_domain_id': 'default', 'system_scope': None, 'domain_id': None, 'project_id': '7edde57f7954416d904ba4db46ad5406', 'project_domain_id': 'default', 'roles': ['reader', 'member'], 'is_admin_project': True, 'service_user_id': None, 'service_user_domain_id': None, 'service_project_id': None, 'service_project_domain_id': None, 'service_roles': []} {{(pid=89511) authorize /opt/stack/nova/nova/policy.py:199}}
May 04 21:56:11.305728 n-d-715271-6 devstack@n-api.service[89511]: INFO nova.api.openstack.requestlog [None req-43c73780-6f8d-4981-9fd2-7afd612e761b tempest-LiveMigrationNegativeTest-376485590 tempest-LiveMigrationNegativeTest-376485590-project] 10.222.0.74 "GET /compute/v2.1/servers/dd65a1ff-9e4b-4a4f-9892-d37aca92ac45" status: 200 len: 1468 microversion: 2.1 time: 0.806748
May 04 21:56:11.306365 n-d-715271-6 devstack@n-api.service[89511]: [pid: 89511|app: 0|req: 161/306] 10.222.0.74 () {58 vars in 1236 bytes} [Tue May 4 21:56:10 2021] GET /compute/v2.1/servers/dd65a1ff-9e4b-4a4f-9892-d37aca92ac45 => generated 1468 bytes in 808 msecs (HTTP/1.1 200) 9 headers in 358 bytes (1 switches on core 0)
May 04 21:56:11.333954 n-d-715271-6 devstack@n-api.service[89512]: DEBUG nova.policy [None req-39dfa78c-2505-45a1-a491-11279501594e tempest-DeleteServersAdminTestJSON-1897673829 tempest-DeleteServersAdminTestJSON-1897673829-project] Policy check for os_compute_api:os-extended-server-attributes failed with credentials {'is_admin': False, 'user_id': 'fcb9f448a8ba46c8b63f9a3d7edfa94a', 'user_domain_id': 'default', 'system_scope': None, 'domain_id': None, 'project_id': '034b495588ff4b71992a52a27a5f4365', 'project_domain_id': 'default', 'roles': ['reader', 'member'], 'is_admin_project': True, 'service_user_id': None, 'service_user_domain_id': None, 'service_project_id': None, 'service_project_domain_id': None, 'service_roles': []} {{(pid=89512) authorize /opt/stack/nova/nova/policy.py:199}}
May 04 21:56:11.352503 n-d-715271-6 devstack@n-api.service[89512]: INFO nova.api.openstack.requestlog [None req-39dfa78c-2505-45a1-a491-11279501594e tempest-DeleteServersAdminTestJSON-1897673829 tempest-DeleteServersAdminTestJSON-1897673829-project] 10.222.0.74 "GET /compute/v2.1/servers/d02a55d3-ac95-4a05-990d-5ae06ffef7da" status: 200 len: 1320 microversion: 2.1 time: 0.888781
May 04 21:56:11.352946 n-d-715271-6 devstack@n-api.service[89512]: [pid: 89512|app: 0|req: 146/307] 10.222.0.74 () {58 vars in 1236 bytes} [Tue May 4 21:56:10 2021] GET /compute/v2.1/servers/d02a55d3-ac95-4a05-990d-5ae06ffef7da => generated 1320 bytes in 890 msecs (HTTP/1.1 200) 9 headers in 358 bytes (1 switches on core 0)
May 04 21:56:11.357415 n-d-715271-6 devstack@n-api.service[89512]: DEBUG nova.api.openstack.wsgi [None req-83cf1ac5-9c28-482d-91f4-6646e9f339db tempest-ImagesOneServerTestJSON-942668974 tempest-ImagesOneServerTestJSON-942668974-project] Calling method '>' {{(pid=89512) _process_stack /opt/stack/nova/nova/api/openstack/wsgi.py:513}}
May 04 21:56:11.358011 n-d-715271-6 devstack@n-api.service[89512]: DEBUG nova.compute.api [None req-83cf1ac5-9c28-482d-91f4-6646e9f339db tempest-ImagesOneServerTestJSON-942668974 tempest-ImagesOneServerTestJSON-942668974-project] [instance: 790f424d-f011-4bb3-ab63-9dc07ae0d5ca] Fetching instance by UUID {{(pid=89512) get /opt/stack/nova/nova/compute/api.py:2821}}
May 04 21:56:11.377246 n-d-715271-6 devstack@n-api.service[89512]: DEBUG oslo_concurrency.lockutils [None req-83cf1ac5-9c28-482d-91f4-6646e9f339db tempest-ImagesOneServerTestJSON-942668974 tempest-ImagesOneServerTestJSON-942668974-project] Lock "f72ffdf0-20a5-46ab-b690-9e54e5d12fb2" acquired by "nova.context.set_target_cell..get_or_set_cached_cell_and_set_connections" :: waited 0.000s {{(pid=89512) inner /usr/local/lib/python3.8/dist-packages/oslo_concurrency/lockutils.py:355}}
May 04 21:56:11.377718 n-d-715271-6 devstack@n-api.service[89512]: DEBUG oslo_concurrency.lockutils [None req-83cf1ac5-9c28-482d-91f4-6646e9f339db tempest-ImagesOneServerTestJSON-942668974 tempest-ImagesOneServerTestJSON-942668974-project] Lock "f72ffdf0-20a5-46ab-b690-9e54e5d12fb2" released by "nova.context.set_target_cell..get_or_set_cached_cell_and_set_connections" :: held 0.001s {{(pid=89512) inner /usr/local/lib/python3.8/dist-packages/oslo_concurrency/lockutils.py:367}}
May 04 21:56:11.378596 n-d-715271-6 devstack@n-api.service[89512]: DEBUG oslo_concurrency.lockutils [None req-83cf1ac5-9c28-482d-91f4-6646e9f339db tempest-ImagesOneServerTestJSON-942668974 tempest-ImagesOneServerTestJSON-942668974-project] Lock "f72ffdf0-20a5-46ab-b690-9e54e5d12fb2" acquired by "nova.context.set_target_cell..get_or_set_cached_cell_and_set_connections" :: waited 0.000s {{(pid=89512) inner /usr/local/lib/python3.8/dist-packages/oslo_concurrency/lockutils.py:355}}
May 04 21:56:11.379003 n-d-715271-6 devstack@n-api.service[89512]: DEBUG oslo_concurrency.lockutils [None req-83cf1ac5-9c28-482d-91f4-6646e9f339db tempest-ImagesOneServerTestJSON-942668974 tempest-ImagesOneServerTestJSON-942668974-project] Lock "f72ffdf0-20a5-46ab-b690-9e54e5d12fb2" released by "nova.context.set_target_cell..get_or_set_cached_cell_and_set_connections" :: held 0.000s {{(pid=89512) inner /usr/local/lib/python3.8/dist-packages/oslo_concurrency/lockutils.py:367}}
May 04 21:56:11.738922 n-d-715271-6 devstack@n-api.service[89512]: DEBUG nova.policy [None req-83cf1ac5-9c28-482d-91f4-6646e9f339db tempest-ImagesOneServerTestJSON-942668974 tempest-ImagesOneServerTestJSON-942668974-project] Policy check for os_compute_api:os-extended-server-attributes failed with credentials {'is_admin': False, 'user_id': '67850c76904f4275adbe87c53be87e41', 'user_domain_id': 'default', 'system_scope': None, 'domain_id': None, 'project_id': '645072430ce643cea59ca6bbd0be35af', 'project_domain_id': 'default', 'roles': ['reader', 'member'], 'is_admin_project': True, 'service_user_id': None, 'service_user_domain_id': None, 'service_project_id': None, 'service_project_domain_id': None, 'service_roles': []} {{(pid=89512) authorize /opt/stack/nova/nova/policy.py:199}}
May 04 21:56:11.760105 n-d-715271-6 devstack@n-api.service[89512]: INFO nova.api.openstack.requestlog [None req-83cf1ac5-9c28-482d-91f4-6646e9f339db tempest-ImagesOneServerTestJSON-942668974 tempest-ImagesOneServerTestJSON-942668974-project] 10.222.0.74 "GET /compute/v2.1/servers/790f424d-f011-4bb3-ab63-9dc07ae0d5ca" status: 200 len: 1274 microversion: 2.1 time: 0.406049
May 04 21:56:11.760702 n-d-715271-6 devstack@n-api.service[89512]: [pid: 89512|app: 0|req: 147/308] 10.222.0.74 () {58 vars in 1236 bytes} [Tue May 4 21:56:11 2021] GET /compute/v2.1/servers/790f424d-f011-4bb3-ab63-9dc07ae0d5ca => generated 1274 bytes in 407 msecs (HTTP/1.1 200) 9 headers in 358 bytes (1 switches on core 0)
May 04 21:56:11.765351 n-d-715271-6 devstack@n-api.service[89512]: DEBUG nova.api.openstack.wsgi [None req-a4162271-5e25-40a8-a65f-e8d945347398 tempest-LiveMigrationNegativeTest-376485590 tempest-LiveMigrationNegativeTest-376485590-project] Action: 'create', calling method: >, body: {"server": {"name": "tempest-LiveMigrationNegativeTest-server-313812328", "imageRef": "a70280f0-8b05-48a6-86b4-cfc162d7edf8", "flavorRef": "452"}} {{(pid=89512) _process_stack /opt/stack/nova/nova/api/openstack/wsgi.py:511}}
May 04 21:56:11.879269 n-d-715271-6 devstack@n-api.service[89511]: DEBUG nova.api.openstack.wsgi [None req-a981f0d7-095f-4872-b177-ddab0d881ab3 tempest-FlavorsAccessTestJSON-1491997529 tempest-FlavorsAccessTestJSON-1491997529-project] Calling method '>' {{(pid=89511) _process_stack /opt/stack/nova/nova/api/openstack/wsgi.py:513}}
May 04 21:56:11.934807 n-d-715271-6 devstack@n-api.service[89512]: DEBUG nova.network.neutron [None req-a4162271-5e25-40a8-a65f-e8d945347398 tempest-LiveMigrationNegativeTest-376485590 tempest-LiveMigrationNegativeTest-376485590-project] validate_networks() for None {{(pid=89512) validate_networks /opt/stack/nova/nova/network/neutron.py:2374}}
May 04 21:56:11.944250 n-d-715271-6 devstack@n-api.service[89511]: INFO nova.api.openstack.requestlog [None req-a981f0d7-095f-4872-b177-ddab0d881ab3 tempest-FlavorsAccessTestJSON-1491997529 tempest-FlavorsAccessTestJSON-1491997529-project] 10.222.0.74 "GET /compute/v2.1/flavors/detail" status: 200 len: 5408 microversion: 2.1 time: 0.624663
May 04 21:56:11.944770 n-d-715271-6 devstack@n-api.service[89511]: [pid: 89511|app: 0|req: 162/309] 10.222.0.74 () {58 vars in 1146 bytes} [Tue May 4 21:56:11 2021] GET /compute/v2.1/flavors/detail => generated 5408 bytes in 638 msecs (HTTP/1.1 200) 9 headers in 358 bytes (1 switches on core 0)
May 04 21:56:11.961935 n-d-715271-6 devstack@n-api.service[89511]: DEBUG nova.api.openstack.wsgi [None req-1d7f3170-76d1-4a9b-b79a-32d59b00e0e0 tempest-FlavorsAccessTestJSON-1272335034 tempest-FlavorsAccessTestJSON-1272335034-project-admin] Action: 'action', calling method: >, body: {"removeTenantAccess": {"tenant": "dc7b03e105cb47d9b0872d458ba2519c"}} {{(pid=89511) _process_stack /opt/stack/nova/nova/api/openstack/wsgi.py:511}}
May 04 21:56:11.963217 n-d-715271-6 devstack@n-api.service[89511]: /usr/local/lib/python3.8/dist-packages/oslo_policy/policy.py:1054: UserWarning: Policy os_compute_api:os-flavor-access:remove_tenant_access failed scope check. The token used to make the request was project scoped but the policy requires ['system'] scope. This behavior may change in the future where using the intended scope is required
May 04 21:56:11.963217 n-d-715271-6 devstack@n-api.service[89511]: warnings.warn(msg)
May 04 21:56:12.320716 n-d-715271-6 devstack@n-api.service[89511]: INFO nova.api.openstack.requestlog [None req-1d7f3170-76d1-4a9b-b79a-32d59b00e0e0 tempest-FlavorsAccessTestJSON-1272335034 tempest-FlavorsAccessTestJSON-1272335034-project-admin] 10.222.0.74 "POST /compute/v2.1/flavors/846022684/action" status: 200 len: 21 microversion: 2.1 time: 0.364542
May 04 21:56:12.322788 n-d-715271-6 devstack@n-api.service[89511]: [pid: 89511|app: 0|req: 163/310] 10.222.0.74 () {60 vars in 1197 bytes} [Tue May 4 21:56:11 2021] POST /compute/v2.1/flavors/846022684/action => generated 21 bytes in 367 msecs (HTTP/1.1 200) 9 headers in 356 bytes (1 switches on core 0)
May 04 21:56:12.336313 n-d-715271-6 devstack@n-api.service[89511]: DEBUG nova.api.openstack.wsgi [None req-f1a0058a-5325-4aff-b1a5-64eb035b7815 tempest-FlavorsAccessTestJSON-1491997529 tempest-FlavorsAccessTestJSON-1491997529-project] Calling method '>' {{(pid=89511) _process_stack /opt/stack/nova/nova/api/openstack/wsgi.py:513}}
May 04 21:56:12.368516 n-d-715271-6 devstack@n-api.service[89511]: INFO nova.api.openstack.requestlog [None req-f1a0058a-5325-4aff-b1a5-64eb035b7815 tempest-FlavorsAccessTestJSON-1491997529 tempest-FlavorsAccessTestJSON-1491997529-project] 10.222.0.74 "GET /compute/v2.1/flavors/detail" status: 200 len: 4991 microversion: 2.1 time: 0.040040
May 04 21:56:12.369771 n-d-715271-6 devstack@n-api.service[89511]: [pid: 89511|app: 0|req: 164/311] 10.222.0.74 () {58 vars in 1146 bytes} [Tue May 4 21:56:12 2021] GET /compute/v2.1/flavors/detail => generated 4991 bytes in 42 msecs (HTTP/1.1 200) 9 headers in 358 bytes (1 switches on core 0)
May 04 21:56:12.375390 n-d-715271-6 devstack@n-api.service[89511]: DEBUG nova.api.openstack.wsgi [None req-a331a1dc-2764-4b49-b341-f75e8f34cb41 tempest-DeleteServersAdminTestJSON-1897673829 tempest-DeleteServersAdminTestJSON-1897673829-project] Calling method '>' {{(pid=89511) _process_stack /opt/stack/nova/nova/api/openstack/wsgi.py:513}}
May 04 21:56:12.377969 n-d-715271-6 devstack@n-api.service[89511]: DEBUG nova.compute.api [None req-a331a1dc-2764-4b49-b341-f75e8f34cb41 tempest-DeleteServersAdminTestJSON-1897673829 tempest-DeleteServersAdminTestJSON-1897673829-project] [instance: d02a55d3-ac95-4a05-990d-5ae06ffef7da] Fetching instance by UUID {{(pid=89511) get /opt/stack/nova/nova/compute/api.py:2821}}
May 04 21:56:12.389264 n-d-715271-6 devstack@n-api.service[89511]: DEBUG oslo_concurrency.lockutils [None req-a331a1dc-2764-4b49-b341-f75e8f34cb41 tempest-DeleteServersAdminTestJSON-1897673829 tempest-DeleteServersAdminTestJSON-1897673829-project] Lock "f72ffdf0-20a5-46ab-b690-9e54e5d12fb2" acquired by "nova.context.set_target_cell..get_or_set_cached_cell_and_set_connections" :: waited 0.000s {{(pid=89511) inner /usr/local/lib/python3.8/dist-packages/oslo_concurrency/lockutils.py:355}}
May 04 21:56:12.390015 n-d-715271-6 devstack@n-api.service[89511]: DEBUG oslo_concurrency.lockutils [None req-a331a1dc-2764-4b49-b341-f75e8f34cb41 tempest-DeleteServersAdminTestJSON-1897673829 tempest-DeleteServersAdminTestJSON-1897673829-project] Lock "f72ffdf0-20a5-46ab-b690-9e54e5d12fb2" released by "nova.context.set_target_cell..get_or_set_cached_cell_and_set_connections" :: held 0.001s {{(pid=89511) inner /usr/local/lib/python3.8/dist-packages/oslo_concurrency/lockutils.py:367}}
May 04 21:56:12.391199 n-d-715271-6 devstack@n-api.service[89511]: DEBUG oslo_concurrency.lockutils [None req-a331a1dc-2764-4b49-b341-f75e8f34cb41 tempest-DeleteServersAdminTestJSON-1897673829 tempest-DeleteServersAdminTestJSON-1897673829-project] Lock "f72ffdf0-20a5-46ab-b690-9e54e5d12fb2" acquired by "nova.context.set_target_cell..get_or_set_cached_cell_and_set_connections" :: waited 0.000s {{(pid=89511) inner /usr/local/lib/python3.8/dist-packages/oslo_concurrency/lockutils.py:355}}
May 04 21:56:12.391894 n-d-715271-6 devstack@n-api.service[89511]: DEBUG oslo_concurrency.lockutils [None req-a331a1dc-2764-4b49-b341-f75e8f34cb41 tempest-DeleteServersAdminTestJSON-1897673829 tempest-DeleteServersAdminTestJSON-1897673829-project] Lock "f72ffdf0-20a5-46ab-b690-9e54e5d12fb2" released by "nova.context.set_target_cell..get_or_set_cached_cell_and_set_connections" :: held 0.001s {{(pid=89511) inner /usr/local/lib/python3.8/dist-packages/oslo_concurrency/lockutils.py:367}}
May 04 21:56:12.968085 n-d-715271-6 devstack@n-api.service[89512]: DEBUG nova.virt.hardware [None req-a4162271-5e25-40a8-a65f-e8d945347398 tempest-LiveMigrationNegativeTest-376485590 tempest-LiveMigrationNegativeTest-376485590-project] Flavor limits 0:0:0 {{(pid=89512) get_cpu_topology_constraints /opt/stack/nova/nova/virt/hardware.py:344}}
May 04 21:56:12.968599 n-d-715271-6 devstack@n-api.service[89512]: DEBUG nova.virt.hardware [None req-a4162271-5e25-40a8-a65f-e8d945347398 tempest-LiveMigrationNegativeTest-376485590 tempest-LiveMigrationNegativeTest-376485590-project] Image limits 0:0:0 {{(pid=89512) get_cpu_topology_constraints /opt/stack/nova/nova/virt/hardware.py:348}}
May 04 21:56:12.969000 n-d-715271-6 devstack@n-api.service[89512]: DEBUG nova.virt.hardware [None req-a4162271-5e25-40a8-a65f-e8d945347398 tempest-LiveMigrationNegativeTest-376485590 tempest-LiveMigrationNegativeTest-376485590-project] Flavor pref 0:0:0 {{(pid=89512) get_cpu_topology_constraints /opt/stack/nova/nova/virt/hardware.py:384}}
May 04 21:56:12.969630 n-d-715271-6 devstack@n-api.service[89512]: DEBUG nova.virt.hardware [None req-a4162271-5e25-40a8-a65f-e8d945347398 tempest-LiveMigrationNegativeTest-376485590 tempest-LiveMigrationNegativeTest-376485590-project] Image pref 0:0:0 {{(pid=89512) get_cpu_topology_constraints /opt/stack/nova/nova/virt/hardware.py:388}}
May 04 21:56:12.970352 n-d-715271-6 devstack@n-api.service[89512]: DEBUG nova.virt.hardware [None req-a4162271-5e25-40a8-a65f-e8d945347398 tempest-LiveMigrationNegativeTest-376485590 tempest-LiveMigrationNegativeTest-376485590-project] Chose sockets=0, cores=0, threads=0; limits were sockets=65536, cores=65536, threads=65536 {{(pid=89512) get_cpu_topology_constraints /opt/stack/nova/nova/virt/hardware.py:426}}
May 04 21:56:12.988245 n-d-715271-6 devstack@n-api.service[89512]: DEBUG oslo_concurrency.lockutils [None req-a4162271-5e25-40a8-a65f-e8d945347398 tempest-LiveMigrationNegativeTest-376485590 tempest-LiveMigrationNegativeTest-376485590-project] Lock "00000000-0000-0000-0000-000000000000" acquired by "nova.context.set_target_cell..get_or_set_cached_cell_and_set_connections" :: waited 0.000s {{(pid=89512) inner /usr/local/lib/python3.8/dist-packages/oslo_concurrency/lockutils.py:355}}
