May 04 21:55:41.318349 n-d-715271-6 devstack@n-api.service[89512]: DEBUG oslo_concurrency.lockutils [None req-031a7f5f-df6c-4583-9521-9a25a5b6d157 None None] Lock "f72ffdf0-20a5-46ab-b690-9e54e5d12fb2" acquired by "nova.context.set_target_cell..get_or_set_cached_cell_and_set_connections" :: waited 0.000s {{(pid=89512) inner /usr/local/lib/python3.8/dist-packages/oslo_concurrency/lockutils.py:355}}
May 04 21:55:41.319397 n-d-715271-6 devstack@n-api.service[89512]: DEBUG oslo_concurrency.lockutils [None req-031a7f5f-df6c-4583-9521-9a25a5b6d157 None None] Lock "f72ffdf0-20a5-46ab-b690-9e54e5d12fb2" released by "nova.context.set_target_cell..get_or_set_cached_cell_and_set_connections" :: held 0.000s {{(pid=89512) inner /usr/local/lib/python3.8/dist-packages/oslo_concurrency/lockutils.py:367}}
May 04 21:55:41.336306 n-d-715271-6 devstack@n-api.service[89512]: INFO nova.compute.rpcapi [None req-031a7f5f-df6c-4583-9521-9a25a5b6d157 None None] Automatically selected compute RPC version 6.0 from minimum service version 56
May 04 21:55:41.337221 n-d-715271-6 devstack@n-api.service[89512]: DEBUG oslo_concurrency.lockutils [None req-031a7f5f-df6c-4583-9521-9a25a5b6d157 None None] Releasing lock "compute-rpcapi-router" {{(pid=89512) lock /usr/local/lib/python3.8/dist-packages/oslo_concurrency/lockutils.py:282}}
May 04 21:55:41.403068 n-d-715271-6 devstack@n-api.service[89512]: INFO nova.api.openstack.requestlog [None req-031a7f5f-df6c-4583-9521-9a25a5b6d157 None None] 10.222.0.74 "POST /compute/v2.1/os-server-external-events" status: 200 len: 179 microversion: 2.1 time: 0.587596
May 04 21:55:41.403726 n-d-715271-6 devstack@n-api.service[89512]: [pid: 89512|app: 0|req: 73/146] 10.222.0.74 () {64 vars in 1318 bytes} [Tue May 4 21:55:40 2021] POST /compute/v2.1/os-server-external-events => generated 179 bytes in 590 msecs (HTTP/1.1 200) 9 headers in 357 bytes (1 switches on core 0)
May 04 21:55:41.805493 n-d-715271-6 devstack@n-api.service[89511]: DEBUG nova.api.openstack.wsgi [None req-faa2347f-63e1-4d83-8316-2af8908920af tempest-AggregatesAdminTestJSON-850654523 tempest-AggregatesAdminTestJSON-850654523-project] Calling method '>' {{(pid=89511) _process_stack /opt/stack/nova/nova/api/openstack/wsgi.py:513}}
May 04 21:55:41.806212 n-d-715271-6 devstack@n-api.service[89511]: DEBUG nova.compute.api [None req-faa2347f-63e1-4d83-8316-2af8908920af tempest-AggregatesAdminTestJSON-850654523 tempest-AggregatesAdminTestJSON-850654523-project] [instance: 26976eb1-4e63-4a92-8377-34772e34e906] Fetching instance by UUID {{(pid=89511) get /opt/stack/nova/nova/compute/api.py:2821}}
May 04 21:55:41.822667 n-d-715271-6 devstack@n-api.service[89511]: DEBUG oslo_concurrency.lockutils [None req-faa2347f-63e1-4d83-8316-2af8908920af tempest-AggregatesAdminTestJSON-850654523 tempest-AggregatesAdminTestJSON-850654523-project] Lock "f72ffdf0-20a5-46ab-b690-9e54e5d12fb2" acquired by "nova.context.set_target_cell..get_or_set_cached_cell_and_set_connections" :: waited 0.000s {{(pid=89511) inner /usr/local/lib/python3.8/dist-packages/oslo_concurrency/lockutils.py:355}}
May 04 21:55:41.823153 n-d-715271-6 devstack@n-api.service[89511]: DEBUG oslo_concurrency.lockutils [None req-faa2347f-63e1-4d83-8316-2af8908920af tempest-AggregatesAdminTestJSON-850654523 tempest-AggregatesAdminTestJSON-850654523-project] Lock "f72ffdf0-20a5-46ab-b690-9e54e5d12fb2" released by "nova.context.set_target_cell..get_or_set_cached_cell_and_set_connections" :: held 0.001s {{(pid=89511) inner /usr/local/lib/python3.8/dist-packages/oslo_concurrency/lockutils.py:367}}
May 04 21:55:41.824677 n-d-715271-6 devstack@n-api.service[89511]: DEBUG oslo_concurrency.lockutils [None req-faa2347f-63e1-4d83-8316-2af8908920af tempest-AggregatesAdminTestJSON-850654523 tempest-AggregatesAdminTestJSON-850654523-project] Lock "f72ffdf0-20a5-46ab-b690-9e54e5d12fb2" acquired by "nova.context.set_target_cell..get_or_set_cached_cell_and_set_connections" :: waited 0.000s {{(pid=89511) inner /usr/local/lib/python3.8/dist-packages/oslo_concurrency/lockutils.py:355}}
May 04 21:55:41.825606 n-d-715271-6 devstack@n-api.service[89511]: DEBUG oslo_concurrency.lockutils [None req-faa2347f-63e1-4d83-8316-2af8908920af tempest-AggregatesAdminTestJSON-850654523 tempest-AggregatesAdminTestJSON-850654523-project] Lock "f72ffdf0-20a5-46ab-b690-9e54e5d12fb2" released by "nova.context.set_target_cell..get_or_set_cached_cell_and_set_connections" :: held 0.001s {{(pid=89511) inner /usr/local/lib/python3.8/dist-packages/oslo_concurrency/lockutils.py:367}}
May 04 21:55:41.946283 n-d-715271-6 devstack@n-api.service[89512]: DEBUG nova.api.openstack.wsgi [None req-337b8e41-31e1-419b-8d2a-c84ac51ed078 tempest-DeleteServersAdminTestJSON-1897673829 tempest-DeleteServersAdminTestJSON-1897673829-project] Calling method '>' {{(pid=89512) _process_stack /opt/stack/nova/nova/api/openstack/wsgi.py:513}}
May 04 21:55:41.947138 n-d-715271-6 devstack@n-api.service[89512]: DEBUG nova.compute.api [None req-337b8e41-31e1-419b-8d2a-c84ac51ed078 tempest-DeleteServersAdminTestJSON-1897673829 tempest-DeleteServersAdminTestJSON-1897673829-project] [instance: e7b277be-aacf-4696-b11b-2b1c65c0edaa] Fetching instance by UUID {{(pid=89512) get /opt/stack/nova/nova/compute/api.py:2821}}
May 04 21:55:41.957975 n-d-715271-6 devstack@n-api.service[89512]: DEBUG oslo_concurrency.lockutils [None req-337b8e41-31e1-419b-8d2a-c84ac51ed078 tempest-DeleteServersAdminTestJSON-1897673829 tempest-DeleteServersAdminTestJSON-1897673829-project] Lock "f72ffdf0-20a5-46ab-b690-9e54e5d12fb2" acquired by "nova.context.set_target_cell..get_or_set_cached_cell_and_set_connections" :: waited 0.000s {{(pid=89512) inner /usr/local/lib/python3.8/dist-packages/oslo_concurrency/lockutils.py:355}}
May 04 21:55:41.962653 n-d-715271-6 devstack@n-api.service[89512]: DEBUG oslo_concurrency.lockutils [None req-337b8e41-31e1-419b-8d2a-c84ac51ed078 tempest-DeleteServersAdminTestJSON-1897673829 tempest-DeleteServersAdminTestJSON-1897673829-project] Lock "f72ffdf0-20a5-46ab-b690-9e54e5d12fb2" released by "nova.context.set_target_cell..get_or_set_cached_cell_and_set_connections" :: held 0.001s {{(pid=89512) inner /usr/local/lib/python3.8/dist-packages/oslo_concurrency/lockutils.py:367}}
May 04 21:55:41.964989 n-d-715271-6 devstack@n-api.service[89512]: DEBUG oslo_concurrency.lockutils [None req-337b8e41-31e1-419b-8d2a-c84ac51ed078 tempest-DeleteServersAdminTestJSON-1897673829 tempest-DeleteServersAdminTestJSON-1897673829-project] Lock "f72ffdf0-20a5-46ab-b690-9e54e5d12fb2" acquired by "nova.context.set_target_cell..get_or_set_cached_cell_and_set_connections" :: waited 0.000s {{(pid=89512) inner /usr/local/lib/python3.8/dist-packages/oslo_concurrency/lockutils.py:355}}
May 04 21:55:41.966098 n-d-715271-6 devstack@n-api.service[89512]: DEBUG oslo_concurrency.lockutils [None req-337b8e41-31e1-419b-8d2a-c84ac51ed078 tempest-DeleteServersAdminTestJSON-1897673829 tempest-DeleteServersAdminTestJSON-1897673829-project] Lock "f72ffdf0-20a5-46ab-b690-9e54e5d12fb2" released by "nova.context.set_target_cell..get_or_set_cached_cell_and_set_connections" :: held 0.001s {{(pid=89512) inner /usr/local/lib/python3.8/dist-packages/oslo_concurrency/lockutils.py:367}}
May 04 21:55:42.479711 n-d-715271-6 devstack@n-api.service[89512]: DEBUG nova.policy [None req-337b8e41-31e1-419b-8d2a-c84ac51ed078 tempest-DeleteServersAdminTestJSON-1897673829 tempest-DeleteServersAdminTestJSON-1897673829-project] Policy check for os_compute_api:os-extended-server-attributes failed with credentials {'is_admin': False, 'user_id': 'fcb9f448a8ba46c8b63f9a3d7edfa94a', 'user_domain_id': 'default', 'system_scope': None, 'domain_id': None, 'project_id': '034b495588ff4b71992a52a27a5f4365', 'project_domain_id': 'default', 'roles': ['reader', 'member'], 'is_admin_project': True, 'service_user_id': None, 'service_user_domain_id': None, 'service_project_id': None, 'service_project_domain_id': None, 'service_roles': []} {{(pid=89512) authorize /opt/stack/nova/nova/policy.py:199}}
May 04 21:55:42.502838 n-d-715271-6 devstack@n-api.service[89512]: INFO nova.api.openstack.requestlog [None req-337b8e41-31e1-419b-8d2a-c84ac51ed078 tempest-DeleteServersAdminTestJSON-1897673829 tempest-DeleteServersAdminTestJSON-1897673829-project] 10.222.0.74 "GET /compute/v2.1/servers/e7b277be-aacf-4696-b11b-2b1c65c0edaa" status: 200 len: 1341 microversion: 2.1 time: 0.549819
May 04 21:55:42.505308 n-d-715271-6 devstack@n-api.service[89512]: [pid: 89512|app: 0|req: 74/147] 10.222.0.74 () {58 vars in 1236 bytes} [Tue May 4 21:55:41 2021] GET /compute/v2.1/servers/e7b277be-aacf-4696-b11b-2b1c65c0edaa => generated 1341 bytes in 563 msecs (HTTP/1.1 200) 9 headers in 358 bytes (2 switches on core 0)
May 04 21:55:43.027351 n-d-715271-6 devstack@n-api.service[89511]: DEBUG nova.policy [None req-faa2347f-63e1-4d83-8316-2af8908920af tempest-AggregatesAdminTestJSON-850654523 tempest-AggregatesAdminTestJSON-850654523-project] Policy check for os_compute_api:os-extended-server-attributes failed with credentials {'is_admin': False, 'user_id': '218501315667469ea361d777cbb205bc', 'user_domain_id': 'default', 'system_scope': None, 'domain_id': None, 'project_id': 'fc22e20ac10e4407b0574ef0638c35dc', 'project_domain_id': 'default', 'roles': ['reader', 'member'], 'is_admin_project': True, 'service_user_id': None, 'service_user_domain_id': None, 'service_project_id': None, 'service_project_domain_id': None, 'service_roles': []} {{(pid=89511) authorize /opt/stack/nova/nova/policy.py:199}}
May 04 21:55:43.037922 n-d-715271-6 devstack@n-api.service[89511]: INFO nova.api.openstack.requestlog [None req-faa2347f-63e1-4d83-8316-2af8908920af tempest-AggregatesAdminTestJSON-850654523 tempest-AggregatesAdminTestJSON-850654523-project] 10.222.0.74 "GET /compute/v2.1/servers/26976eb1-4e63-4a92-8377-34772e34e906" status: 200 len: 1337 microversion: 2.1 time: 1.239260
May 04 21:55:43.039687 n-d-715271-6 devstack@n-api.service[89511]: [pid: 89511|app: 0|req: 74/148] 10.222.0.74 () {58 vars in 1236 bytes} [Tue May 4 21:55:41 2021] GET /compute/v2.1/servers/26976eb1-4e63-4a92-8377-34772e34e906 => generated 1337 bytes in 1243 msecs (HTTP/1.1 200) 9 headers in 358 bytes (1 switches on core 0)
May 04 21:55:43.349106 n-d-715271-6 devstack@n-api.service[89512]: DEBUG nova.api.openstack.wsgi [None req-a2d2ba2e-a121-4e67-b4d8-e7b6ee0539fd tempest-FlavorsAccessNegativeTestJSON-866558448 tempest-FlavorsAccessNegativeTestJSON-866558448-project-admin] Action: 'create', calling method: >, body: {"flavor": {"ram": 512, "vcpus": 1, "disk": 10, "name": "tempest-FlavorsAccessNegativeTestJSON-flavor-1256419460", "id": 646882372, "os-flavor-access:is_public": "False"}} {{(pid=89512) _process_stack /opt/stack/nova/nova/api/openstack/wsgi.py:511}}
May 04 21:55:43.351289 n-d-715271-6 devstack@n-api.service[89512]: /usr/local/lib/python3.8/dist-packages/oslo_policy/policy.py:1054: UserWarning: Policy os_compute_api:os-flavor-manage:create failed scope check. The token used to make the request was project scoped but the policy requires ['system'] scope. This behavior may change in the future where using the intended scope is required
May 04 21:55:43.351289 n-d-715271-6 devstack@n-api.service[89512]: warnings.warn(msg)
May 04 21:55:43.386533 n-d-715271-6 devstack@n-api.service[89512]: INFO nova.api.openstack.requestlog [None req-a2d2ba2e-a121-4e67-b4d8-e7b6ee0539fd tempest-FlavorsAccessNegativeTestJSON-866558448 tempest-FlavorsAccessNegativeTestJSON-866558448-project-admin] 10.222.0.74 "POST /compute/v2.1/flavors" status: 200 len: 436 microversion: 2.1 time: 0.290602
May 04 21:55:43.395619 n-d-715271-6 devstack@n-api.service[89512]: [pid: 89512|app: 0|req: 75/149] 10.222.0.74 () {60 vars in 1147 bytes} [Tue May 4 21:55:43 2021] POST /compute/v2.1/flavors => generated 436 bytes in 301 msecs (HTTP/1.1 200) 9 headers in 357 bytes (1 switches on core 0)
May 04 21:55:43.404419 n-d-715271-6 devstack@n-api.service[89512]: DEBUG nova.api.openstack.wsgi [None req-d3e9e8d5-f6de-448b-9076-fe65d9deffad tempest-FlavorsAccessNegativeTestJSON-866558448 tempest-FlavorsAccessNegativeTestJSON-866558448-project-admin] Action: 'action', calling method: >, body: {"addTenantAccess": {"tenant": "136818df4a554fafa184e12dafbf52b2"}} {{(pid=89512) _process_stack /opt/stack/nova/nova/api/openstack/wsgi.py:511}}
May 04 21:55:43.408166 n-d-715271-6 devstack@n-api.service[89512]: /usr/local/lib/python3.8/dist-packages/oslo_policy/policy.py:1054: UserWarning: Policy os_compute_api:os-flavor-access:add_tenant_access failed scope check. The token used to make the request was project scoped but the policy requires ['system'] scope. This behavior may change in the future where using the intended scope is required
May 04 21:55:43.408166 n-d-715271-6 devstack@n-api.service[89512]: warnings.warn(msg)
May 04 21:55:43.422651 n-d-715271-6 devstack@n-api.service[89511]: DEBUG nova.api.openstack.wsgi [req-cceb35ba-783a-487d-964a-8597a4d20070 req-82a09320-6c12-4691-94fd-fade9095d934 service nova] Action: 'create', calling method: >, body: {"events": [{"name": "network-changed", "server_uuid": "26976eb1-4e63-4a92-8377-34772e34e906", "tag": "fba3464a-5d49-4244-bbff-ce584f77c44f"}]} {{(pid=89511) _process_stack /opt/stack/nova/nova/api/openstack/wsgi.py:511}}
May 04 21:55:43.425175 n-d-715271-6 devstack@n-api.service[89511]: /usr/local/lib/python3.8/dist-packages/oslo_policy/policy.py:1054: UserWarning: Policy os_compute_api:os-server-external-events:create failed scope check. The token used to make the request was project scoped but the policy requires ['system'] scope. This behavior may change in the future where using the intended scope is required
May 04 21:55:43.425175 n-d-715271-6 devstack@n-api.service[89511]: warnings.warn(msg)
May 04 21:55:43.436073 n-d-715271-6 devstack@n-api.service[89511]: DEBUG oslo_concurrency.lockutils [req-cceb35ba-783a-487d-964a-8597a4d20070 req-82a09320-6c12-4691-94fd-fade9095d934 service nova] Lock "f72ffdf0-20a5-46ab-b690-9e54e5d12fb2" acquired by "nova.context.set_target_cell..get_or_set_cached_cell_and_set_connections" :: waited 0.000s {{(pid=89511) inner /usr/local/lib/python3.8/dist-packages/oslo_concurrency/lockutils.py:355}}
May 04 21:55:43.436642 n-d-715271-6 devstack@n-api.service[89511]: DEBUG oslo_concurrency.lockutils [req-cceb35ba-783a-487d-964a-8597a4d20070 req-82a09320-6c12-4691-94fd-fade9095d934 service nova] Lock "f72ffdf0-20a5-46ab-b690-9e54e5d12fb2" released by "nova.context.set_target_cell..get_or_set_cached_cell_and_set_connections" :: held 0.001s {{(pid=89511) inner /usr/local/lib/python3.8/dist-packages/oslo_concurrency/lockutils.py:367}}
May 04 21:55:43.460706 n-d-715271-6 devstack@n-api.service[89511]: INFO nova.api.openstack.compute.server_external_events [req-cceb35ba-783a-487d-964a-8597a4d20070 req-82a09320-6c12-4691-94fd-fade9095d934 service nova] Creating event network-changed:fba3464a-5d49-4244-bbff-ce584f77c44f for instance 26976eb1-4e63-4a92-8377-34772e34e906 on n-h1-715271-6
May 04 21:55:43.461397 n-d-715271-6 devstack@n-api.service[89511]: DEBUG oslo_concurrency.lockutils [req-cceb35ba-783a-487d-964a-8597a4d20070 req-82a09320-6c12-4691-94fd-fade9095d934 service nova] Acquired lock "compute-rpcapi-router" {{(pid=89511) lock /usr/local/lib/python3.8/dist-packages/oslo_concurrency/lockutils.py:266}}
May 04 21:55:43.462740 n-d-715271-6 devstack@n-api.service[89511]: DEBUG oslo_concurrency.lockutils [None req-e2190b7c-d441-43b8-aa5d-e6059ce44b1a None None] Lock "00000000-0000-0000-0000-000000000000" acquired by "nova.context.set_target_cell..get_or_set_cached_cell_and_set_connections" :: waited 0.000s {{(pid=89511) inner /usr/local/lib/python3.8/dist-packages/oslo_concurrency/lockutils.py:355}}
May 04 21:55:43.463619 n-d-715271-6 devstack@n-api.service[89511]: DEBUG oslo_concurrency.lockutils [None req-e2190b7c-d441-43b8-aa5d-e6059ce44b1a None None] Lock "00000000-0000-0000-0000-000000000000" released by "nova.context.set_target_cell..get_or_set_cached_cell_and_set_connections" :: held 0.001s {{(pid=89511) inner /usr/local/lib/python3.8/dist-packages/oslo_concurrency/lockutils.py:367}}
May 04 21:55:43.464693 n-d-715271-6 devstack@n-api.service[89511]: DEBUG oslo_concurrency.lockutils [None req-e2190b7c-d441-43b8-aa5d-e6059ce44b1a None None] Lock "f72ffdf0-20a5-46ab-b690-9e54e5d12fb2" acquired by "nova.context.set_target_cell..get_or_set_cached_cell_and_set_connections" :: waited 0.000s {{(pid=89511) inner /usr/local/lib/python3.8/dist-packages/oslo_concurrency/lockutils.py:355}}
May 04 21:55:43.465346 n-d-715271-6 devstack@n-api.service[89511]: DEBUG oslo_concurrency.lockutils [None req-e2190b7c-d441-43b8-aa5d-e6059ce44b1a None None] Lock "f72ffdf0-20a5-46ab-b690-9e54e5d12fb2" released by "nova.context.set_target_cell..get_or_set_cached_cell_and_set_connections" :: held 0.001s {{(pid=89511) inner /usr/local/lib/python3.8/dist-packages/oslo_concurrency/lockutils.py:367}}
May 04 21:55:43.483301 n-d-715271-6 devstack@n-api.service[89511]: INFO nova.compute.rpcapi [None req-e2190b7c-d441-43b8-aa5d-e6059ce44b1a None None] Automatically selected compute RPC version 6.0 from minimum service version 56
May 04 21:55:43.484726 n-d-715271-6 devstack@n-api.service[89511]: DEBUG oslo_concurrency.lockutils [None req-e2190b7c-d441-43b8-aa5d-e6059ce44b1a None None] Releasing lock "compute-rpcapi-router" {{(pid=89511) lock /usr/local/lib/python3.8/dist-packages/oslo_concurrency/lockutils.py:282}}
May 04 21:55:43.532086 n-d-715271-6 devstack@n-api.service[89511]: INFO nova.api.openstack.requestlog [None req-e2190b7c-d441-43b8-aa5d-e6059ce44b1a None None] 10.222.0.74 "POST /compute/v2.1/os-server-external-events" status: 200 len: 179 microversion: 2.1 time: 0.277225
May 04 21:55:43.533420 n-d-715271-6 devstack@n-api.service[89511]: [pid: 89511|app: 0|req: 75/150] 10.222.0.74 () {64 vars in 1318 bytes} [Tue May 4 21:55:43 2021] POST /compute/v2.1/os-server-external-events => generated 179 bytes in 280 msecs (HTTP/1.1 200) 9 headers in 357 bytes (1 switches on core 0)
May 04 21:55:43.539308 n-d-715271-6 devstack@n-api.service[89511]: DEBUG nova.api.openstack.wsgi [None req-e9351eb1-fc47-463e-b723-9b07e17b6d5e tempest-DeleteServersAdminTestJSON-1897673829 tempest-DeleteServersAdminTestJSON-1897673829-project] Calling method '>' {{(pid=89511) _process_stack /opt/stack/nova/nova/api/openstack/wsgi.py:513}}
May 04 21:55:43.539996 n-d-715271-6 devstack@n-api.service[89511]: DEBUG nova.compute.api [None req-e9351eb1-fc47-463e-b723-9b07e17b6d5e tempest-DeleteServersAdminTestJSON-1897673829 tempest-DeleteServersAdminTestJSON-1897673829-project] [instance: e7b277be-aacf-4696-b11b-2b1c65c0edaa] Fetching instance by UUID {{(pid=89511) get /opt/stack/nova/nova/compute/api.py:2821}}
May 04 21:55:43.547447 n-d-715271-6 devstack@n-api.service[89511]: DEBUG oslo_concurrency.lockutils [None req-e9351eb1-fc47-463e-b723-9b07e17b6d5e tempest-DeleteServersAdminTestJSON-1897673829 tempest-DeleteServersAdminTestJSON-1897673829-project] Lock "f72ffdf0-20a5-46ab-b690-9e54e5d12fb2" acquired by "nova.context.set_target_cell..get_or_set_cached_cell_and_set_connections" :: waited 0.000s {{(pid=89511) inner /usr/local/lib/python3.8/dist-packages/oslo_concurrency/lockutils.py:355}}
May 04 21:55:43.548107 n-d-715271-6 devstack@n-api.service[89511]: DEBUG oslo_concurrency.lockutils [None req-e9351eb1-fc47-463e-b723-9b07e17b6d5e tempest-DeleteServersAdminTestJSON-1897673829 tempest-DeleteServersAdminTestJSON-1897673829-project] Lock "f72ffdf0-20a5-46ab-b690-9e54e5d12fb2" released by "nova.context.set_target_cell..get_or_set_cached_cell_and_set_connections" :: held 0.001s {{(pid=89511) inner /usr/local/lib/python3.8/dist-packages/oslo_concurrency/lockutils.py:367}}
May 04 21:55:43.549071 n-d-715271-6 devstack@n-api.service[89511]: DEBUG oslo_concurrency.lockutils [None req-e9351eb1-fc47-463e-b723-9b07e17b6d5e tempest-DeleteServersAdminTestJSON-1897673829 tempest-DeleteServersAdminTestJSON-1897673829-project] Lock "f72ffdf0-20a5-46ab-b690-9e54e5d12fb2" acquired by "nova.context.set_target_cell..get_or_set_cached_cell_and_set_connections" :: waited 0.000s {{(pid=89511) inner /usr/local/lib/python3.8/dist-packages/oslo_concurrency/lockutils.py:355}}
May 04 21:55:43.549732 n-d-715271-6 devstack@n-api.service[89511]: DEBUG oslo_concurrency.lockutils [None req-e9351eb1-fc47-463e-b723-9b07e17b6d5e tempest-DeleteServersAdminTestJSON-1897673829 tempest-DeleteServersAdminTestJSON-1897673829-project] Lock "f72ffdf0-20a5-46ab-b690-9e54e5d12fb2" released by "nova.context.set_target_cell..get_or_set_cached_cell_and_set_connections" :: held 0.001s {{(pid=89511) inner /usr/local/lib/python3.8/dist-packages/oslo_concurrency/lockutils.py:367}}
May 04 21:55:43.916847 n-d-715271-6 devstack@n-api.service[89511]: DEBUG nova.policy [None req-e9351eb1-fc47-463e-b723-9b07e17b6d5e tempest-DeleteServersAdminTestJSON-1897673829 tempest-DeleteServersAdminTestJSON-1897673829-project] Policy check for os_compute_api:os-extended-server-attributes failed with credentials {'is_admin': False, 'user_id': 'fcb9f448a8ba46c8b63f9a3d7edfa94a', 'user_domain_id': 'default', 'system_scope': None, 'domain_id': None, 'project_id': '034b495588ff4b71992a52a27a5f4365', 'project_domain_id': 'default', 'roles': ['reader', 'member'], 'is_admin_project': True, 'service_user_id': None, 'service_user_domain_id': None, 'service_project_id': None, 'service_project_domain_id': None, 'service_roles': []} {{(pid=89511) authorize /opt/stack/nova/nova/policy.py:199}}
May 04 21:55:43.931554 n-d-715271-6 devstack@n-api.service[89511]: INFO nova.api.openstack.requestlog [None req-e9351eb1-fc47-463e-b723-9b07e17b6d5e tempest-DeleteServersAdminTestJSON-1897673829 tempest-DeleteServersAdminTestJSON-1897673829-project] 10.222.0.74 "GET /compute/v2.1/servers/e7b277be-aacf-4696-b11b-2b1c65c0edaa" status: 200 len: 1341 microversion: 2.1 time: 0.395442
May 04 21:55:43.932722 n-d-715271-6 devstack@n-api.service[89511]: [pid: 89511|app: 0|req: 76/151] 10.222.0.74 () {58 vars in 1236 bytes} [Tue May 4 21:55:43 2021] GET /compute/v2.1/servers/e7b277be-aacf-4696-b11b-2b1c65c0edaa => generated 1341 bytes in 398 msecs (HTTP/1.1 200) 9 headers in 358 bytes (1 switches on core 0)
May 04 21:55:43.945679 n-d-715271-6 devstack@n-api.service[89512]: INFO nova.api.openstack.requestlog [None req-d3e9e8d5-f6de-448b-9076-fe65d9deffad tempest-FlavorsAccessNegativeTestJSON-866558448 tempest-FlavorsAccessNegativeTestJSON-866558448-project-admin] 10.222.0.74 "POST /compute/v2.1/flavors/646882372/action" status: 200 len: 96 microversion: 2.1 time: 0.547258
May 04 21:55:43.946398 n-d-715271-6 devstack@n-api.service[89512]: [pid: 89512|app: 0|req: 76/152] 10.222.0.74 () {60 vars in 1197 bytes} [Tue May 4 21:55:43 2021] POST /compute/v2.1/flavors/646882372/action => generated 96 bytes in 550 msecs (HTTP/1.1 200) 9 headers in 356 bytes (1 switches on core 0)
May 04 21:55:43.956451 n-d-715271-6 devstack@n-api.service[89511]: DEBUG nova.api.openstack.wsgi [None req-be3942b8-285b-4370-b90f-d933c6e51974 tempest-FlavorsAccessNegativeTestJSON-866558448 tempest-FlavorsAccessNegativeTestJSON-866558448-project-admin] Action: 'action', calling method: >, body: {"addTenantAccess": {"tenant": "136818df4a554fafa184e12dafbf52b2"}} {{(pid=89511) _process_stack /opt/stack/nova/nova/api/openstack/wsgi.py:511}}
May 04 21:55:43.957832 n-d-715271-6 devstack@n-api.service[89511]: /usr/local/lib/python3.8/dist-packages/oslo_policy/policy.py:1054: UserWarning: Policy os_compute_api:os-flavor-access:add_tenant_access failed scope check. The token used to make the request was project scoped but the policy requires ['system'] scope. This behavior may change in the future where using the intended scope is required
May 04 21:55:43.957832 n-d-715271-6 devstack@n-api.service[89511]: warnings.warn(msg)
May 04 21:55:44.358467 n-d-715271-6 devstack@n-api.service[89512]: DEBUG nova.api.openstack.wsgi [None req-8d32e3ff-7706-41cb-98d1-9db2b3bb3a19 tempest-LiveMigrationNegativeTest-376485590 tempest-LiveMigrationNegativeTest-376485590-project] Action: 'create', calling method: >, body: {"server": {"name": "tempest-LiveMigrationNegativeTest-server-428072274", "imageRef": "a70280f0-8b05-48a6-86b4-cfc162d7edf8", "flavorRef": "452"}} {{(pid=89512) _process_stack /opt/stack/nova/nova/api/openstack/wsgi.py:511}}
May 04 21:55:44.358926 n-d-715271-6 devstack@n-api.service[89511]: INFO nova.api.openstack.wsgi [None req-be3942b8-285b-4370-b90f-d933c6e51974 tempest-FlavorsAccessNegativeTestJSON-866558448 tempest-FlavorsAccessNegativeTestJSON-866558448-project-admin] HTTP exception thrown: Flavor access already exists for flavor 26 and project 136818df4a554fafa184e12dafbf52b2 combination.
May 04 21:55:44.359840 n-d-715271-6 devstack@n-api.service[89511]: DEBUG nova.api.openstack.wsgi [None req-be3942b8-285b-4370-b90f-d933c6e51974 tempest-FlavorsAccessNegativeTestJSON-866558448 tempest-FlavorsAccessNegativeTestJSON-866558448-project-admin] Returning 409 to user: Flavor access already exists for flavor 26 and project 136818df4a554fafa184e12dafbf52b2 combination. {{(pid=89511) __call__ /opt/stack/nova/nova/api/openstack/wsgi.py:927}}
May 04 21:55:44.363592 n-d-715271-6 devstack@n-api.service[89511]: INFO nova.api.openstack.requestlog [None req-be3942b8-285b-4370-b90f-d933c6e51974 tempest-FlavorsAccessNegativeTestJSON-866558448 tempest-FlavorsAccessNegativeTestJSON-866558448-project-admin] 10.222.0.74 "POST /compute/v2.1/flavors/646882372/action" status: 409 len: 152 microversion: 2.1 time: 0.408870
May 04 21:55:44.365735 n-d-715271-6 devstack@n-api.service[89511]: [pid: 89511|app: 0|req: 77/153] 10.222.0.74 () {60 vars in 1197 bytes} [Tue May 4 21:55:43 2021] POST /compute/v2.1/flavors/646882372/action => generated 152 bytes in 414 msecs (HTTP/1.1 409) 9 headers in 378 bytes (1 switches on core 0)
May 04 21:55:44.389023 n-d-715271-6 devstack@n-api.service[89511]: DEBUG nova.api.openstack.wsgi [None req-53f5bae3-768c-4fc4-9448-fcf0607ccf08 tempest-AggregatesAdminTestJSON-850654523 tempest-AggregatesAdminTestJSON-850654523-project] Calling method '>' {{(pid=89511) _process_stack /opt/stack/nova/nova/api/openstack/wsgi.py:513}}
May 04 21:55:44.390714 n-d-715271-6 devstack@n-api.service[89511]: DEBUG nova.compute.api [None req-53f5bae3-768c-4fc4-9448-fcf0607ccf08 tempest-AggregatesAdminTestJSON-850654523 tempest-AggregatesAdminTestJSON-850654523-project] [instance: 26976eb1-4e63-4a92-8377-34772e34e906] Fetching instance by UUID {{(pid=89511) get /opt/stack/nova/nova/compute/api.py:2821}}
May 04 21:55:44.415877 n-d-715271-6 devstack@n-api.service[89511]: DEBUG oslo_concurrency.lockutils [None req-53f5bae3-768c-4fc4-9448-fcf0607ccf08 tempest-AggregatesAdminTestJSON-850654523 tempest-AggregatesAdminTestJSON-850654523-project] Lock "f72ffdf0-20a5-46ab-b690-9e54e5d12fb2" acquired by "nova.context.set_target_cell..get_or_set_cached_cell_and_set_connections" :: waited 0.000s {{(pid=89511) inner /usr/local/lib/python3.8/dist-packages/oslo_concurrency/lockutils.py:355}}
May 04 21:55:44.416340 n-d-715271-6 devstack@n-api.service[89511]: DEBUG oslo_concurrency.lockutils [None req-53f5bae3-768c-4fc4-9448-fcf0607ccf08 tempest-AggregatesAdminTestJSON-850654523 tempest-AggregatesAdminTestJSON-850654523-project] Lock "f72ffdf0-20a5-46ab-b690-9e54e5d12fb2" released by "nova.context.set_target_cell..get_or_set_cached_cell_and_set_connections" :: held 0.001s {{(pid=89511) inner /usr/local/lib/python3.8/dist-packages/oslo_concurrency/lockutils.py:367}}
May 04 21:55:44.417539 n-d-715271-6 devstack@n-api.service[89511]: DEBUG oslo_concurrency.lockutils [None req-53f5bae3-768c-4fc4-9448-fcf0607ccf08 tempest-AggregatesAdminTestJSON-850654523 tempest-AggregatesAdminTestJSON-850654523-project] Lock "f72ffdf0-20a5-46ab-b690-9e54e5d12fb2" acquired by "nova.context.set_target_cell..get_or_set_cached_cell_and_set_connections" :: waited 0.000s {{(pid=89511) inner /usr/local/lib/python3.8/dist-packages/oslo_concurrency/lockutils.py:355}}
May 04 21:55:44.418020 n-d-715271-6 devstack@n-api.service[89511]: DEBUG oslo_concurrency.lockutils [None req-53f5bae3-768c-4fc4-9448-fcf0607ccf08 tempest-AggregatesAdminTestJSON-850654523 tempest-AggregatesAdminTestJSON-850654523-project] Lock "f72ffdf0-20a5-46ab-b690-9e54e5d12fb2" released by "nova.context.set_target_cell..get_or_set_cached_cell_and_set_connections" :: held 0.000s {{(pid=89511) inner /usr/local/lib/python3.8/dist-packages/oslo_concurrency/lockutils.py:367}}
May 04 21:55:44.459981 n-d-715271-6 devstack@n-api.service[89512]: DEBUG nova.network.neutron [None req-8d32e3ff-7706-41cb-98d1-9db2b3bb3a19 tempest-LiveMigrationNegativeTest-376485590 tempest-LiveMigrationNegativeTest-376485590-project] validate_networks() for None {{(pid=89512) validate_networks /opt/stack/nova/nova/network/neutron.py:2374}}
May 04 21:55:44.792649 n-d-715271-6 devstack@n-api.service[89511]: DEBUG nova.policy [None req-53f5bae3-768c-4fc4-9448-fcf0607ccf08 tempest-AggregatesAdminTestJSON-850654523 tempest-AggregatesAdminTestJSON-850654523-project] Policy check for os_compute_api:os-extended-server-attributes failed with credentials {'is_admin': False, 'user_id': '218501315667469ea361d777cbb205bc', 'user_domain_id': 'default', 'system_scope': None, 'domain_id': None, 'project_id': 'fc22e20ac10e4407b0574ef0638c35dc', 'project_domain_id': 'default', 'roles': ['reader', 'member'], 'is_admin_project': True, 'service_user_id': None, 'service_user_domain_id': None, 'service_project_id': None, 'service_project_domain_id': None, 'service_roles': []} {{(pid=89511) authorize /opt/stack/nova/nova/policy.py:199}}
May 04 21:55:44.806431 n-d-715271-6 devstack@n-api.service[89511]: INFO nova.api.openstack.requestlog [None req-53f5bae3-768c-4fc4-9448-fcf0607ccf08 tempest-AggregatesAdminTestJSON-850654523 tempest-AggregatesAdminTestJSON-850654523-project] 10.222.0.74 "GET /compute/v2.1/servers/26976eb1-4e63-4a92-8377-34772e34e906" status: 200 len: 1337 microversion: 2.1 time: 0.439526
May 04 21:55:44.809965 n-d-715271-6 devstack@n-api.service[89512]: DEBUG nova.virt.hardware [None req-8d32e3ff-7706-41cb-98d1-9db2b3bb3a19 tempest-LiveMigrationNegativeTest-376485590 tempest-LiveMigrationNegativeTest-376485590-project] Flavor limits 0:0:0 {{(pid=89512) get_cpu_topology_constraints /opt/stack/nova/nova/virt/hardware.py:344}}
May 04 21:55:44.810757 n-d-715271-6 devstack@n-api.service[89512]: DEBUG nova.virt.hardware [None req-8d32e3ff-7706-41cb-98d1-9db2b3bb3a19 tempest-LiveMigrationNegativeTest-376485590 tempest-LiveMigrationNegativeTest-376485590-project] Image limits 0:0:0 {{(pid=89512) get_cpu_topology_constraints /opt/stack/nova/nova/virt/hardware.py:348}}
May 04 21:55:44.811488 n-d-715271-6 devstack@n-api.service[89512]: DEBUG nova.virt.hardware [None req-8d32e3ff-7706-41cb-98d1-9db2b3bb3a19 tempest-LiveMigrationNegativeTest-376485590 tempest-LiveMigrationNegativeTest-376485590-project] Flavor pref 0:0:0 {{(pid=89512) get_cpu_topology_constraints /opt/stack/nova/nova/virt/hardware.py:384}}
May 04 21:55:44.812022 n-d-715271-6 devstack@n-api.service[89512]: DEBUG nova.virt.hardware [None req-8d32e3ff-7706-41cb-98d1-9db2b3bb3a19 tempest-LiveMigrationNegativeTest-376485590 tempest-LiveMigrationNegativeTest-376485590-project] Image pref 0:0:0 {{(pid=89512) get_cpu_topology_constraints /opt/stack/nova/nova/virt/hardware.py:388}}
May 04 21:55:44.812551 n-d-715271-6 devstack@n-api.service[89512]: DEBUG nova.virt.hardware [None req-8d32e3ff-7706-41cb-98d1-9db2b3bb3a19 tempest-LiveMigrationNegativeTest-376485590 tempest-LiveMigrationNegativeTest-376485590-project] Chose sockets=0, cores=0, threads=0; limits were sockets=65536, cores=65536, threads=65536 {{(pid=89512) get_cpu_topology_constraints /opt/stack/nova/nova/virt/hardware.py:426}}
May 04 21:55:44.819740 n-d-715271-6 devstack@n-api.service[89511]: [pid: 89511|app: 0|req: 78/154] 10.222.0.74 () {58 vars in 1236 bytes} [Tue May 4 21:55:44 2021] GET /compute/v2.1/servers/26976eb1-4e63-4a92-8377-34772e34e906 => generated 1337 bytes in 453 msecs (HTTP/1.1 200) 9 headers in 358 bytes (1 switches on core 0)
May 04 21:55:44.823230 n-d-715271-6 devstack@n-api.service[89512]: DEBUG oslo_concurrency.lockutils [None req-8d32e3ff-7706-41cb-98d1-9db2b3bb3a19 tempest-LiveMigrationNegativeTest-376485590 tempest-LiveMigrationNegativeTest-376485590-project] Lock "00000000-0000-0000-0000-000000000000" acquired by "nova.context.set_target_cell..get_or_set_cached_cell_and_set_connections" :: waited 0.000s {{(pid=89512) inner /usr/local/lib/python3.8/dist-packages/oslo_concurrency/lockutils.py:355}}
May 04 21:55:44.823935 n-d-715271-6 devstack@n-api.service[89512]: DEBUG oslo_concurrency.lockutils [None req-8d32e3ff-7706-41cb-98d1-9db2b3bb3a19 tempest-LiveMigrationNegativeTest-376485590 tempest-LiveMigrationNegativeTest-376485590-project] Lock "00000000-0000-0000-0000-000000000000" released by "nova.context.set_target_cell..get_or_set_cached_cell_and_set_connections" :: held 0.001s {{(pid=89512) inner /usr/local/lib/python3.8/dist-packages/oslo_concurrency/lockutils.py:367}}
May 04 21:55:44.824964 n-d-715271-6 devstack@n-api.service[89512]: DEBUG oslo_concurrency.lockutils [None req-8d32e3ff-7706-41cb-98d1-9db2b3bb3a19 tempest-LiveMigrationNegativeTest-376485590 tempest-LiveMigrationNegativeTest-376485590-project] Lock "f72ffdf0-20a5-46ab-b690-9e54e5d12fb2" acquired by "nova.context.set_target_cell..get_or_set_cached_cell_and_set_connections" :: waited 0.000s {{(pid=89512) inner /usr/local/lib/python3.8/dist-packages/oslo_concurrency/lockutils.py:355}}
May 04 21:55:44.825663 n-d-715271-6 devstack@n-api.service[89512]: DEBUG oslo_concurrency.lockutils [None req-8d32e3ff-7706-41cb-98d1-9db2b3bb3a19 tempest-LiveMigrationNegativeTest-376485590 tempest-LiveMigrationNegativeTest-376485590-project] Lock "f72ffdf0-20a5-46ab-b690-9e54e5d12fb2" released by "nova.context.set_target_cell..get_or_set_cached_cell_and_set_connections" :: held 0.001s {{(pid=89512) inner /usr/local/lib/python3.8/dist-packages/oslo_concurrency/lockutils.py:367}}
May 04 21:55:44.829597 n-d-715271-6 devstack@n-api.service[89511]: DEBUG nova.api.openstack.wsgi [None req-0f7b5ae5-55f6-4053-aae3-25ac5bf21890 tempest-FlavorsAccessNegativeTestJSON-866558448 tempest-FlavorsAccessNegativeTestJSON-866558448-project-admin] Action: 'action', calling method: >, body: {"removeTenantAccess": {"tenant": "136818df4a554fafa184e12dafbf52b2"}} {{(pid=89511) _process_stack /opt/stack/nova/nova/api/openstack/wsgi.py:511}}
May 04 21:55:44.835811 n-d-715271-6 devstack@n-api.service[89511]: /usr/local/lib/python3.8/dist-packages/oslo_policy/policy.py:1054: UserWarning: Policy os_compute_api:os-flavor-access:remove_tenant_access failed scope check. The token used to make the request was project scoped but the policy requires ['system'] scope. This behavior may change in the future where using the intended scope is required
May 04 21:55:44.835811 n-d-715271-6 devstack@n-api.service[89511]: warnings.warn(msg)
May 04 21:55:44.849547 n-d-715271-6 devstack@n-api.service[89512]: DEBUG nova.quota [None req-8d32e3ff-7706-41cb-98d1-9db2b3bb3a19 tempest-LiveMigrationNegativeTest-376485590 tempest-LiveMigrationNegativeTest-376485590-project] Getting quotas for project 7edde57f7954416d904ba4db46ad5406. Resources: {'instances', 'ram', 'cores'} {{(pid=89512) _get_quotas /opt/stack/nova/nova/quota.py:393}}
May 04 21:55:44.855362 n-d-715271-6 devstack@n-api.service[89512]: DEBUG nova.quota [None req-8d32e3ff-7706-41cb-98d1-9db2b3bb3a19 tempest-LiveMigrationNegativeTest-376485590 tempest-LiveMigrationNegativeTest-376485590-project] Getting quotas for user c1f21115732b40f8aa4ea6a3991fdef7 and project 7edde57f7954416d904ba4db46ad5406. Resources: {'instances', 'ram', 'cores'} {{(pid=89512) _get_quotas /opt/stack/nova/nova/quota.py:383}}
May 04 21:55:44.868456 n-d-715271-6 devstack@n-api.service[89512]: DEBUG nova.limit.keystone [None req-8d32e3ff-7706-41cb-98d1-9db2b3bb3a19 tempest-LiveMigrationNegativeTest-376485590 tempest-LiveMigrationNegativeTest-376485590-project] Skip unified limits checks. {{(pid=89512) enforce_num_instances /opt/stack/nova/nova/limit/keystone.py:129}}
May 04 21:55:44.869649 n-d-715271-6 devstack@n-api.service[89512]: DEBUG nova.compute.api [None req-8d32e3ff-7706-41cb-98d1-9db2b3bb3a19 tempest-LiveMigrationNegativeTest-376485590 tempest-LiveMigrationNegativeTest-376485590-project] Going to run 1 instances... {{(pid=89512) _provision_instances /opt/stack/nova/nova/compute/api.py:1311}}
May 04 21:55:44.873082 n-d-715271-6 devstack@n-api.service[89512]: DEBUG nova.compute.api [None req-8d32e3ff-7706-41cb-98d1-9db2b3bb3a19 tempest-LiveMigrationNegativeTest-376485590 tempest-LiveMigrationNegativeTest-376485590-project] [instance: dd65a1ff-9e4b-4a4f-9892-d37aca92ac45] block_device_mapping [BlockDeviceMapping(attachment_id=,boot_index=0,connection_info=None,created_at=,delete_on_termination=True,deleted=,deleted_at=,destination_type='local',device_name=None,device_type='disk',disk_bus=None,guest_format=None,id=,image_id='a70280f0-8b05-48a6-86b4-cfc162d7edf8',instance=,instance_uuid=,no_device=False,snapshot_id=None,source_type='image',tag=None,updated_at=,uuid=,volume_id=None,volume_size=None,volume_type=None)] {{(pid=89512) _bdm_validate_set_size_and_instance /opt/stack/nova/nova/compute/api.py:1713}}
May 04 21:55:44.934603 n-d-715271-6 devstack@n-api.service[89512]: INFO nova.api.openstack.requestlog [None req-8d32e3ff-7706-41cb-98d1-9db2b3bb3a19 tempest-LiveMigrationNegativeTest-376485590 tempest-LiveMigrationNegativeTest-376485590-project] 10.222.0.74 "POST /compute/v2.1/servers" status: 202 len: 380 microversion: 2.1 time: 0.942538
May 04 21:55:44.935581 n-d-715271-6 devstack@n-api.service[89512]: [pid: 89512|app: 0|req: 77/155] 10.222.0.74 () {60 vars in 1147 bytes} [Tue May 4 21:55:43 2021] POST /compute/v2.1/servers => generated 380 bytes in 944 msecs (HTTP/1.1 202) 10 headers in 451 bytes (1 switches on core 0)
May 04 21:55:45.004108 n-d-715271-6 devstack@n-api.service[89511]: INFO nova.api.openstack.requestlog [None req-0f7b5ae5-55f6-4053-aae3-25ac5bf21890 tempest-FlavorsAccessNegativeTestJSON-866558448 tempest-FlavorsAccessNegativeTestJSON-866558448-project-admin] 10.222.0.74 "POST /compute/v2.1/flavors/646882372/action" status: 200 len: 21 microversion: 2.1 time: 0.178278
May 04 21:55:45.005004 n-d-715271-6 devstack@n-api.service[89511]: [pid: 89511|app: 0|req: 79/156] 10.222.0.74 () {60 vars in 1197 bytes} [Tue May 4 21:55:44 2021] POST /compute/v2.1/flavors/646882372/action => generated 21 bytes in 184 msecs (HTTP/1.1 200) 9 headers in 356 bytes (1 switches on core 0)
May 04 21:55:45.024583 n-d-715271-6 devstack@n-api.service[89511]: DEBUG nova.api.openstack.wsgi [None req-02e18fc5-60a5-4de1-9e87-9a9002e426ff tempest-LiveMigrationNegativeTest-376485590 tempest-LiveMigrationNegativeTest-376485590-project] Calling method '>' {{(pid=89511) _process_stack /opt/stack/nova/nova/api/openstack/wsgi.py:513}}
May 04 21:55:45.026091 n-d-715271-6 devstack@n-api.service[89511]: DEBUG nova.compute.api [None req-02e18fc5-60a5-4de1-9e87-9a9002e426ff tempest-LiveMigrationNegativeTest-376485590 tempest-LiveMigrationNegativeTest-376485590-project] [instance: dd65a1ff-9e4b-4a4f-9892-d37aca92ac45] Fetching instance by UUID {{(pid=89511) get /opt/stack/nova/nova/compute/api.py:2821}}
May 04 21:55:45.028513 n-d-715271-6 devstack@n-api.service[89512]: DEBUG nova.api.openstack.wsgi [None req-14918142-1cc9-45e0-b239-ba9d0de6cb6d tempest-QuotasAdminNegativeTest-630355270 tempest-QuotasAdminNegativeTest-630355270-project-admin] Calling method '.version_select at 0x7effee08a0d0>' {{(pid=89512) _process_stack /opt/stack/nova/nova/api/openstack/wsgi.py:513}}
May 04 21:55:45.153504 n-d-715271-6 devstack@n-api.service[89511]: DEBUG nova.policy [None req-02e18fc5-60a5-4de1-9e87-9a9002e426ff tempest-LiveMigrationNegativeTest-376485590 tempest-LiveMigrationNegativeTest-376485590-project] Policy check for os_compute_api:os-extended-server-attributes failed with credentials {'is_admin': False, 'user_id': 'c1f21115732b40f8aa4ea6a3991fdef7', 'user_domain_id': 'default', 'system_scope': None, 'domain_id': None, 'project_id': '7edde57f7954416d904ba4db46ad5406', 'project_domain_id': 'default', 'roles': ['reader', 'member'], 'is_admin_project': True, 'service_user_id': None, 'service_user_domain_id': None, 'service_project_id': None, 'service_project_domain_id': None, 'service_roles': []} {{(pid=89511) authorize /opt/stack/nova/nova/policy.py:199}}
May 04 21:55:45.164098 n-d-715271-6 devstack@n-api.service[89511]: INFO nova.api.openstack.requestlog [None req-02e18fc5-60a5-4de1-9e87-9a9002e426ff tempest-LiveMigrationNegativeTest-376485590 tempest-LiveMigrationNegativeTest-376485590-project] 10.222.0.74 "GET /compute/v2.1/servers/dd65a1ff-9e4b-4a4f-9892-d37aca92ac45" status: 200 len: 1218 microversion: 2.1 time: 0.157938
May 04 21:55:45.167305 n-d-715271-6 devstack@n-api.service[89511]: [pid: 89511|app: 0|req: 80/157] 10.222.0.74 () {58 vars in 1236 bytes} [Tue May 4 21:55:45 2021] GET /compute/v2.1/servers/dd65a1ff-9e4b-4a4f-9892-d37aca92ac45 => generated 1218 bytes in 162 msecs (HTTP/1.1 200) 9 headers in 358 bytes (1 switches on core 0)
May 04 21:55:45.178059 n-d-715271-6 devstack@n-api.service[89511]: DEBUG nova.api.openstack.wsgi [None req-45098c1c-2e09-4fd4-b1a0-c9ae0ab7d0a8 tempest-DeleteServersAdminTestJSON-1897673829 tempest-DeleteServersAdminTestJSON-1897673829-project] Calling method '>' {{(pid=89511) _process_stack /opt/stack/nova/nova/api/openstack/wsgi.py:513}}
May 04 21:55:45.186209 n-d-715271-6 devstack@n-api.service[89511]: DEBUG nova.compute.api [None req-45098c1c-2e09-4fd4-b1a0-c9ae0ab7d0a8 tempest-DeleteServersAdminTestJSON-1897673829 tempest-DeleteServersAdminTestJSON-1897673829-project] [instance: e7b277be-aacf-4696-b11b-2b1c65c0edaa] Fetching instance by UUID {{(pid=89511) get /opt/stack/nova/nova/compute/api.py:2821}}
May 04 21:55:45.196754 n-d-715271-6 devstack@n-api.service[89511]: DEBUG oslo_concurrency.lockutils [None req-45098c1c-2e09-4fd4-b1a0-c9ae0ab7d0a8 tempest-DeleteServersAdminTestJSON-1897673829 tempest-DeleteServersAdminTestJSON-1897673829-project] Lock "f72ffdf0-20a5-46ab-b690-9e54e5d12fb2" acquired by "nova.context.set_target_cell..get_or_set_cached_cell_and_set_connections" :: waited 0.000s {{(pid=89511) inner /usr/local/lib/python3.8/dist-packages/oslo_concurrency/lockutils.py:355}}
May 04 21:55:45.197467 n-d-715271-6 devstack@n-api.service[89511]: DEBUG oslo_concurrency.lockutils [None req-45098c1c-2e09-4fd4-b1a0-c9ae0ab7d0a8 tempest-DeleteServersAdminTestJSON-1897673829 tempest-DeleteServersAdminTestJSON-1897673829-project] Lock "f72ffdf0-20a5-46ab-b690-9e54e5d12fb2" released by "nova.context.set_target_cell..get_or_set_cached_cell_and_set_connections" :: held 0.001s {{(pid=89511) inner /usr/local/lib/python3.8/dist-packages/oslo_concurrency/lockutils.py:367}}
May 04 21:55:45.198543 n-d-715271-6 devstack@n-api.service[89511]: DEBUG oslo_concurrency.lockutils [None req-45098c1c-2e09-4fd4-b1a0-c9ae0ab7d0a8 tempest-DeleteServersAdminTestJSON-1897673829 tempest-DeleteServersAdminTestJSON-1897673829-project] Lock "f72ffdf0-20a5-46ab-b690-9e54e5d12fb2" acquired by "nova.context.set_target_cell..get_or_set_cached_cell_and_set_connections" :: waited 0.000s {{(pid=89511) inner /usr/local/lib/python3.8/dist-packages/oslo_concurrency/lockutils.py:355}}
May 04 21:55:45.199000 n-d-715271-6 devstack@n-api.service[89511]: DEBUG oslo_concurrency.lockutils [None req-45098c1c-2e09-4fd4-b1a0-c9ae0ab7d0a8 tempest-DeleteServersAdminTestJSON-1897673829 tempest-DeleteServersAdminTestJSON-1897673829-project] Lock "f72ffdf0-20a5-46ab-b690-9e54e5d12fb2" released by "nova.context.set_target_cell..get_or_set_cached_cell_and_set_connections" :: held 0.000s {{(pid=89511) inner /usr/local/lib/python3.8/dist-packages/oslo_concurrency/lockutils.py:367}}
May 04 21:55:45.324979 n-d-715271-6 devstack@n-api.service[89512]: INFO nova.api.openstack.requestlog [None req-14918142-1cc9-45e0-b239-ba9d0de6cb6d tempest-QuotasAdminNegativeTest-630355270 tempest-QuotasAdminNegativeTest-630355270-project-admin] 10.222.0.74 "GET /compute/v2.1/os-quota-sets/e1e6bdb95d9f45a1955c463cd7877256" status: 200 len: 371 microversion: 2.1 time: 0.388073
May 04 21:55:45.332871 n-d-715271-6 devstack@n-api.service[89512]: [pid: 89512|app: 0|req: 78/158] 10.222.0.74 () {58 vars in 1242 bytes} [Tue May 4 21:55:44 2021] GET /compute/v2.1/os-quota-sets/e1e6bdb95d9f45a1955c463cd7877256 => generated 371 bytes in 390 msecs (HTTP/1.1 200) 9 headers in 357 bytes (1 switches on core 0)
May 04 21:55:45.332871 n-d-715271-6 devstack@n-api.service[89512]: DEBUG nova.api.openstack.wsgi [None req-fca10e6f-2949-4264-805c-6fb07ad40f0f tempest-FlavorsAccessNegativeTestJSON-866558448 tempest-FlavorsAccessNegativeTestJSON-866558448-project-admin] Calling method '>' {{(pid=89512) _process_stack /opt/stack/nova/nova/api/openstack/wsgi.py:513}}
May 04 21:55:45.332871 n-d-715271-6 devstack@n-api.service[89512]: /usr/local/lib/python3.8/dist-packages/oslo_policy/policy.py:1054: UserWarning: Policy os_compute_api:os-flavor-manage:delete failed scope check. The token used to make the request was project scoped but the policy requires ['system'] scope. This behavior may change in the future where using the intended scope is required
May 04 21:55:45.332871 n-d-715271-6 devstack@n-api.service[89512]: warnings.warn(msg)
May 04 21:55:45.374683 n-d-715271-6 devstack@n-api.service[89512]: INFO nova.api.openstack.requestlog [None req-fca10e6f-2949-4264-805c-6fb07ad40f0f tempest-FlavorsAccessNegativeTestJSON-866558448 tempest-FlavorsAccessNegativeTestJSON-866558448-project-admin] 10.222.0.74 "DELETE /compute/v2.1/flavors/646882372" status: 202 len: 0 microversion: 2.1 time: 0.046828
May 04 21:55:45.375347 n-d-715271-6 devstack@n-api.service[89512]: [pid: 89512|app: 0|req: 79/159] 10.222.0.74 () {58 vars in 1158 bytes} [Tue May 4 21:55:45 2021] DELETE /compute/v2.1/flavors/646882372 => generated 0 bytes in 48 msecs (HTTP/1.1 202) 9 headers in 361 bytes (1 switches on core 0)
May 04 21:55:45.381443 n-d-715271-6 devstack@n-api.service[89512]: DEBUG nova.api.openstack.wsgi [None req-ad6325b0-5dc2-4630-bb02-39b51f55fc3a tempest-QuotasAdminNegativeTest-630355270 tempest-QuotasAdminNegativeTest-630355270-project-admin] Action: 'update', calling method: .version_select at 0x7effedfdf280>, body: {"quota_set": {"force": true, "cores": 0}} {{(pid=89512) _process_stack /opt/stack/nova/nova/api/openstack/wsgi.py:511}}
May 04 21:55:45.389779 n-d-715271-6 devstack@n-api.service[89512]: /usr/local/lib/python3.8/dist-packages/oslo_policy/policy.py:1054: UserWarning: Policy os_compute_api:os-quota-sets:update failed scope check. The token used to make the request was project scoped but the policy requires ['system'] scope. This behavior may change in the future where using the intended scope is required
May 04 21:55:45.389779 n-d-715271-6 devstack@n-api.service[89512]: warnings.warn(msg)
May 04 21:55:45.496975 n-d-715271-6 devstack@n-api.service[89511]: DEBUG nova.policy [None req-45098c1c-2e09-4fd4-b1a0-c9ae0ab7d0a8 tempest-DeleteServersAdminTestJSON-1897673829 tempest-DeleteServersAdminTestJSON-1897673829-project] Policy check for os_compute_api:os-extended-server-attributes failed with credentials {'is_admin': False, 'user_id': 'fcb9f448a8ba46c8b63f9a3d7edfa94a', 'user_domain_id': 'default', 'system_scope': None, 'domain_id': None, 'project_id': '034b495588ff4b71992a52a27a5f4365', 'project_domain_id': 'default', 'roles': ['reader', 'member'], 'is_admin_project': True, 'service_user_id': None, 'service_user_domain_id': None, 'service_project_id': None, 'service_project_domain_id': None, 'service_roles': []} {{(pid=89511) authorize /opt/stack/nova/nova/policy.py:199}}
May 04 21:55:45.501629 n-d-715271-6 devstack@n-api.service[89512]: DEBUG oslo_concurrency.lockutils [None req-ad6325b0-5dc2-4630-bb02-39b51f55fc3a tempest-QuotasAdminNegativeTest-630355270 tempest-QuotasAdminNegativeTest-630355270-project-admin] Lock "00000000-0000-0000-0000-000000000000" acquired by "nova.context.set_target_cell..get_or_set_cached_cell_and_set_connections" :: waited 0.000s {{(pid=89512) inner /usr/local/lib/python3.8/dist-packages/oslo_concurrency/lockutils.py:355}}
May 04 21:55:45.502354 n-d-715271-6 devstack@n-api.service[89512]: DEBUG oslo_concurrency.lockutils [None req-ad6325b0-5dc2-4630-bb02-39b51f55fc3a tempest-QuotasAdminNegativeTest-630355270 tempest-QuotasAdminNegativeTest-630355270-project-admin] Lock "00000000-0000-0000-0000-000000000000" released by "nova.context.set_target_cell..get_or_set_cached_cell_and_set_connections" :: held 0.001s {{(pid=89512) inner /usr/local/lib/python3.8/dist-packages/oslo_concurrency/lockutils.py:367}}
May 04 21:55:45.506253 n-d-715271-6 devstack@n-api.service[89512]: DEBUG oslo_concurrency.lockutils [None req-ad6325b0-5dc2-4630-bb02-39b51f55fc3a tempest-QuotasAdminNegativeTest-630355270 tempest-QuotasAdminNegativeTest-630355270-project-admin] Lock "f72ffdf0-20a5-46ab-b690-9e54e5d12fb2" acquired by "nova.context.set_target_cell..get_or_set_cached_cell_and_set_connections" :: waited 0.000s {{(pid=89512) inner /usr/local/lib/python3.8/dist-packages/oslo_concurrency/lockutils.py:355}}
May 04 21:55:45.506928 n-d-715271-6 devstack@n-api.service[89512]: DEBUG oslo_concurrency.lockutils [None req-ad6325b0-5dc2-4630-bb02-39b51f55fc3a tempest-QuotasAdminNegativeTest-630355270 tempest-QuotasAdminNegativeTest-630355270-project-admin] Lock "f72ffdf0-20a5-46ab-b690-9e54e5d12fb2" released by "nova.context.set_target_cell..get_or_set_cached_cell_and_set_connections" :: held 0.001s {{(pid=89512) inner /usr/local/lib/python3.8/dist-packages/oslo_concurrency/lockutils.py:367}}
