Feb 09 20:57:35.688361 n-d-715271-34 devstack@placement-api.service[105389]: DEBUG placement.objects.research_context [req-4147764f-fdcd-40bc-b888-62ed71657d48 req-6a177939-0d0e-4696-a4c6-4f88bf28a85c service placement] found 2 providers after filtering by previous result {{(pid=105389) get_provider_ids_matching /opt/stack/placement/placement/objects/research_context.py:580}}
Feb 09 20:57:35.726564 n-d-715271-34 devstack@placement-api.service[105389]: DEBUG placement.objects.allocation_candidate [req-4147764f-fdcd-40bc-b888-62ed71657d48 req-6a177939-0d0e-4696-a4c6-4f88bf28a85c service placement] RequestGroup(use_same_provider=False, resources={DISK_GB:1, MEMORY_MB:1024, VCPU:1}, traits=[], aggregates=[]) (suffix '') returned 2 matches {{(pid=105389) _get_by_requests /opt/stack/placement/placement/objects/allocation_candidate.py:145}}
Feb 09 20:57:35.727322 n-d-715271-34 devstack@placement-api.service[105389]: DEBUG placement.objects.allocation_candidate [req-4147764f-fdcd-40bc-b888-62ed71657d48 req-6a177939-0d0e-4696-a4c6-4f88bf28a85c service placement] Merging candidates yields 2 allocation requests and 2 provider summaries {{(pid=105389) _merge_candidates /opt/stack/placement/placement/objects/allocation_candidate.py:783}}
Feb 09 20:57:35.730841 n-d-715271-34 devstack@placement-api.service[105389]: INFO placement.requestlog [req-4147764f-fdcd-40bc-b888-62ed71657d48 req-6a177939-0d0e-4696-a4c6-4f88bf28a85c service placement] 10.222.0.21 "GET /placement/allocation_candidates?limit=1000&resources=DISK_GB%3A1%2CMEMORY_MB%3A1024%2CVCPU%3A1&root_required=%21COMPUTE_STATUS_DISABLED" status: 200 len: 1309 microversion: 1.36
Feb 09 20:57:35.733258 n-d-715271-34 devstack@placement-api.service[105389]: [pid: 105389|app: 0|req: 272/534] 10.222.0.21 () {60 vars in 1506 bytes} [Wed Feb 9 20:57:35 2022] GET /placement/allocation_candidates?limit=1000&resources=DISK_GB%3A1%2CMEMORY_MB%3A1024%2CVCPU%3A1&root_required=%21COMPUTE_STATUS_DISABLED => generated 1309 bytes in 200 msecs (HTTP/1.1 200) 8 headers in 297 bytes (1 switches on core 0)
Feb 09 20:57:35.846871 n-d-715271-34 devstack@placement-api.service[105388]: DEBUG placement.requestlog [req-4147764f-fdcd-40bc-b888-62ed71657d48 req-27f3110f-62bc-4155-a6b2-ca22c52aa109 None None] Starting request: 10.222.0.21 "GET /placement/allocations/9a4d6480-1ffb-499c-8f47-0614f8ff5c10" {{(pid=105388) __call__ /opt/stack/placement/placement/requestlog.py:55}}
Feb 09 20:57:35.900007 n-d-715271-34 devstack@placement-api.service[105388]: INFO placement.requestlog [req-4147764f-fdcd-40bc-b888-62ed71657d48 req-27f3110f-62bc-4155-a6b2-ca22c52aa109 service placement] 10.222.0.21 "GET /placement/allocations/9a4d6480-1ffb-499c-8f47-0614f8ff5c10" status: 200 len: 19 microversion: 1.28
Feb 09 20:57:35.900404 n-d-715271-34 devstack@placement-api.service[105388]: [pid: 105388|app: 0|req: 263/535] 10.222.0.21 () {60 vars in 1380 bytes} [Wed Feb 9 20:57:35 2022] GET /placement/allocations/9a4d6480-1ffb-499c-8f47-0614f8ff5c10 => generated 19 bytes in 54 msecs (HTTP/1.1 200) 8 headers in 295 bytes (1 switches on core 0)
Feb 09 20:57:35.908222 n-d-715271-34 devstack@placement-api.service[105389]: DEBUG placement.requestlog [req-4147764f-fdcd-40bc-b888-62ed71657d48 req-7ca14a3d-8389-4175-9e30-a19457e4ead6 None None] Starting request: 10.222.0.21 "PUT /placement/allocations/9a4d6480-1ffb-499c-8f47-0614f8ff5c10" {{(pid=105389) __call__ /opt/stack/placement/placement/requestlog.py:55}}
Feb 09 20:57:36.306480 n-d-715271-34 devstack@placement-api.service[105389]: DEBUG placement.handlers.allocation [req-4147764f-fdcd-40bc-b888-62ed71657d48 req-7ca14a3d-8389-4175-9e30-a19457e4ead6 service placement] Successfully wrote allocations [, , ] {{(pid=105389) _update_consumers_and_create_allocations /opt/stack/placement/placement/handlers/allocation.py:462}}
Feb 09 20:57:36.398719 n-d-715271-34 devstack@placement-api.service[105389]: INFO placement.requestlog [req-4147764f-fdcd-40bc-b888-62ed71657d48 req-7ca14a3d-8389-4175-9e30-a19457e4ead6 service placement] 10.222.0.21 "PUT /placement/allocations/9a4d6480-1ffb-499c-8f47-0614f8ff5c10" status: 204 len: 0 microversion: 1.36
Feb 09 20:57:36.400025 n-d-715271-34 devstack@placement-api.service[105389]: [pid: 105389|app: 0|req: 273/536] 10.222.0.21 () {64 vars in 1433 bytes} [Wed Feb 9 20:57:35 2022] PUT /placement/allocations/9a4d6480-1ffb-499c-8f47-0614f8ff5c10 => generated 0 bytes in 492 msecs (HTTP/1.1 204) 5 headers in 199 bytes (1 switches on core 0)
Feb 09 20:57:37.346097 n-d-715271-34 devstack@placement-api.service[105388]: DEBUG placement.requestlog [req-14e0f919-0108-4b5c-a8ef-9af1002cb550 req-4f0e9258-da79-4420-ab59-8aa24d862fc8 None None] Starting request: 10.222.0.97 "DELETE /placement/allocations/9ef11d04-4a9a-42ae-b060-8ccf9044c169" {{(pid=105388) __call__ /opt/stack/placement/placement/requestlog.py:55}}
Feb 09 20:57:37.566399 n-d-715271-34 devstack@placement-api.service[105388]: DEBUG placement.handlers.allocation [req-14e0f919-0108-4b5c-a8ef-9af1002cb550 req-4f0e9258-da79-4420-ab59-8aa24d862fc8 service placement] Successfully deleted allocations [, , ] {{(pid=105388) delete_allocations /opt/stack/placement/placement/handlers/allocation.py:627}}
Feb 09 20:57:37.571269 n-d-715271-34 devstack@placement-api.service[105388]: INFO placement.requestlog [req-14e0f919-0108-4b5c-a8ef-9af1002cb550 req-4f0e9258-da79-4420-ab59-8aa24d862fc8 service placement] 10.222.0.97 "DELETE /placement/allocations/9ef11d04-4a9a-42ae-b060-8ccf9044c169" status: 204 len: 0 microversion: 1.0
Feb 09 20:57:37.571269 n-d-715271-34 devstack@placement-api.service[105388]: [pid: 105388|app: 0|req: 264/537] 10.222.0.97 () {60 vars in 1355 bytes} [Wed Feb 9 20:57:37 2022] DELETE /placement/allocations/9ef11d04-4a9a-42ae-b060-8ccf9044c169 => generated 0 bytes in 224 msecs (HTTP/1.1 204) 5 headers in 198 bytes (1 switches on core 0)
Feb 09 20:57:37.950980 n-d-715271-34 devstack@placement-api.service[105389]: DEBUG placement.requestlog [req-4147764f-fdcd-40bc-b888-62ed71657d48 req-8af4f6c2-a824-42de-b386-21c00b5415de None None] Starting request: 10.222.0.100 "GET /placement/allocations/9a4d6480-1ffb-499c-8f47-0614f8ff5c10" {{(pid=105389) __call__ /opt/stack/placement/placement/requestlog.py:55}}
Feb 09 20:57:37.989971 n-d-715271-34 devstack@placement-api.service[105389]: INFO placement.requestlog [req-4147764f-fdcd-40bc-b888-62ed71657d48 req-8af4f6c2-a824-42de-b386-21c00b5415de service placement] 10.222.0.100 "GET /placement/allocations/9a4d6480-1ffb-499c-8f47-0614f8ff5c10" status: 200 len: 259 microversion: 1.28
Feb 09 20:57:37.991121 n-d-715271-34 devstack@placement-api.service[105389]: [pid: 105389|app: 0|req: 274/538] 10.222.0.100 () {60 vars in 1378 bytes} [Wed Feb 9 20:57:37 2022] GET /placement/allocations/9a4d6480-1ffb-499c-8f47-0614f8ff5c10 => generated 259 bytes in 40 msecs (HTTP/1.1 200) 8 headers in 296 bytes (1 switches on core 0)
Feb 09 20:57:45.345578 n-d-715271-34 devstack@placement-api.service[105388]: DEBUG placement.requestlog [req-4eebd6d9-9cf4-4732-a605-ff899bc6f7e4 req-45a45575-d27f-496a-96b5-487349398cbd None None] Starting request: 10.222.0.100 "DELETE /placement/allocations/458d70eb-7aff-420e-a741-1914bfc43179" {{(pid=105388) __call__ /opt/stack/placement/placement/requestlog.py:55}}
Feb 09 20:57:45.512342 n-d-715271-34 devstack@placement-api.service[105388]: DEBUG placement.handlers.allocation [req-4eebd6d9-9cf4-4732-a605-ff899bc6f7e4 req-45a45575-d27f-496a-96b5-487349398cbd service placement] Successfully deleted allocations [, , ] {{(pid=105388) delete_allocations /opt/stack/placement/placement/handlers/allocation.py:627}}
Feb 09 20:57:45.513041 n-d-715271-34 devstack@placement-api.service[105388]: INFO placement.requestlog [req-4eebd6d9-9cf4-4732-a605-ff899bc6f7e4 req-45a45575-d27f-496a-96b5-487349398cbd service placement] 10.222.0.100 "DELETE /placement/allocations/458d70eb-7aff-420e-a741-1914bfc43179" status: 204 len: 0 microversion: 1.0
Feb 09 20:57:45.513849 n-d-715271-34 devstack@placement-api.service[105388]: [pid: 105388|app: 0|req: 265/539] 10.222.0.100 () {60 vars in 1356 bytes} [Wed Feb 9 20:57:45 2022] DELETE /placement/allocations/458d70eb-7aff-420e-a741-1914bfc43179 => generated 0 bytes in 168 msecs (HTTP/1.1 204) 5 headers in 198 bytes (1 switches on core 0)
Feb 09 20:57:54.215654 n-d-715271-34 devstack@placement-api.service[105389]: DEBUG placement.requestlog [req-e243bb15-c7d9-41bc-b46f-a03be48d3738 req-c1f1a052-765d-433b-b511-1eea1a7836e6 None None] Starting request: 10.222.0.100 "GET /placement/resource_providers/637c4da0-09e2-42dc-a860-f923d9021af6/allocations" {{(pid=105389) __call__ /opt/stack/placement/placement/requestlog.py:55}}
Feb 09 20:57:54.268762 n-d-715271-34 devstack@placement-api.service[105389]: INFO placement.requestlog [req-e243bb15-c7d9-41bc-b46f-a03be48d3738 req-c1f1a052-765d-433b-b511-1eea1a7836e6 service placement] 10.222.0.100 "GET /placement/resource_providers/637c4da0-09e2-42dc-a860-f923d9021af6/allocations" status: 200 len: 443 microversion: 1.0
Feb 09 20:57:54.280141 n-d-715271-34 devstack@placement-api.service[105389]: [pid: 105389|app: 0|req: 275/540] 10.222.0.100 () {58 vars in 1391 bytes} [Wed Feb 9 20:57:54 2022] GET /placement/resource_providers/637c4da0-09e2-42dc-a860-f923d9021af6/allocations => generated 443 bytes in 63 msecs (HTTP/1.1 200) 6 headers in 224 bytes (1 switches on core 0)
Feb 09 20:57:58.740343 n-d-715271-34 devstack@placement-api.service[105388]: DEBUG placement.requestlog [req-2dac1e91-91eb-4d25-aa30-28fe783a8d0f req-afccff16-82af-433f-b4ee-7e8a6baf496b None None] Starting request: 10.222.0.97 "GET /placement/resource_providers/71632200-584d-43e3-9773-25c9c5aee982/allocations" {{(pid=105388) __call__ /opt/stack/placement/placement/requestlog.py:55}}
Feb 09 20:57:58.838241 n-d-715271-34 devstack@placement-api.service[105388]: INFO placement.requestlog [req-2dac1e91-91eb-4d25-aa30-28fe783a8d0f req-afccff16-82af-433f-b4ee-7e8a6baf496b service placement] 10.222.0.97 "GET /placement/resource_providers/71632200-584d-43e3-9773-25c9c5aee982/allocations" status: 200 len: 457 microversion: 1.0
Feb 09 20:57:58.838241 n-d-715271-34 devstack@placement-api.service[105388]: [pid: 105388|app: 0|req: 266/541] 10.222.0.97 () {58 vars in 1390 bytes} [Wed Feb 9 20:57:58 2022] GET /placement/resource_providers/71632200-584d-43e3-9773-25c9c5aee982/allocations => generated 457 bytes in 96 msecs (HTTP/1.1 200) 6 headers in 224 bytes (1 switches on core 0)
Feb 09 20:57:59.173214 n-d-715271-34 devstack@placement-api.service[105389]: DEBUG placement.requestlog [None req-c118275a-a287-467f-a8d8-acc147e48d54 None None] Starting request: 10.222.0.21 "GET /placement/" {{(pid=105389) __call__ /opt/stack/placement/placement/requestlog.py:55}}
Feb 09 20:57:59.174389 n-d-715271-34 devstack@placement-api.service[105389]: INFO placement.requestlog [None req-c118275a-a287-467f-a8d8-acc147e48d54 None None] 10.222.0.21 "GET /placement/" status: 200 len: 136 microversion: 1.0
Feb 09 20:57:59.175323 n-d-715271-34 devstack@placement-api.service[105389]: [pid: 105389|app: 0|req: 276/542] 10.222.0.21 () {54 vars in 916 bytes} [Wed Feb 9 20:57:59 2022] GET /placement => generated 136 bytes in 3 msecs (HTTP/1.1 200) 6 headers in 224 bytes (1 switches on core 0)
Feb 09 20:57:59.194485 n-d-715271-34 devstack@placement-api.service[105388]: DEBUG placement.requestlog [req-d084cf56-2a97-41c5-a05c-26ffd48791bd req-f7f3ea9f-028d-404a-8305-d118a07d9d39 None None] Starting request: 10.222.0.21 "GET /placement/allocations/00bc44eb-1295-4b59-ad56-876f7aed8254" {{(pid=105388) __call__ /opt/stack/placement/placement/requestlog.py:55}}
Feb 09 20:57:59.309450 n-d-715271-34 devstack@placement-api.service[105388]: INFO placement.requestlog [req-d084cf56-2a97-41c5-a05c-26ffd48791bd req-f7f3ea9f-028d-404a-8305-d118a07d9d39 service placement] 10.222.0.21 "GET /placement/allocations/00bc44eb-1295-4b59-ad56-876f7aed8254" status: 200 len: 245 microversion: 1.28
Feb 09 20:57:59.310236 n-d-715271-34 devstack@placement-api.service[105388]: [pid: 105388|app: 0|req: 267/543] 10.222.0.21 () {60 vars in 1380 bytes} [Wed Feb 9 20:57:59 2022] GET /placement/allocations/00bc44eb-1295-4b59-ad56-876f7aed8254 => generated 245 bytes in 116 msecs (HTTP/1.1 200) 8 headers in 296 bytes (1 switches on core 0)
Feb 09 20:57:59.319152 n-d-715271-34 devstack@placement-api.service[105389]: DEBUG placement.requestlog [req-d084cf56-2a97-41c5-a05c-26ffd48791bd req-5be67d46-b818-491d-ba23-5cc8936aa904 None None] Starting request: 10.222.0.21 "GET /placement/allocations/00bc44eb-1295-4b59-ad56-876f7aed8254" {{(pid=105389) __call__ /opt/stack/placement/placement/requestlog.py:55}}
Feb 09 20:57:59.351042 n-d-715271-34 devstack@placement-api.service[105389]: INFO placement.requestlog [req-d084cf56-2a97-41c5-a05c-26ffd48791bd req-5be67d46-b818-491d-ba23-5cc8936aa904 service placement] 10.222.0.21 "GET /placement/allocations/00bc44eb-1295-4b59-ad56-876f7aed8254" status: 200 len: 245 microversion: 1.28
Feb 09 20:57:59.352140 n-d-715271-34 devstack@placement-api.service[105389]: [pid: 105389|app: 0|req: 277/544] 10.222.0.21 () {60 vars in 1380 bytes} [Wed Feb 9 20:57:59 2022] GET /placement/allocations/00bc44eb-1295-4b59-ad56-876f7aed8254 => generated 245 bytes in 33 msecs (HTTP/1.1 200) 8 headers in 296 bytes (2 switches on core 0)
Feb 09 20:57:59.361188 n-d-715271-34 devstack@placement-api.service[105388]: DEBUG placement.requestlog [req-d084cf56-2a97-41c5-a05c-26ffd48791bd req-73ce8386-0f3c-4f11-9906-f2e8f10edd30 None None] Starting request: 10.222.0.21 "GET /placement/allocations/3819ef25-6056-4fe1-945a-e803ac0cec45" {{(pid=105388) __call__ /opt/stack/placement/placement/requestlog.py:55}}
Feb 09 20:57:59.379648 n-d-715271-34 devstack@placement-api.service[105388]: INFO placement.requestlog [req-d084cf56-2a97-41c5-a05c-26ffd48791bd req-73ce8386-0f3c-4f11-9906-f2e8f10edd30 service placement] 10.222.0.21 "GET /placement/allocations/3819ef25-6056-4fe1-945a-e803ac0cec45" status: 200 len: 19 microversion: 1.28
Feb 09 20:57:59.386278 n-d-715271-34 devstack@placement-api.service[105389]: DEBUG placement.requestlog [req-d084cf56-2a97-41c5-a05c-26ffd48791bd req-f2314fd9-b48a-413b-a464-0b8e7258fbd8 None None] Starting request: 10.222.0.21 "POST /placement/allocations" {{(pid=105389) __call__ /opt/stack/placement/placement/requestlog.py:55}}
Feb 09 20:57:59.395569 n-d-715271-34 devstack@placement-api.service[105388]: [pid: 105388|app: 0|req: 268/545] 10.222.0.21 () {60 vars in 1380 bytes} [Wed Feb 9 20:57:59 2022] GET /placement/allocations/3819ef25-6056-4fe1-945a-e803ac0cec45 => generated 19 bytes in 35 msecs (HTTP/1.1 200) 8 headers in 295 bytes (1 switches on core 0)
Feb 09 20:57:59.960408 n-d-715271-34 devstack@placement-api.service[105389]: DEBUG placement.handlers.allocation [req-d084cf56-2a97-41c5-a05c-26ffd48791bd req-f2314fd9-b48a-413b-a464-0b8e7258fbd8 service placement] Successfully wrote allocations [, , , ] {{(pid=105389) _update_consumers_and_create_allocations /opt/stack/placement/placement/handlers/allocation.py:572}}
Feb 09 20:58:00.037515 n-d-715271-34 devstack@placement-api.service[105389]: INFO placement.requestlog [req-d084cf56-2a97-41c5-a05c-26ffd48791bd req-f2314fd9-b48a-413b-a464-0b8e7258fbd8 service placement] 10.222.0.21 "POST /placement/allocations" status: 204 len: 0 microversion: 1.28
Feb 09 20:58:00.037515 n-d-715271-34 devstack@placement-api.service[105389]: [pid: 105389|app: 0|req: 278/546] 10.222.0.21 () {64 vars in 1323 bytes} [Wed Feb 9 20:57:59 2022] POST /placement/allocations => generated 0 bytes in 651 msecs (HTTP/1.1 204) 5 headers in 199 bytes (1 switches on core 0)
Feb 09 20:58:00.089220 n-d-715271-34 devstack@placement-api.service[105388]: DEBUG placement.requestlog [req-d084cf56-2a97-41c5-a05c-26ffd48791bd req-8485c3fc-03f6-486d-acb6-65c3d5a84c6e None None] Starting request: 10.222.0.21 "GET /placement/allocations/00bc44eb-1295-4b59-ad56-876f7aed8254" {{(pid=105388) __call__ /opt/stack/placement/placement/requestlog.py:55}}
Feb 09 20:58:00.111248 n-d-715271-34 devstack@placement-api.service[105388]: INFO placement.requestlog [req-d084cf56-2a97-41c5-a05c-26ffd48791bd req-8485c3fc-03f6-486d-acb6-65c3d5a84c6e service placement] 10.222.0.21 "GET /placement/allocations/00bc44eb-1295-4b59-ad56-876f7aed8254" status: 200 len: 19 microversion: 1.28
Feb 09 20:58:00.111739 n-d-715271-34 devstack@placement-api.service[105388]: [pid: 105388|app: 0|req: 269/547] 10.222.0.21 () {60 vars in 1380 bytes} [Wed Feb 9 20:58:00 2022] GET /placement/allocations/00bc44eb-1295-4b59-ad56-876f7aed8254 => generated 19 bytes in 23 msecs (HTTP/1.1 200) 8 headers in 295 bytes (1 switches on core 0)
Feb 09 20:58:00.122738 n-d-715271-34 devstack@placement-api.service[105389]: DEBUG placement.requestlog [req-d084cf56-2a97-41c5-a05c-26ffd48791bd req-a4e4f973-6156-4b49-8f77-dc3fc492cb13 None None] Starting request: 10.222.0.21 "PUT /placement/allocations/00bc44eb-1295-4b59-ad56-876f7aed8254" {{(pid=105389) __call__ /opt/stack/placement/placement/requestlog.py:55}}
Feb 09 20:58:00.283205 n-d-715271-34 devstack@placement-api.service[105389]: DEBUG placement.handlers.allocation [req-d084cf56-2a97-41c5-a05c-26ffd48791bd req-a4e4f973-6156-4b49-8f77-dc3fc492cb13 service placement] Successfully wrote allocations [, ] {{(pid=105389) _update_consumers_and_create_allocations /opt/stack/placement/placement/handlers/allocation.py:462}}
Feb 09 20:58:00.354759 n-d-715271-34 devstack@placement-api.service[105389]: INFO placement.requestlog [req-d084cf56-2a97-41c5-a05c-26ffd48791bd req-a4e4f973-6156-4b49-8f77-dc3fc492cb13 service placement] 10.222.0.21 "PUT /placement/allocations/00bc44eb-1295-4b59-ad56-876f7aed8254" status: 204 len: 0 microversion: 1.28
Feb 09 20:58:00.359910 n-d-715271-34 devstack@placement-api.service[105389]: [pid: 105389|app: 0|req: 279/548] 10.222.0.21 () {64 vars in 1433 bytes} [Wed Feb 9 20:58:00 2022] PUT /placement/allocations/00bc44eb-1295-4b59-ad56-876f7aed8254 => generated 0 bytes in 234 msecs (HTTP/1.1 204) 5 headers in 199 bytes (1 switches on core 0)
Feb 09 20:58:00.635886 n-d-715271-34 devstack@placement-api.service[105388]: DEBUG placement.requestlog [req-d084cf56-2a97-41c5-a05c-26ffd48791bd req-63db7de0-442f-42a2-8bb2-63afdbc04a15 None None] Starting request: 10.222.0.97 "GET /placement/allocations/00bc44eb-1295-4b59-ad56-876f7aed8254" {{(pid=105388) __call__ /opt/stack/placement/placement/requestlog.py:55}}
Feb 09 20:58:00.677237 n-d-715271-34 devstack@placement-api.service[105388]: INFO placement.requestlog [req-d084cf56-2a97-41c5-a05c-26ffd48791bd req-63db7de0-442f-42a2-8bb2-63afdbc04a15 service placement] 10.222.0.97 "GET /placement/allocations/00bc44eb-1295-4b59-ad56-876f7aed8254" status: 200 len: 245 microversion: 1.28
Feb 09 20:58:00.677790 n-d-715271-34 devstack@placement-api.service[105388]: [pid: 105388|app: 0|req: 270/549] 10.222.0.97 () {60 vars in 1377 bytes} [Wed Feb 9 20:58:00 2022] GET /placement/allocations/00bc44eb-1295-4b59-ad56-876f7aed8254 => generated 245 bytes in 42 msecs (HTTP/1.1 200) 8 headers in 296 bytes (1 switches on core 0)
Feb 09 20:58:12.467235 n-d-715271-34 devstack@placement-api.service[105389]: DEBUG placement.requestlog [req-3867f64a-a074-476f-87ac-cb47a4790bf3 req-b4a48f1a-f94f-4d16-bf11-4aac3c20862f None None] Starting request: 10.222.0.21 "GET /placement/allocation_candidates?limit=1000&resources=DISK_GB%3A1%2CMEMORY_MB%3A1024%2CVCPU%3A1&root_required=%21COMPUTE_STATUS_DISABLED" {{(pid=105389) __call__ /opt/stack/placement/placement/requestlog.py:55}}
Feb 09 20:58:12.526000 n-d-715271-34 devstack@placement-api.service[105389]: DEBUG placement.objects.research_context [req-3867f64a-a074-476f-87ac-cb47a4790bf3 req-b4a48f1a-f94f-4d16-bf11-4aac3c20862f service placement] getting providers with 1 DISK_GB {{(pid=105389) __init__ /opt/stack/placement/placement/objects/research_context.py:126}}
Feb 09 20:58:12.546214 n-d-715271-34 devstack@placement-api.service[105389]: DEBUG placement.objects.research_context [req-3867f64a-a074-476f-87ac-cb47a4790bf3 req-b4a48f1a-f94f-4d16-bf11-4aac3c20862f service placement] getting providers with 1024 MEMORY_MB {{(pid=105389) __init__ /opt/stack/placement/placement/objects/research_context.py:126}}
Feb 09 20:58:12.553544 n-d-715271-34 devstack@placement-api.service[105389]: DEBUG placement.objects.research_context [req-3867f64a-a074-476f-87ac-cb47a4790bf3 req-b4a48f1a-f94f-4d16-bf11-4aac3c20862f service placement] getting providers with 1 VCPU {{(pid=105389) __init__ /opt/stack/placement/placement/objects/research_context.py:126}}
Feb 09 20:58:12.565240 n-d-715271-34 devstack@placement-api.service[105389]: DEBUG placement.objects.research_context [req-3867f64a-a074-476f-87ac-cb47a4790bf3 req-b4a48f1a-f94f-4d16-bf11-4aac3c20862f service placement] found 2 providers with available 1 DISK_GB {{(pid=105389) get_provider_ids_matching /opt/stack/placement/placement/objects/research_context.py:549}}
Feb 09 20:58:12.565974 n-d-715271-34 devstack@placement-api.service[105389]: DEBUG placement.objects.research_context [req-3867f64a-a074-476f-87ac-cb47a4790bf3 req-b4a48f1a-f94f-4d16-bf11-4aac3c20862f service placement] found 2 providers with available 1024 MEMORY_MB {{(pid=105389) get_provider_ids_matching /opt/stack/placement/placement/objects/research_context.py:549}}
Feb 09 20:58:12.566403 n-d-715271-34 devstack@placement-api.service[105389]: DEBUG placement.objects.research_context [req-3867f64a-a074-476f-87ac-cb47a4790bf3 req-b4a48f1a-f94f-4d16-bf11-4aac3c20862f service placement] found 2 providers after filtering by previous result {{(pid=105389) get_provider_ids_matching /opt/stack/placement/placement/objects/research_context.py:580}}
Feb 09 20:58:12.567161 n-d-715271-34 devstack@placement-api.service[105389]: DEBUG placement.objects.research_context [req-3867f64a-a074-476f-87ac-cb47a4790bf3 req-b4a48f1a-f94f-4d16-bf11-4aac3c20862f service placement] found 2 providers with available 1 VCPU {{(pid=105389) get_provider_ids_matching /opt/stack/placement/placement/objects/research_context.py:549}}
Feb 09 20:58:12.567501 n-d-715271-34 devstack@placement-api.service[105389]: DEBUG placement.objects.research_context [req-3867f64a-a074-476f-87ac-cb47a4790bf3 req-b4a48f1a-f94f-4d16-bf11-4aac3c20862f service placement] found 2 providers after filtering by previous result {{(pid=105389) get_provider_ids_matching /opt/stack/placement/placement/objects/research_context.py:580}}
Feb 09 20:58:12.584878 n-d-715271-34 devstack@placement-api.service[105389]: DEBUG placement.objects.allocation_candidate [req-3867f64a-a074-476f-87ac-cb47a4790bf3 req-b4a48f1a-f94f-4d16-bf11-4aac3c20862f service placement] RequestGroup(use_same_provider=False, resources={DISK_GB:1, MEMORY_MB:1024, VCPU:1}, traits=[], aggregates=[]) (suffix '') returned 2 matches {{(pid=105389) _get_by_requests /opt/stack/placement/placement/objects/allocation_candidate.py:145}}
Feb 09 20:58:12.585206 n-d-715271-34 devstack@placement-api.service[105389]: DEBUG placement.objects.allocation_candidate [req-3867f64a-a074-476f-87ac-cb47a4790bf3 req-b4a48f1a-f94f-4d16-bf11-4aac3c20862f service placement] Merging candidates yields 2 allocation requests and 2 provider summaries {{(pid=105389) _merge_candidates /opt/stack/placement/placement/objects/allocation_candidate.py:783}}
Feb 09 20:58:12.587455 n-d-715271-34 devstack@placement-api.service[105389]: INFO placement.requestlog [req-3867f64a-a074-476f-87ac-cb47a4790bf3 req-b4a48f1a-f94f-4d16-bf11-4aac3c20862f service placement] 10.222.0.21 "GET /placement/allocation_candidates?limit=1000&resources=DISK_GB%3A1%2CMEMORY_MB%3A1024%2CVCPU%3A1&root_required=%21COMPUTE_STATUS_DISABLED" status: 200 len: 1309 microversion: 1.36
Feb 09 20:58:12.588891 n-d-715271-34 devstack@placement-api.service[105389]: [pid: 105389|app: 0|req: 280/550] 10.222.0.21 () {60 vars in 1506 bytes} [Wed Feb 9 20:58:12 2022] GET /placement/allocation_candidates?limit=1000&resources=DISK_GB%3A1%2CMEMORY_MB%3A1024%2CVCPU%3A1&root_required=%21COMPUTE_STATUS_DISABLED => generated 1309 bytes in 123 msecs (HTTP/1.1 200) 8 headers in 297 bytes (1 switches on core 0)
Feb 09 20:58:12.644742 n-d-715271-34 devstack@placement-api.service[105388]: DEBUG placement.requestlog [req-3867f64a-a074-476f-87ac-cb47a4790bf3 req-43f50194-3b13-463f-ac13-f59e061dba5c None None] Starting request: 10.222.0.21 "GET /placement/allocations/537f3ddb-99bc-4ccf-afe5-6bbd4320f175" {{(pid=105388) __call__ /opt/stack/placement/placement/requestlog.py:55}}
Feb 09 20:58:12.661279 n-d-715271-34 devstack@placement-api.service[105388]: INFO placement.requestlog [req-3867f64a-a074-476f-87ac-cb47a4790bf3 req-43f50194-3b13-463f-ac13-f59e061dba5c service placement] 10.222.0.21 "GET /placement/allocations/537f3ddb-99bc-4ccf-afe5-6bbd4320f175" status: 200 len: 19 microversion: 1.28
Feb 09 20:58:12.667311 n-d-715271-34 devstack@placement-api.service[105388]: [pid: 105388|app: 0|req: 271/551] 10.222.0.21 () {60 vars in 1380 bytes} [Wed Feb 9 20:58:12 2022] GET /placement/allocations/537f3ddb-99bc-4ccf-afe5-6bbd4320f175 => generated 19 bytes in 23 msecs (HTTP/1.1 200) 8 headers in 295 bytes (1 switches on core 0)
Feb 09 20:58:12.668349 n-d-715271-34 devstack@placement-api.service[105389]: DEBUG placement.requestlog [req-3867f64a-a074-476f-87ac-cb47a4790bf3 req-5a0aab7b-478e-4dbe-b4d1-09dfe7fa8a3e None None] Starting request: 10.222.0.21 "PUT /placement/allocations/537f3ddb-99bc-4ccf-afe5-6bbd4320f175" {{(pid=105389) __call__ /opt/stack/placement/placement/requestlog.py:55}}
Feb 09 20:58:13.053128 n-d-715271-34 devstack@placement-api.service[105389]: DEBUG placement.handlers.allocation [req-3867f64a-a074-476f-87ac-cb47a4790bf3 req-5a0aab7b-478e-4dbe-b4d1-09dfe7fa8a3e service placement] Successfully wrote allocations [, , ] {{(pid=105389) _update_consumers_and_create_allocations /opt/stack/placement/placement/handlers/allocation.py:462}}
Feb 09 20:58:13.152081 n-d-715271-34 devstack@placement-api.service[105389]: INFO placement.requestlog [req-3867f64a-a074-476f-87ac-cb47a4790bf3 req-5a0aab7b-478e-4dbe-b4d1-09dfe7fa8a3e service placement] 10.222.0.21 "PUT /placement/allocations/537f3ddb-99bc-4ccf-afe5-6bbd4320f175" status: 204 len: 0 microversion: 1.36
Feb 09 20:58:13.152494 n-d-715271-34 devstack@placement-api.service[105389]: [pid: 105389|app: 0|req: 281/552] 10.222.0.21 () {64 vars in 1433 bytes} [Wed Feb 9 20:58:12 2022] PUT /placement/allocations/537f3ddb-99bc-4ccf-afe5-6bbd4320f175 => generated 0 bytes in 484 msecs (HTTP/1.1 204) 5 headers in 199 bytes (1 switches on core 0)
Feb 09 20:58:14.575637 n-d-715271-34 devstack@placement-api.service[105388]: DEBUG placement.requestlog [req-3867f64a-a074-476f-87ac-cb47a4790bf3 req-3bb7a9fe-9488-4d08-8b72-2bd9eccb5d15 None None] Starting request: 10.222.0.97 "GET /placement/allocations/537f3ddb-99bc-4ccf-afe5-6bbd4320f175" {{(pid=105388) __call__ /opt/stack/placement/placement/requestlog.py:55}}
Feb 09 20:58:14.615425 n-d-715271-34 devstack@placement-api.service[105388]: INFO placement.requestlog [req-3867f64a-a074-476f-87ac-cb47a4790bf3 req-3bb7a9fe-9488-4d08-8b72-2bd9eccb5d15 service placement] 10.222.0.97 "GET /placement/allocations/537f3ddb-99bc-4ccf-afe5-6bbd4320f175" status: 200 len: 259 microversion: 1.28
Feb 09 20:58:14.616422 n-d-715271-34 devstack@placement-api.service[105388]: [pid: 105388|app: 0|req: 272/553] 10.222.0.97 () {60 vars in 1377 bytes} [Wed Feb 9 20:58:14 2022] GET /placement/allocations/537f3ddb-99bc-4ccf-afe5-6bbd4320f175 => generated 259 bytes in 41 msecs (HTTP/1.1 200) 8 headers in 296 bytes (2 switches on core 0)
Feb 09 20:58:17.260913 n-d-715271-34 devstack@placement-api.service[105389]: DEBUG placement.requestlog [req-e8f5f984-34a3-48a4-8b17-3aae504a5101 req-546baad7-0fc0-4fd5-b394-28c6152447f6 None None] Starting request: 10.222.0.21 "GET /placement/allocation_candidates?limit=1000&resources=DISK_GB%3A1%2CMEMORY_MB%3A1024%2CVCPU%3A1&root_required=%21COMPUTE_STATUS_DISABLED" {{(pid=105389) __call__ /opt/stack/placement/placement/requestlog.py:55}}
Feb 09 20:58:17.324222 n-d-715271-34 devstack@placement-api.service[105389]: DEBUG placement.objects.research_context [req-e8f5f984-34a3-48a4-8b17-3aae504a5101 req-546baad7-0fc0-4fd5-b394-28c6152447f6 service placement] getting providers with 1 DISK_GB {{(pid=105389) __init__ /opt/stack/placement/placement/objects/research_context.py:126}}
Feb 09 20:58:17.332331 n-d-715271-34 devstack@placement-api.service[105389]: DEBUG placement.objects.research_context [req-e8f5f984-34a3-48a4-8b17-3aae504a5101 req-546baad7-0fc0-4fd5-b394-28c6152447f6 service placement] getting providers with 1024 MEMORY_MB {{(pid=105389) __init__ /opt/stack/placement/placement/objects/research_context.py:126}}
Feb 09 20:58:17.348603 n-d-715271-34 devstack@placement-api.service[105389]: DEBUG placement.objects.research_context [req-e8f5f984-34a3-48a4-8b17-3aae504a5101 req-546baad7-0fc0-4fd5-b394-28c6152447f6 service placement] getting providers with 1 VCPU {{(pid=105389) __init__ /opt/stack/placement/placement/objects/research_context.py:126}}
Feb 09 20:58:17.355577 n-d-715271-34 devstack@placement-api.service[105389]: DEBUG placement.objects.research_context [req-e8f5f984-34a3-48a4-8b17-3aae504a5101 req-546baad7-0fc0-4fd5-b394-28c6152447f6 service placement] found 2 providers with available 1 DISK_GB {{(pid=105389) get_provider_ids_matching /opt/stack/placement/placement/objects/research_context.py:549}}
Feb 09 20:58:17.355922 n-d-715271-34 devstack@placement-api.service[105389]: DEBUG placement.objects.research_context [req-e8f5f984-34a3-48a4-8b17-3aae504a5101 req-546baad7-0fc0-4fd5-b394-28c6152447f6 service placement] found 2 providers with available 1024 MEMORY_MB {{(pid=105389) get_provider_ids_matching /opt/stack/placement/placement/objects/research_context.py:549}}
Feb 09 20:58:17.356417 n-d-715271-34 devstack@placement-api.service[105389]: DEBUG placement.objects.research_context [req-e8f5f984-34a3-48a4-8b17-3aae504a5101 req-546baad7-0fc0-4fd5-b394-28c6152447f6 service placement] found 2 providers after filtering by previous result {{(pid=105389) get_provider_ids_matching /opt/stack/placement/placement/objects/research_context.py:580}}
Feb 09 20:58:17.356745 n-d-715271-34 devstack@placement-api.service[105389]: DEBUG placement.objects.research_context [req-e8f5f984-34a3-48a4-8b17-3aae504a5101 req-546baad7-0fc0-4fd5-b394-28c6152447f6 service placement] found 2 providers with available 1 VCPU {{(pid=105389) get_provider_ids_matching /opt/stack/placement/placement/objects/research_context.py:549}}
Feb 09 20:58:17.357080 n-d-715271-34 devstack@placement-api.service[105389]: DEBUG placement.objects.research_context [req-e8f5f984-34a3-48a4-8b17-3aae504a5101 req-546baad7-0fc0-4fd5-b394-28c6152447f6 service placement] found 2 providers after filtering by previous result {{(pid=105389) get_provider_ids_matching /opt/stack/placement/placement/objects/research_context.py:580}}
Feb 09 20:58:17.375776 n-d-715271-34 devstack@placement-api.service[105389]: DEBUG placement.objects.allocation_candidate [req-e8f5f984-34a3-48a4-8b17-3aae504a5101 req-546baad7-0fc0-4fd5-b394-28c6152447f6 service placement] RequestGroup(use_same_provider=False, resources={DISK_GB:1, MEMORY_MB:1024, VCPU:1}, traits=[], aggregates=[]) (suffix '') returned 2 matches {{(pid=105389) _get_by_requests /opt/stack/placement/placement/objects/allocation_candidate.py:145}}
Feb 09 20:58:17.377954 n-d-715271-34 devstack@placement-api.service[105389]: DEBUG placement.objects.allocation_candidate [req-e8f5f984-34a3-48a4-8b17-3aae504a5101 req-546baad7-0fc0-4fd5-b394-28c6152447f6 service placement] Merging candidates yields 2 allocation requests and 2 provider summaries {{(pid=105389) _merge_candidates /opt/stack/placement/placement/objects/allocation_candidate.py:783}}
Feb 09 20:58:17.378788 n-d-715271-34 devstack@placement-api.service[105389]: INFO placement.requestlog [req-e8f5f984-34a3-48a4-8b17-3aae504a5101 req-546baad7-0fc0-4fd5-b394-28c6152447f6 service placement] 10.222.0.21 "GET /placement/allocation_candidates?limit=1000&resources=DISK_GB%3A1%2CMEMORY_MB%3A1024%2CVCPU%3A1&root_required=%21COMPUTE_STATUS_DISABLED" status: 200 len: 1309 microversion: 1.36
Feb 09 20:58:17.383097 n-d-715271-34 devstack@placement-api.service[105389]: [pid: 105389|app: 0|req: 282/554] 10.222.0.21 () {60 vars in 1506 bytes} [Wed Feb 9 20:58:17 2022] GET /placement/allocation_candidates?limit=1000&resources=DISK_GB%3A1%2CMEMORY_MB%3A1024%2CVCPU%3A1&root_required=%21COMPUTE_STATUS_DISABLED => generated 1309 bytes in 122 msecs (HTTP/1.1 200) 8 headers in 297 bytes (1 switches on core 0)
Feb 09 20:58:17.434155 n-d-715271-34 devstack@placement-api.service[105388]: DEBUG placement.requestlog [req-e8f5f984-34a3-48a4-8b17-3aae504a5101 req-14c16e7c-ec9e-451b-842c-7bf67a8cf552 None None] Starting request: 10.222.0.21 "GET /placement/allocations/4aaf7dc6-bcc5-4522-ab12-f51dd92d1e78" {{(pid=105388) __call__ /opt/stack/placement/placement/requestlog.py:55}}
Feb 09 20:58:17.446010 n-d-715271-34 devstack@placement-api.service[105388]: INFO placement.requestlog [req-e8f5f984-34a3-48a4-8b17-3aae504a5101 req-14c16e7c-ec9e-451b-842c-7bf67a8cf552 service placement] 10.222.0.21 "GET /placement/allocations/4aaf7dc6-bcc5-4522-ab12-f51dd92d1e78" status: 200 len: 19 microversion: 1.28
Feb 09 20:58:17.453131 n-d-715271-34 devstack@placement-api.service[105388]: [pid: 105388|app: 0|req: 273/555] 10.222.0.21 () {60 vars in 1380 bytes} [Wed Feb 9 20:58:17 2022] GET /placement/allocations/4aaf7dc6-bcc5-4522-ab12-f51dd92d1e78 => generated 19 bytes in 19 msecs (HTTP/1.1 200) 8 headers in 295 bytes (1 switches on core 0)
Feb 09 20:58:17.455908 n-d-715271-34 devstack@placement-api.service[105389]: DEBUG placement.requestlog [req-e8f5f984-34a3-48a4-8b17-3aae504a5101 req-63401a36-8b0c-4e55-a2be-671a3d7314d4 None None] Starting request: 10.222.0.21 "PUT /placement/allocations/4aaf7dc6-bcc5-4522-ab12-f51dd92d1e78" {{(pid=105389) __call__ /opt/stack/placement/placement/requestlog.py:55}}
Feb 09 20:58:17.762647 n-d-715271-34 devstack@placement-api.service[105389]: DEBUG placement.handlers.allocation [req-e8f5f984-34a3-48a4-8b17-3aae504a5101 req-63401a36-8b0c-4e55-a2be-671a3d7314d4 service placement] Successfully wrote allocations [, , ] {{(pid=105389) _update_consumers_and_create_allocations /opt/stack/placement/placement/handlers/allocation.py:462}}
Feb 09 20:58:17.935063 n-d-715271-34 devstack@placement-api.service[105389]: INFO placement.requestlog [req-e8f5f984-34a3-48a4-8b17-3aae504a5101 req-63401a36-8b0c-4e55-a2be-671a3d7314d4 service placement] 10.222.0.21 "PUT /placement/allocations/4aaf7dc6-bcc5-4522-ab12-f51dd92d1e78" status: 204 len: 0 microversion: 1.36
Feb 09 20:58:17.936296 n-d-715271-34 devstack@placement-api.service[105389]: [pid: 105389|app: 0|req: 283/556] 10.222.0.21 () {64 vars in 1433 bytes} [Wed Feb 9 20:58:17 2022] PUT /placement/allocations/4aaf7dc6-bcc5-4522-ab12-f51dd92d1e78 => generated 0 bytes in 481 msecs (HTTP/1.1 204) 5 headers in 199 bytes (1 switches on core 0)
Feb 09 20:58:17.948052 n-d-715271-34 devstack@placement-api.service[105388]: DEBUG placement.requestlog [req-335a1504-d03e-4305-9525-3e0fa73f4d6b req-50e05218-fa5f-475d-a777-a486c56518bc None None] Starting request: 10.222.0.100 "GET /placement/allocations/ff40cfc1-b077-4d86-84be-fafb9359194f" {{(pid=105388) __call__ /opt/stack/placement/placement/requestlog.py:55}}
Feb 09 20:58:17.969979 n-d-715271-34 devstack@placement-api.service[105388]: INFO placement.requestlog [req-335a1504-d03e-4305-9525-3e0fa73f4d6b req-50e05218-fa5f-475d-a777-a486c56518bc service placement] 10.222.0.100 "GET /placement/allocations/ff40cfc1-b077-4d86-84be-fafb9359194f" status: 200 len: 259 microversion: 1.28
Feb 09 20:58:17.970902 n-d-715271-34 devstack@placement-api.service[105388]: [pid: 105388|app: 0|req: 274/557] 10.222.0.100 () {60 vars in 1378 bytes} [Wed Feb 9 20:58:17 2022] GET /placement/allocations/ff40cfc1-b077-4d86-84be-fafb9359194f => generated 259 bytes in 24 msecs (HTTP/1.1 200) 8 headers in 296 bytes (1 switches on core 0)
Feb 09 20:58:19.486920 n-d-715271-34 devstack@placement-api.service[105389]: DEBUG placement.requestlog [req-e8f5f984-34a3-48a4-8b17-3aae504a5101 req-cd87e3a9-dc40-49b8-9dcd-954197e9c010 None None] Starting request: 10.222.0.97 "GET /placement/allocations/4aaf7dc6-bcc5-4522-ab12-f51dd92d1e78" {{(pid=105389) __call__ /opt/stack/placement/placement/requestlog.py:55}}
Feb 09 20:58:19.507647 n-d-715271-34 devstack@placement-api.service[105389]: INFO placement.requestlog [req-e8f5f984-34a3-48a4-8b17-3aae504a5101 req-cd87e3a9-dc40-49b8-9dcd-954197e9c010 service placement] 10.222.0.97 "GET /placement/allocations/4aaf7dc6-bcc5-4522-ab12-f51dd92d1e78" status: 200 len: 259 microversion: 1.28
Feb 09 20:58:19.510733 n-d-715271-34 devstack@placement-api.service[105389]: [pid: 105389|app: 0|req: 284/558] 10.222.0.97 () {60 vars in 1377 bytes} [Wed Feb 9 20:58:19 2022] GET /placement/allocations/4aaf7dc6-bcc5-4522-ab12-f51dd92d1e78 => generated 259 bytes in 24 msecs (HTTP/1.1 200) 8 headers in 296 bytes (1 switches on core 0)
Feb 09 20:58:30.122196 n-d-715271-34 devstack@placement-api.service[105388]: DEBUG placement.requestlog [req-4d9ec6cd-023c-4756-b7b3-b408e8ecb0ea req-8e695235-8363-4b07-a444-da5c7b92c7ba None None] Starting request: 10.222.0.100 "DELETE /placement/allocations/9a4d6480-1ffb-499c-8f47-0614f8ff5c10" {{(pid=105388) __call__ /opt/stack/placement/placement/requestlog.py:55}}
Feb 09 20:58:30.357318 n-d-715271-34 devstack@placement-api.service[105388]: DEBUG placement.handlers.allocation [req-4d9ec6cd-023c-4756-b7b3-b408e8ecb0ea req-8e695235-8363-4b07-a444-da5c7b92c7ba service placement] Successfully deleted allocations [, , ] {{(pid=105388) delete_allocations /opt/stack/placement/placement/handlers/allocation.py:627}}
Feb 09 20:58:30.357827 n-d-715271-34 devstack@placement-api.service[105388]: INFO placement.requestlog [req-4d9ec6cd-023c-4756-b7b3-b408e8ecb0ea req-8e695235-8363-4b07-a444-da5c7b92c7ba service placement] 10.222.0.100 "DELETE /placement/allocations/9a4d6480-1ffb-499c-8f47-0614f8ff5c10" status: 204 len: 0 microversion: 1.0
Feb 09 20:58:30.358719 n-d-715271-34 devstack@placement-api.service[105388]: [pid: 105388|app: 0|req: 275/559] 10.222.0.100 () {60 vars in 1356 bytes} [Wed Feb 9 20:58:30 2022] DELETE /placement/allocations/9a4d6480-1ffb-499c-8f47-0614f8ff5c10 => generated 0 bytes in 237 msecs (HTTP/1.1 204) 5 headers in 198 bytes (1 switches on core 0)
Feb 09 20:58:32.542523 n-d-715271-34 devstack@placement-api.service[105389]: DEBUG placement.requestlog [req-6002ef6b-b623-47c4-83d3-efe7f01ed42d req-ba29fb37-eafe-40de-8f82-f0424033b2b0 None None] Starting request: 10.222.0.21 "GET /placement/allocation_candidates?limit=1000&resources=MEMORY_MB%3A1024%2CVCPU%3A1&root_required=%21COMPUTE_STATUS_DISABLED" {{(pid=105389) __call__ /opt/stack/placement/placement/requestlog.py:55}}
Feb 09 20:58:32.550848 n-d-715271-34 devstack@placement-api.service[105389]: DEBUG placement.objects.research_context [req-6002ef6b-b623-47c4-83d3-efe7f01ed42d req-ba29fb37-eafe-40de-8f82-f0424033b2b0 service placement] getting providers with 1024 MEMORY_MB {{(pid=105389) __init__ /opt/stack/placement/placement/objects/research_context.py:126}}
Feb 09 20:58:32.562102 n-d-715271-34 devstack@placement-api.service[105389]: DEBUG placement.objects.research_context [req-6002ef6b-b623-47c4-83d3-efe7f01ed42d req-ba29fb37-eafe-40de-8f82-f0424033b2b0 service placement] getting providers with 1 VCPU {{(pid=105389) __init__ /opt/stack/placement/placement/objects/research_context.py:126}}
Feb 09 20:58:32.570056 n-d-715271-34 devstack@placement-api.service[105389]: DEBUG placement.objects.research_context [req-6002ef6b-b623-47c4-83d3-efe7f01ed42d req-ba29fb37-eafe-40de-8f82-f0424033b2b0 service placement] found 2 providers with available 1024 MEMORY_MB {{(pid=105389) get_provider_ids_matching /opt/stack/placement/placement/objects/research_context.py:549}}
Feb 09 20:58:32.571398 n-d-715271-34 devstack@placement-api.service[105389]: DEBUG placement.objects.research_context [req-6002ef6b-b623-47c4-83d3-efe7f01ed42d req-ba29fb37-eafe-40de-8f82-f0424033b2b0 service placement] found 2 providers with available 1 VCPU {{(pid=105389) get_provider_ids_matching /opt/stack/placement/placement/objects/research_context.py:549}}
Feb 09 20:58:32.571979 n-d-715271-34 devstack@placement-api.service[105389]: DEBUG placement.objects.research_context [req-6002ef6b-b623-47c4-83d3-efe7f01ed42d req-ba29fb37-eafe-40de-8f82-f0424033b2b0 service placement] found 2 providers after filtering by previous result {{(pid=105389) get_provider_ids_matching /opt/stack/placement/placement/objects/research_context.py:580}}
Feb 09 20:58:32.592415 n-d-715271-34 devstack@placement-api.service[105389]: DEBUG placement.objects.allocation_candidate [req-6002ef6b-b623-47c4-83d3-efe7f01ed42d req-ba29fb37-eafe-40de-8f82-f0424033b2b0 service placement] RequestGroup(use_same_provider=False, resources={MEMORY_MB:1024, VCPU:1}, traits=[], aggregates=[]) (suffix '') returned 2 matches {{(pid=105389) _get_by_requests /opt/stack/placement/placement/objects/allocation_candidate.py:145}}
Feb 09 20:58:32.595526 n-d-715271-34 devstack@placement-api.service[105389]: DEBUG placement.objects.allocation_candidate [req-6002ef6b-b623-47c4-83d3-efe7f01ed42d req-ba29fb37-eafe-40de-8f82-f0424033b2b0 service placement] Merging candidates yields 2 allocation requests and 2 provider summaries {{(pid=105389) _merge_candidates /opt/stack/placement/placement/objects/allocation_candidate.py:783}}
Feb 09 20:58:32.607504 n-d-715271-34 devstack@placement-api.service[105389]: INFO placement.requestlog [req-6002ef6b-b623-47c4-83d3-efe7f01ed42d req-ba29fb37-eafe-40de-8f82-f0424033b2b0 service placement] 10.222.0.21 "GET /placement/allocation_candidates?limit=1000&resources=MEMORY_MB%3A1024%2CVCPU%3A1&root_required=%21COMPUTE_STATUS_DISABLED" status: 200 len: 1281 microversion: 1.36
Feb 09 20:58:32.616558 n-d-715271-34 devstack@placement-api.service[105389]: [pid: 105389|app: 0|req: 285/560] 10.222.0.21 () {60 vars in 1478 bytes} [Wed Feb 9 20:58:32 2022] GET /placement/allocation_candidates?limit=1000&resources=MEMORY_MB%3A1024%2CVCPU%3A1&root_required=%21COMPUTE_STATUS_DISABLED => generated 1281 bytes in 107 msecs (HTTP/1.1 200) 8 headers in 297 bytes (2 switches on core 0)
Feb 09 20:58:32.681687 n-d-715271-34 devstack@placement-api.service[105388]: DEBUG placement.requestlog [req-6002ef6b-b623-47c4-83d3-efe7f01ed42d req-4f49e0c3-d64e-4449-bb97-d9e316ca1417 None None] Starting request: 10.222.0.21 "GET /placement/allocations/00296685-89bc-45eb-8317-0396631349d8" {{(pid=105388) __call__ /opt/stack/placement/placement/requestlog.py:55}}
Feb 09 20:58:32.696921 n-d-715271-34 devstack@placement-api.service[105388]: INFO placement.requestlog [req-6002ef6b-b623-47c4-83d3-efe7f01ed42d req-4f49e0c3-d64e-4449-bb97-d9e316ca1417 service placement] 10.222.0.21 "GET /placement/allocations/00296685-89bc-45eb-8317-0396631349d8" status: 200 len: 19 microversion: 1.28
Feb 09 20:58:32.705089 n-d-715271-34 devstack@placement-api.service[105388]: [pid: 105388|app: 0|req: 276/561] 10.222.0.21 () {60 vars in 1380 bytes} [Wed Feb 9 20:58:32 2022] GET /placement/allocations/00296685-89bc-45eb-8317-0396631349d8 => generated 19 bytes in 24 msecs (HTTP/1.1 200) 8 headers in 295 bytes (1 switches on core 0)
Feb 09 20:58:32.708446 n-d-715271-34 devstack@placement-api.service[105389]: DEBUG placement.requestlog [req-6002ef6b-b623-47c4-83d3-efe7f01ed42d req-653fd5d5-82ac-4e8e-a686-0bef4cb6a9b9 None None] Starting request: 10.222.0.21 "PUT /placement/allocations/00296685-89bc-45eb-8317-0396631349d8" {{(pid=105389) __call__ /opt/stack/placement/placement/requestlog.py:55}}
Feb 09 20:58:33.064395 n-d-715271-34 devstack@placement-api.service[105389]: DEBUG placement.handlers.allocation [req-6002ef6b-b623-47c4-83d3-efe7f01ed42d req-653fd5d5-82ac-4e8e-a686-0bef4cb6a9b9 service placement] Successfully wrote allocations [, ] {{(pid=105389) _update_consumers_and_create_allocations /opt/stack/placement/placement/handlers/allocation.py:462}}
Feb 09 20:58:33.239219 n-d-715271-34 devstack@placement-api.service[105389]: INFO placement.requestlog [req-6002ef6b-b623-47c4-83d3-efe7f01ed42d req-653fd5d5-82ac-4e8e-a686-0bef4cb6a9b9 service placement] 10.222.0.21 "PUT /placement/allocations/00296685-89bc-45eb-8317-0396631349d8" status: 204 len: 0 microversion: 1.36
Feb 09 20:58:33.240147 n-d-715271-34 devstack@placement-api.service[105389]: [pid: 105389|app: 0|req: 286/562] 10.222.0.21 () {64 vars in 1433 bytes} [Wed Feb 9 20:58:32 2022] PUT /placement/allocations/00296685-89bc-45eb-8317-0396631349d8 => generated 0 bytes in 532 msecs (HTTP/1.1 204) 5 headers in 199 bytes (1 switches on core 0)
Feb 09 20:58:34.924837 n-d-715271-34 devstack@placement-api.service[105388]: DEBUG placement.requestlog [req-6002ef6b-b623-47c4-83d3-efe7f01ed42d req-2b8cce9e-750a-4056-9156-9f5b8e1025dc None None] Starting request: 10.222.0.100 "GET /placement/allocations/00296685-89bc-45eb-8317-0396631349d8" {{(pid=105388) __call__ /opt/stack/placement/placement/requestlog.py:55}}
Feb 09 20:58:34.969228 n-d-715271-34 devstack@placement-api.service[105388]: INFO placement.requestlog [req-6002ef6b-b623-47c4-83d3-efe7f01ed42d req-2b8cce9e-750a-4056-9156-9f5b8e1025dc service placement] 10.222.0.100 "GET /placement/allocations/00296685-89bc-45eb-8317-0396631349d8" status: 200 len: 245 microversion: 1.28
Feb 09 20:58:34.971849 n-d-715271-34 devstack@placement-api.service[105388]: [pid: 105388|app: 0|req: 277/563] 10.222.0.100 () {60 vars in 1378 bytes} [Wed Feb 9 20:58:34 2022] GET /placement/allocations/00296685-89bc-45eb-8317-0396631349d8 => generated 245 bytes in 47 msecs (HTTP/1.1 200) 8 headers in 296 bytes (1 switches on core 0)
Feb 09 20:58:36.919939 n-d-715271-34 devstack@placement-api.service[105389]: DEBUG placement.requestlog [req-cc6035bc-8c96-41a7-b8b7-addaa3613e61 req-17c3fd81-119b-45e5-89ff-0baa94c94819 None None] Starting request: 10.222.0.97 "GET /placement/allocations/537f3ddb-99bc-4ccf-afe5-6bbd4320f175" {{(pid=105389) __call__ /opt/stack/placement/placement/requestlog.py:55}}
Feb 09 20:58:36.964651 n-d-715271-34 devstack@placement-api.service[105389]: INFO placement.requestlog [req-cc6035bc-8c96-41a7-b8b7-addaa3613e61 req-17c3fd81-119b-45e5-89ff-0baa94c94819 service placement] 10.222.0.97 "GET /placement/allocations/537f3ddb-99bc-4ccf-afe5-6bbd4320f175" status: 200 len: 259 microversion: 1.28
Feb 09 20:58:36.969416 n-d-715271-34 devstack@placement-api.service[105389]: [pid: 105389|app: 0|req: 287/564] 10.222.0.97 () {60 vars in 1377 bytes} [Wed Feb 9 20:58:36 2022] GET /placement/allocations/537f3ddb-99bc-4ccf-afe5-6bbd4320f175 => generated 259 bytes in 50 msecs (HTTP/1.1 200) 8 headers in 296 bytes (1 switches on core 0)
Feb 09 20:58:50.080637 n-d-715271-34 devstack@placement-api.service[105388]: DEBUG placement.requestlog [req-46689d87-bfc9-4ed4-892d-df71e3e33f65 req-ed68b797-a034-47f0-9a32-7f38dbbdceb0 None None] Starting request: 10.222.0.21 "GET /placement/allocation_candidates?limit=1000&resources=DISK_GB%3A1%2CMEMORY_MB%3A1024%2CVCPU%3A1&root_required=%21COMPUTE_STATUS_DISABLED" {{(pid=105388) __call__ /opt/stack/placement/placement/requestlog.py:55}}
Feb 09 20:58:50.197409 n-d-715271-34 devstack@placement-api.service[105388]: DEBUG placement.objects.research_context [req-46689d87-bfc9-4ed4-892d-df71e3e33f65 req-ed68b797-a034-47f0-9a32-7f38dbbdceb0 service placement] getting providers with 1 DISK_GB {{(pid=105388) __init__ /opt/stack/placement/placement/objects/research_context.py:126}}
Feb 09 20:58:50.220413 n-d-715271-34 devstack@placement-api.service[105388]: DEBUG placement.objects.research_context [req-46689d87-bfc9-4ed4-892d-df71e3e33f65 req-ed68b797-a034-47f0-9a32-7f38dbbdceb0 service placement] getting providers with 1024 MEMORY_MB {{(pid=105388) __init__ /opt/stack/placement/placement/objects/research_context.py:126}}
Feb 09 20:58:50.236275 n-d-715271-34 devstack@placement-api.service[105388]: DEBUG placement.objects.research_context [req-46689d87-bfc9-4ed4-892d-df71e3e33f65 req-ed68b797-a034-47f0-9a32-7f38dbbdceb0 service placement] getting providers with 1 VCPU {{(pid=105388) __init__ /opt/stack/placement/placement/objects/research_context.py:126}}
Feb 09 20:58:50.263510 n-d-715271-34 devstack@placement-api.service[105388]: DEBUG placement.objects.research_context [req-46689d87-bfc9-4ed4-892d-df71e3e33f65 req-ed68b797-a034-47f0-9a32-7f38dbbdceb0 service placement] found 2 providers with available 1 DISK_GB {{(pid=105388) get_provider_ids_matching /opt/stack/placement/placement/objects/research_context.py:549}}
Feb 09 20:58:50.263510 n-d-715271-34 devstack@placement-api.service[105388]: DEBUG placement.objects.research_context [req-46689d87-bfc9-4ed4-892d-df71e3e33f65 req-ed68b797-a034-47f0-9a32-7f38dbbdceb0 service placement] found 2 providers with available 1024 MEMORY_MB {{(pid=105388) get_provider_ids_matching /opt/stack/placement/placement/objects/research_context.py:549}}
Feb 09 20:58:50.263510 n-d-715271-34 devstack@placement-api.service[105388]: DEBUG placement.objects.research_context [req-46689d87-bfc9-4ed4-892d-df71e3e33f65 req-ed68b797-a034-47f0-9a32-7f38dbbdceb0 service placement] found 2 providers after filtering by previous result {{(pid=105388) get_provider_ids_matching /opt/stack/placement/placement/objects/research_context.py:580}}
Feb 09 20:58:50.263510 n-d-715271-34 devstack@placement-api.service[105388]: DEBUG placement.objects.research_context [req-46689d87-bfc9-4ed4-892d-df71e3e33f65 req-ed68b797-a034-47f0-9a32-7f38dbbdceb0 service placement] found 2 providers with available 1 VCPU {{(pid=105388) get_provider_ids_matching /opt/stack/placement/placement/objects/research_context.py:549}}
