Feb 09 21:25:47.571289 n-d-715271-34 devstack@placement-api.service[105389]: INFO placement.requestlog [req-e00b26e6-0bf6-4b90-aded-ba6b73002ab4 req-ebd6ba8b-2e38-4518-99b0-4d2c8335fbe2 service placement] 10.222.0.21 "GET /placement/allocation_candidates?limit=1000&resources=DISK_GB%3A1%2CMEMORY_MB%3A1024%2CVCPU%3A1&root_required=%21COMPUTE_STATUS_DISABLED" status: 200 len: 1309 microversion: 1.36
Feb 09 21:25:47.572067 n-d-715271-34 devstack@placement-api.service[105389]: [pid: 105389|app: 0|req: 541/1069] 10.222.0.21 () {60 vars in 1506 bytes} [Wed Feb 9 21:25:47 2022] GET /placement/allocation_candidates?limit=1000&resources=DISK_GB%3A1%2CMEMORY_MB%3A1024%2CVCPU%3A1&root_required=%21COMPUTE_STATUS_DISABLED => generated 1309 bytes in 91 msecs (HTTP/1.1 200) 8 headers in 297 bytes (1 switches on core 0)
Feb 09 21:25:47.625981 n-d-715271-34 devstack@placement-api.service[105388]: DEBUG placement.requestlog [req-e00b26e6-0bf6-4b90-aded-ba6b73002ab4 req-c8470f6c-465e-45fe-ad0b-3a85bead34f2 None None] Starting request: 10.222.0.21 "GET /placement/allocations/0a58ee7c-a453-4b72-bb06-cfff75788505" {{(pid=105388) __call__ /opt/stack/placement/placement/requestlog.py:55}}
Feb 09 21:25:47.636987 n-d-715271-34 devstack@placement-api.service[105388]: INFO placement.requestlog [req-e00b26e6-0bf6-4b90-aded-ba6b73002ab4 req-c8470f6c-465e-45fe-ad0b-3a85bead34f2 service placement] 10.222.0.21 "GET /placement/allocations/0a58ee7c-a453-4b72-bb06-cfff75788505" status: 200 len: 19 microversion: 1.28
Feb 09 21:25:47.637505 n-d-715271-34 devstack@placement-api.service[105388]: [pid: 105388|app: 0|req: 529/1070] 10.222.0.21 () {60 vars in 1380 bytes} [Wed Feb 9 21:25:47 2022] GET /placement/allocations/0a58ee7c-a453-4b72-bb06-cfff75788505 => generated 19 bytes in 12 msecs (HTTP/1.1 200) 8 headers in 295 bytes (1 switches on core 0)
Feb 09 21:25:47.644688 n-d-715271-34 devstack@placement-api.service[105389]: DEBUG placement.requestlog [req-e00b26e6-0bf6-4b90-aded-ba6b73002ab4 req-c7469966-4b36-47df-a605-8e6902e48663 None None] Starting request: 10.222.0.21 "PUT /placement/allocations/0a58ee7c-a453-4b72-bb06-cfff75788505" {{(pid=105389) __call__ /opt/stack/placement/placement/requestlog.py:55}}
Feb 09 21:25:47.985737 n-d-715271-34 devstack@placement-api.service[105389]: DEBUG placement.handlers.allocation [req-e00b26e6-0bf6-4b90-aded-ba6b73002ab4 req-c7469966-4b36-47df-a605-8e6902e48663 service placement] Successfully wrote allocations [, , ] {{(pid=105389) _update_consumers_and_create_allocations /opt/stack/placement/placement/handlers/allocation.py:462}}
Feb 09 21:25:48.065346 n-d-715271-34 devstack@placement-api.service[105389]: INFO placement.requestlog [req-e00b26e6-0bf6-4b90-aded-ba6b73002ab4 req-c7469966-4b36-47df-a605-8e6902e48663 service placement] 10.222.0.21 "PUT /placement/allocations/0a58ee7c-a453-4b72-bb06-cfff75788505" status: 204 len: 0 microversion: 1.36
Feb 09 21:25:48.065761 n-d-715271-34 devstack@placement-api.service[105389]: [pid: 105389|app: 0|req: 542/1071] 10.222.0.21 () {64 vars in 1433 bytes} [Wed Feb 9 21:25:47 2022] PUT /placement/allocations/0a58ee7c-a453-4b72-bb06-cfff75788505 => generated 0 bytes in 421 msecs (HTTP/1.1 204) 5 headers in 199 bytes (1 switches on core 0)
Feb 09 21:25:48.198528 n-d-715271-34 devstack@placement-api.service[105388]: DEBUG placement.requestlog [req-db3a40ad-dfd7-4547-a7cb-b8d1ec7b960d req-f6bb967f-cf7e-44c1-88a7-4e0688cae86a None None] Starting request: 10.222.0.97 "DELETE /placement/allocations/e79b0bb3-a532-4a7e-a2b9-4e771a85bbbf" {{(pid=105388) __call__ /opt/stack/placement/placement/requestlog.py:55}}
Feb 09 21:25:48.374108 n-d-715271-34 devstack@placement-api.service[105388]: DEBUG placement.handlers.allocation [req-db3a40ad-dfd7-4547-a7cb-b8d1ec7b960d req-f6bb967f-cf7e-44c1-88a7-4e0688cae86a service placement] Successfully deleted allocations [, , ] {{(pid=105388) delete_allocations /opt/stack/placement/placement/handlers/allocation.py:627}}
Feb 09 21:25:48.374607 n-d-715271-34 devstack@placement-api.service[105388]: INFO placement.requestlog [req-db3a40ad-dfd7-4547-a7cb-b8d1ec7b960d req-f6bb967f-cf7e-44c1-88a7-4e0688cae86a service placement] 10.222.0.97 "DELETE /placement/allocations/e79b0bb3-a532-4a7e-a2b9-4e771a85bbbf" status: 204 len: 0 microversion: 1.0
Feb 09 21:25:48.375151 n-d-715271-34 devstack@placement-api.service[105388]: [pid: 105388|app: 0|req: 530/1072] 10.222.0.97 () {60 vars in 1355 bytes} [Wed Feb 9 21:25:48 2022] DELETE /placement/allocations/e79b0bb3-a532-4a7e-a2b9-4e771a85bbbf => generated 0 bytes in 177 msecs (HTTP/1.1 204) 5 headers in 198 bytes (1 switches on core 0)
Feb 09 21:25:49.136189 n-d-715271-34 devstack@placement-api.service[105389]: DEBUG placement.requestlog [req-e00b26e6-0bf6-4b90-aded-ba6b73002ab4 req-bdc3f20f-daa8-4463-86b5-c710201702ca None None] Starting request: 10.222.0.100 "GET /placement/allocations/0a58ee7c-a453-4b72-bb06-cfff75788505" {{(pid=105389) __call__ /opt/stack/placement/placement/requestlog.py:55}}
Feb 09 21:25:49.152627 n-d-715271-34 devstack@placement-api.service[105389]: INFO placement.requestlog [req-e00b26e6-0bf6-4b90-aded-ba6b73002ab4 req-bdc3f20f-daa8-4463-86b5-c710201702ca service placement] 10.222.0.100 "GET /placement/allocations/0a58ee7c-a453-4b72-bb06-cfff75788505" status: 200 len: 260 microversion: 1.28
Feb 09 21:25:49.153014 n-d-715271-34 devstack@placement-api.service[105389]: [pid: 105389|app: 0|req: 543/1073] 10.222.0.100 () {60 vars in 1378 bytes} [Wed Feb 9 21:25:49 2022] GET /placement/allocations/0a58ee7c-a453-4b72-bb06-cfff75788505 => generated 260 bytes in 17 msecs (HTTP/1.1 200) 8 headers in 296 bytes (1 switches on core 0)
Feb 09 21:26:01.030646 n-d-715271-34 devstack@placement-api.service[105388]: DEBUG placement.requestlog [req-7beb8410-4452-46d1-b0a2-ca59b9c110b8 req-eb8c07e1-e700-4f9f-bb85-3e935987bb7a None None] Starting request: 10.222.0.100 "DELETE /placement/allocations/f6ad3a49-9d40-4ff0-9683-273c8a1059aa" {{(pid=105388) __call__ /opt/stack/placement/placement/requestlog.py:55}}
Feb 09 21:26:01.275038 n-d-715271-34 devstack@placement-api.service[105388]: DEBUG placement.handlers.allocation [req-7beb8410-4452-46d1-b0a2-ca59b9c110b8 req-eb8c07e1-e700-4f9f-bb85-3e935987bb7a service placement] Successfully deleted allocations [, ] {{(pid=105388) delete_allocations /opt/stack/placement/placement/handlers/allocation.py:627}}
Feb 09 21:26:01.275908 n-d-715271-34 devstack@placement-api.service[105388]: INFO placement.requestlog [req-7beb8410-4452-46d1-b0a2-ca59b9c110b8 req-eb8c07e1-e700-4f9f-bb85-3e935987bb7a service placement] 10.222.0.100 "DELETE /placement/allocations/f6ad3a49-9d40-4ff0-9683-273c8a1059aa" status: 204 len: 0 microversion: 1.0
Feb 09 21:26:01.276448 n-d-715271-34 devstack@placement-api.service[105388]: [pid: 105388|app: 0|req: 531/1074] 10.222.0.100 () {60 vars in 1356 bytes} [Wed Feb 9 21:26:01 2022] DELETE /placement/allocations/f6ad3a49-9d40-4ff0-9683-273c8a1059aa => generated 0 bytes in 246 msecs (HTTP/1.1 204) 5 headers in 198 bytes (1 switches on core 0)
Feb 09 21:26:18.322138 n-d-715271-34 devstack@placement-api.service[105389]: DEBUG placement.requestlog [req-6608c54c-d675-4193-8d42-4cf76ea28a6e req-1bbbb148-c5b7-40f8-874a-6304c2231f20 None None] Starting request: 10.222.0.100 "GET /placement/resource_providers/637c4da0-09e2-42dc-a860-f923d9021af6/allocations" {{(pid=105389) __call__ /opt/stack/placement/placement/requestlog.py:55}}
Feb 09 21:26:18.343968 n-d-715271-34 devstack@placement-api.service[105389]: INFO placement.requestlog [req-6608c54c-d675-4193-8d42-4cf76ea28a6e req-1bbbb148-c5b7-40f8-874a-6304c2231f20 service placement] 10.222.0.100 "GET /placement/resource_providers/637c4da0-09e2-42dc-a860-f923d9021af6/allocations" status: 200 len: 256 microversion: 1.0
Feb 09 21:26:18.344819 n-d-715271-34 devstack@placement-api.service[105389]: [pid: 105389|app: 0|req: 544/1075] 10.222.0.100 () {58 vars in 1391 bytes} [Wed Feb 9 21:26:18 2022] GET /placement/resource_providers/637c4da0-09e2-42dc-a860-f923d9021af6/allocations => generated 256 bytes in 23 msecs (HTTP/1.1 200) 6 headers in 224 bytes (1 switches on core 0)
Feb 09 21:26:19.086554 n-d-715271-34 devstack@placement-api.service[105388]: DEBUG placement.requestlog [req-1f66f484-c598-4713-af55-2c46f9b2da59 req-4096817d-8f18-4c4b-9cb4-17c35ffc0ce5 None None] Starting request: 10.222.0.97 "GET /placement/resource_providers/71632200-584d-43e3-9773-25c9c5aee982/allocations" {{(pid=105388) __call__ /opt/stack/placement/placement/requestlog.py:55}}
Feb 09 21:26:19.122394 n-d-715271-34 devstack@placement-api.service[105388]: INFO placement.requestlog [req-1f66f484-c598-4713-af55-2c46f9b2da59 req-4096817d-8f18-4c4b-9cb4-17c35ffc0ce5 service placement] 10.222.0.97 "GET /placement/resource_providers/71632200-584d-43e3-9773-25c9c5aee982/allocations" status: 200 len: 241 microversion: 1.0
Feb 09 21:26:19.123386 n-d-715271-34 devstack@placement-api.service[105388]: [pid: 105388|app: 0|req: 532/1076] 10.222.0.97 () {58 vars in 1390 bytes} [Wed Feb 9 21:26:19 2022] GET /placement/resource_providers/71632200-584d-43e3-9773-25c9c5aee982/allocations => generated 241 bytes in 37 msecs (HTTP/1.1 200) 6 headers in 224 bytes (1 switches on core 0)
Feb 09 21:26:22.670383 n-d-715271-34 devstack@placement-api.service[105389]: DEBUG placement.requestlog [req-5f012e54-af5c-4ce5-a880-b41a259327b4 req-1abf387a-9f98-4750-9ce2-310a88572318 None None] Starting request: 10.222.0.97 "DELETE /placement/allocations/691ec0d7-4a82-4053-9294-80955573cfbd" {{(pid=105389) __call__ /opt/stack/placement/placement/requestlog.py:55}}
Feb 09 21:26:22.883795 n-d-715271-34 devstack@placement-api.service[105389]: DEBUG placement.handlers.allocation [req-5f012e54-af5c-4ce5-a880-b41a259327b4 req-1abf387a-9f98-4750-9ce2-310a88572318 service placement] Successfully deleted allocations [, ] {{(pid=105389) delete_allocations /opt/stack/placement/placement/handlers/allocation.py:627}}
Feb 09 21:26:22.884661 n-d-715271-34 devstack@placement-api.service[105389]: INFO placement.requestlog [req-5f012e54-af5c-4ce5-a880-b41a259327b4 req-1abf387a-9f98-4750-9ce2-310a88572318 service placement] 10.222.0.97 "DELETE /placement/allocations/691ec0d7-4a82-4053-9294-80955573cfbd" status: 204 len: 0 microversion: 1.0
Feb 09 21:26:22.885873 n-d-715271-34 devstack@placement-api.service[105389]: [pid: 105389|app: 0|req: 545/1077] 10.222.0.97 () {60 vars in 1355 bytes} [Wed Feb 9 21:26:22 2022] DELETE /placement/allocations/691ec0d7-4a82-4053-9294-80955573cfbd => generated 0 bytes in 216 msecs (HTTP/1.1 204) 5 headers in 198 bytes (1 switches on core 0)
Feb 09 21:27:07.406316 n-d-715271-34 devstack@placement-api.service[105388]: DEBUG placement.requestlog [req-8fff17a1-37c3-4a73-bb66-ed75a89dedfe req-7cdb7669-ac52-4b60-9472-53fc75460f28 None None] Starting request: 10.222.0.21 "GET /placement/allocation_candidates?limit=1000&resources=MEMORY_MB%3A1024%2CVCPU%3A1&root_required=%21COMPUTE_STATUS_DISABLED" {{(pid=105388) __call__ /opt/stack/placement/placement/requestlog.py:55}}
Feb 09 21:27:07.464356 n-d-715271-34 devstack@placement-api.service[105388]: DEBUG placement.objects.research_context [req-8fff17a1-37c3-4a73-bb66-ed75a89dedfe req-7cdb7669-ac52-4b60-9472-53fc75460f28 service placement] getting providers with 1024 MEMORY_MB {{(pid=105388) __init__ /opt/stack/placement/placement/objects/research_context.py:126}}
Feb 09 21:27:07.471610 n-d-715271-34 devstack@placement-api.service[105388]: DEBUG placement.objects.research_context [req-8fff17a1-37c3-4a73-bb66-ed75a89dedfe req-7cdb7669-ac52-4b60-9472-53fc75460f28 service placement] getting providers with 1 VCPU {{(pid=105388) __init__ /opt/stack/placement/placement/objects/research_context.py:126}}
Feb 09 21:27:07.479927 n-d-715271-34 devstack@placement-api.service[105388]: DEBUG placement.objects.research_context [req-8fff17a1-37c3-4a73-bb66-ed75a89dedfe req-7cdb7669-ac52-4b60-9472-53fc75460f28 service placement] found 2 providers with available 1024 MEMORY_MB {{(pid=105388) get_provider_ids_matching /opt/stack/placement/placement/objects/research_context.py:549}}
Feb 09 21:27:07.493156 n-d-715271-34 devstack@placement-api.service[105388]: DEBUG placement.objects.research_context [req-8fff17a1-37c3-4a73-bb66-ed75a89dedfe req-7cdb7669-ac52-4b60-9472-53fc75460f28 service placement] found 2 providers with available 1 VCPU {{(pid=105388) get_provider_ids_matching /opt/stack/placement/placement/objects/research_context.py:549}}
Feb 09 21:27:07.493156 n-d-715271-34 devstack@placement-api.service[105388]: DEBUG placement.objects.research_context [req-8fff17a1-37c3-4a73-bb66-ed75a89dedfe req-7cdb7669-ac52-4b60-9472-53fc75460f28 service placement] found 2 providers after filtering by previous result {{(pid=105388) get_provider_ids_matching /opt/stack/placement/placement/objects/research_context.py:580}}
Feb 09 21:27:07.494452 n-d-715271-34 devstack@placement-api.service[105388]: DEBUG placement.objects.allocation_candidate [req-8fff17a1-37c3-4a73-bb66-ed75a89dedfe req-7cdb7669-ac52-4b60-9472-53fc75460f28 service placement] RequestGroup(use_same_provider=False, resources={MEMORY_MB:1024, VCPU:1}, traits=[], aggregates=[]) (suffix '') returned 2 matches {{(pid=105388) _get_by_requests /opt/stack/placement/placement/objects/allocation_candidate.py:145}}
Feb 09 21:27:07.495056 n-d-715271-34 devstack@placement-api.service[105388]: DEBUG placement.objects.allocation_candidate [req-8fff17a1-37c3-4a73-bb66-ed75a89dedfe req-7cdb7669-ac52-4b60-9472-53fc75460f28 service placement] Merging candidates yields 2 allocation requests and 2 provider summaries {{(pid=105388) _merge_candidates /opt/stack/placement/placement/objects/allocation_candidate.py:783}}
Feb 09 21:27:07.497513 n-d-715271-34 devstack@placement-api.service[105388]: INFO placement.requestlog [req-8fff17a1-37c3-4a73-bb66-ed75a89dedfe req-7cdb7669-ac52-4b60-9472-53fc75460f28 service placement] 10.222.0.21 "GET /placement/allocation_candidates?limit=1000&resources=MEMORY_MB%3A1024%2CVCPU%3A1&root_required=%21COMPUTE_STATUS_DISABLED" status: 200 len: 1281 microversion: 1.36
Feb 09 21:27:07.498545 n-d-715271-34 devstack@placement-api.service[105388]: [pid: 105388|app: 0|req: 533/1078] 10.222.0.21 () {60 vars in 1478 bytes} [Wed Feb 9 21:27:07 2022] GET /placement/allocation_candidates?limit=1000&resources=MEMORY_MB%3A1024%2CVCPU%3A1&root_required=%21COMPUTE_STATUS_DISABLED => generated 1281 bytes in 93 msecs (HTTP/1.1 200) 8 headers in 297 bytes (1 switches on core 0)
Feb 09 21:27:07.553600 n-d-715271-34 devstack@placement-api.service[105389]: DEBUG placement.requestlog [req-8fff17a1-37c3-4a73-bb66-ed75a89dedfe req-efd70b93-8bff-4b5a-9efd-dcbe1cddcbb3 None None] Starting request: 10.222.0.21 "GET /placement/allocations/0dac60d9-dd4b-48ae-b4c0-3664ce791fe5" {{(pid=105389) __call__ /opt/stack/placement/placement/requestlog.py:55}}
Feb 09 21:27:07.574718 n-d-715271-34 devstack@placement-api.service[105389]: INFO placement.requestlog [req-8fff17a1-37c3-4a73-bb66-ed75a89dedfe req-efd70b93-8bff-4b5a-9efd-dcbe1cddcbb3 service placement] 10.222.0.21 "GET /placement/allocations/0dac60d9-dd4b-48ae-b4c0-3664ce791fe5" status: 200 len: 19 microversion: 1.28
Feb 09 21:27:07.581286 n-d-715271-34 devstack@placement-api.service[105389]: [pid: 105389|app: 0|req: 546/1079] 10.222.0.21 () {60 vars in 1380 bytes} [Wed Feb 9 21:27:07 2022] GET /placement/allocations/0dac60d9-dd4b-48ae-b4c0-3664ce791fe5 => generated 19 bytes in 28 msecs (HTTP/1.1 200) 8 headers in 295 bytes (2 switches on core 0)
Feb 09 21:27:07.586902 n-d-715271-34 devstack@placement-api.service[105388]: DEBUG placement.requestlog [req-8fff17a1-37c3-4a73-bb66-ed75a89dedfe req-8f92970c-b9b9-4e7f-bdb8-10ec51648a29 None None] Starting request: 10.222.0.21 "PUT /placement/allocations/0dac60d9-dd4b-48ae-b4c0-3664ce791fe5" {{(pid=105388) __call__ /opt/stack/placement/placement/requestlog.py:55}}
Feb 09 21:27:07.695832 n-d-715271-34 devstack@placement-api.service[105388]: DEBUG placement.handlers.allocation [req-8fff17a1-37c3-4a73-bb66-ed75a89dedfe req-8f92970c-b9b9-4e7f-bdb8-10ec51648a29 service placement] Successfully wrote allocations [, ] {{(pid=105388) _update_consumers_and_create_allocations /opt/stack/placement/placement/handlers/allocation.py:462}}
Feb 09 21:27:07.767872 n-d-715271-34 devstack@placement-api.service[105388]: INFO placement.requestlog [req-8fff17a1-37c3-4a73-bb66-ed75a89dedfe req-8f92970c-b9b9-4e7f-bdb8-10ec51648a29 service placement] 10.222.0.21 "PUT /placement/allocations/0dac60d9-dd4b-48ae-b4c0-3664ce791fe5" status: 204 len: 0 microversion: 1.36
Feb 09 21:27:07.768614 n-d-715271-34 devstack@placement-api.service[105388]: [pid: 105388|app: 0|req: 534/1080] 10.222.0.21 () {64 vars in 1433 bytes} [Wed Feb 9 21:27:07 2022] PUT /placement/allocations/0dac60d9-dd4b-48ae-b4c0-3664ce791fe5 => generated 0 bytes in 187 msecs (HTTP/1.1 204) 5 headers in 199 bytes (2 switches on core 0)
Feb 09 21:27:08.636963 n-d-715271-34 devstack@placement-api.service[105389]: DEBUG placement.requestlog [req-8fff17a1-37c3-4a73-bb66-ed75a89dedfe req-12c03f9e-ec40-4d00-8210-c04557156b2a None None] Starting request: 10.222.0.97 "GET /placement/allocations/0dac60d9-dd4b-48ae-b4c0-3664ce791fe5" {{(pid=105389) __call__ /opt/stack/placement/placement/requestlog.py:55}}
Feb 09 21:27:08.652791 n-d-715271-34 devstack@placement-api.service[105389]: INFO placement.requestlog [req-8fff17a1-37c3-4a73-bb66-ed75a89dedfe req-12c03f9e-ec40-4d00-8210-c04557156b2a service placement] 10.222.0.97 "GET /placement/allocations/0dac60d9-dd4b-48ae-b4c0-3664ce791fe5" status: 200 len: 245 microversion: 1.28
Feb 09 21:27:08.653177 n-d-715271-34 devstack@placement-api.service[105389]: [pid: 105389|app: 0|req: 547/1081] 10.222.0.97 () {60 vars in 1377 bytes} [Wed Feb 9 21:27:08 2022] GET /placement/allocations/0dac60d9-dd4b-48ae-b4c0-3664ce791fe5 => generated 245 bytes in 17 msecs (HTTP/1.1 200) 8 headers in 296 bytes (1 switches on core 0)
Feb 09 21:27:15.812109 n-d-715271-34 devstack@placement-api.service[105388]: DEBUG placement.requestlog [req-749f57fd-23fd-443f-b5a1-9998a1cb43fb req-1abb8ec5-b9a4-429f-b842-c226c8f75440 None None] Starting request: 10.222.0.21 "GET /placement/allocation_candidates?resources=DISK_GB%3A1%2CMEMORY_MB%3A1024%2CVCPU%3A1&root_required=%21COMPUTE_STATUS_DISABLED" {{(pid=105388) __call__ /opt/stack/placement/placement/requestlog.py:55}}
Feb 09 21:27:15.863655 n-d-715271-34 devstack@placement-api.service[105388]: DEBUG placement.objects.research_context [req-749f57fd-23fd-443f-b5a1-9998a1cb43fb req-1abb8ec5-b9a4-429f-b842-c226c8f75440 service placement] getting providers with 1 DISK_GB {{(pid=105388) __init__ /opt/stack/placement/placement/objects/research_context.py:126}}
Feb 09 21:27:15.871328 n-d-715271-34 devstack@placement-api.service[105388]: DEBUG placement.objects.research_context [req-749f57fd-23fd-443f-b5a1-9998a1cb43fb req-1abb8ec5-b9a4-429f-b842-c226c8f75440 service placement] getting providers with 1024 MEMORY_MB {{(pid=105388) __init__ /opt/stack/placement/placement/objects/research_context.py:126}}
Feb 09 21:27:15.878336 n-d-715271-34 devstack@placement-api.service[105388]: DEBUG placement.objects.research_context [req-749f57fd-23fd-443f-b5a1-9998a1cb43fb req-1abb8ec5-b9a4-429f-b842-c226c8f75440 service placement] getting providers with 1 VCPU {{(pid=105388) __init__ /opt/stack/placement/placement/objects/research_context.py:126}}
Feb 09 21:27:15.885217 n-d-715271-34 devstack@placement-api.service[105388]: DEBUG placement.objects.research_context [req-749f57fd-23fd-443f-b5a1-9998a1cb43fb req-1abb8ec5-b9a4-429f-b842-c226c8f75440 service placement] found 2 providers with available 1 DISK_GB {{(pid=105388) get_provider_ids_matching /opt/stack/placement/placement/objects/research_context.py:549}}
Feb 09 21:27:15.885478 n-d-715271-34 devstack@placement-api.service[105388]: DEBUG placement.objects.research_context [req-749f57fd-23fd-443f-b5a1-9998a1cb43fb req-1abb8ec5-b9a4-429f-b842-c226c8f75440 service placement] found 2 providers with available 1024 MEMORY_MB {{(pid=105388) get_provider_ids_matching /opt/stack/placement/placement/objects/research_context.py:549}}
Feb 09 21:27:15.885748 n-d-715271-34 devstack@placement-api.service[105388]: DEBUG placement.objects.research_context [req-749f57fd-23fd-443f-b5a1-9998a1cb43fb req-1abb8ec5-b9a4-429f-b842-c226c8f75440 service placement] found 2 providers after filtering by previous result {{(pid=105388) get_provider_ids_matching /opt/stack/placement/placement/objects/research_context.py:580}}
Feb 09 21:27:15.886046 n-d-715271-34 devstack@placement-api.service[105388]: DEBUG placement.objects.research_context [req-749f57fd-23fd-443f-b5a1-9998a1cb43fb req-1abb8ec5-b9a4-429f-b842-c226c8f75440 service placement] found 2 providers with available 1 VCPU {{(pid=105388) get_provider_ids_matching /opt/stack/placement/placement/objects/research_context.py:549}}
Feb 09 21:27:15.886304 n-d-715271-34 devstack@placement-api.service[105388]: DEBUG placement.objects.research_context [req-749f57fd-23fd-443f-b5a1-9998a1cb43fb req-1abb8ec5-b9a4-429f-b842-c226c8f75440 service placement] found 2 providers after filtering by previous result {{(pid=105388) get_provider_ids_matching /opt/stack/placement/placement/objects/research_context.py:580}}
Feb 09 21:27:15.899389 n-d-715271-34 devstack@placement-api.service[105388]: DEBUG placement.objects.allocation_candidate [req-749f57fd-23fd-443f-b5a1-9998a1cb43fb req-1abb8ec5-b9a4-429f-b842-c226c8f75440 service placement] RequestGroup(use_same_provider=False, resources={DISK_GB:1, MEMORY_MB:1024, VCPU:1}, traits=[], aggregates=[]) (suffix '') returned 2 matches {{(pid=105388) _get_by_requests /opt/stack/placement/placement/objects/allocation_candidate.py:145}}
Feb 09 21:27:15.899836 n-d-715271-34 devstack@placement-api.service[105388]: DEBUG placement.objects.allocation_candidate [req-749f57fd-23fd-443f-b5a1-9998a1cb43fb req-1abb8ec5-b9a4-429f-b842-c226c8f75440 service placement] Merging candidates yields 2 allocation requests and 2 provider summaries {{(pid=105388) _merge_candidates /opt/stack/placement/placement/objects/allocation_candidate.py:783}}
Feb 09 21:27:15.902032 n-d-715271-34 devstack@placement-api.service[105388]: INFO placement.requestlog [req-749f57fd-23fd-443f-b5a1-9998a1cb43fb req-1abb8ec5-b9a4-429f-b842-c226c8f75440 service placement] 10.222.0.21 "GET /placement/allocation_candidates?resources=DISK_GB%3A1%2CMEMORY_MB%3A1024%2CVCPU%3A1&root_required=%21COMPUTE_STATUS_DISABLED" status: 200 len: 1309 microversion: 1.36
Feb 09 21:27:15.903004 n-d-715271-34 devstack@placement-api.service[105388]: [pid: 105388|app: 0|req: 535/1082] 10.222.0.21 () {60 vars in 1484 bytes} [Wed Feb 9 21:27:15 2022] GET /placement/allocation_candidates?resources=DISK_GB%3A1%2CMEMORY_MB%3A1024%2CVCPU%3A1&root_required=%21COMPUTE_STATUS_DISABLED => generated 1309 bytes in 92 msecs (HTTP/1.1 200) 8 headers in 297 bytes (1 switches on core 0)
Feb 09 21:27:15.951294 n-d-715271-34 devstack@placement-api.service[105389]: DEBUG placement.requestlog [req-749f57fd-23fd-443f-b5a1-9998a1cb43fb req-68f194a4-19be-4653-93f7-0e30ec04bb46 None None] Starting request: 10.222.0.21 "GET /placement/allocations/c56a4a8c-f2eb-41e4-ba85-952cff4861ec" {{(pid=105389) __call__ /opt/stack/placement/placement/requestlog.py:55}}
Feb 09 21:27:15.962120 n-d-715271-34 devstack@placement-api.service[105389]: INFO placement.requestlog [req-749f57fd-23fd-443f-b5a1-9998a1cb43fb req-68f194a4-19be-4653-93f7-0e30ec04bb46 service placement] 10.222.0.21 "GET /placement/allocations/c56a4a8c-f2eb-41e4-ba85-952cff4861ec" status: 200 len: 19 microversion: 1.28
Feb 09 21:27:15.962697 n-d-715271-34 devstack@placement-api.service[105389]: [pid: 105389|app: 0|req: 548/1083] 10.222.0.21 () {60 vars in 1380 bytes} [Wed Feb 9 21:27:15 2022] GET /placement/allocations/c56a4a8c-f2eb-41e4-ba85-952cff4861ec => generated 19 bytes in 13 msecs (HTTP/1.1 200) 8 headers in 295 bytes (1 switches on core 0)
Feb 09 21:27:15.974796 n-d-715271-34 devstack@placement-api.service[105388]: DEBUG placement.requestlog [req-749f57fd-23fd-443f-b5a1-9998a1cb43fb req-8df27d83-3133-48de-b91c-0a0742b1e3ad None None] Starting request: 10.222.0.21 "PUT /placement/allocations/c56a4a8c-f2eb-41e4-ba85-952cff4861ec" {{(pid=105388) __call__ /opt/stack/placement/placement/requestlog.py:55}}
Feb 09 21:27:16.282523 n-d-715271-34 devstack@placement-api.service[105388]: DEBUG placement.handlers.allocation [req-749f57fd-23fd-443f-b5a1-9998a1cb43fb req-8df27d83-3133-48de-b91c-0a0742b1e3ad service placement] Successfully wrote allocations [, , ] {{(pid=105388) _update_consumers_and_create_allocations /opt/stack/placement/placement/handlers/allocation.py:462}}
Feb 09 21:27:16.384250 n-d-715271-34 devstack@placement-api.service[105388]: INFO placement.requestlog [req-749f57fd-23fd-443f-b5a1-9998a1cb43fb req-8df27d83-3133-48de-b91c-0a0742b1e3ad service placement] 10.222.0.21 "PUT /placement/allocations/c56a4a8c-f2eb-41e4-ba85-952cff4861ec" status: 204 len: 0 microversion: 1.36
Feb 09 21:27:16.387176 n-d-715271-34 devstack@placement-api.service[105388]: [pid: 105388|app: 0|req: 536/1084] 10.222.0.21 () {64 vars in 1433 bytes} [Wed Feb 9 21:27:15 2022] PUT /placement/allocations/c56a4a8c-f2eb-41e4-ba85-952cff4861ec => generated 0 bytes in 414 msecs (HTTP/1.1 204) 5 headers in 199 bytes (2 switches on core 0)
Feb 09 21:27:17.286077 n-d-715271-34 devstack@placement-api.service[105389]: DEBUG placement.requestlog [req-749f57fd-23fd-443f-b5a1-9998a1cb43fb req-d34babd3-15e1-45e6-9509-2855fac9219d None None] Starting request: 10.222.0.100 "GET /placement/allocations/c56a4a8c-f2eb-41e4-ba85-952cff4861ec" {{(pid=105389) __call__ /opt/stack/placement/placement/requestlog.py:55}}
Feb 09 21:27:17.302512 n-d-715271-34 devstack@placement-api.service[105389]: INFO placement.requestlog [req-749f57fd-23fd-443f-b5a1-9998a1cb43fb req-d34babd3-15e1-45e6-9509-2855fac9219d service placement] 10.222.0.100 "GET /placement/allocations/c56a4a8c-f2eb-41e4-ba85-952cff4861ec" status: 200 len: 260 microversion: 1.28
Feb 09 21:27:17.303046 n-d-715271-34 devstack@placement-api.service[105389]: [pid: 105389|app: 0|req: 549/1085] 10.222.0.100 () {60 vars in 1378 bytes} [Wed Feb 9 21:27:17 2022] GET /placement/allocations/c56a4a8c-f2eb-41e4-ba85-952cff4861ec => generated 260 bytes in 17 msecs (HTTP/1.1 200) 8 headers in 296 bytes (2 switches on core 0)
Feb 09 21:27:19.343336 n-d-715271-34 devstack@placement-api.service[105388]: DEBUG placement.requestlog [req-8d4deaae-75d4-4ca8-8489-870af0613d6d req-caf0b2d0-a312-4af4-8b69-f9db56b8cc0f None None] Starting request: 10.222.0.100 "GET /placement/resource_providers/637c4da0-09e2-42dc-a860-f923d9021af6/allocations" {{(pid=105388) __call__ /opt/stack/placement/placement/requestlog.py:55}}
Feb 09 21:27:19.375481 n-d-715271-34 devstack@placement-api.service[105388]: INFO placement.requestlog [req-8d4deaae-75d4-4ca8-8489-870af0613d6d req-caf0b2d0-a312-4af4-8b69-f9db56b8cc0f service placement] 10.222.0.100 "GET /placement/resource_providers/637c4da0-09e2-42dc-a860-f923d9021af6/allocations" status: 200 len: 357 microversion: 1.0
Feb 09 21:27:19.376395 n-d-715271-34 devstack@placement-api.service[105388]: [pid: 105388|app: 0|req: 537/1086] 10.222.0.100 () {58 vars in 1391 bytes} [Wed Feb 9 21:27:19 2022] GET /placement/resource_providers/637c4da0-09e2-42dc-a860-f923d9021af6/allocations => generated 357 bytes in 33 msecs (HTTP/1.1 200) 6 headers in 224 bytes (1 switches on core 0)
Feb 09 21:27:20.111987 n-d-715271-34 devstack@placement-api.service[105389]: DEBUG placement.requestlog [req-7d7b7fbe-201a-4766-baef-e7ef6581f96a req-45e609f2-86b3-408c-bdb9-b247c9b872fd None None] Starting request: 10.222.0.97 "GET /placement/resource_providers/71632200-584d-43e3-9773-25c9c5aee982/allocations" {{(pid=105389) __call__ /opt/stack/placement/placement/requestlog.py:55}}
Feb 09 21:27:20.150367 n-d-715271-34 devstack@placement-api.service[105389]: INFO placement.requestlog [req-7d7b7fbe-201a-4766-baef-e7ef6581f96a req-45e609f2-86b3-408c-bdb9-b247c9b872fd service placement] 10.222.0.97 "GET /placement/resource_providers/71632200-584d-43e3-9773-25c9c5aee982/allocations" status: 200 len: 241 microversion: 1.0
Feb 09 21:27:20.151350 n-d-715271-34 devstack@placement-api.service[105389]: [pid: 105389|app: 0|req: 550/1087] 10.222.0.97 () {58 vars in 1390 bytes} [Wed Feb 9 21:27:20 2022] GET /placement/resource_providers/71632200-584d-43e3-9773-25c9c5aee982/allocations => generated 241 bytes in 40 msecs (HTTP/1.1 200) 6 headers in 224 bytes (1 switches on core 0)
Feb 09 21:27:31.633750 n-d-715271-34 devstack@placement-api.service[105388]: DEBUG placement.requestlog [req-baad7bc4-0c45-41ad-be36-6772f1d23ee9 req-a2d6ce27-7dc0-4fad-92c4-cd98fdb3e119 None None] Starting request: 10.222.0.100 "DELETE /placement/allocations/c56a4a8c-f2eb-41e4-ba85-952cff4861ec" {{(pid=105388) __call__ /opt/stack/placement/placement/requestlog.py:55}}
Feb 09 21:27:31.772275 n-d-715271-34 devstack@placement-api.service[105388]: DEBUG placement.handlers.allocation [req-baad7bc4-0c45-41ad-be36-6772f1d23ee9 req-a2d6ce27-7dc0-4fad-92c4-cd98fdb3e119 service placement] Successfully deleted allocations [, , ] {{(pid=105388) delete_allocations /opt/stack/placement/placement/handlers/allocation.py:627}}
Feb 09 21:27:31.772894 n-d-715271-34 devstack@placement-api.service[105388]: INFO placement.requestlog [req-baad7bc4-0c45-41ad-be36-6772f1d23ee9 req-a2d6ce27-7dc0-4fad-92c4-cd98fdb3e119 service placement] 10.222.0.100 "DELETE /placement/allocations/c56a4a8c-f2eb-41e4-ba85-952cff4861ec" status: 204 len: 0 microversion: 1.0
Feb 09 21:27:31.773289 n-d-715271-34 devstack@placement-api.service[105388]: [pid: 105388|app: 0|req: 538/1088] 10.222.0.100 () {60 vars in 1356 bytes} [Wed Feb 9 21:27:31 2022] DELETE /placement/allocations/c56a4a8c-f2eb-41e4-ba85-952cff4861ec => generated 0 bytes in 140 msecs (HTTP/1.1 204) 5 headers in 198 bytes (1 switches on core 0)
Feb 09 21:27:41.693427 n-d-715271-34 devstack@placement-api.service[105389]: DEBUG placement.requestlog [req-ea9b8ec1-77a1-4579-9642-e2f0ba08d3ff req-da8590e7-8c18-4286-aeac-be88de16c6f0 None None] Starting request: 10.222.0.97 "DELETE /placement/allocations/09f96cf9-1434-4324-84a6-1f173174f8e0" {{(pid=105389) __call__ /opt/stack/placement/placement/requestlog.py:55}}
Feb 09 21:27:41.846108 n-d-715271-34 devstack@placement-api.service[105389]: DEBUG placement.handlers.allocation [req-ea9b8ec1-77a1-4579-9642-e2f0ba08d3ff req-da8590e7-8c18-4286-aeac-be88de16c6f0 service placement] Successfully deleted allocations [, , ] {{(pid=105389) delete_allocations /opt/stack/placement/placement/handlers/allocation.py:627}}
Feb 09 21:27:41.846631 n-d-715271-34 devstack@placement-api.service[105389]: INFO placement.requestlog [req-ea9b8ec1-77a1-4579-9642-e2f0ba08d3ff req-da8590e7-8c18-4286-aeac-be88de16c6f0 service placement] 10.222.0.97 "DELETE /placement/allocations/09f96cf9-1434-4324-84a6-1f173174f8e0" status: 204 len: 0 microversion: 1.0
Feb 09 21:27:41.847013 n-d-715271-34 devstack@placement-api.service[105389]: [pid: 105389|app: 0|req: 551/1089] 10.222.0.97 () {60 vars in 1355 bytes} [Wed Feb 9 21:27:41 2022] DELETE /placement/allocations/09f96cf9-1434-4324-84a6-1f173174f8e0 => generated 0 bytes in 154 msecs (HTTP/1.1 204) 5 headers in 198 bytes (2 switches on core 0)
Feb 09 21:28:20.318769 n-d-715271-34 devstack@placement-api.service[105388]: DEBUG placement.requestlog [req-572d8cd7-abb6-4278-be03-94003dd7f2a9 req-cd8b991c-9fcc-4902-84dd-1377c58a2461 None None] Starting request: 10.222.0.100 "GET /placement/resource_providers/637c4da0-09e2-42dc-a860-f923d9021af6/allocations" {{(pid=105388) __call__ /opt/stack/placement/placement/requestlog.py:55}}
Feb 09 21:28:20.341057 n-d-715271-34 devstack@placement-api.service[105388]: INFO placement.requestlog [req-572d8cd7-abb6-4278-be03-94003dd7f2a9 req-cd8b991c-9fcc-4902-84dd-1377c58a2461 service placement] 10.222.0.100 "GET /placement/resource_providers/637c4da0-09e2-42dc-a860-f923d9021af6/allocations" status: 200 len: 256 microversion: 1.0
Feb 09 21:28:20.341702 n-d-715271-34 devstack@placement-api.service[105388]: [pid: 105388|app: 0|req: 539/1090] 10.222.0.100 () {58 vars in 1391 bytes} [Wed Feb 9 21:28:20 2022] GET /placement/resource_providers/637c4da0-09e2-42dc-a860-f923d9021af6/allocations => generated 256 bytes in 23 msecs (HTTP/1.1 200) 6 headers in 224 bytes (2 switches on core 0)
Feb 09 21:28:21.082433 n-d-715271-34 devstack@placement-api.service[105389]: DEBUG placement.requestlog [req-476d3b09-39fd-4616-8b6a-b6f5812abb1e req-7000e794-b969-4827-82e8-82339515724a None None] Starting request: 10.222.0.97 "GET /placement/resource_providers/71632200-584d-43e3-9773-25c9c5aee982/allocations" {{(pid=105389) __call__ /opt/stack/placement/placement/requestlog.py:55}}
Feb 09 21:28:21.102122 n-d-715271-34 devstack@placement-api.service[105389]: INFO placement.requestlog [req-476d3b09-39fd-4616-8b6a-b6f5812abb1e req-7000e794-b969-4827-82e8-82339515724a service placement] 10.222.0.97 "GET /placement/resource_providers/71632200-584d-43e3-9773-25c9c5aee982/allocations" status: 200 len: 140 microversion: 1.0
Feb 09 21:28:21.102490 n-d-715271-34 devstack@placement-api.service[105389]: [pid: 105389|app: 0|req: 552/1091] 10.222.0.97 () {58 vars in 1390 bytes} [Wed Feb 9 21:28:21 2022] GET /placement/resource_providers/71632200-584d-43e3-9773-25c9c5aee982/allocations => generated 140 bytes in 20 msecs (HTTP/1.1 200) 6 headers in 224 bytes (1 switches on core 0)
Feb 09 21:29:00.341364 n-d-715271-34 devstack@placement-api.service[105388]: DEBUG placement.requestlog [req-4a9798c7-7f4b-4ef2-be01-e25351811c7b req-658eae8c-64a4-4173-a8c3-3fdb07b2b34a None None] Starting request: 10.222.0.100 "DELETE /placement/allocations/0a58ee7c-a453-4b72-bb06-cfff75788505" {{(pid=105388) __call__ /opt/stack/placement/placement/requestlog.py:55}}
Feb 09 21:29:00.508135 n-d-715271-34 devstack@placement-api.service[105388]: DEBUG placement.handlers.allocation [req-4a9798c7-7f4b-4ef2-be01-e25351811c7b req-658eae8c-64a4-4173-a8c3-3fdb07b2b34a service placement] Successfully deleted allocations [, , ] {{(pid=105388) delete_allocations /opt/stack/placement/placement/handlers/allocation.py:627}}
Feb 09 21:29:00.509702 n-d-715271-34 devstack@placement-api.service[105388]: INFO placement.requestlog [req-4a9798c7-7f4b-4ef2-be01-e25351811c7b req-658eae8c-64a4-4173-a8c3-3fdb07b2b34a service placement] 10.222.0.100 "DELETE /placement/allocations/0a58ee7c-a453-4b72-bb06-cfff75788505" status: 204 len: 0 microversion: 1.0
Feb 09 21:29:00.510514 n-d-715271-34 devstack@placement-api.service[105388]: [pid: 105388|app: 0|req: 540/1092] 10.222.0.100 () {60 vars in 1356 bytes} [Wed Feb 9 21:29:00 2022] DELETE /placement/allocations/0a58ee7c-a453-4b72-bb06-cfff75788505 => generated 0 bytes in 169 msecs (HTTP/1.1 204) 5 headers in 198 bytes (1 switches on core 0)
Feb 09 21:29:06.192489 n-d-715271-34 devstack@placement-api.service[105389]: DEBUG placement.requestlog [req-7d323296-f77b-42f6-a72a-2228b14b271d req-879c6cd3-b7e0-4c37-a534-4da75b228082 None None] Starting request: 10.222.0.21 "GET /placement/allocation_candidates?limit=1000&resources=DISK_GB%3A1%2CMEMORY_MB%3A1024%2CVCPU%3A1&root_required=%21COMPUTE_STATUS_DISABLED" {{(pid=105389) __call__ /opt/stack/placement/placement/requestlog.py:55}}
Feb 09 21:29:06.365046 n-d-715271-34 devstack@placement-api.service[105389]: DEBUG placement.objects.research_context [req-7d323296-f77b-42f6-a72a-2228b14b271d req-879c6cd3-b7e0-4c37-a534-4da75b228082 service placement] getting providers with 1 DISK_GB {{(pid=105389) __init__ /opt/stack/placement/placement/objects/research_context.py:126}}
Feb 09 21:29:06.370347 n-d-715271-34 devstack@placement-api.service[105389]: DEBUG placement.objects.research_context [req-7d323296-f77b-42f6-a72a-2228b14b271d req-879c6cd3-b7e0-4c37-a534-4da75b228082 service placement] getting providers with 1024 MEMORY_MB {{(pid=105389) __init__ /opt/stack/placement/placement/objects/research_context.py:126}}
Feb 09 21:29:06.375672 n-d-715271-34 devstack@placement-api.service[105389]: DEBUG placement.objects.research_context [req-7d323296-f77b-42f6-a72a-2228b14b271d req-879c6cd3-b7e0-4c37-a534-4da75b228082 service placement] getting providers with 1 VCPU {{(pid=105389) __init__ /opt/stack/placement/placement/objects/research_context.py:126}}
Feb 09 21:29:06.383604 n-d-715271-34 devstack@placement-api.service[105389]: DEBUG placement.objects.research_context [req-7d323296-f77b-42f6-a72a-2228b14b271d req-879c6cd3-b7e0-4c37-a534-4da75b228082 service placement] found 2 providers with available 1 DISK_GB {{(pid=105389) get_provider_ids_matching /opt/stack/placement/placement/objects/research_context.py:549}}
Feb 09 21:29:06.383881 n-d-715271-34 devstack@placement-api.service[105389]: DEBUG placement.objects.research_context [req-7d323296-f77b-42f6-a72a-2228b14b271d req-879c6cd3-b7e0-4c37-a534-4da75b228082 service placement] found 2 providers with available 1024 MEMORY_MB {{(pid=105389) get_provider_ids_matching /opt/stack/placement/placement/objects/research_context.py:549}}
Feb 09 21:29:06.384152 n-d-715271-34 devstack@placement-api.service[105389]: DEBUG placement.objects.research_context [req-7d323296-f77b-42f6-a72a-2228b14b271d req-879c6cd3-b7e0-4c37-a534-4da75b228082 service placement] found 2 providers after filtering by previous result {{(pid=105389) get_provider_ids_matching /opt/stack/placement/placement/objects/research_context.py:580}}
Feb 09 21:29:06.384406 n-d-715271-34 devstack@placement-api.service[105389]: DEBUG placement.objects.research_context [req-7d323296-f77b-42f6-a72a-2228b14b271d req-879c6cd3-b7e0-4c37-a534-4da75b228082 service placement] found 2 providers with available 1 VCPU {{(pid=105389) get_provider_ids_matching /opt/stack/placement/placement/objects/research_context.py:549}}
Feb 09 21:29:06.384668 n-d-715271-34 devstack@placement-api.service[105389]: DEBUG placement.objects.research_context [req-7d323296-f77b-42f6-a72a-2228b14b271d req-879c6cd3-b7e0-4c37-a534-4da75b228082 service placement] found 2 providers after filtering by previous result {{(pid=105389) get_provider_ids_matching /opt/stack/placement/placement/objects/research_context.py:580}}
Feb 09 21:29:06.395748 n-d-715271-34 devstack@placement-api.service[105389]: DEBUG placement.objects.allocation_candidate [req-7d323296-f77b-42f6-a72a-2228b14b271d req-879c6cd3-b7e0-4c37-a534-4da75b228082 service placement] RequestGroup(use_same_provider=False, resources={DISK_GB:1, MEMORY_MB:1024, VCPU:1}, traits=[], aggregates=[]) (suffix '') returned 2 matches {{(pid=105389) _get_by_requests /opt/stack/placement/placement/objects/allocation_candidate.py:145}}
Feb 09 21:29:06.396116 n-d-715271-34 devstack@placement-api.service[105389]: DEBUG placement.objects.allocation_candidate [req-7d323296-f77b-42f6-a72a-2228b14b271d req-879c6cd3-b7e0-4c37-a534-4da75b228082 service placement] Merging candidates yields 2 allocation requests and 2 provider summaries {{(pid=105389) _merge_candidates /opt/stack/placement/placement/objects/allocation_candidate.py:783}}
Feb 09 21:29:06.397678 n-d-715271-34 devstack@placement-api.service[105389]: INFO placement.requestlog [req-7d323296-f77b-42f6-a72a-2228b14b271d req-879c6cd3-b7e0-4c37-a534-4da75b228082 service placement] 10.222.0.21 "GET /placement/allocation_candidates?limit=1000&resources=DISK_GB%3A1%2CMEMORY_MB%3A1024%2CVCPU%3A1&root_required=%21COMPUTE_STATUS_DISABLED" status: 200 len: 1309 microversion: 1.36
Feb 09 21:29:06.398074 n-d-715271-34 devstack@placement-api.service[105389]: [pid: 105389|app: 0|req: 553/1093] 10.222.0.21 () {60 vars in 1506 bytes} [Wed Feb 9 21:29:06 2022] GET /placement/allocation_candidates?limit=1000&resources=DISK_GB%3A1%2CMEMORY_MB%3A1024%2CVCPU%3A1&root_required=%21COMPUTE_STATUS_DISABLED => generated 1309 bytes in 207 msecs (HTTP/1.1 200) 8 headers in 297 bytes (1 switches on core 0)
Feb 09 21:29:06.443783 n-d-715271-34 devstack@placement-api.service[105388]: DEBUG placement.requestlog [req-7d323296-f77b-42f6-a72a-2228b14b271d req-93127df7-58ac-4cf4-b854-c02c38a51c0d None None] Starting request: 10.222.0.21 "GET /placement/allocations/ac97f230-4001-411e-b312-59d64ad5ec69" {{(pid=105388) __call__ /opt/stack/placement/placement/requestlog.py:55}}
Feb 09 21:29:06.454197 n-d-715271-34 devstack@placement-api.service[105388]: INFO placement.requestlog [req-7d323296-f77b-42f6-a72a-2228b14b271d req-93127df7-58ac-4cf4-b854-c02c38a51c0d service placement] 10.222.0.21 "GET /placement/allocations/ac97f230-4001-411e-b312-59d64ad5ec69" status: 200 len: 19 microversion: 1.28
Feb 09 21:29:06.454623 n-d-715271-34 devstack@placement-api.service[105388]: [pid: 105388|app: 0|req: 541/1094] 10.222.0.21 () {60 vars in 1380 bytes} [Wed Feb 9 21:29:06 2022] GET /placement/allocations/ac97f230-4001-411e-b312-59d64ad5ec69 => generated 19 bytes in 11 msecs (HTTP/1.1 200) 8 headers in 295 bytes (1 switches on core 0)
Feb 09 21:29:06.461603 n-d-715271-34 devstack@placement-api.service[105389]: DEBUG placement.requestlog [req-7d323296-f77b-42f6-a72a-2228b14b271d req-c86ea9d9-ed00-4856-9d7c-55b04786a774 None None] Starting request: 10.222.0.21 "PUT /placement/allocations/ac97f230-4001-411e-b312-59d64ad5ec69" {{(pid=105389) __call__ /opt/stack/placement/placement/requestlog.py:55}}
Feb 09 21:29:06.571838 n-d-715271-34 devstack@placement-api.service[105389]: DEBUG placement.handlers.allocation [req-7d323296-f77b-42f6-a72a-2228b14b271d req-c86ea9d9-ed00-4856-9d7c-55b04786a774 service placement] Successfully wrote allocations [, , ] {{(pid=105389) _update_consumers_and_create_allocations /opt/stack/placement/placement/handlers/allocation.py:462}}
Feb 09 21:29:06.634043 n-d-715271-34 devstack@placement-api.service[105389]: INFO placement.requestlog [req-7d323296-f77b-42f6-a72a-2228b14b271d req-c86ea9d9-ed00-4856-9d7c-55b04786a774 service placement] 10.222.0.21 "PUT /placement/allocations/ac97f230-4001-411e-b312-59d64ad5ec69" status: 204 len: 0 microversion: 1.36
Feb 09 21:29:06.634538 n-d-715271-34 devstack@placement-api.service[105389]: [pid: 105389|app: 0|req: 554/1095] 10.222.0.21 () {64 vars in 1433 bytes} [Wed Feb 9 21:29:06 2022] PUT /placement/allocations/ac97f230-4001-411e-b312-59d64ad5ec69 => generated 0 bytes in 173 msecs (HTTP/1.1 204) 5 headers in 199 bytes (2 switches on core 0)
Feb 09 21:29:07.622601 n-d-715271-34 devstack@placement-api.service[105388]: DEBUG placement.requestlog [req-7d323296-f77b-42f6-a72a-2228b14b271d req-d769a69b-e055-43a3-8d33-194fc06ae5f2 None None] Starting request: 10.222.0.97 "GET /placement/allocations/ac97f230-4001-411e-b312-59d64ad5ec69" {{(pid=105388) __call__ /opt/stack/placement/placement/requestlog.py:55}}
Feb 09 21:29:07.640442 n-d-715271-34 devstack@placement-api.service[105388]: INFO placement.requestlog [req-7d323296-f77b-42f6-a72a-2228b14b271d req-d769a69b-e055-43a3-8d33-194fc06ae5f2 service placement] 10.222.0.97 "GET /placement/allocations/ac97f230-4001-411e-b312-59d64ad5ec69" status: 200 len: 259 microversion: 1.28
Feb 09 21:29:07.641166 n-d-715271-34 devstack@placement-api.service[105388]: [pid: 105388|app: 0|req: 542/1096] 10.222.0.97 () {60 vars in 1377 bytes} [Wed Feb 9 21:29:07 2022] GET /placement/allocations/ac97f230-4001-411e-b312-59d64ad5ec69 => generated 259 bytes in 19 msecs (HTTP/1.1 200) 8 headers in 296 bytes (2 switches on core 0)
Feb 09 21:29:21.331794 n-d-715271-34 devstack@placement-api.service[105389]: DEBUG placement.requestlog [req-34c77e5b-1865-4f98-918a-b7a9b4c6d0ae req-e6d67eaf-1923-440d-ad62-f4be6271436a None None] Starting request: 10.222.0.100 "GET /placement/resource_providers/637c4da0-09e2-42dc-a860-f923d9021af6/allocations" {{(pid=105389) __call__ /opt/stack/placement/placement/requestlog.py:55}}
Feb 09 21:29:21.423386 n-d-715271-34 devstack@placement-api.service[105389]: INFO placement.requestlog [req-34c77e5b-1865-4f98-918a-b7a9b4c6d0ae req-e6d67eaf-1923-440d-ad62-f4be6271436a service placement] 10.222.0.100 "GET /placement/resource_providers/637c4da0-09e2-42dc-a860-f923d9021af6/allocations" status: 200 len: 155 microversion: 1.0
Feb 09 21:29:21.424133 n-d-715271-34 devstack@placement-api.service[105389]: [pid: 105389|app: 0|req: 555/1097] 10.222.0.100 () {58 vars in 1391 bytes} [Wed Feb 9 21:29:21 2022] GET /placement/resource_providers/637c4da0-09e2-42dc-a860-f923d9021af6/allocations => generated 155 bytes in 93 msecs (HTTP/1.1 200) 6 headers in 224 bytes (2 switches on core 0)
Feb 09 21:29:21.545083 n-d-715271-34 devstack@placement-api.service[105388]: DEBUG placement.requestlog [req-34c77e5b-1865-4f98-918a-b7a9b4c6d0ae req-cb52b3d2-10cb-47ab-a8a5-b5d57655f2af None None] Starting request: 10.222.0.100 "GET /placement/resource_providers?in_tree=637c4da0-09e2-42dc-a860-f923d9021af6" {{(pid=105388) __call__ /opt/stack/placement/placement/requestlog.py:55}}
Feb 09 21:29:21.561296 n-d-715271-34 devstack@placement-api.service[105388]: INFO placement.requestlog [req-34c77e5b-1865-4f98-918a-b7a9b4c6d0ae req-cb52b3d2-10cb-47ab-a8a5-b5d57655f2af service placement] 10.222.0.100 "GET /placement/resource_providers?in_tree=637c4da0-09e2-42dc-a860-f923d9021af6" status: 200 len: 865 microversion: 1.14
Feb 09 21:29:21.561655 n-d-715271-34 devstack@placement-api.service[105388]: [pid: 105388|app: 0|req: 543/1098] 10.222.0.100 () {60 vars in 1377 bytes} [Wed Feb 9 21:29:21 2022] GET /placement/resource_providers?in_tree=637c4da0-09e2-42dc-a860-f923d9021af6 => generated 865 bytes in 17 msecs (HTTP/1.1 200) 6 headers in 225 bytes (1 switches on core 0)
Feb 09 21:29:21.569668 n-d-715271-34 devstack@placement-api.service[105389]: DEBUG placement.requestlog [req-34c77e5b-1865-4f98-918a-b7a9b4c6d0ae req-f5c602dc-0eb7-4a68-85dc-b6fe784cc162 None None] Starting request: 10.222.0.100 "GET /placement/resource_providers/637c4da0-09e2-42dc-a860-f923d9021af6/inventories" {{(pid=105389) __call__ /opt/stack/placement/placement/requestlog.py:55}}
Feb 09 21:29:21.586981 n-d-715271-34 devstack@placement-api.service[105389]: INFO placement.requestlog [req-34c77e5b-1865-4f98-918a-b7a9b4c6d0ae req-f5c602dc-0eb7-4a68-85dc-b6fe784cc162 service placement] 10.222.0.100 "GET /placement/resource_providers/637c4da0-09e2-42dc-a860-f923d9021af6/inventories" status: 200 len: 399 microversion: 1.0
Feb 09 21:29:21.587235 n-d-715271-34 devstack@placement-api.service[105389]: [pid: 105389|app: 0|req: 556/1099] 10.222.0.100 () {58 vars in 1391 bytes} [Wed Feb 9 21:29:21 2022] GET /placement/resource_providers/637c4da0-09e2-42dc-a860-f923d9021af6/inventories => generated 399 bytes in 18 msecs (HTTP/1.1 200) 6 headers in 224 bytes (2 switches on core 0)
Feb 09 21:29:21.598391 n-d-715271-34 devstack@placement-api.service[105388]: DEBUG placement.requestlog [req-34c77e5b-1865-4f98-918a-b7a9b4c6d0ae req-5ac4f6fc-cba7-4bf2-931f-b1716059c679 None None] Starting request: 10.222.0.100 "GET /placement/resource_providers/637c4da0-09e2-42dc-a860-f923d9021af6/aggregates" {{(pid=105388) __call__ /opt/stack/placement/placement/requestlog.py:55}}
Feb 09 21:29:21.612108 n-d-715271-34 devstack@placement-api.service[105388]: INFO placement.requestlog [req-34c77e5b-1865-4f98-918a-b7a9b4c6d0ae req-5ac4f6fc-cba7-4bf2-931f-b1716059c679 service placement] 10.222.0.100 "GET /placement/resource_providers/637c4da0-09e2-42dc-a860-f923d9021af6/aggregates" status: 200 len: 55 microversion: 1.19
Feb 09 21:29:21.614083 n-d-715271-34 devstack@placement-api.service[105388]: [pid: 105388|app: 0|req: 544/1100] 10.222.0.100 () {60 vars in 1432 bytes} [Wed Feb 9 21:29:21 2022] GET /placement/resource_providers/637c4da0-09e2-42dc-a860-f923d9021af6/aggregates => generated 55 bytes in 16 msecs (HTTP/1.1 200) 8 headers in 295 bytes (1 switches on core 0)
Feb 09 21:29:21.621097 n-d-715271-34 devstack@placement-api.service[105389]: DEBUG placement.requestlog [req-34c77e5b-1865-4f98-918a-b7a9b4c6d0ae req-35467260-5df9-4329-bfb9-f30334aca755 None None] Starting request: 10.222.0.100 "GET /placement/resource_providers/637c4da0-09e2-42dc-a860-f923d9021af6/traits" {{(pid=105389) __call__ /opt/stack/placement/placement/requestlog.py:55}}
Feb 09 21:29:21.649887 n-d-715271-34 devstack@placement-api.service[105389]: INFO placement.requestlog [req-34c77e5b-1865-4f98-918a-b7a9b4c6d0ae req-35467260-5df9-4329-bfb9-f30334aca755 service placement] 10.222.0.100 "GET /placement/resource_providers/637c4da0-09e2-42dc-a860-f923d9021af6/traits" status: 200 len: 213 microversion: 1.6
Feb 09 21:29:21.650872 n-d-715271-34 devstack@placement-api.service[105389]: [pid: 105389|app: 0|req: 557/1101] 10.222.0.100 () {60 vars in 1419 bytes} [Wed Feb 9 21:29:21 2022] GET /placement/resource_providers/637c4da0-09e2-42dc-a860-f923d9021af6/traits => generated 213 bytes in 30 msecs (HTTP/1.1 200) 6 headers in 224 bytes (1 switches on core 0)
Feb 09 21:29:23.137550 n-d-715271-34 devstack@placement-api.service[105388]: DEBUG placement.requestlog [req-b0bdc394-7bdc-41c4-b256-3e59915419bf req-bbc652e1-fa36-4ff4-a516-3a4a00937b3c None None] Starting request: 10.222.0.97 "GET /placement/resource_providers/71632200-584d-43e3-9773-25c9c5aee982/allocations" {{(pid=105388) __call__ /opt/stack/placement/placement/requestlog.py:55}}
Feb 09 21:29:23.169093 n-d-715271-34 devstack@placement-api.service[105388]: INFO placement.requestlog [req-b0bdc394-7bdc-41c4-b256-3e59915419bf req-bbc652e1-fa36-4ff4-a516-3a4a00937b3c service placement] 10.222.0.97 "GET /placement/resource_providers/71632200-584d-43e3-9773-25c9c5aee982/allocations" status: 200 len: 241 microversion: 1.0
Feb 09 21:29:23.170768 n-d-715271-34 devstack@placement-api.service[105388]: [pid: 105388|app: 0|req: 545/1102] 10.222.0.97 () {58 vars in 1390 bytes} [Wed Feb 9 21:29:23 2022] GET /placement/resource_providers/71632200-584d-43e3-9773-25c9c5aee982/allocations => generated 241 bytes in 33 msecs (HTTP/1.1 200) 6 headers in 224 bytes (1 switches on core 0)
