Aug 31 08:44:26.167836 n-d-715271-13 neutron-server[101389]: DEBUG neutron_lib.callbacks.manager [None req-56c3f50e-5f52-4134-b251-cf716ffa40ac admin admin] Notify callbacks [] for security_group, precommit_create {{(pid=101389) _notify_loop /usr/local/lib/python3.8/dist-packages/neutron_lib/callbacks/manager.py:192}}
Aug 31 08:44:26.181112 n-d-715271-13 neutron-server[101389]: DEBUG neutron_lib.callbacks.manager [None req-56c3f50e-5f52-4134-b251-cf716ffa40ac admin admin] Notify callbacks ['neutron.plugins.ml2.ovo_rpc._ObjectChangeHandler.handle_event-16248517'] for security_group, after_create {{(pid=101389) _notify_loop /usr/local/lib/python3.8/dist-packages/neutron_lib/callbacks/manager.py:192}}
Aug 31 08:44:26.185141 n-d-715271-13 neutron-server[101390]: DEBUG neutron.pecan_wsgi.hooks.policy_enforcement [req-af556cbb-2cb3-4644-9419-a6a94d53e156 req-e52f2696-2467-4c68-826c-ac14c2526b9d tempest-DeleteServersAdminTestJSON-790875113 tempest-DeleteServersAdminTestJSON-790875113-project] Attributes excluded by policy engine: ['standard_attr_id', 'binding:profile', 'binding:host_id', 'binding:vif_type', 'binding:vif_details'] {{(pid=101390) _exclude_attributes_by_policy /opt/stack/neutron/neutron/pecan_wsgi/hooks/policy_enforcement.py:255}}
Aug 31 08:44:26.193036 n-d-715271-13 neutron-server[101390]: INFO neutron.wsgi [req-af556cbb-2cb3-4644-9419-a6a94d53e156 req-e52f2696-2467-4c68-826c-ac14c2526b9d tempest-DeleteServersAdminTestJSON-790875113 tempest-DeleteServersAdminTestJSON-790875113-project] 10.222.0.11 "GET /v2.0/ports?device_id=bba914f3-5af2-4309-a261-364fc40405a7 HTTP/1.1" status: 200 len: 936 time: 0.3213077
Aug 31 08:44:26.228926 n-d-715271-13 neutron-server[101391]: DEBUG neutron.db.provisioning_blocks [None req-81fcd943-ff5b-4913-b3ce-d8588afe8bbd None None] Provisioning for port 38ce3f6c-64d8-4333-b127-95eb230f6c4a completed by entity DHCP. {{(pid=101391) provisioning_complete /opt/stack/neutron/neutron/db/provisioning_blocks.py:133}}
Aug 31 08:44:26.243748 n-d-715271-13 neutron-server[101391]: DEBUG neutron.db.provisioning_blocks [None req-81fcd943-ff5b-4913-b3ce-d8588afe8bbd None None] Provisioning complete for port 38ce3f6c-64d8-4333-b127-95eb230f6c4a triggered by entity DHCP. {{(pid=101391) provisioning_complete /opt/stack/neutron/neutron/db/provisioning_blocks.py:139}}
Aug 31 08:44:26.250826 n-d-715271-13 neutron-server[101389]: DEBUG neutron.api.rpc.handlers.resources_rpc [None req-56c3f50e-5f52-4134-b251-cf716ffa40ac admin admin] Pushing event updated for resources: {'SecurityGroup': ['ID=bef03d60-ee92-4049-bba1-bd4d08be87a9,revision_number=1']} {{(pid=101389) push /opt/stack/neutron/neutron/api/rpc/handlers/resources_rpc.py:237}}
Aug 31 08:44:26.252435 n-d-715271-13 neutron-server[101391]: DEBUG neutron_lib.callbacks.manager [None req-81fcd943-ff5b-4913-b3ce-d8588afe8bbd None None] Notify callbacks ['neutron.plugins.ml2.plugin.Ml2Plugin._port_provisioned-682162'] for port, provisioning_complete {{(pid=101391) _notify_loop /usr/local/lib/python3.8/dist-packages/neutron_lib/callbacks/manager.py:192}}
Aug 31 08:44:26.328023 n-d-715271-13 neutron-server[101389]: INFO neutron.wsgi [None req-56c3f50e-5f52-4134-b251-cf716ffa40ac admin admin] 10.222.0.11 "GET /v2.0/security-groups?tenant_id=8b93affc34d44ea58aabefff6b7df58c&name=default HTTP/1.1" status: 200 len: 2979 time: 0.4257450
Aug 31 08:44:26.330688 n-d-715271-13 neutron-server[101390]: DEBUG neutron.wsgi [-] (101390) accepted ('10.222.0.11', 37430) {{(pid=101390) server /usr/local/lib/python3.8/dist-packages/eventlet/wsgi.py:982}}
Aug 31 08:44:26.372231 n-d-715271-13 neutron-server[101391]: DEBUG neutron.plugins.ml2.plugin [None req-81fcd943-ff5b-4913-b3ce-d8588afe8bbd None None] Port 38ce3f6c-64d8-4333-b127-95eb230f6c4a cannot update to ACTIVE because it is not bound. {{(pid=101391) _port_provisioned /opt/stack/neutron/neutron/plugins/ml2/plugin.py:337}}
Aug 31 08:44:26.381348 n-d-715271-13 neutron-server[101390]: INFO neutron.wsgi [req-af556cbb-2cb3-4644-9419-a6a94d53e156 req-42eb2121-7d47-40e9-b511-1662af564e25 tempest-DeleteServersAdminTestJSON-790875113 tempest-DeleteServersAdminTestJSON-790875113-project] 10.222.0.11 "GET /v2.0/security-groups?id=312e2d93-59dc-4b62-9eb9-c406c8b412f6&fields=id&fields=name HTTP/1.1" status: 200 len: 286 time: 0.1873097
Aug 31 08:44:26.396220 n-d-715271-13 neutron-server[101390]: DEBUG neutron_lib.callbacks.manager [None req-2c94b6da-97b8-4d40-a6f2-5f825f8a5908 admin admin] Notify callbacks ['neutron.plugins.ml2.plugin.SecurityGroupDbMixin._ensure_default_security_group_handler-644709'] for port, before_update {{(pid=101390) _notify_loop /usr/local/lib/python3.8/dist-packages/neutron_lib/callbacks/manager.py:192}}
Aug 31 08:44:26.740550 n-d-715271-13 neutron-server[101390]: DEBUG neutron_lib.callbacks.manager [None req-c81a5b75-d291-4280-8e61-4a0d1d72a179 admin admin] Notify callbacks [] for security_group, before_delete {{(pid=101390) _notify_loop /usr/local/lib/python3.8/dist-packages/neutron_lib/callbacks/manager.py:192}}
Aug 31 08:44:26.976819 n-d-715271-13 neutron-server[101390]: DEBUG neutron_lib.callbacks.manager [None req-2c94b6da-97b8-4d40-a6f2-5f825f8a5908 admin admin] Notify callbacks [] for port, precommit_update {{(pid=101390) _notify_loop /usr/local/lib/python3.8/dist-packages/neutron_lib/callbacks/manager.py:192}}
Aug 31 08:44:26.980393 n-d-715271-13 neutron-server[101390]: DEBUG neutron_lib.callbacks.manager [None req-c81a5b75-d291-4280-8e61-4a0d1d72a179 admin admin] Notify callbacks [] for security_group, precommit_delete {{(pid=101390) _notify_loop /usr/local/lib/python3.8/dist-packages/neutron_lib/callbacks/manager.py:192}}
Aug 31 08:44:27.014455 n-d-715271-13 neutron-server[101390]: DEBUG neutron_lib.callbacks.manager [None req-2c94b6da-97b8-4d40-a6f2-5f825f8a5908 admin admin] Notify callbacks ['neutron.plugins.ml2.plugin.SecurityGroupServerNotifierRpcMixin._notify_sg_on_port_change-644642', 'neutron.plugins.ml2.ovo_rpc._ObjectChangeHandler.handle_event-952621', 'neutron.api.rpc.agentnotifiers.dhcp_rpc_agent_api.DhcpAgentNotifyAPI._native_event_send_dhcp_notification-16225638', 'neutron.db.l3_db.L3RpcNotifierMixin._notify_gateway_port_ip_changed-8786773801939', 'neutron.db.l3_dvrscheduler_db._notify_l3_agent_port_update-8786773234490', 'neutron.db.l3_hascheduler_db._notify_l3_agent_ha_port_update-8786773234508'] for port, after_update {{(pid=101390) _notify_loop /usr/local/lib/python3.8/dist-packages/neutron_lib/callbacks/manager.py:192}}
Aug 31 08:44:27.015277 n-d-715271-13 neutron-server[101390]: DEBUG neutron_lib.callbacks.manager [None req-2c94b6da-97b8-4d40-a6f2-5f825f8a5908 admin admin] Notify callbacks ['neutron.api.rpc.agentnotifiers.dhcp_rpc_agent_api.DhcpAgentNotifyAPI._after_router_interface_created-16225608', 'neutron.services.l3_router.l3_router_plugin.DVRResourceOperationHandler._update_snat_v6_addrs_after_intf_update-16330798'] for router_interface, after_create {{(pid=101390) _notify_loop /usr/local/lib/python3.8/dist-packages/neutron_lib/callbacks/manager.py:192}}
Aug 31 08:44:27.160490 n-d-715271-13 neutron-server[101390]: DEBUG neutron.pecan_wsgi.hooks.policy_enforcement [req-7d286a14-bb0c-4371-a886-c93c51048732 req-0ecd73be-7bad-403b-bc45-c8aeddedb797 tempest-AggregatesAdminTestJSON-1308111446 tempest-AggregatesAdminTestJSON-1308111446-project] Attributes excluded by policy engine: ['standard_attr_id', 'binding:profile', 'binding:host_id', 'binding:vif_type', 'binding:vif_details'] {{(pid=101390) _exclude_attributes_by_policy /opt/stack/neutron/neutron/pecan_wsgi/hooks/policy_enforcement.py:255}}
Aug 31 08:44:27.162402 n-d-715271-13 neutron-server[101390]: INFO neutron.wsgi [req-7d286a14-bb0c-4371-a886-c93c51048732 req-0ecd73be-7bad-403b-bc45-c8aeddedb797 tempest-AggregatesAdminTestJSON-1308111446 tempest-AggregatesAdminTestJSON-1308111446-project] 10.222.0.11 "GET /v2.0/ports?device_id=0b690405-e482-4b3b-a857-dc70cf1d0689 HTTP/1.1" status: 200 len: 935 time: 0.3358452
Aug 31 08:44:27.198115 n-d-715271-13 neutron-server[101390]: DEBUG neutron.api.rpc.handlers.resources_rpc [None req-2c94b6da-97b8-4d40-a6f2-5f825f8a5908 admin admin] Pushing event updated for resources: {'Port': ['ID=38ce3f6c-64d8-4333-b127-95eb230f6c4a,revision_number=2']} {{(pid=101390) push /opt/stack/neutron/neutron/api/rpc/handlers/resources_rpc.py:237}}
Aug 31 08:44:27.260571 n-d-715271-13 neutron-server[101390]: DEBUG neutron_lib.callbacks.manager [None req-c81a5b75-d291-4280-8e61-4a0d1d72a179 admin admin] Notify callbacks ['neutron.plugins.ml2.ovo_rpc._ObjectChangeHandler.handle_event-16248517'] for security_group, after_delete {{(pid=101390) _notify_loop /usr/local/lib/python3.8/dist-packages/neutron_lib/callbacks/manager.py:192}}
Aug 31 08:44:27.263083 n-d-715271-13 neutron-server[101390]: DEBUG neutron_lib.callbacks.manager [None req-c81a5b75-d291-4280-8e61-4a0d1d72a179 admin admin] Notify callbacks [] for security_group, before_response {{(pid=101390) _notify_loop /usr/local/lib/python3.8/dist-packages/neutron_lib/callbacks/manager.py:192}}
Aug 31 08:44:27.264271 n-d-715271-13 neutron-server[101390]: INFO neutron.wsgi [None req-c81a5b75-d291-4280-8e61-4a0d1d72a179 admin admin] 10.222.0.11 "DELETE /v2.0/security-groups/bef03d60-ee92-4049-bba1-bd4d08be87a9 HTTP/1.1" status: 204 len: 168 time: 0.9324570
Aug 31 08:44:27.292545 n-d-715271-13 neutron-server[101390]: INFO neutron.wsgi [req-7d286a14-bb0c-4371-a886-c93c51048732 req-1c7e27f7-c6a8-493d-8907-08f65b8a9135 tempest-AggregatesAdminTestJSON-1308111446 tempest-AggregatesAdminTestJSON-1308111446-project] 10.222.0.11 "GET /v2.0/security-groups?id=e9e43327-7078-4cd0-8d97-430b61785172&fields=id&fields=name HTTP/1.1" status: 200 len: 286 time: 0.1173520
Aug 31 08:44:27.295110 n-d-715271-13 neutron-server[101390]: DEBUG neutron.api.rpc.handlers.resources_rpc [None req-c81a5b75-d291-4280-8e61-4a0d1d72a179 admin admin] Pushing event deleted for resources: {'SecurityGroup': ['ID=bef03d60-ee92-4049-bba1-bd4d08be87a9,revision_number=None']} {{(pid=101390) push /opt/stack/neutron/neutron/api/rpc/handlers/resources_rpc.py:237}}
Aug 31 08:44:27.343243 n-d-715271-13 neutron-server[101390]: DEBUG neutron.scheduler.dhcp_agent_scheduler [None req-2c94b6da-97b8-4d40-a6f2-5f825f8a5908 admin admin] Network 73078d6d-7295-4066-a49f-e0086c363648 is already hosted by enough agents. {{(pid=101390) _get_dhcp_agents_hosting_network /opt/stack/neutron/neutron/scheduler/dhcp_agent_scheduler.py:275}}
Aug 31 08:44:27.346624 n-d-715271-13 neutron-server[101390]: DEBUG neutron.scheduler.base_scheduler [None req-2c94b6da-97b8-4d40-a6f2-5f825f8a5908 admin admin] Resources bound (agent type, host, resource id): {{(pid=101390) schedule /opt/stack/neutron/neutron/scheduler/base_scheduler.py:57}}
Aug 31 08:44:27.355842 n-d-715271-13 neutron-server[101389]: DEBUG neutron.wsgi [-] (101389) accepted ('10.222.0.11', 37470) {{(pid=101389) server /usr/local/lib/python3.8/dist-packages/eventlet/wsgi.py:982}}
Aug 31 08:44:27.443322 n-d-715271-13 neutron-server[101389]: DEBUG neutron.wsgi [-] (101389) accepted ('10.222.0.11', 37478) {{(pid=101389) server /usr/local/lib/python3.8/dist-packages/eventlet/wsgi.py:982}}
Aug 31 08:44:27.577399 n-d-715271-13 neutron-server[101391]: DEBUG neutron.plugins.ml2.rpc [None req-e240ce91-7b1b-4b0d-a181-22fe0106cf29 None None] Device b850312c-f57b-4744-bc55-b22e837083b1 up at agent ovs-agent-n-d-715271-13 {{(pid=101391) update_device_up /opt/stack/neutron/neutron/plugins/ml2/rpc.py:296}}
Aug 31 08:44:27.744613 n-d-715271-13 neutron-server[101391]: DEBUG neutron.db.provisioning_blocks [None req-e240ce91-7b1b-4b0d-a181-22fe0106cf29 None None] Provisioning for port b850312c-f57b-4744-bc55-b22e837083b1 completed by entity L2. {{(pid=101391) provisioning_complete /opt/stack/neutron/neutron/db/provisioning_blocks.py:133}}
Aug 31 08:44:27.750538 n-d-715271-13 neutron-server[101391]: DEBUG neutron.db.provisioning_blocks [None req-e240ce91-7b1b-4b0d-a181-22fe0106cf29 None None] Provisioning complete for port b850312c-f57b-4744-bc55-b22e837083b1 triggered by entity L2. {{(pid=101391) provisioning_complete /opt/stack/neutron/neutron/db/provisioning_blocks.py:139}}
Aug 31 08:44:27.751252 n-d-715271-13 neutron-server[101391]: DEBUG neutron_lib.callbacks.manager [None req-e240ce91-7b1b-4b0d-a181-22fe0106cf29 None None] Notify callbacks ['neutron.plugins.ml2.plugin.Ml2Plugin._port_provisioned-682162'] for port, provisioning_complete {{(pid=101391) _notify_loop /usr/local/lib/python3.8/dist-packages/neutron_lib/callbacks/manager.py:192}}
Aug 31 08:44:27.778886 n-d-715271-13 neutron-server[101390]: DEBUG neutron.pecan_wsgi.hooks.policy_enforcement [req-5d485a64-2d0b-4db6-97aa-a80fcf704f1d req-eef3fb7c-d1c3-44a0-abb6-4661644af1f4 tempest-DeleteServersAdminTestJSON-790875113 tempest-DeleteServersAdminTestJSON-790875113-project] Attributes excluded by policy engine: ['standard_attr_id', 'binding:profile', 'binding:host_id', 'binding:vif_type', 'binding:vif_details'] {{(pid=101390) _exclude_attributes_by_policy /opt/stack/neutron/neutron/pecan_wsgi/hooks/policy_enforcement.py:255}}
Aug 31 08:44:27.780867 n-d-715271-13 neutron-server[101390]: INFO neutron.wsgi [req-5d485a64-2d0b-4db6-97aa-a80fcf704f1d req-eef3fb7c-d1c3-44a0-abb6-4661644af1f4 tempest-DeleteServersAdminTestJSON-790875113 tempest-DeleteServersAdminTestJSON-790875113-project] 10.222.0.11 "GET /v2.0/ports?device_id=bba914f3-5af2-4309-a261-364fc40405a7 HTTP/1.1" status: 200 len: 936 time: 0.2567582
Aug 31 08:44:27.786386 n-d-715271-13 neutron-server[101390]: DEBUG neutron.scheduler.l3_agent_scheduler [None req-2c94b6da-97b8-4d40-a6f2-5f825f8a5908 admin admin] Router 3c018ec8-9aa3-4419-8245-bcc18461a09e has already been hosted by L3 agent 2f13ad87-5274-4bbb-8c9e-debb651ab2a5 {{(pid=101390) _get_candidates /opt/stack/neutron/neutron/scheduler/l3_agent_scheduler.py:126}}
Aug 31 08:44:27.855055 n-d-715271-13 neutron-server[101391]: DEBUG neutron.db.provisioning_blocks [None req-e8c36ba0-ad6f-49e9-9966-a67f8856b9d2 None None] Provisioning complete for port 38ce3f6c-64d8-4333-b127-95eb230f6c4a triggered by entity DHCP. {{(pid=101391) provisioning_complete /opt/stack/neutron/neutron/db/provisioning_blocks.py:139}}
Aug 31 08:44:27.855912 n-d-715271-13 neutron-server[101391]: DEBUG neutron_lib.callbacks.manager [None req-e8c36ba0-ad6f-49e9-9966-a67f8856b9d2 None None] Notify callbacks ['neutron.plugins.ml2.plugin.Ml2Plugin._port_provisioned-682162'] for port, provisioning_complete {{(pid=101391) _notify_loop /usr/local/lib/python3.8/dist-packages/neutron_lib/callbacks/manager.py:192}}
Aug 31 08:44:27.903272 n-d-715271-13 neutron-server[101390]: INFO neutron.wsgi [req-5d485a64-2d0b-4db6-97aa-a80fcf704f1d req-f71a8408-a22a-4b74-ad24-aede1ed41a97 tempest-DeleteServersAdminTestJSON-790875113 tempest-DeleteServersAdminTestJSON-790875113-project] 10.222.0.11 "GET /v2.0/security-groups?id=312e2d93-59dc-4b62-9eb9-c406c8b412f6&fields=id&fields=name HTTP/1.1" status: 200 len: 286 time: 0.1129551
Aug 31 08:44:27.975013 n-d-715271-13 neutron-server[101389]: DEBUG neutron_lib.callbacks.manager [None req-94de8c61-3ac8-48ef-95c5-f6436803aa93 admin admin] Notify callbacks [] for security_group, before_create {{(pid=101389) _notify_loop /usr/local/lib/python3.8/dist-packages/neutron_lib/callbacks/manager.py:192}}
Aug 31 08:44:27.997121 n-d-715271-13 neutron-server[101391]: DEBUG neutron.plugins.ml2.plugin [None req-e8c36ba0-ad6f-49e9-9966-a67f8856b9d2 None None] Port 38ce3f6c-64d8-4333-b127-95eb230f6c4a cannot update to ACTIVE because it is not bound. {{(pid=101391) _port_provisioned /opt/stack/neutron/neutron/plugins/ml2/plugin.py:337}}
Aug 31 08:44:28.048118 n-d-715271-13 neutron-server[101391]: DEBUG neutron_lib.callbacks.manager [None req-e240ce91-7b1b-4b0d-a181-22fe0106cf29 None None] Notify callbacks ['neutron.plugins.ml2.plugin.SecurityGroupDbMixin._ensure_default_security_group_handler-644709'] for port, before_update {{(pid=101391) _notify_loop /usr/local/lib/python3.8/dist-packages/neutron_lib/callbacks/manager.py:192}}
Aug 31 08:44:28.049801 n-d-715271-13 neutron-server[101390]: DEBUG neutron.api.rpc.agentnotifiers.l3_rpc_agent_api [None req-2c94b6da-97b8-4d40-a6f2-5f825f8a5908 admin admin] Notify agent at l3_agent.n-d-715271-13 the message routers_updated {{(pid=101390) _agent_notification /opt/stack/neutron/neutron/api/rpc/agentnotifiers/l3_rpc_agent_api.py:65}}
Aug 31 08:44:28.063006 n-d-715271-13 neutron-server[101390]: INFO neutron.wsgi [None req-2c94b6da-97b8-4d40-a6f2-5f825f8a5908 admin admin] 10.222.0.11 "PUT /v2.0/routers/3c018ec8-9aa3-4419-8245-bcc18461a09e/add_router_interface HTTP/1.1" status: 200 len: 503 time: 4.9971268
Aug 31 08:44:28.085133 n-d-715271-13 neutron-server[101389]: DEBUG neutron_lib.callbacks.manager [None req-dc06ef01-c9b4-4533-a3e8-dfcb519cc642 admin admin] Notify callbacks [] for security_group, before_create {{(pid=101389) _notify_loop /usr/local/lib/python3.8/dist-packages/neutron_lib/callbacks/manager.py:192}}
Aug 31 08:44:28.087356 n-d-715271-13 neutron-server[101391]: DEBUG neutron.plugins.ml2.db [None req-e240ce91-7b1b-4b0d-a181-22fe0106cf29 None None] For port b850312c-f57b-4744-bc55-b22e837083b1, host n-d-715271-13, got binding levels [PortBindingLevel(driver='openvswitch',host='n-d-715271-13',level=0,port_id=b850312c-f57b-4744-bc55-b22e837083b1,segment=NetworkSegment(d8528dd8-6191-447e-88be-0cb81bbfd5b8),segment_id=d8528dd8-6191-447e-88be-0cb81bbfd5b8)] {{(pid=101391) get_binding_level_objs /opt/stack/neutron/neutron/plugins/ml2/db.py:74}}
Aug 31 08:44:28.098236 n-d-715271-13 neutron-server[101391]: DEBUG neutron_lib.callbacks.manager [None req-e240ce91-7b1b-4b0d-a181-22fe0106cf29 None None] Notify callbacks ['neutron.plugins.ml2.plugin.SecurityGroupServerNotifierRpcMixin._notify_sg_on_port_change-644642', 'neutron.plugins.ml2.ovo_rpc._ObjectChangeHandler.handle_event-952621', 'neutron.api.rpc.agentnotifiers.dhcp_rpc_agent_api.DhcpAgentNotifyAPI._native_event_send_dhcp_notification-16225638', 'neutron.db.l3_db.L3RpcNotifierMixin._notify_gateway_port_ip_changed-8786773801939', 'neutron.db.l3_dvrscheduler_db._notify_l3_agent_port_update-8786773234490', 'neutron.db.l3_hascheduler_db._notify_l3_agent_ha_port_update-8786773234508'] for port, after_update {{(pid=101391) _notify_loop /usr/local/lib/python3.8/dist-packages/neutron_lib/callbacks/manager.py:192}}
Aug 31 08:44:28.212785 n-d-715271-13 neutron-server[101391]: DEBUG neutron.api.rpc.handlers.resources_rpc [None req-e240ce91-7b1b-4b0d-a181-22fe0106cf29 None None] Pushing event updated for resources: {'Port': ['ID=b850312c-f57b-4744-bc55-b22e837083b1,revision_number=4']} {{(pid=101391) push /opt/stack/neutron/neutron/api/rpc/handlers/resources_rpc.py:237}}
Aug 31 08:44:28.228404 n-d-715271-13 neutron-server[101389]: DEBUG neutron_lib.callbacks.manager [None req-94de8c61-3ac8-48ef-95c5-f6436803aa93 admin admin] Notify callbacks [] for security_group, precommit_create {{(pid=101389) _notify_loop /usr/local/lib/python3.8/dist-packages/neutron_lib/callbacks/manager.py:192}}
Aug 31 08:44:28.243698 n-d-715271-13 neutron-server[101389]: DEBUG neutron_lib.callbacks.manager [None req-94de8c61-3ac8-48ef-95c5-f6436803aa93 admin admin] Notify callbacks ['neutron.plugins.ml2.ovo_rpc._ObjectChangeHandler.handle_event-16248517'] for security_group, after_create {{(pid=101389) _notify_loop /usr/local/lib/python3.8/dist-packages/neutron_lib/callbacks/manager.py:192}}
Aug 31 08:44:28.314763 n-d-715271-13 neutron-server[101390]: DEBUG neutron.wsgi [-] (101390) accepted ('10.222.0.11', 37496) {{(pid=101390) server /usr/local/lib/python3.8/dist-packages/eventlet/wsgi.py:982}}
Aug 31 08:44:28.352235 n-d-715271-13 neutron-server[101390]: DEBUG neutron.wsgi [-] (101390) accepted ('10.222.0.11', 37504) {{(pid=101390) server /usr/local/lib/python3.8/dist-packages/eventlet/wsgi.py:982}}
Aug 31 08:44:28.352372 n-d-715271-13 neutron-server[101389]: INFO neutron.wsgi [None req-94de8c61-3ac8-48ef-95c5-f6436803aa93 admin admin] 10.222.0.11 "GET /v2.0/security-groups?tenant_id=c2a5894b5cb345a69c42f14f7de04f65&name=default HTTP/1.1" status: 200 len: 2979 time: 0.9955785
Aug 31 08:44:28.353485 n-d-715271-13 neutron-server[101389]: DEBUG neutron.api.rpc.handlers.resources_rpc [None req-94de8c61-3ac8-48ef-95c5-f6436803aa93 admin admin] Pushing event updated for resources: {'SecurityGroup': ['ID=d864c6e1-f0e4-4865-be17-4874ea0e7c22,revision_number=1']} {{(pid=101389) push /opt/stack/neutron/neutron/api/rpc/handlers/resources_rpc.py:237}}
Aug 31 08:44:28.442446 n-d-715271-13 neutron-server[101389]: DEBUG neutron_lib.callbacks.manager [None req-dc06ef01-c9b4-4533-a3e8-dfcb519cc642 admin admin] Notify callbacks [] for security_group, precommit_create {{(pid=101389) _notify_loop /usr/local/lib/python3.8/dist-packages/neutron_lib/callbacks/manager.py:192}}
Aug 31 08:44:28.459045 n-d-715271-13 neutron-server[101389]: DEBUG neutron_lib.callbacks.manager [None req-dc06ef01-c9b4-4533-a3e8-dfcb519cc642 admin admin] Notify callbacks ['neutron.plugins.ml2.ovo_rpc._ObjectChangeHandler.handle_event-16248517'] for security_group, after_create {{(pid=101389) _notify_loop /usr/local/lib/python3.8/dist-packages/neutron_lib/callbacks/manager.py:192}}
Aug 31 08:44:28.489499 n-d-715271-13 neutron-server[101390]: DEBUG neutron_lib.callbacks.manager [None req-88f5e67a-cc15-4379-b214-77d27b8a99dd admin admin] Notify callbacks [] for security_group, before_delete {{(pid=101390) _notify_loop /usr/local/lib/python3.8/dist-packages/neutron_lib/callbacks/manager.py:192}}
Aug 31 08:44:28.518083 n-d-715271-13 neutron-server[101390]: DEBUG neutron.pecan_wsgi.hooks.policy_enforcement [req-f767f5bf-567c-4212-9f0f-c1bd6a34eb07 req-cdbf22be-2539-4e24-b5d2-7d8fabaa0903 tempest-AggregatesAdminTestJSON-1308111446 tempest-AggregatesAdminTestJSON-1308111446-project] Attributes excluded by policy engine: ['standard_attr_id', 'binding:profile', 'binding:host_id', 'binding:vif_type', 'binding:vif_details'] {{(pid=101390) _exclude_attributes_by_policy /opt/stack/neutron/neutron/pecan_wsgi/hooks/policy_enforcement.py:255}}
Aug 31 08:44:28.523433 n-d-715271-13 neutron-server[101389]: DEBUG neutron.api.rpc.handlers.resources_rpc [None req-dc06ef01-c9b4-4533-a3e8-dfcb519cc642 admin admin] Pushing event updated for resources: {'SecurityGroup': ['ID=ff1a58ac-4fe7-4093-9d4f-21d259025403,revision_number=1']} {{(pid=101389) push /opt/stack/neutron/neutron/api/rpc/handlers/resources_rpc.py:237}}
Aug 31 08:44:28.525876 n-d-715271-13 neutron-server[101390]: INFO neutron.wsgi [req-f767f5bf-567c-4212-9f0f-c1bd6a34eb07 req-cdbf22be-2539-4e24-b5d2-7d8fabaa0903 tempest-AggregatesAdminTestJSON-1308111446 tempest-AggregatesAdminTestJSON-1308111446-project] 10.222.0.11 "GET /v2.0/ports?device_id=0b690405-e482-4b3b-a857-dc70cf1d0689 HTTP/1.1" status: 200 len: 935 time: 0.1132140
Aug 31 08:44:28.529552 n-d-715271-13 neutron-server[101389]: INFO neutron.wsgi [None req-dc06ef01-c9b4-4533-a3e8-dfcb519cc642 admin admin] 10.222.0.11 "GET /v2.0/security-groups?tenant_id=b4df37d795234b41b2db8557e9783c51&name=default HTTP/1.1" status: 200 len: 2979 time: 1.0855305
Aug 31 08:44:28.532193 n-d-715271-13 neutron-server[101389]: DEBUG neutron.wsgi [-] (101389) accepted ('10.222.0.11', 37508) {{(pid=101389) server /usr/local/lib/python3.8/dist-packages/eventlet/wsgi.py:982}}
Aug 31 08:44:28.551252 n-d-715271-13 neutron-server[101390]: DEBUG neutron_lib.callbacks.manager [None req-88f5e67a-cc15-4379-b214-77d27b8a99dd admin admin] Notify callbacks [] for security_group, precommit_delete {{(pid=101390) _notify_loop /usr/local/lib/python3.8/dist-packages/neutron_lib/callbacks/manager.py:192}}
Aug 31 08:44:28.594576 n-d-715271-13 neutron-server[101391]: DEBUG neutron.api.rpc.handlers.l3_rpc [None req-00d2d323-1de8-44e7-8613-387891b440c2 None None] Sync routers for ids ['3c018ec8-9aa3-4419-8245-bcc18461a09e'] in n-d-715271-13 {{(pid=101391) sync_routers /opt/stack/neutron/neutron/api/rpc/handlers/l3_rpc.py:125}}
Aug 31 08:44:28.609041 n-d-715271-13 neutron-server[101391]: DEBUG neutron.db.l3_dvrscheduler_db [None req-00d2d323-1de8-44e7-8613-387891b440c2 None None] Routers {'3c018ec8-9aa3-4419-8245-bcc18461a09e'} bound to L3 agent in host n-d-715271-13 {{(pid=101391) _get_router_ids_for_agent /opt/stack/neutron/neutron/db/l3_dvrscheduler_db.py:420}}
Aug 31 08:44:28.610078 n-d-715271-13 neutron-server[101391]: DEBUG neutron.db.l3_hamode_db [None req-00d2d323-1de8-44e7-8613-387891b440c2 None None] neutron.services.l3_router.l3_router_plugin.L3RouterPlugin method get_ha_sync_data_for_host called with arguments (, 'n-d-715271-13', Agent(admin_state_up=True,agent_type='L3 agent',availability_zone='nova',binary='neutron-l3-agent',configurations={"agent_mode": "legacy", "ex_gw_ports": 1, "extensions": [], "floating_ips": 0, "handle_internal_only_routers": true, "interface_driver": "openvswitch", "interfaces": 1, "log_agent_heartbeats": false, "routers": 1},created_at=2021-08-31T08:33:40Z,description=,heartbeat_timestamp=2021-08-31T08:44:10Z,host='n-d-715271-13',id=2f13ad87-5274-4bbb-8c9e-debb651ab2a5,load=0,resource_versions=,resources_synced=,started_at=2021-08-31T08:33:40Z,topic='l3_agent')) {'router_ids': ['3c018ec8-9aa3-4419-8245-bcc18461a09e'], 'active': True} {{(pid=101391) wrapper /usr/local/lib/python3.8/dist-packages/oslo_log/helpers.py:65}}
Aug 31 08:44:28.639400 n-d-715271-13 neutron-server[101389]: DEBUG neutron_lib.callbacks.manager [None req-e98ed690-6204-48cd-a5d9-8e77c1e529aa admin admin] Notify callbacks [] for security_group, before_delete {{(pid=101389) _notify_loop /usr/local/lib/python3.8/dist-packages/neutron_lib/callbacks/manager.py:192}}
Aug 31 08:44:28.671665 n-d-715271-13 neutron-server[101389]: DEBUG neutron_lib.callbacks.manager [None req-e98ed690-6204-48cd-a5d9-8e77c1e529aa admin admin] Notify callbacks [] for security_group, precommit_delete {{(pid=101389) _notify_loop /usr/local/lib/python3.8/dist-packages/neutron_lib/callbacks/manager.py:192}}
Aug 31 08:44:28.691185 n-d-715271-13 neutron-server[101390]: INFO neutron.wsgi [req-f767f5bf-567c-4212-9f0f-c1bd6a34eb07 req-1b79c388-dbc3-44c1-8224-c3437d25bae6 tempest-AggregatesAdminTestJSON-1308111446 tempest-AggregatesAdminTestJSON-1308111446-project] 10.222.0.11 "GET /v2.0/security-groups?id=e9e43327-7078-4cd0-8d97-430b61785172&fields=id&fields=name HTTP/1.1" status: 200 len: 286 time: 0.1622405
Aug 31 08:44:28.769339 n-d-715271-13 neutron-server[101390]: DEBUG neutron_lib.callbacks.manager [None req-e2c2f438-7255-4349-ab8b-935f95bac26d admin admin] Notify callbacks [] for security_group, before_create {{(pid=101390) _notify_loop /usr/local/lib/python3.8/dist-packages/neutron_lib/callbacks/manager.py:192}}
Aug 31 08:44:28.827601 n-d-715271-13 neutron-server[101390]: DEBUG neutron_lib.callbacks.manager [None req-88f5e67a-cc15-4379-b214-77d27b8a99dd admin admin] Notify callbacks ['neutron.plugins.ml2.ovo_rpc._ObjectChangeHandler.handle_event-16248517'] for security_group, after_delete {{(pid=101390) _notify_loop /usr/local/lib/python3.8/dist-packages/neutron_lib/callbacks/manager.py:192}}
Aug 31 08:44:28.832112 n-d-715271-13 neutron-server[101390]: DEBUG neutron_lib.callbacks.manager [None req-88f5e67a-cc15-4379-b214-77d27b8a99dd admin admin] Notify callbacks [] for security_group, before_response {{(pid=101390) _notify_loop /usr/local/lib/python3.8/dist-packages/neutron_lib/callbacks/manager.py:192}}
Aug 31 08:44:28.833504 n-d-715271-13 neutron-server[101390]: INFO neutron.wsgi [None req-88f5e67a-cc15-4379-b214-77d27b8a99dd admin admin] 10.222.0.11 "DELETE /v2.0/security-groups/d864c6e1-f0e4-4865-be17-4874ea0e7c22 HTTP/1.1" status: 204 len: 168 time: 0.4802442
Aug 31 08:44:28.846014 n-d-715271-13 neutron-server[101391]: DEBUG neutron.db.l3_dvr_db [None req-00d2d323-1de8-44e7-8613-387891b440c2 None None] Set router 3c018ec8-9aa3-4419-8245-bcc18461a09e gateway port host: n-d-715271-13 {{(pid=101391) _build_routers_list /opt/stack/neutron/neutron/db/l3_dvr_db.py:906}}
Aug 31 08:44:28.869394 n-d-715271-13 neutron-server[101390]: DEBUG neutron.api.rpc.handlers.resources_rpc [None req-88f5e67a-cc15-4379-b214-77d27b8a99dd admin admin] Pushing event deleted for resources: {'SecurityGroup': ['ID=d864c6e1-f0e4-4865-be17-4874ea0e7c22,revision_number=None']} {{(pid=101390) push /opt/stack/neutron/neutron/api/rpc/handlers/resources_rpc.py:237}}
Aug 31 08:44:28.875852 n-d-715271-13 neutron-server[101389]: DEBUG neutron_lib.callbacks.manager [None req-e98ed690-6204-48cd-a5d9-8e77c1e529aa admin admin] Notify callbacks ['neutron.plugins.ml2.ovo_rpc._ObjectChangeHandler.handle_event-16248517'] for security_group, after_delete {{(pid=101389) _notify_loop /usr/local/lib/python3.8/dist-packages/neutron_lib/callbacks/manager.py:192}}
Aug 31 08:44:28.887424 n-d-715271-13 neutron-server[101389]: DEBUG neutron_lib.callbacks.manager [None req-e98ed690-6204-48cd-a5d9-8e77c1e529aa admin admin] Notify callbacks [] for security_group, before_response {{(pid=101389) _notify_loop /usr/local/lib/python3.8/dist-packages/neutron_lib/callbacks/manager.py:192}}
Aug 31 08:44:28.896420 n-d-715271-13 neutron-server[101389]: INFO neutron.wsgi [None req-e98ed690-6204-48cd-a5d9-8e77c1e529aa admin admin] 10.222.0.11 "DELETE /v2.0/security-groups/ff1a58ac-4fe7-4093-9d4f-21d259025403 HTTP/1.1" status: 204 len: 168 time: 0.3618004
Aug 31 08:44:28.919632 n-d-715271-13 neutron-server[101389]: DEBUG neutron.api.rpc.handlers.resources_rpc [None req-e98ed690-6204-48cd-a5d9-8e77c1e529aa admin admin] Pushing event deleted for resources: {'SecurityGroup': ['ID=ff1a58ac-4fe7-4093-9d4f-21d259025403,revision_number=None']} {{(pid=101389) push /opt/stack/neutron/neutron/api/rpc/handlers/resources_rpc.py:237}}
Aug 31 08:44:29.024500 n-d-715271-13 neutron-server[101390]: DEBUG neutron_lib.callbacks.manager [None req-e2c2f438-7255-4349-ab8b-935f95bac26d admin admin] Notify callbacks [] for security_group, precommit_create {{(pid=101390) _notify_loop /usr/local/lib/python3.8/dist-packages/neutron_lib/callbacks/manager.py:192}}
Aug 31 08:44:29.035947 n-d-715271-13 neutron-server[101390]: DEBUG neutron_lib.callbacks.manager [None req-e2c2f438-7255-4349-ab8b-935f95bac26d admin admin] Notify callbacks ['neutron.plugins.ml2.ovo_rpc._ObjectChangeHandler.handle_event-16248517'] for security_group, after_create {{(pid=101390) _notify_loop /usr/local/lib/python3.8/dist-packages/neutron_lib/callbacks/manager.py:192}}
Aug 31 08:44:29.146847 n-d-715271-13 neutron-server[101390]: INFO neutron.wsgi [None req-e2c2f438-7255-4349-ab8b-935f95bac26d admin admin] 10.222.0.11 "GET /v2.0/security-groups?tenant_id=c7a0a33919d5491994243eaaa0fe5bc0&name=default HTTP/1.1" status: 200 len: 2979 time: 0.8310695
Aug 31 08:44:29.148706 n-d-715271-13 neutron-server[101390]: DEBUG neutron.api.rpc.handlers.resources_rpc [None req-e2c2f438-7255-4349-ab8b-935f95bac26d admin admin] Pushing event updated for resources: {'SecurityGroup': ['ID=1faa273c-48ea-4c3d-9a02-043eaa35cebd,revision_number=1']} {{(pid=101390) push /opt/stack/neutron/neutron/api/rpc/handlers/resources_rpc.py:237}}
Aug 31 08:44:29.153522 n-d-715271-13 neutron-server[101390]: DEBUG neutron.wsgi [-] (101390) accepted ('10.222.0.11', 37536) {{(pid=101390) server /usr/local/lib/python3.8/dist-packages/eventlet/wsgi.py:982}}
Aug 31 08:44:29.193457 n-d-715271-13 neutron-server[101389]: DEBUG neutron.pecan_wsgi.hooks.policy_enforcement [req-72b7b8d2-40b9-4e13-8cbd-94eff0a2937f req-c4dbab2a-ce41-49cb-b5d6-e8211c7ced9d tempest-DeleteServersAdminTestJSON-790875113 tempest-DeleteServersAdminTestJSON-790875113-project] Attributes excluded by policy engine: ['standard_attr_id', 'binding:profile', 'binding:host_id', 'binding:vif_type', 'binding:vif_details'] {{(pid=101389) _exclude_attributes_by_policy /opt/stack/neutron/neutron/pecan_wsgi/hooks/policy_enforcement.py:255}}
Aug 31 08:44:29.203945 n-d-715271-13 neutron-server[101389]: INFO neutron.wsgi [req-72b7b8d2-40b9-4e13-8cbd-94eff0a2937f req-c4dbab2a-ce41-49cb-b5d6-e8211c7ced9d tempest-DeleteServersAdminTestJSON-790875113 tempest-DeleteServersAdminTestJSON-790875113-project] 10.222.0.11 "GET /v2.0/ports?device_id=bba914f3-5af2-4309-a261-364fc40405a7 HTTP/1.1" status: 200 len: 936 time: 0.0994339
Aug 31 08:44:29.297550 n-d-715271-13 neutron-server[101390]: DEBUG neutron_lib.callbacks.manager [None req-967a1f35-64f9-4351-abd6-134aae8ed4c3 admin admin] Notify callbacks [] for security_group, before_delete {{(pid=101390) _notify_loop /usr/local/lib/python3.8/dist-packages/neutron_lib/callbacks/manager.py:192}}
Aug 31 08:44:29.323181 n-d-715271-13 neutron-server[101389]: INFO neutron.wsgi [req-72b7b8d2-40b9-4e13-8cbd-94eff0a2937f req-70e60c15-280f-4ff8-806d-22e9bd00be7d tempest-DeleteServersAdminTestJSON-790875113 tempest-DeleteServersAdminTestJSON-790875113-project] 10.222.0.11 "GET /v2.0/security-groups?id=312e2d93-59dc-4b62-9eb9-c406c8b412f6&fields=id&fields=name HTTP/1.1" status: 200 len: 286 time: 0.1180766
Aug 31 08:44:29.329529 n-d-715271-13 neutron-server[101391]: DEBUG neutron.db.l3_hamode_db [None req-00d2d323-1de8-44e7-8613-387891b440c2 None None] neutron.services.l3_router.l3_router_plugin.L3RouterPlugin method _process_sync_ha_data called with arguments (, [{'id': '3c018ec8-9aa3-4419-8245-bcc18461a09e', 'name': 'tempest-ServersWithSpecificFlavorTestJSON-1960536792-router', 'tenant_id': '5536ddef792d4586a97c852817c50aad', 'admin_state_up': True, 'status': 'ACTIVE', 'external_gateway_info': {'network_id': 'b4bba440-9301-4273-9753-55fdc6da89ef', 'external_fixed_ips': [{'subnet_id': '4c84600f-7e73-43a0-a0f6-3551aa74c24c', 'ip_address': '172.25.6.158'}], 'enable_snat': True}, 'gw_port_id': 'b850312c-f57b-4744-bc55-b22e837083b1', 'description': '', 'availability_zones': ['nova'], 'distributed': False, 'ha': False, 'ha_vr_id': 0, 'availability_zone_hints': [], 'routes': [], 'flavor_id': None, 'tags': [], 'created_at': '2021-08-31T08:44:17Z', 'updated_at': '2021-08-31T08:44:26Z', 'revision_number': 4, 'project_id': '5536ddef792d4586a97c852817c50aad', 'gw_port': {'id': 'b850312c-f57b-4744-bc55-b22e837083b1', 'name': '', 'network_id': 'b4bba440-9301-4273-9753-55fdc6da89ef', 'tenant_id': '', 'mac_address': 'fa:16:3e:59:7b:a1', 'admin_state_up': True, 'status': 'ACTIVE', 'device_id': '3c018ec8-9aa3-4419-8245-bcc18461a09e', 'device_owner': 'network:router_gateway', 'standard_attr_id': 108, 'fixed_ips': [{'subnet_id': '4c84600f-7e73-43a0-a0f6-3551aa74c24c', 'ip_address': '172.25.6.158', 'prefixlen': 24}], 'allowed_address_pairs': [], 'extra_dhcp_opts': [], 'security_groups': [], 'description': '', 'binding:vnic_type': 'normal', 'binding:profile': {}, 'binding:host_id': 'n-d-715271-13', 'binding:vif_type': 'ovs', 'binding:vif_details': {'connectivity': 'l2', 'port_filter': True, 'ovs_hybrid_plug': False, 'datapath_type': 'system', 'bridge_name': 'br-int'}, 'port_security_enabled': False, 'tags': [], 'created_at': '2021-08-31T08:44:18Z', 'updated_at': '2021-08-31T08:44:28Z', 'revision_number': 4, 'project_id': '', 'subnets': [{'id': '4c84600f-7e73-43a0-a0f6-3551aa74c24c', 'cidr': '172.25.6.0/24', 'gateway_ip': '172.25.6.1', 'dns_nameservers': [], 'ipv6_ra_mode': None, 'subnetpool_id': None}], 'extra_subnets': [], 'address_scopes': {4: None, 6: None}, 'mtu': 1500}, 'enable_snat': True, 'gw_port_host': 'n-d-715271-13', '_interfaces': [{'id': '38ce3f6c-64d8-4333-b127-95eb230f6c4a', 'name': '', 'network_id': '73078d6d-7295-4066-a49f-e0086c363648', 'tenant_id': '5536ddef792d4586a97c852817c50aad', 'mac_address': 'fa:16:3e:fd:b3:7c', 'admin_state_up': True, 'status': 'DOWN', 'device_id': '3c018ec8-9aa3-4419-8245-bcc18461a09e', 'device_owner': 'network:router_interface', 'standard_attr_id': 126, 'fixed_ips': [{'subnet_id': '112cf006-7acd-4b20-ac76-ff6057ecb735', 'ip_address': '172.20.0.1', 'prefixlen': 28}], 'allowed_address_pairs': [], 'extra_dhcp_opts': [], 'security_groups': [], 'description': '', 'binding:vnic_type': 'normal', 'binding:profile': {}, 'binding:host_id': '', 'binding:vif_type': 'unbound', 'binding:vif_details': {}, 'port_security_enabled': False, 'tags': [], 'created_at': '2021-08-31T08:44:24Z', 'updated_at': '2021-08-31T08:44:26Z', 'revision_number': 2, 'project_id': '5536ddef792d4586a97c852817c50aad', 'subnets': [{'id': '112cf006-7acd-4b20-ac76-ff6057ecb735', 'cidr': '172.20.0.0/28', 'gateway_ip': '172.20.0.1', 'dns_nameservers': [], 'ipv6_ra_mode': None, 'subnetpool_id': None}], 'extra_subnets': [], 'address_scopes': {4: None, 6: None}, 'mtu': 1500}]}], 'n-d-715271-13', False) {} {{(pid=101391) wrapper /usr/local/lib/python3.8/dist-packages/oslo_log/helpers.py:65}}
Aug 31 08:44:29.362577 n-d-715271-13 neutron-server[101390]: DEBUG neutron_lib.callbacks.manager [None req-967a1f35-64f9-4351-abd6-134aae8ed4c3 admin admin] Notify callbacks [] for security_group, precommit_delete {{(pid=101390) _notify_loop /usr/local/lib/python3.8/dist-packages/neutron_lib/callbacks/manager.py:192}}
Aug 31 08:44:29.389146 n-d-715271-13 neutron-server[101391]: DEBUG neutron.api.rpc.handlers.l3_rpc [None req-00d2d323-1de8-44e7-8613-387891b440c2 None None] Checking router: 3c018ec8-9aa3-4419-8245-bcc18461a09e for host: n-d-715271-13 {{(pid=101391) _ensure_host_set_on_ports /opt/stack/neutron/neutron/api/rpc/handlers/l3_rpc.py:155}}
Aug 31 08:44:29.389629 n-d-715271-13 neutron-server[101391]: DEBUG neutron.api.rpc.handlers.l3_rpc [None req-00d2d323-1de8-44e7-8613-387891b440c2 None None] Updating router 3c018ec8-9aa3-4419-8245-bcc18461a09e port 38ce3f6c-64d8-4333-b127-95eb230f6c4a binding host n-d-715271-13 {{(pid=101391) _ensure_host_set_on_port /opt/stack/neutron/neutron/api/rpc/handlers/l3_rpc.py:205}}
Aug 31 08:44:29.458154 n-d-715271-13 neutron-server[101391]: DEBUG neutron_lib.callbacks.manager [None req-00d2d323-1de8-44e7-8613-387891b440c2 None None] Notify callbacks ['neutron.plugins.ml2.plugin.SecurityGroupDbMixin._ensure_default_security_group_handler-644709'] for port, before_update {{(pid=101391) _notify_loop /usr/local/lib/python3.8/dist-packages/neutron_lib/callbacks/manager.py:192}}
Aug 31 08:44:29.546801 n-d-715271-13 neutron-server[101390]: DEBUG neutron_lib.callbacks.manager [None req-967a1f35-64f9-4351-abd6-134aae8ed4c3 admin admin] Notify callbacks ['neutron.plugins.ml2.ovo_rpc._ObjectChangeHandler.handle_event-16248517'] for security_group, after_delete {{(pid=101390) _notify_loop /usr/local/lib/python3.8/dist-packages/neutron_lib/callbacks/manager.py:192}}
Aug 31 08:44:29.550299 n-d-715271-13 neutron-server[101390]: DEBUG neutron_lib.callbacks.manager [None req-967a1f35-64f9-4351-abd6-134aae8ed4c3 admin admin] Notify callbacks [] for security_group, before_response {{(pid=101390) _notify_loop /usr/local/lib/python3.8/dist-packages/neutron_lib/callbacks/manager.py:192}}
Aug 31 08:44:29.552222 n-d-715271-13 neutron-server[101390]: INFO neutron.wsgi [None req-967a1f35-64f9-4351-abd6-134aae8ed4c3 admin admin] 10.222.0.11 "DELETE /v2.0/security-groups/1faa273c-48ea-4c3d-9a02-043eaa35cebd HTTP/1.1" status: 204 len: 168 time: 0.3974814
Aug 31 08:44:29.569815 n-d-715271-13 neutron-server[101390]: DEBUG neutron.api.rpc.handlers.resources_rpc [None req-967a1f35-64f9-4351-abd6-134aae8ed4c3 admin admin] Pushing event deleted for resources: {'SecurityGroup': ['ID=1faa273c-48ea-4c3d-9a02-043eaa35cebd,revision_number=None']} {{(pid=101390) push /opt/stack/neutron/neutron/api/rpc/handlers/resources_rpc.py:237}}
Aug 31 08:44:29.916505 n-d-715271-13 neutron-server[101391]: DEBUG neutron_lib.callbacks.manager [None req-00d2d323-1de8-44e7-8613-387891b440c2 None None] Notify callbacks [] for port, precommit_update {{(pid=101391) _notify_loop /usr/local/lib/python3.8/dist-packages/neutron_lib/callbacks/manager.py:192}}
Aug 31 08:44:29.929514 n-d-715271-13 neutron-server[101391]: DEBUG neutron.db.provisioning_blocks [None req-00d2d323-1de8-44e7-8613-387891b440c2 None None] Transition to ACTIVE for port object 38ce3f6c-64d8-4333-b127-95eb230f6c4a will not be triggered until provisioned by entity L2. {{(pid=101391) add_provisioning_component /opt/stack/neutron/neutron/db/provisioning_blocks.py:73}}
Aug 31 08:44:29.937986 n-d-715271-13 neutron-server[101391]: DEBUG neutron.plugins.ml2.rpc [None req-e240ce91-7b1b-4b0d-a181-22fe0106cf29 None None] Device b850312c-f57b-4744-bc55-b22e837083b1 up at agent ovs-agent-n-d-715271-13 {{(pid=101391) update_device_up /opt/stack/neutron/neutron/plugins/ml2/rpc.py:296}}
Aug 31 08:44:29.964519 n-d-715271-13 neutron-server[101389]: DEBUG neutron.pecan_wsgi.hooks.policy_enforcement [req-b8b71a15-1e41-4bff-95c5-042abb80f423 req-135c5d17-9aff-431b-b77c-56f8ef912a60 tempest-AggregatesAdminTestJSON-1308111446 tempest-AggregatesAdminTestJSON-1308111446-project] Attributes excluded by policy engine: ['standard_attr_id', 'binding:profile', 'binding:host_id', 'binding:vif_type', 'binding:vif_details'] {{(pid=101389) _exclude_attributes_by_policy /opt/stack/neutron/neutron/pecan_wsgi/hooks/policy_enforcement.py:255}}
Aug 31 08:44:29.972917 n-d-715271-13 neutron-server[101389]: INFO neutron.wsgi [req-b8b71a15-1e41-4bff-95c5-042abb80f423 req-135c5d17-9aff-431b-b77c-56f8ef912a60 tempest-AggregatesAdminTestJSON-1308111446 tempest-AggregatesAdminTestJSON-1308111446-project] 10.222.0.11 "GET /v2.0/ports?device_id=0b690405-e482-4b3b-a857-dc70cf1d0689 HTTP/1.1" status: 200 len: 935 time: 0.1542561
Aug 31 08:44:29.992433 n-d-715271-13 neutron-server[101391]: DEBUG neutron_lib.callbacks.manager [None req-00d2d323-1de8-44e7-8613-387891b440c2 None None] Notify callbacks ['neutron.plugins.ml2.plugin.SecurityGroupServerNotifierRpcMixin._notify_sg_on_port_change-644642', 'neutron.plugins.ml2.ovo_rpc._ObjectChangeHandler.handle_event-952621', 'neutron.api.rpc.agentnotifiers.dhcp_rpc_agent_api.DhcpAgentNotifyAPI._native_event_send_dhcp_notification-16225638', 'neutron.db.l3_db.L3RpcNotifierMixin._notify_gateway_port_ip_changed-8786773801939', 'neutron.db.l3_dvrscheduler_db._notify_l3_agent_port_update-8786773234490', 'neutron.db.l3_hascheduler_db._notify_l3_agent_ha_port_update-8786773234508'] for port, after_update {{(pid=101391) _notify_loop /usr/local/lib/python3.8/dist-packages/neutron_lib/callbacks/manager.py:192}}
Aug 31 08:44:30.054393 n-d-715271-13 neutron-server[101391]: DEBUG neutron.api.rpc.handlers.resources_rpc [None req-47cb2678-baf7-4352-b237-abd02c0a0faf None None] Pushing event updated for resources: {'Port': ['ID=38ce3f6c-64d8-4333-b127-95eb230f6c4a,revision_number=3']} {{(pid=101391) push /opt/stack/neutron/neutron/api/rpc/handlers/resources_rpc.py:237}}
Aug 31 08:44:30.082975 n-d-715271-13 neutron-server[101390]: DEBUG neutron.wsgi [-] (101390) accepted ('10.222.0.11', 37558) {{(pid=101390) server /usr/local/lib/python3.8/dist-packages/eventlet/wsgi.py:982}}
Aug 31 08:44:30.101770 n-d-715271-13 neutron-server[101391]: DEBUG neutron.db.provisioning_blocks [None req-e240ce91-7b1b-4b0d-a181-22fe0106cf29 None None] Provisioning complete for port b850312c-f57b-4744-bc55-b22e837083b1 triggered by entity L2. {{(pid=101391) provisioning_complete /opt/stack/neutron/neutron/db/provisioning_blocks.py:139}}
Aug 31 08:44:30.102643 n-d-715271-13 neutron-server[101391]: DEBUG neutron_lib.callbacks.manager [None req-e240ce91-7b1b-4b0d-a181-22fe0106cf29 None None] Notify callbacks ['neutron.plugins.ml2.plugin.Ml2Plugin._port_provisioned-682162'] for port, provisioning_complete {{(pid=101391) _notify_loop /usr/local/lib/python3.8/dist-packages/neutron_lib/callbacks/manager.py:192}}
Aug 31 08:44:30.120531 n-d-715271-13 neutron-server[101390]: DEBUG neutron_lib.callbacks.manager [None req-d4286750-2343-4f31-81d6-be5c839ad58e admin admin] Notify callbacks [] for security_group, before_create {{(pid=101390) _notify_loop /usr/local/lib/python3.8/dist-packages/neutron_lib/callbacks/manager.py:192}}
Aug 31 08:44:30.142192 n-d-715271-13 neutron-server[101389]: INFO neutron.wsgi [req-b8b71a15-1e41-4bff-95c5-042abb80f423 req-2055a9b8-b899-49cb-9758-04050f93d16a tempest-AggregatesAdminTestJSON-1308111446 tempest-AggregatesAdminTestJSON-1308111446-project] 10.222.0.11 "GET /v2.0/security-groups?id=e9e43327-7078-4cd0-8d97-430b61785172&fields=id&fields=name HTTP/1.1" status: 200 len: 286 time: 0.1504669
Aug 31 08:44:30.354221 n-d-715271-13 neutron-server[101391]: DEBUG neutron.plugins.ml2.managers [None req-00d2d323-1de8-44e7-8613-387891b440c2 None None] Attempting to bind port 38ce3f6c-64d8-4333-b127-95eb230f6c4a on host n-d-715271-13 for vnic_type normal with profile {{(pid=101391) bind_port /opt/stack/neutron/neutron/plugins/ml2/managers.py:790}}
Aug 31 08:44:30.359689 n-d-715271-13 neutron-server[101391]: DEBUG neutron.plugins.ml2.managers [None req-00d2d323-1de8-44e7-8613-387891b440c2 None None] Attempting to bind port 38ce3f6c-64d8-4333-b127-95eb230f6c4a by drivers openvswitch,hyperv on host n-d-715271-13 at level 0 using segments [{'id': 'e17bcd2f-d262-4254-81e9-9adc62fe03b8', 'network_type': 'vlan', 'physical_network': 'physnet1', 'segmentation_id': 1277, 'network_id': '73078d6d-7295-4066-a49f-e0086c363648'}] {{(pid=101391) _bind_port_level /opt/stack/neutron/neutron/plugins/ml2/managers.py:815}}
Aug 31 08:44:30.361387 n-d-715271-13 neutron-server[101391]: DEBUG neutron.plugins.ml2.drivers.mech_agent [None req-00d2d323-1de8-44e7-8613-387891b440c2 None None] Attempting to bind port 38ce3f6c-64d8-4333-b127-95eb230f6c4a on network 73078d6d-7295-4066-a49f-e0086c363648 {{(pid=101391) bind_port /opt/stack/neutron/neutron/plugins/ml2/drivers/mech_agent.py:85}}
Aug 31 08:44:30.379785 n-d-715271-13 neutron-server[101391]: DEBUG neutron.plugins.ml2.drivers.mech_agent [None req-00d2d323-1de8-44e7-8613-387891b440c2 None None] Checking agent: {'id': 'aa74e547-b872-4ce9-ae47-e36970665e28', 'agent_type': 'Open vSwitch agent', 'binary': 'neutron-openvswitch-agent', 'topic': 'N/A', 'host': 'n-d-715271-13', 'admin_state_up': True, 'created_at': datetime.datetime(2021, 8, 31, 8, 33, 41), 'started_at': datetime.datetime(2021, 8, 31, 8, 34, 11), 'heartbeat_timestamp': datetime.datetime(2021, 8, 31, 8, 44, 11), 'description': None, 'resources_synced': None, 'availability_zone': None, 'alive': True, 'configurations': {'arp_responder_enabled': False, 'baremetal_smartnic': False, 'bridge_mappings': {'physnet1': 'br-data'}, 'datapath_type': 'system', 'devices': 0, 'enable_distributed_routing': False, 'extensions': [], 'in_distributed_mode': False, 'integration_bridge': 'br-int', 'l2_population': False, 'log_agent_heartbeats': False, 'ovs_capabilities': {'datapath_types': ['netdev', 'system'], 'iface_types': ['erspan', 'geneve', 'gre', 'internal', 'ip6erspan', 'ip6gre', 'lisp', 'patch', 'stt', 'system', 'tap', 'vxlan']}, 'ovs_hybrid_plug': False, 'resource_provider_bandwidths': {}, 'resource_provider_hypervisors': {'br-data': 'n-d-715271-13'}, 'resource_provider_inventory_defaults': {'allocation_ratio': 1.0, 'min_unit': 1, 'step_size': 1, 'reserved': 0}, 'tunnel_types': [], 'tunneling_ip': None, 'vhostuser_socket_dir': '/var/run/openvswitch'}, 'resource_versions': {'AddressGroup': '1.2', 'ConntrackHelper': '1.0', 'Log': '1.0', 'Network': '1.1', 'Port': '1.7', 'PortForwarding': '1.2', 'QosPolicy': '1.9', 'SecurityGroup': '1.4', 'SecurityGroupRule': '1.2', 'SubPort': '1.0', 'Subnet': '1.1', 'Trunk': '1.1'}} {{(pid=101391) bind_port /opt/stack/neutron/neutron/plugins/ml2/drivers/mech_agent.py:104}}
Aug 31 08:44:30.380817 n-d-715271-13 neutron-server[101391]: DEBUG neutron.plugins.ml2.drivers.mech_agent [None req-00d2d323-1de8-44e7-8613-387891b440c2 None None] Checking segment: {'id': 'e17bcd2f-d262-4254-81e9-9adc62fe03b8', 'network_type': 'vlan', 'physical_network': 'physnet1', 'segmentation_id': 1277, 'network_id': '73078d6d-7295-4066-a49f-e0086c363648'} for mappings: {'physnet1': 'br-data'} with network types: ['local', 'flat', 'vlan'] {{(pid=101391) check_segment_for_agent /opt/stack/neutron/neutron/plugins/ml2/drivers/mech_agent.py:352}}
Aug 31 08:44:30.382224 n-d-715271-13 neutron-server[101391]: DEBUG neutron_lib.callbacks.manager [None req-00d2d323-1de8-44e7-8613-387891b440c2 None None] Notify callbacks [] for ovs_bridge_name, before_read {{(pid=101391) _notify_loop /usr/local/lib/python3.8/dist-packages/neutron_lib/callbacks/manager.py:192}}
Aug 31 08:44:30.382984 n-d-715271-13 neutron-server[101391]: DEBUG neutron.plugins.ml2.drivers.mech_agent [None req-00d2d323-1de8-44e7-8613-387891b440c2 None None] Bound using segment: {'id': 'e17bcd2f-d262-4254-81e9-9adc62fe03b8', 'network_type': 'vlan', 'physical_network': 'physnet1', 'segmentation_id': 1277, 'network_id': '73078d6d-7295-4066-a49f-e0086c363648'} {{(pid=101391) bind_port /opt/stack/neutron/neutron/plugins/ml2/drivers/mech_agent.py:114}}
Aug 31 08:44:30.384324 n-d-715271-13 neutron-server[101391]: DEBUG neutron.plugins.ml2.managers [None req-00d2d323-1de8-44e7-8613-387891b440c2 None None] Bound port: 38ce3f6c-64d8-4333-b127-95eb230f6c4a, host: n-d-715271-13, vif_type: ovs, vif_details: {"connectivity": "l2", "port_filter": true, "ovs_hybrid_plug": false, "datapath_type": "system", "bridge_name": "br-int"}, binding_levels: [{'bound_driver': 'openvswitch', 'bound_segment': {'id': 'e17bcd2f-d262-4254-81e9-9adc62fe03b8', 'network_type': 'vlan', 'physical_network': 'physnet1', 'segmentation_id': 1277, 'network_id': '73078d6d-7295-4066-a49f-e0086c363648'}}] {{(pid=101391) _bind_port_level /opt/stack/neutron/neutron/plugins/ml2/managers.py:928}}
Aug 31 08:44:30.385559 n-d-715271-13 neutron-server[101391]: DEBUG neutron_lib.callbacks.manager [None req-00d2d323-1de8-44e7-8613-387891b440c2 None None] Notify callbacks ['neutron.plugins.ml2.plugin.SecurityGroupDbMixin._ensure_default_security_group_handler-644709'] for port, before_update {{(pid=101391) _notify_loop /usr/local/lib/python3.8/dist-packages/neutron_lib/callbacks/manager.py:192}}
Aug 31 08:44:30.420950 n-d-715271-13 neutron-server[101390]: DEBUG neutron_lib.callbacks.manager [None req-d4286750-2343-4f31-81d6-be5c839ad58e admin admin] Notify callbacks [] for security_group, precommit_create {{(pid=101390) _notify_loop /usr/local/lib/python3.8/dist-packages/neutron_lib/callbacks/manager.py:192}}
