Aug 29 17:27:55.007555 n-d-715271-12 neutron-server[94555]: DEBUG neutron_lib.callbacks.manager [None req-c01b86de-b5e8-4607-a204-55fd4ec6ee55 admin admin] Notify callbacks [] for security_group, before_delete {{(pid=94555) _notify_loop /usr/local/lib/python3.8/dist-packages/neutron_lib/callbacks/manager.py:192}}
Aug 29 17:27:55.034020 n-d-715271-12 neutron-server[94555]: DEBUG neutron_lib.callbacks.manager [None req-c01b86de-b5e8-4607-a204-55fd4ec6ee55 admin admin] Notify callbacks [] for security_group, precommit_delete {{(pid=94555) _notify_loop /usr/local/lib/python3.8/dist-packages/neutron_lib/callbacks/manager.py:192}}
Aug 29 17:27:55.039624 n-d-715271-12 neutron-server[94554]: DEBUG neutron.pecan_wsgi.hooks.policy_enforcement [req-8dff6f71-fe3c-43e1-95b9-ab4c5b2cd42e req-321d1c56-9dfe-47c8-8116-9b64e6561925 tempest-DeleteServersAdminTestJSON-625910176 tempest-DeleteServersAdminTestJSON-625910176-project] Attributes excluded by policy engine: ['standard_attr_id', 'binding:profile', 'binding:host_id', 'binding:vif_type', 'binding:vif_details'] {{(pid=94554) _exclude_attributes_by_policy /opt/stack/neutron/neutron/pecan_wsgi/hooks/policy_enforcement.py:255}}
Aug 29 17:27:55.042113 n-d-715271-12 neutron-server[94554]: INFO neutron.wsgi [req-8dff6f71-fe3c-43e1-95b9-ab4c5b2cd42e req-321d1c56-9dfe-47c8-8116-9b64e6561925 tempest-DeleteServersAdminTestJSON-625910176 tempest-DeleteServersAdminTestJSON-625910176-project] 10.222.0.39 "GET /v2.0/ports?device_id=b7657828-8316-4dd3-b6b4-3dd909830fd1 HTTP/1.1" status: 200 len: 948 time: 0.0538993
Aug 29 17:27:55.092725 n-d-715271-12 neutron-server[94555]: DEBUG neutron_lib.callbacks.manager [None req-c01b86de-b5e8-4607-a204-55fd4ec6ee55 admin admin] Notify callbacks ['neutron.plugins.ml2.ovo_rpc._ObjectChangeHandler.handle_event-632054'] for security_group, after_delete {{(pid=94555) _notify_loop /usr/local/lib/python3.8/dist-packages/neutron_lib/callbacks/manager.py:192}}
Aug 29 17:27:55.093778 n-d-715271-12 neutron-server[94554]: INFO neutron.wsgi [req-8dff6f71-fe3c-43e1-95b9-ab4c5b2cd42e req-c23d374e-b2a1-486f-9e8a-144f70575c83 tempest-DeleteServersAdminTestJSON-625910176 tempest-DeleteServersAdminTestJSON-625910176-project] 10.222.0.39 "GET /v2.0/security-groups?id=e311876f-9493-4602-aee4-4975c566d17c&fields=id&fields=name HTTP/1.1" status: 200 len: 286 time: 0.0449817
Aug 29 17:27:55.106737 n-d-715271-12 neutron-server[94555]: DEBUG neutron_lib.callbacks.manager [None req-c01b86de-b5e8-4607-a204-55fd4ec6ee55 admin admin] Notify callbacks [] for security_group, before_response {{(pid=94555) _notify_loop /usr/local/lib/python3.8/dist-packages/neutron_lib/callbacks/manager.py:192}}
Aug 29 17:27:55.111305 n-d-715271-12 neutron-server[94555]: INFO neutron.wsgi [None req-c01b86de-b5e8-4607-a204-55fd4ec6ee55 admin admin] 10.222.0.39 "DELETE /v2.0/security-groups/8f9921b5-48ec-47c0-b877-8f4100d3df77 HTTP/1.1" status: 204 len: 168 time: 0.1624382
Aug 29 17:27:55.119634 n-d-715271-12 neutron-server[94555]: DEBUG neutron.api.rpc.handlers.resources_rpc [None req-c01b86de-b5e8-4607-a204-55fd4ec6ee55 admin admin] Pushing event deleted for resources: {'SecurityGroup': ['ID=8f9921b5-48ec-47c0-b877-8f4100d3df77,revision_number=None']} {{(pid=94555) push /opt/stack/neutron/neutron/api/rpc/handlers/resources_rpc.py:237}}
Aug 29 17:27:55.140511 n-d-715271-12 neutron-server[94555]: DEBUG neutron_lib.callbacks.manager [None req-39c35422-29b3-49e6-8166-5602d6501ad6 admin admin] Notify callbacks [] for security_group, before_create {{(pid=94555) _notify_loop /usr/local/lib/python3.8/dist-packages/neutron_lib/callbacks/manager.py:192}}
Aug 29 17:27:55.152297 n-d-715271-12 neutron-server[94556]: DEBUG neutron_lib.callbacks.manager [None req-70f74c6a-b37d-4d74-9a87-b3c246f9155b None None] Notify callbacks ['neutron.services.segments.db._update_segment_host_mapping_for_agent-8736906037724', 'neutron.plugins.ml2.plugin.Ml2Plugin._retry_binding_revived_agents-1709415'] for agent, after_update {{(pid=94556) _notify_loop /usr/local/lib/python3.8/dist-packages/neutron_lib/callbacks/manager.py:192}}
Aug 29 17:27:55.168803 n-d-715271-12 neutron-server[94554]: DEBUG neutron_lib.callbacks.manager [None req-03674fef-6d76-4a7b-b8ce-6db6d7e991f2 admin admin] Notify callbacks [] for security_group, before_create {{(pid=94554) _notify_loop /usr/local/lib/python3.8/dist-packages/neutron_lib/callbacks/manager.py:192}}
Aug 29 17:27:55.276913 n-d-715271-12 neutron-server[94555]: DEBUG neutron_lib.callbacks.manager [None req-39c35422-29b3-49e6-8166-5602d6501ad6 admin admin] Notify callbacks [] for security_group, precommit_create {{(pid=94555) _notify_loop /usr/local/lib/python3.8/dist-packages/neutron_lib/callbacks/manager.py:192}}
Aug 29 17:27:55.281133 n-d-715271-12 neutron-server[94555]: DEBUG neutron_lib.callbacks.manager [None req-39c35422-29b3-49e6-8166-5602d6501ad6 admin admin] Notify callbacks ['neutron.plugins.ml2.ovo_rpc._ObjectChangeHandler.handle_event-632054'] for security_group, after_create {{(pid=94555) _notify_loop /usr/local/lib/python3.8/dist-packages/neutron_lib/callbacks/manager.py:192}}
Aug 29 17:27:55.286550 n-d-715271-12 neutron-server[94554]: DEBUG neutron.wsgi [-] (94554) accepted ('10.222.0.39', 38996) {{(pid=94554) server /usr/local/lib/python3.8/dist-packages/eventlet/wsgi.py:982}}
Aug 29 17:27:55.315094 n-d-715271-12 neutron-server[94554]: DEBUG neutron_lib.callbacks.manager [None req-f6148e7d-1203-4a0f-92e1-5f82f74e2fc6 admin admin] Notify callbacks [] for security_group, before_create {{(pid=94554) _notify_loop /usr/local/lib/python3.8/dist-packages/neutron_lib/callbacks/manager.py:192}}
Aug 29 17:27:55.328440 n-d-715271-12 neutron-server[94555]: INFO neutron.wsgi [None req-39c35422-29b3-49e6-8166-5602d6501ad6 admin admin] 10.222.0.39 "GET /v2.0/security-groups?tenant_id=960866b5c5be44b98f6d162b2feb7599&name=default HTTP/1.1" status: 200 len: 2979 time: 0.5207753
Aug 29 17:27:55.331306 n-d-715271-12 neutron-server[94555]: DEBUG neutron.wsgi [-] (94555) accepted ('10.222.0.39', 39000) {{(pid=94555) server /usr/local/lib/python3.8/dist-packages/eventlet/wsgi.py:982}}
Aug 29 17:27:55.343062 n-d-715271-12 neutron-server[94555]: DEBUG neutron.api.rpc.handlers.resources_rpc [None req-39c35422-29b3-49e6-8166-5602d6501ad6 admin admin] Pushing event updated for resources: {'SecurityGroup': ['ID=34c31963-5c05-40ca-b788-bc211c57ae5d,revision_number=1']} {{(pid=94555) push /opt/stack/neutron/neutron/api/rpc/handlers/resources_rpc.py:237}}
Aug 29 17:27:55.408558 n-d-715271-12 neutron-server[94555]: DEBUG neutron_lib.callbacks.manager [None req-a48fadf0-2de3-4661-b8da-6828dfd612fd admin admin] Notify callbacks [] for security_group, before_delete {{(pid=94555) _notify_loop /usr/local/lib/python3.8/dist-packages/neutron_lib/callbacks/manager.py:192}}
Aug 29 17:27:55.425310 n-d-715271-12 neutron-server[94554]: DEBUG neutron_lib.callbacks.manager [None req-03674fef-6d76-4a7b-b8ce-6db6d7e991f2 admin admin] Notify callbacks [] for security_group, precommit_create {{(pid=94554) _notify_loop /usr/local/lib/python3.8/dist-packages/neutron_lib/callbacks/manager.py:192}}
Aug 29 17:27:55.434461 n-d-715271-12 neutron-server[94555]: DEBUG neutron_lib.callbacks.manager [None req-a48fadf0-2de3-4661-b8da-6828dfd612fd admin admin] Notify callbacks [] for security_group, precommit_delete {{(pid=94555) _notify_loop /usr/local/lib/python3.8/dist-packages/neutron_lib/callbacks/manager.py:192}}
Aug 29 17:27:55.434679 n-d-715271-12 neutron-server[94554]: DEBUG neutron_lib.callbacks.manager [None req-03674fef-6d76-4a7b-b8ce-6db6d7e991f2 admin admin] Notify callbacks ['neutron.plugins.ml2.ovo_rpc._ObjectChangeHandler.handle_event-632054'] for security_group, after_create {{(pid=94554) _notify_loop /usr/local/lib/python3.8/dist-packages/neutron_lib/callbacks/manager.py:192}}
Aug 29 17:27:55.493020 n-d-715271-12 neutron-server[94554]: INFO neutron.wsgi [None req-03674fef-6d76-4a7b-b8ce-6db6d7e991f2 admin admin] 10.222.0.39 "GET /v2.0/security-groups?tenant_id=8a0ca029777d450cae3b14723ae322f3&name=default HTTP/1.1" status: 200 len: 2979 time: 0.7051129
Aug 29 17:27:55.496046 n-d-715271-12 neutron-server[94555]: DEBUG neutron.wsgi [-] (94555) accepted ('10.222.0.39', 39004) {{(pid=94555) server /usr/local/lib/python3.8/dist-packages/eventlet/wsgi.py:982}}
Aug 29 17:27:55.501440 n-d-715271-12 neutron-server[94554]: DEBUG neutron.api.rpc.handlers.resources_rpc [None req-03674fef-6d76-4a7b-b8ce-6db6d7e991f2 admin admin] Pushing event updated for resources: {'SecurityGroup': ['ID=327abc72-fad9-41e4-a1c7-150e6ce84b58,revision_number=1']} {{(pid=94554) push /opt/stack/neutron/neutron/api/rpc/handlers/resources_rpc.py:237}}
Aug 29 17:27:55.521319 n-d-715271-12 neutron-server[94554]: DEBUG neutron.wsgi [-] (94554) accepted ('10.222.0.39', 39006) {{(pid=94554) server /usr/local/lib/python3.8/dist-packages/eventlet/wsgi.py:982}}
Aug 29 17:27:55.528431 n-d-715271-12 neutron-server[94555]: DEBUG neutron_lib.callbacks.manager [None req-a48fadf0-2de3-4661-b8da-6828dfd612fd admin admin] Notify callbacks ['neutron.plugins.ml2.ovo_rpc._ObjectChangeHandler.handle_event-632054'] for security_group, after_delete {{(pid=94555) _notify_loop /usr/local/lib/python3.8/dist-packages/neutron_lib/callbacks/manager.py:192}}
Aug 29 17:27:55.530942 n-d-715271-12 neutron-server[94555]: DEBUG neutron_lib.callbacks.manager [None req-a48fadf0-2de3-4661-b8da-6828dfd612fd admin admin] Notify callbacks [] for security_group, before_response {{(pid=94555) _notify_loop /usr/local/lib/python3.8/dist-packages/neutron_lib/callbacks/manager.py:192}}
Aug 29 17:27:55.532061 n-d-715271-12 neutron-server[94555]: INFO neutron.wsgi [None req-a48fadf0-2de3-4661-b8da-6828dfd612fd admin admin] 10.222.0.39 "DELETE /v2.0/security-groups/34c31963-5c05-40ca-b788-bc211c57ae5d HTTP/1.1" status: 204 len: 168 time: 0.1997523
Aug 29 17:27:55.546764 n-d-715271-12 neutron-server[94554]: DEBUG neutron_lib.callbacks.manager [None req-625c0ca7-3159-47f5-8e42-01c065de633e admin admin] Notify callbacks [] for security_group, before_create {{(pid=94554) _notify_loop /usr/local/lib/python3.8/dist-packages/neutron_lib/callbacks/manager.py:192}}
Aug 29 17:27:55.550330 n-d-715271-12 neutron-server[94555]: DEBUG neutron.api.rpc.handlers.resources_rpc [None req-a48fadf0-2de3-4661-b8da-6828dfd612fd admin admin] Pushing event deleted for resources: {'SecurityGroup': ['ID=34c31963-5c05-40ca-b788-bc211c57ae5d,revision_number=None']} {{(pid=94555) push /opt/stack/neutron/neutron/api/rpc/handlers/resources_rpc.py:237}}
Aug 29 17:27:55.565305 n-d-715271-12 neutron-server[94555]: DEBUG neutron_lib.callbacks.manager [None req-ea9eee29-0097-4f1b-a798-2107f82a53df admin admin] Notify callbacks [] for security_group, before_delete {{(pid=94555) _notify_loop /usr/local/lib/python3.8/dist-packages/neutron_lib/callbacks/manager.py:192}}
Aug 29 17:27:55.606165 n-d-715271-12 neutron-server[94555]: DEBUG neutron_lib.callbacks.manager [None req-ea9eee29-0097-4f1b-a798-2107f82a53df admin admin] Notify callbacks [] for security_group, precommit_delete {{(pid=94555) _notify_loop /usr/local/lib/python3.8/dist-packages/neutron_lib/callbacks/manager.py:192}}
Aug 29 17:27:55.628569 n-d-715271-12 neutron-server[94554]: DEBUG neutron_lib.callbacks.manager [None req-f6148e7d-1203-4a0f-92e1-5f82f74e2fc6 admin admin] Notify callbacks [] for security_group, precommit_create {{(pid=94554) _notify_loop /usr/local/lib/python3.8/dist-packages/neutron_lib/callbacks/manager.py:192}}
Aug 29 17:27:55.642064 n-d-715271-12 neutron-server[94554]: DEBUG neutron_lib.callbacks.manager [None req-f6148e7d-1203-4a0f-92e1-5f82f74e2fc6 admin admin] Notify callbacks ['neutron.plugins.ml2.ovo_rpc._ObjectChangeHandler.handle_event-632054'] for security_group, after_create {{(pid=94554) _notify_loop /usr/local/lib/python3.8/dist-packages/neutron_lib/callbacks/manager.py:192}}
Aug 29 17:27:55.667589 n-d-715271-12 neutron-server[94555]: DEBUG neutron_lib.callbacks.manager [None req-ea9eee29-0097-4f1b-a798-2107f82a53df admin admin] Notify callbacks ['neutron.plugins.ml2.ovo_rpc._ObjectChangeHandler.handle_event-632054'] for security_group, after_delete {{(pid=94555) _notify_loop /usr/local/lib/python3.8/dist-packages/neutron_lib/callbacks/manager.py:192}}
Aug 29 17:27:55.670449 n-d-715271-12 neutron-server[94555]: DEBUG neutron_lib.callbacks.manager [None req-ea9eee29-0097-4f1b-a798-2107f82a53df admin admin] Notify callbacks [] for security_group, before_response {{(pid=94555) _notify_loop /usr/local/lib/python3.8/dist-packages/neutron_lib/callbacks/manager.py:192}}
Aug 29 17:27:55.671977 n-d-715271-12 neutron-server[94555]: INFO neutron.wsgi [None req-ea9eee29-0097-4f1b-a798-2107f82a53df admin admin] 10.222.0.39 "DELETE /v2.0/security-groups/327abc72-fad9-41e4-a1c7-150e6ce84b58 HTTP/1.1" status: 204 len: 168 time: 0.1742249
Aug 29 17:27:55.690556 n-d-715271-12 neutron-server[94555]: DEBUG neutron.api.rpc.handlers.resources_rpc [None req-ea9eee29-0097-4f1b-a798-2107f82a53df admin admin] Pushing event deleted for resources: {'SecurityGroup': ['ID=327abc72-fad9-41e4-a1c7-150e6ce84b58,revision_number=None']} {{(pid=94555) push /opt/stack/neutron/neutron/api/rpc/handlers/resources_rpc.py:237}}
Aug 29 17:27:55.707269 n-d-715271-12 neutron-server[94554]: DEBUG neutron.api.rpc.handlers.resources_rpc [None req-f6148e7d-1203-4a0f-92e1-5f82f74e2fc6 admin admin] Pushing event updated for resources: {'SecurityGroup': ['ID=4154f0d6-dfc6-4f99-a4f6-677b73c75e34,revision_number=1']} {{(pid=94554) push /opt/stack/neutron/neutron/api/rpc/handlers/resources_rpc.py:237}}
Aug 29 17:27:55.720134 n-d-715271-12 neutron-server[94554]: INFO neutron.wsgi [None req-f6148e7d-1203-4a0f-92e1-5f82f74e2fc6 admin admin] 10.222.0.39 "GET /v2.0/security-groups?tenant_id=26770ab297484886821457bd691151f6&name=default HTTP/1.1" status: 200 len: 2979 time: 0.4294920
Aug 29 17:27:55.720511 n-d-715271-12 neutron-server[94555]: DEBUG neutron.wsgi [-] (94555) accepted ('10.222.0.39', 39018) {{(pid=94555) server /usr/local/lib/python3.8/dist-packages/eventlet/wsgi.py:982}}
Aug 29 17:27:55.755819 n-d-715271-12 neutron-server[94556]: DEBUG neutron_lib.callbacks.manager [None req-3d01c87a-694e-4c55-8a25-34b30403bf44 None None] Notify callbacks ['neutron.services.segments.db._update_segment_host_mapping_for_agent-8736906037724', 'neutron.plugins.ml2.plugin.Ml2Plugin._retry_binding_revived_agents-1709415'] for agent, after_update {{(pid=94556) _notify_loop /usr/local/lib/python3.8/dist-packages/neutron_lib/callbacks/manager.py:192}}
Aug 29 17:27:55.798370 n-d-715271-12 neutron-server[94555]: DEBUG neutron_lib.callbacks.manager [None req-2f270c53-b122-40e3-8e7b-0fb6ba7f47c9 admin admin] Notify callbacks [] for security_group, before_delete {{(pid=94555) _notify_loop /usr/local/lib/python3.8/dist-packages/neutron_lib/callbacks/manager.py:192}}
Aug 29 17:27:55.822723 n-d-715271-12 neutron-server[94555]: DEBUG neutron_lib.callbacks.manager [None req-2f270c53-b122-40e3-8e7b-0fb6ba7f47c9 admin admin] Notify callbacks [] for security_group, precommit_delete {{(pid=94555) _notify_loop /usr/local/lib/python3.8/dist-packages/neutron_lib/callbacks/manager.py:192}}
Aug 29 17:27:55.835511 n-d-715271-12 neutron-server[94554]: DEBUG neutron_lib.callbacks.manager [None req-625c0ca7-3159-47f5-8e42-01c065de633e admin admin] Notify callbacks [] for security_group, precommit_create {{(pid=94554) _notify_loop /usr/local/lib/python3.8/dist-packages/neutron_lib/callbacks/manager.py:192}}
Aug 29 17:27:55.841897 n-d-715271-12 neutron-server[94554]: DEBUG neutron_lib.callbacks.manager [None req-625c0ca7-3159-47f5-8e42-01c065de633e admin admin] Notify callbacks ['neutron.plugins.ml2.ovo_rpc._ObjectChangeHandler.handle_event-632054'] for security_group, after_create {{(pid=94554) _notify_loop /usr/local/lib/python3.8/dist-packages/neutron_lib/callbacks/manager.py:192}}
Aug 29 17:27:55.884263 n-d-715271-12 neutron-server[94554]: INFO neutron.wsgi [None req-625c0ca7-3159-47f5-8e42-01c065de633e admin admin] 10.222.0.39 "GET /v2.0/security-groups?tenant_id=42c7ff7165554deaa581ec41ba3f0141&name=default HTTP/1.1" status: 200 len: 2979 time: 0.3589768
Aug 29 17:27:55.887554 n-d-715271-12 neutron-server[94554]: DEBUG neutron.wsgi [-] (94554) accepted ('10.222.0.39', 39024) {{(pid=94554) server /usr/local/lib/python3.8/dist-packages/eventlet/wsgi.py:982}}
Aug 29 17:27:55.888698 n-d-715271-12 neutron-server[94555]: DEBUG neutron_lib.callbacks.manager [None req-2f270c53-b122-40e3-8e7b-0fb6ba7f47c9 admin admin] Notify callbacks ['neutron.plugins.ml2.ovo_rpc._ObjectChangeHandler.handle_event-632054'] for security_group, after_delete {{(pid=94555) _notify_loop /usr/local/lib/python3.8/dist-packages/neutron_lib/callbacks/manager.py:192}}
Aug 29 17:27:55.891346 n-d-715271-12 neutron-server[94555]: DEBUG neutron_lib.callbacks.manager [None req-2f270c53-b122-40e3-8e7b-0fb6ba7f47c9 admin admin] Notify callbacks [] for security_group, before_response {{(pid=94555) _notify_loop /usr/local/lib/python3.8/dist-packages/neutron_lib/callbacks/manager.py:192}}
Aug 29 17:27:55.892615 n-d-715271-12 neutron-server[94555]: INFO neutron.wsgi [None req-2f270c53-b122-40e3-8e7b-0fb6ba7f47c9 admin admin] 10.222.0.39 "DELETE /v2.0/security-groups/4154f0d6-dfc6-4f99-a4f6-677b73c75e34 HTTP/1.1" status: 204 len: 168 time: 0.1705959
Aug 29 17:27:55.901120 n-d-715271-12 neutron-server[94555]: DEBUG neutron.api.rpc.handlers.resources_rpc [None req-2f270c53-b122-40e3-8e7b-0fb6ba7f47c9 admin admin] Pushing event deleted for resources: {'SecurityGroup': ['ID=4154f0d6-dfc6-4f99-a4f6-677b73c75e34,revision_number=None']} {{(pid=94555) push /opt/stack/neutron/neutron/api/rpc/handlers/resources_rpc.py:237}}
Aug 29 17:27:55.924639 n-d-715271-12 neutron-server[94554]: DEBUG neutron.api.rpc.handlers.resources_rpc [None req-625c0ca7-3159-47f5-8e42-01c065de633e admin admin] Pushing event updated for resources: {'SecurityGroup': ['ID=5e000a24-26a6-4078-b768-d3299d4f0039,revision_number=1']} {{(pid=94554) push /opt/stack/neutron/neutron/api/rpc/handlers/resources_rpc.py:237}}
Aug 29 17:27:55.992040 n-d-715271-12 neutron-server[94554]: DEBUG neutron_lib.callbacks.manager [None req-e32378b1-3844-4741-adc6-18d232420dad admin admin] Notify callbacks [] for security_group, before_delete {{(pid=94554) _notify_loop /usr/local/lib/python3.8/dist-packages/neutron_lib/callbacks/manager.py:192}}
Aug 29 17:27:56.038718 n-d-715271-12 neutron-server[94556]: DEBUG neutron.plugins.ml2.rpc [None req-030635a7-cbc2-4f2c-b87b-d102d79e85be None None] Device 0b06c0a7-df1e-48b5-b251-1f857e0e6b8e details requested by agent hyperv_n-h1-715271-12 with host n-h1-715271-12 {{(pid=94556) get_device_details /opt/stack/neutron/neutron/plugins/ml2/rpc.py:102}}
Aug 29 17:27:56.052797 n-d-715271-12 neutron-server[94555]: INFO neutron.wsgi [req-3a83814b-49de-4246-bda9-6b56c670ba7b req-89fcde4e-7e5b-41ab-babc-3a43bc2b4ea4 tempest-ServersOnMultiNodesTest-886732015 tempest-ServersOnMultiNodesTest-886732015-project] 10.222.0.39 "GET /v2.0/networks?tenant_id=e0d78d9dad85487ea5cfd1b7b3c8e2db&shared=False HTTP/1.1" status: 200 len: 213 time: 0.0322716
Aug 29 17:27:56.068492 n-d-715271-12 neutron-server[94554]: DEBUG neutron_lib.callbacks.manager [None req-e32378b1-3844-4741-adc6-18d232420dad admin admin] Notify callbacks [] for security_group, precommit_delete {{(pid=94554) _notify_loop /usr/local/lib/python3.8/dist-packages/neutron_lib/callbacks/manager.py:192}}
Aug 29 17:27:56.107570 n-d-715271-12 neutron-server[94554]: DEBUG neutron.pecan_wsgi.hooks.policy_enforcement [req-5578554a-80da-4d18-b08c-baab6581176f req-dc5abf2c-3875-4ebf-9248-5c8962dd9ad9 tempest-AggregatesAdminTestJSON-79355973 tempest-AggregatesAdminTestJSON-79355973-project] Attributes excluded by policy engine: ['standard_attr_id', 'binding:profile', 'binding:host_id', 'binding:vif_type', 'binding:vif_details'] {{(pid=94554) _exclude_attributes_by_policy /opt/stack/neutron/neutron/pecan_wsgi/hooks/policy_enforcement.py:255}}
Aug 29 17:27:56.109376 n-d-715271-12 neutron-server[94554]: INFO neutron.wsgi [req-5578554a-80da-4d18-b08c-baab6581176f req-dc5abf2c-3875-4ebf-9248-5c8962dd9ad9 tempest-AggregatesAdminTestJSON-79355973 tempest-AggregatesAdminTestJSON-79355973-project] 10.222.0.39 "GET /v2.0/ports?device_id=0489360d-c2eb-4e36-abd4-c0cb7452bd9b HTTP/1.1" status: 200 len: 968 time: 0.0951619
Aug 29 17:27:56.160409 n-d-715271-12 neutron-server[94554]: INFO neutron.wsgi [req-5578554a-80da-4d18-b08c-baab6581176f req-b69f1ed6-083b-441c-9688-2f23ea0a6e38 tempest-AggregatesAdminTestJSON-79355973 tempest-AggregatesAdminTestJSON-79355973-project] 10.222.0.39 "GET /v2.0/security-groups?id=80a9dcc6-c1af-4bfd-9e17-16ae78e38c02&fields=id&fields=name HTTP/1.1" status: 200 len: 286 time: 0.0445411
Aug 29 17:27:56.169418 n-d-715271-12 neutron-server[94556]: DEBUG neutron.plugins.ml2.db [None req-030635a7-cbc2-4f2c-b87b-d102d79e85be None None] For port 0b06c0a7-df1e-48b5-b251-1f857e0e6b8e, host n-h1-715271-12, got binding levels [PortBindingLevel(driver='hyperv',host='n-h1-715271-12',level=0,port_id=0b06c0a7-df1e-48b5-b251-1f857e0e6b8e,segment=NetworkSegment(08b15c3f-1be6-4759-afd1-4aa0f9dbe60d),segment_id=08b15c3f-1be6-4759-afd1-4aa0f9dbe60d)] {{(pid=94556) get_binding_level_objs /opt/stack/neutron/neutron/plugins/ml2/db.py:74}}
Aug 29 17:27:56.171199 n-d-715271-12 neutron-server[94555]: DEBUG neutron.pecan_wsgi.hooks.policy_enforcement [req-3a83814b-49de-4246-bda9-6b56c670ba7b req-13364cea-47c0-477c-9924-1f9c2a1da74f tempest-ServersOnMultiNodesTest-886732015 tempest-ServersOnMultiNodesTest-886732015-project] Attributes excluded by policy engine: ['standard_attr_id', 'vlan_transparent', 'provider:network_type', 'provider:physical_network', 'provider:segmentation_id'] {{(pid=94555) _exclude_attributes_by_policy /opt/stack/neutron/neutron/pecan_wsgi/hooks/policy_enforcement.py:255}}
Aug 29 17:27:56.179644 n-d-715271-12 neutron-server[94555]: INFO neutron.wsgi [req-3a83814b-49de-4246-bda9-6b56c670ba7b req-13364cea-47c0-477c-9924-1f9c2a1da74f tempest-ServersOnMultiNodesTest-886732015 tempest-ServersOnMultiNodesTest-886732015-project] 10.222.0.39 "GET /v2.0/networks?shared=True HTTP/1.1" status: 200 len: 769 time: 0.1247334
Aug 29 17:27:56.182838 n-d-715271-12 neutron-server[94556]: DEBUG neutron.plugins.ml2.rpc [None req-030635a7-cbc2-4f2c-b87b-d102d79e85be None None] Returning: {'device': '0b06c0a7-df1e-48b5-b251-1f857e0e6b8e', 'network_id': '4c675838-4d92-4f65-947c-ea5ef27f032e', 'port_id': '0b06c0a7-df1e-48b5-b251-1f857e0e6b8e', 'mac_address': 'fa:16:3e:fc:e4:36', 'admin_state_up': True, 'network_type': 'vlan', 'segmentation_id': 371, 'physical_network': 'physnet1', 'mtu': 1500, 'fixed_ips': [{'subnet_id': '3a82451c-8f8d-4a68-8ce9-33a3f17721d2', 'ip_address': '192.168.233.124'}], 'device_owner': 'compute:nova', 'allowed_address_pairs': [], 'port_security_enabled': True, 'qos_policy_id': None, 'network_qos_policy_id': None, 'profile': {}, 'propagate_uplink_status': False} {{(pid=94556) _get_device_details /opt/stack/neutron/neutron/plugins/ml2/rpc.py:184}}
Aug 29 17:27:56.195638 n-d-715271-12 neutron-server[94554]: DEBUG neutron_lib.callbacks.manager [None req-e32378b1-3844-4741-adc6-18d232420dad admin admin] Notify callbacks ['neutron.plugins.ml2.ovo_rpc._ObjectChangeHandler.handle_event-632054'] for security_group, after_delete {{(pid=94554) _notify_loop /usr/local/lib/python3.8/dist-packages/neutron_lib/callbacks/manager.py:192}}
Aug 29 17:27:56.199277 n-d-715271-12 neutron-server[94554]: DEBUG neutron_lib.callbacks.manager [None req-e32378b1-3844-4741-adc6-18d232420dad admin admin] Notify callbacks [] for security_group, before_response {{(pid=94554) _notify_loop /usr/local/lib/python3.8/dist-packages/neutron_lib/callbacks/manager.py:192}}
Aug 29 17:27:56.203437 n-d-715271-12 neutron-server[94554]: INFO neutron.wsgi [None req-e32378b1-3844-4741-adc6-18d232420dad admin admin] 10.222.0.39 "DELETE /v2.0/security-groups/5e000a24-26a6-4078-b768-d3299d4f0039 HTTP/1.1" status: 204 len: 168 time: 0.3149252
Aug 29 17:27:56.204747 n-d-715271-12 neutron-server[94555]: INFO neutron.wsgi [req-3a83814b-49de-4246-bda9-6b56c670ba7b req-b18c525a-aff4-47db-bf13-0892cafe0169 tempest-ServersOnMultiNodesTest-886732015 tempest-ServersOnMultiNodesTest-886732015-project] 10.222.0.39 "GET /v2.0/quotas/e0d78d9dad85487ea5cfd1b7b3c8e2db HTTP/1.1" status: 200 len: 375 time: 0.0239751
Aug 29 17:27:56.220951 n-d-715271-12 neutron-server[94554]: DEBUG neutron.api.rpc.handlers.resources_rpc [None req-e32378b1-3844-4741-adc6-18d232420dad admin admin] Pushing event deleted for resources: {'SecurityGroup': ['ID=5e000a24-26a6-4078-b768-d3299d4f0039,revision_number=None']} {{(pid=94554) push /opt/stack/neutron/neutron/api/rpc/handlers/resources_rpc.py:237}}
Aug 29 17:27:56.225720 n-d-715271-12 neutron-server[94554]: DEBUG neutron.wsgi [-] (94554) accepted ('10.222.0.39', 39046) {{(pid=94554) server /usr/local/lib/python3.8/dist-packages/eventlet/wsgi.py:982}}
Aug 29 17:27:56.259352 n-d-715271-12 neutron-server[94554]: DEBUG neutron_lib.callbacks.manager [None req-02ef32fc-a31a-49e4-ba7d-a85635e29d71 admin admin] Notify callbacks [] for security_group, before_create {{(pid=94554) _notify_loop /usr/local/lib/python3.8/dist-packages/neutron_lib/callbacks/manager.py:192}}
Aug 29 17:27:56.277866 n-d-715271-12 neutron-server[94555]: INFO neutron.wsgi [req-3a83814b-49de-4246-bda9-6b56c670ba7b req-18cc17a6-fe9a-4972-8283-12e48fb25c81 tempest-ServersOnMultiNodesTest-886732015 tempest-ServersOnMultiNodesTest-886732015-project] 10.222.0.39 "GET /v2.0/ports?tenant_id=e0d78d9dad85487ea5cfd1b7b3c8e2db&fields=id HTTP/1.1" status: 200 len: 210 time: 0.0710573
Aug 29 17:27:56.279121 n-d-715271-12 neutron-server[94556]: DEBUG neutron_lib.callbacks.manager [None req-030635a7-cbc2-4f2c-b87b-d102d79e85be None None] Notify callbacks ['neutron.plugins.ml2.plugin.SecurityGroupDbMixin._ensure_default_security_group_handler-1719133'] for port, before_update {{(pid=94556) _notify_loop /usr/local/lib/python3.8/dist-packages/neutron_lib/callbacks/manager.py:192}}
Aug 29 17:27:56.298309 n-d-715271-12 neutron-server[94556]: DEBUG neutron.notifiers.nova [None req-030635a7-cbc2-4f2c-b87b-d102d79e85be None None] Ignoring state change previous_port_status: DOWN current_port_status: BUILD port_id 0b06c0a7-df1e-48b5-b251-1f857e0e6b8e {{(pid=94556) record_port_status_changed /opt/stack/neutron/neutron/notifiers/nova.py:224}}
Aug 29 17:27:56.309799 n-d-715271-12 neutron-server[94555]: DEBUG neutron.wsgi [-] (94555) accepted ('10.222.0.39', 39048) {{(pid=94555) server /usr/local/lib/python3.8/dist-packages/eventlet/wsgi.py:982}}
Aug 29 17:27:56.330619 n-d-715271-12 neutron-server[94555]: DEBUG neutron_lib.callbacks.manager [None req-448c11be-2654-47c5-b40b-63aae15435bf admin admin] Notify callbacks [] for security_group, before_create {{(pid=94555) _notify_loop /usr/local/lib/python3.8/dist-packages/neutron_lib/callbacks/manager.py:192}}
Aug 29 17:27:56.334383 n-d-715271-12 neutron-server[94556]: DEBUG neutron.plugins.ml2.db [None req-030635a7-cbc2-4f2c-b87b-d102d79e85be None None] For port 0b06c0a7-df1e-48b5-b251-1f857e0e6b8e, host n-h1-715271-12, got binding levels [PortBindingLevel(driver='hyperv',host='n-h1-715271-12',level=0,port_id=0b06c0a7-df1e-48b5-b251-1f857e0e6b8e,segment=NetworkSegment(08b15c3f-1be6-4759-afd1-4aa0f9dbe60d),segment_id=08b15c3f-1be6-4759-afd1-4aa0f9dbe60d)] {{(pid=94556) get_binding_level_objs /opt/stack/neutron/neutron/plugins/ml2/db.py:74}}
Aug 29 17:27:56.343423 n-d-715271-12 neutron-server[94556]: DEBUG neutron_lib.callbacks.manager [None req-030635a7-cbc2-4f2c-b87b-d102d79e85be None None] Notify callbacks ['neutron.plugins.ml2.plugin.SecurityGroupServerNotifierRpcMixin._notify_sg_on_port_change-1719058', 'neutron.plugins.ml2.ovo_rpc._ObjectChangeHandler.handle_event-188220', 'neutron.api.rpc.agentnotifiers.dhcp_rpc_agent_api.DhcpAgentNotifyAPI._native_event_send_dhcp_notification-559712', 'neutron.db.l3_db.L3RpcNotifierMixin._notify_gateway_port_ip_changed-8736906013489', 'neutron.db.l3_dvrscheduler_db._notify_l3_agent_port_update-8736905539094', 'neutron.db.l3_hascheduler_db._notify_l3_agent_ha_port_update-8736905539112'] for port, after_update {{(pid=94556) _notify_loop /usr/local/lib/python3.8/dist-packages/neutron_lib/callbacks/manager.py:192}}
Aug 29 17:27:56.344094 n-d-715271-12 neutron-server[94556]: DEBUG neutron.plugins.ml2.rpc [None req-030635a7-cbc2-4f2c-b87b-d102d79e85be None None] Device e7f330a4-2872-4042-a93b-15510c3f76c5 details requested by agent hyperv_n-h1-715271-12 with host n-h1-715271-12 {{(pid=94556) get_device_details /opt/stack/neutron/neutron/plugins/ml2/rpc.py:102}}
Aug 29 17:27:56.409714 n-d-715271-12 neutron-server[94554]: DEBUG neutron_lib.callbacks.manager [None req-02ef32fc-a31a-49e4-ba7d-a85635e29d71 admin admin] Notify callbacks [] for security_group, precommit_create {{(pid=94554) _notify_loop /usr/local/lib/python3.8/dist-packages/neutron_lib/callbacks/manager.py:192}}
Aug 29 17:27:56.426159 n-d-715271-12 neutron-server[94554]: DEBUG neutron_lib.callbacks.manager [None req-02ef32fc-a31a-49e4-ba7d-a85635e29d71 admin admin] Notify callbacks ['neutron.plugins.ml2.ovo_rpc._ObjectChangeHandler.handle_event-632054'] for security_group, after_create {{(pid=94554) _notify_loop /usr/local/lib/python3.8/dist-packages/neutron_lib/callbacks/manager.py:192}}
Aug 29 17:27:56.460160 n-d-715271-12 neutron-server[94554]: DEBUG neutron.api.rpc.handlers.resources_rpc [None req-02ef32fc-a31a-49e4-ba7d-a85635e29d71 admin admin] Pushing event updated for resources: {'SecurityGroup': ['ID=4fda2bb9-b7a1-4818-9971-5957e57f28dd,revision_number=1']} {{(pid=94554) push /opt/stack/neutron/neutron/api/rpc/handlers/resources_rpc.py:237}}
Aug 29 17:27:56.505718 n-d-715271-12 neutron-server[94556]: DEBUG neutron.plugins.ml2.db [None req-030635a7-cbc2-4f2c-b87b-d102d79e85be None None] For port e7f330a4-2872-4042-a93b-15510c3f76c5, host n-h1-715271-12, got binding levels [PortBindingLevel(driver='hyperv',host='n-h1-715271-12',level=0,port_id=e7f330a4-2872-4042-a93b-15510c3f76c5,segment=NetworkSegment(08b15c3f-1be6-4759-afd1-4aa0f9dbe60d),segment_id=08b15c3f-1be6-4759-afd1-4aa0f9dbe60d)] {{(pid=94556) get_binding_level_objs /opt/stack/neutron/neutron/plugins/ml2/db.py:74}}
Aug 29 17:27:56.520086 n-d-715271-12 neutron-server[94556]: DEBUG neutron.api.rpc.handlers.resources_rpc [None req-030635a7-cbc2-4f2c-b87b-d102d79e85be None None] Pushing event updated for resources: {'Port': ['ID=0b06c0a7-df1e-48b5-b251-1f857e0e6b8e,revision_number=4']} {{(pid=94556) push /opt/stack/neutron/neutron/api/rpc/handlers/resources_rpc.py:237}}
Aug 29 17:27:56.531999 n-d-715271-12 neutron-server[94555]: DEBUG neutron.wsgi [-] (94555) accepted ('10.222.0.39', 39054) {{(pid=94555) server /usr/local/lib/python3.8/dist-packages/eventlet/wsgi.py:982}}
Aug 29 17:27:56.533430 n-d-715271-12 neutron-server[94556]: DEBUG neutron.api.rpc.callbacks.version_manager [None req-030635a7-cbc2-4f2c-b87b-d102d79e85be None None] Version for resource type AddressGroup changed None to 1.2 on consumer Open vSwitch agent@n-d-715271-12 {{(pid=94556) _set_version /opt/stack/neutron/neutron/api/rpc/callbacks/version_manager.py:113}}
Aug 29 17:27:56.534044 n-d-715271-12 neutron-server[94556]: DEBUG neutron.api.rpc.callbacks.version_manager [None req-030635a7-cbc2-4f2c-b87b-d102d79e85be None None] Version for resource type ConntrackHelper changed None to 1.0 on consumer Open vSwitch agent@n-d-715271-12 {{(pid=94556) _set_version /opt/stack/neutron/neutron/api/rpc/callbacks/version_manager.py:113}}
Aug 29 17:27:56.534538 n-d-715271-12 neutron-server[94556]: DEBUG neutron.api.rpc.callbacks.version_manager [None req-030635a7-cbc2-4f2c-b87b-d102d79e85be None None] Version for resource type Log changed None to 1.0 on consumer Open vSwitch agent@n-d-715271-12 {{(pid=94556) _set_version /opt/stack/neutron/neutron/api/rpc/callbacks/version_manager.py:113}}
Aug 29 17:27:56.535025 n-d-715271-12 neutron-server[94556]: DEBUG neutron.api.rpc.callbacks.version_manager [None req-030635a7-cbc2-4f2c-b87b-d102d79e85be None None] Version for resource type Network changed None to 1.1 on consumer Open vSwitch agent@n-d-715271-12 {{(pid=94556) _set_version /opt/stack/neutron/neutron/api/rpc/callbacks/version_manager.py:113}}
Aug 29 17:27:56.535552 n-d-715271-12 neutron-server[94556]: DEBUG neutron.api.rpc.callbacks.version_manager [None req-030635a7-cbc2-4f2c-b87b-d102d79e85be None None] Version for resource type Port changed None to 1.7 on consumer Open vSwitch agent@n-d-715271-12 {{(pid=94556) _set_version /opt/stack/neutron/neutron/api/rpc/callbacks/version_manager.py:113}}
Aug 29 17:27:56.536030 n-d-715271-12 neutron-server[94556]: DEBUG neutron.api.rpc.callbacks.version_manager [None req-030635a7-cbc2-4f2c-b87b-d102d79e85be None None] Version for resource type PortForwarding changed None to 1.2 on consumer Open vSwitch agent@n-d-715271-12 {{(pid=94556) _set_version /opt/stack/neutron/neutron/api/rpc/callbacks/version_manager.py:113}}
Aug 29 17:27:56.536515 n-d-715271-12 neutron-server[94556]: DEBUG neutron.api.rpc.callbacks.version_manager [None req-030635a7-cbc2-4f2c-b87b-d102d79e85be None None] Version for resource type QosPolicy changed None to 1.9 on consumer Open vSwitch agent@n-d-715271-12 {{(pid=94556) _set_version /opt/stack/neutron/neutron/api/rpc/callbacks/version_manager.py:113}}
Aug 29 17:27:56.537023 n-d-715271-12 neutron-server[94556]: DEBUG neutron.api.rpc.callbacks.version_manager [None req-030635a7-cbc2-4f2c-b87b-d102d79e85be None None] Version for resource type SecurityGroup changed None to 1.4 on consumer Open vSwitch agent@n-d-715271-12 {{(pid=94556) _set_version /opt/stack/neutron/neutron/api/rpc/callbacks/version_manager.py:113}}
Aug 29 17:27:56.537515 n-d-715271-12 neutron-server[94556]: DEBUG neutron.api.rpc.callbacks.version_manager [None req-030635a7-cbc2-4f2c-b87b-d102d79e85be None None] Version for resource type SecurityGroupRule changed None to 1.2 on consumer Open vSwitch agent@n-d-715271-12 {{(pid=94556) _set_version /opt/stack/neutron/neutron/api/rpc/callbacks/version_manager.py:113}}
Aug 29 17:27:56.537991 n-d-715271-12 neutron-server[94556]: DEBUG neutron.api.rpc.callbacks.version_manager [None req-030635a7-cbc2-4f2c-b87b-d102d79e85be None None] Version for resource type SubPort changed None to 1.0 on consumer Open vSwitch agent@n-d-715271-12 {{(pid=94556) _set_version /opt/stack/neutron/neutron/api/rpc/callbacks/version_manager.py:113}}
Aug 29 17:27:56.538360 n-d-715271-12 neutron-server[94554]: INFO neutron.wsgi [None req-02ef32fc-a31a-49e4-ba7d-a85635e29d71 admin admin] 10.222.0.39 "GET /v2.0/security-groups?tenant_id=64e2437c2048448e85b07a45a13ad14c&name=default HTTP/1.1" status: 200 len: 2979 time: 0.3083415
Aug 29 17:27:56.538644 n-d-715271-12 neutron-server[94556]: DEBUG neutron.api.rpc.callbacks.version_manager [None req-030635a7-cbc2-4f2c-b87b-d102d79e85be None None] Version for resource type Subnet changed None to 1.1 on consumer Open vSwitch agent@n-d-715271-12 {{(pid=94556) _set_version /opt/stack/neutron/neutron/api/rpc/callbacks/version_manager.py:113}}
Aug 29 17:27:56.539123 n-d-715271-12 neutron-server[94556]: DEBUG neutron.api.rpc.callbacks.version_manager [None req-030635a7-cbc2-4f2c-b87b-d102d79e85be None None] Version for resource type Trunk changed None to 1.1 on consumer Open vSwitch agent@n-d-715271-12 {{(pid=94556) _set_version /opt/stack/neutron/neutron/api/rpc/callbacks/version_manager.py:113}}
Aug 29 17:27:56.542132 n-d-715271-12 neutron-server[94556]: DEBUG neutron.api.rpc.callbacks.version_manager [None req-030635a7-cbc2-4f2c-b87b-d102d79e85be None None] Tracked resource versions report:
Aug 29 17:27:56.542132 n-d-715271-12 neutron-server[94556]: pushed versions:
Aug 29 17:27:56.542132 n-d-715271-12 neutron-server[94556]: { 'AddressGroup': {'1.2'},
Aug 29 17:27:56.542132 n-d-715271-12 neutron-server[94556]: 'ConntrackHelper': {'1.0'},
Aug 29 17:27:56.542132 n-d-715271-12 neutron-server[94556]: 'Log': {'1.0'},
Aug 29 17:27:56.542132 n-d-715271-12 neutron-server[94556]: 'Network': {'1.1'},
Aug 29 17:27:56.542132 n-d-715271-12 neutron-server[94556]: 'Port': {'1.7'},
Aug 29 17:27:56.542132 n-d-715271-12 neutron-server[94556]: 'PortForwarding': {'1.2'},
Aug 29 17:27:56.542132 n-d-715271-12 neutron-server[94556]: 'QosPolicy': {'1.9'},
Aug 29 17:27:56.542132 n-d-715271-12 neutron-server[94556]: 'SecurityGroup': {'1.4'},
Aug 29 17:27:56.542132 n-d-715271-12 neutron-server[94556]: 'SecurityGroupRule': {'1.2'},
Aug 29 17:27:56.542132 n-d-715271-12 neutron-server[94556]: 'SubPort': {'1.0'},
Aug 29 17:27:56.542132 n-d-715271-12 neutron-server[94556]: 'Subnet': {'1.1'},
Aug 29 17:27:56.542132 n-d-715271-12 neutron-server[94556]: 'Trunk': {'1.1'}}
Aug 29 17:27:56.542132 n-d-715271-12 neutron-server[94556]: consumer versions:
Aug 29 17:27:56.542132 n-d-715271-12 neutron-server[94556]: { DHCP agent@n-d-715271-12: {},
Aug 29 17:27:56.542132 n-d-715271-12 neutron-server[94556]: HyperV agent@n-h1-715271-12: {},
Aug 29 17:27:56.542132 n-d-715271-12 neutron-server[94556]: HyperV agent@n-h2-715271-12: {},
Aug 29 17:27:56.542132 n-d-715271-12 neutron-server[94556]: L3 agent@n-d-715271-12: {},
Aug 29 17:27:56.542132 n-d-715271-12 neutron-server[94556]: Metadata agent@n-d-715271-12: {},
Aug 29 17:27:56.542132 n-d-715271-12 neutron-server[94556]: Metering agent@n-d-715271-12: {},
Aug 29 17:27:56.542132 n-d-715271-12 neutron-server[94556]: Open vSwitch agent@n-d-715271-12: { 'AddressGroup': '1.2',
Aug 29 17:27:56.542132 n-d-715271-12 neutron-server[94556]: 'ConntrackHelper': '1.0',
Aug 29 17:27:56.542132 n-d-715271-12 neutron-server[94556]: 'Log': '1.0',
Aug 29 17:27:56.542132 n-d-715271-12 neutron-server[94556]: 'Network': '1.1',
Aug 29 17:27:56.542132 n-d-715271-12 neutron-server[94556]: 'Port': '1.7',
Aug 29 17:27:56.542132 n-d-715271-12 neutron-server[94556]: 'PortForwarding': '1.2',
Aug 29 17:27:56.542132 n-d-715271-12 neutron-server[94556]: 'QosPolicy': '1.9',
Aug 29 17:27:56.542132 n-d-715271-12 neutron-server[94556]: 'SecurityGroup': '1.4',
Aug 29 17:27:56.542132 n-d-715271-12 neutron-server[94556]: 'SecurityGroupRule': '1.2',
Aug 29 17:27:56.542132 n-d-715271-12 neutron-server[94556]: 'SubPort': '1.0',
Aug 29 17:27:56.542132 n-d-715271-12 neutron-server[94556]: 'Subnet': '1.1',
Aug 29 17:27:56.542132 n-d-715271-12 neutron-server[94556]: 'Trunk': '1.1'}}
Aug 29 17:27:56.542132 n-d-715271-12 neutron-server[94556]: {{(pid=94556) report /opt/stack/neutron/neutron/api/rpc/callbacks/version_manager.py:175}}
Aug 29 17:27:56.548218 n-d-715271-12 neutron-server[94556]: DEBUG neutron.plugins.ml2.rpc [None req-030635a7-cbc2-4f2c-b87b-d102d79e85be None None] Returning: {'device': 'e7f330a4-2872-4042-a93b-15510c3f76c5', 'network_id': '4c675838-4d92-4f65-947c-ea5ef27f032e', 'port_id': 'e7f330a4-2872-4042-a93b-15510c3f76c5', 'mac_address': 'fa:16:3e:f9:0d:33', 'admin_state_up': True, 'network_type': 'vlan', 'segmentation_id': 371, 'physical_network': 'physnet1', 'mtu': 1500, 'fixed_ips': [{'subnet_id': '3a82451c-8f8d-4a68-8ce9-33a3f17721d2', 'ip_address': '192.168.233.27'}], 'device_owner': 'compute:tempest-test_az-672238651', 'allowed_address_pairs': [], 'port_security_enabled': True, 'qos_policy_id': None, 'network_qos_policy_id': None, 'profile': {}, 'propagate_uplink_status': False} {{(pid=94556) _get_device_details /opt/stack/neutron/neutron/plugins/ml2/rpc.py:184}}
Aug 29 17:27:56.557251 n-d-715271-12 neutron-server[94554]: DEBUG neutron.pecan_wsgi.hooks.policy_enforcement [req-88b5cf8c-2b94-4faf-bf94-c31118b9c7b0 req-b541ff9e-bab0-4f16-bf9c-71d8f902f08d tempest-DeleteServersAdminTestJSON-625910176 tempest-DeleteServersAdminTestJSON-625910176-project] Attributes excluded by policy engine: ['standard_attr_id', 'binding:profile', 'binding:host_id', 'binding:vif_type', 'binding:vif_details'] {{(pid=94554) _exclude_attributes_by_policy /opt/stack/neutron/neutron/pecan_wsgi/hooks/policy_enforcement.py:255}}
Aug 29 17:27:56.558775 n-d-715271-12 neutron-server[94554]: INFO neutron.wsgi [req-88b5cf8c-2b94-4faf-bf94-c31118b9c7b0 req-b541ff9e-bab0-4f16-bf9c-71d8f902f08d tempest-DeleteServersAdminTestJSON-625910176 tempest-DeleteServersAdminTestJSON-625910176-project] 10.222.0.39 "GET /v2.0/ports?device_id=b7657828-8316-4dd3-b6b4-3dd909830fd1 HTTP/1.1" status: 200 len: 948 time: 0.2564969
Aug 29 17:27:56.597792 n-d-715271-12 neutron-server[94556]: DEBUG neutron_lib.callbacks.manager [None req-030635a7-cbc2-4f2c-b87b-d102d79e85be None None] Notify callbacks ['neutron.plugins.ml2.plugin.SecurityGroupDbMixin._ensure_default_security_group_handler-1719133'] for port, before_update {{(pid=94556) _notify_loop /usr/local/lib/python3.8/dist-packages/neutron_lib/callbacks/manager.py:192}}
Aug 29 17:27:56.604099 n-d-715271-12 neutron-server[94555]: DEBUG neutron_lib.callbacks.manager [None req-448c11be-2654-47c5-b40b-63aae15435bf admin admin] Notify callbacks [] for security_group, precommit_create {{(pid=94555) _notify_loop /usr/local/lib/python3.8/dist-packages/neutron_lib/callbacks/manager.py:192}}
Aug 29 17:27:56.623501 n-d-715271-12 neutron-server[94556]: DEBUG neutron.notifiers.nova [None req-030635a7-cbc2-4f2c-b87b-d102d79e85be None None] Ignoring state change previous_port_status: DOWN current_port_status: BUILD port_id e7f330a4-2872-4042-a93b-15510c3f76c5 {{(pid=94556) record_port_status_changed /opt/stack/neutron/neutron/notifiers/nova.py:224}}
Aug 29 17:27:56.645279 n-d-715271-12 neutron-server[94556]: DEBUG neutron.plugins.ml2.db [None req-030635a7-cbc2-4f2c-b87b-d102d79e85be None None] For port e7f330a4-2872-4042-a93b-15510c3f76c5, host n-h1-715271-12, got binding levels [PortBindingLevel(driver='hyperv',host='n-h1-715271-12',level=0,port_id=e7f330a4-2872-4042-a93b-15510c3f76c5,segment=NetworkSegment(08b15c3f-1be6-4759-afd1-4aa0f9dbe60d),segment_id=08b15c3f-1be6-4759-afd1-4aa0f9dbe60d)] {{(pid=94556) get_binding_level_objs /opt/stack/neutron/neutron/plugins/ml2/db.py:74}}
Aug 29 17:27:56.649924 n-d-715271-12 neutron-server[94555]: DEBUG neutron_lib.callbacks.manager [None req-448c11be-2654-47c5-b40b-63aae15435bf admin admin] Notify callbacks ['neutron.plugins.ml2.ovo_rpc._ObjectChangeHandler.handle_event-632054'] for security_group, after_create {{(pid=94555) _notify_loop /usr/local/lib/python3.8/dist-packages/neutron_lib/callbacks/manager.py:192}}
Aug 29 17:27:56.652583 n-d-715271-12 neutron-server[94556]: DEBUG neutron_lib.callbacks.manager [None req-030635a7-cbc2-4f2c-b87b-d102d79e85be None None] Notify callbacks ['neutron.plugins.ml2.plugin.SecurityGroupServerNotifierRpcMixin._notify_sg_on_port_change-1719058', 'neutron.plugins.ml2.ovo_rpc._ObjectChangeHandler.handle_event-188220', 'neutron.api.rpc.agentnotifiers.dhcp_rpc_agent_api.DhcpAgentNotifyAPI._native_event_send_dhcp_notification-559712', 'neutron.db.l3_db.L3RpcNotifierMixin._notify_gateway_port_ip_changed-8736906013489', 'neutron.db.l3_dvrscheduler_db._notify_l3_agent_port_update-8736905539094', 'neutron.db.l3_hascheduler_db._notify_l3_agent_ha_port_update-8736905539112'] for port, after_update {{(pid=94556) _notify_loop /usr/local/lib/python3.8/dist-packages/neutron_lib/callbacks/manager.py:192}}
Aug 29 17:27:56.660545 n-d-715271-12 neutron-server[94554]: INFO neutron.wsgi [req-88b5cf8c-2b94-4faf-bf94-c31118b9c7b0 req-e2ece620-9aa8-427e-acbd-e48a2e2dba62 tempest-DeleteServersAdminTestJSON-625910176 tempest-DeleteServersAdminTestJSON-625910176-project] 10.222.0.39 "GET /v2.0/security-groups?id=e311876f-9493-4602-aee4-4975c566d17c&fields=id&fields=name HTTP/1.1" status: 200 len: 286 time: 0.0948987
Aug 29 17:27:56.670167 n-d-715271-12 neutron-server[94555]: INFO neutron.wsgi [req-6631cb5b-1167-4bf5-9c85-9bcf362270b4 req-c0cb5579-3b5c-4bf2-870c-0d927d0e48be tempest-ServersOnMultiNodesTest-886732015 tempest-ServersOnMultiNodesTest-886732015-project] 10.222.0.39 "GET /v2.0/ports?device_id=179c330f-3ae5-4402-ae59-d548bf90a2bf HTTP/1.1" status: 200 len: 210 time: 0.1027660
Aug 29 17:27:56.772830 n-d-715271-12 neutron-server[94555]: INFO neutron.wsgi [None req-448c11be-2654-47c5-b40b-63aae15435bf admin admin] 10.222.0.39 "GET /v2.0/security-groups?tenant_id=480f94ea946c467294de6c61d10f7c8b&name=default HTTP/1.1" status: 200 len: 2979 time: 0.4614735
Aug 29 17:27:56.776832 n-d-715271-12 neutron-server[94554]: DEBUG neutron.wsgi [-] (94554) accepted ('10.222.0.39', 39064) {{(pid=94554) server /usr/local/lib/python3.8/dist-packages/eventlet/wsgi.py:982}}
Aug 29 17:27:56.777397 n-d-715271-12 neutron-server[94556]: DEBUG neutron.api.rpc.handlers.resources_rpc [None req-030635a7-cbc2-4f2c-b87b-d102d79e85be None None] Pushing event updated for resources: {'Port': ['ID=e7f330a4-2872-4042-a93b-15510c3f76c5,revision_number=4']} {{(pid=94556) push /opt/stack/neutron/neutron/api/rpc/handlers/resources_rpc.py:237}}
Aug 29 17:27:56.795054 n-d-715271-12 neutron-server[94555]: DEBUG neutron_lib.callbacks.manager [None req-63529e1a-b429-46c4-ae0a-eaa667197236 admin admin] Notify callbacks [] for security_group, before_delete {{(pid=94555) _notify_loop /usr/local/lib/python3.8/dist-packages/neutron_lib/callbacks/manager.py:192}}
Aug 29 17:27:56.800674 n-d-715271-12 neutron-server[94555]: DEBUG neutron.api.rpc.handlers.resources_rpc [None req-448c11be-2654-47c5-b40b-63aae15435bf admin admin] Pushing event updated for resources: {'SecurityGroup': ['ID=ff871602-58fe-4941-9eec-a62b9da353b0,revision_number=1']} {{(pid=94555) push /opt/stack/neutron/neutron/api/rpc/handlers/resources_rpc.py:237}}
Aug 29 17:27:56.828603 n-d-715271-12 neutron-server[94555]: DEBUG neutron_lib.callbacks.manager [None req-63529e1a-b429-46c4-ae0a-eaa667197236 admin admin] Notify callbacks [] for security_group, precommit_delete {{(pid=94555) _notify_loop /usr/local/lib/python3.8/dist-packages/neutron_lib/callbacks/manager.py:192}}
Aug 29 17:27:56.864320 n-d-715271-12 neutron-server[94554]: DEBUG neutron_lib.callbacks.manager [None req-4b0e19ae-afec-4914-abfe-196580bf7ae9 admin admin] Notify callbacks [] for security_group, before_delete {{(pid=94554) _notify_loop /usr/local/lib/python3.8/dist-packages/neutron_lib/callbacks/manager.py:192}}
Aug 29 17:27:56.897516 n-d-715271-12 neutron-server[94554]: DEBUG neutron_lib.callbacks.manager [None req-4b0e19ae-afec-4914-abfe-196580bf7ae9 admin admin] Notify callbacks [] for security_group, precommit_delete {{(pid=94554) _notify_loop /usr/local/lib/python3.8/dist-packages/neutron_lib/callbacks/manager.py:192}}
Aug 29 17:27:56.917743 n-d-715271-12 neutron-server[94555]: DEBUG neutron_lib.callbacks.manager [None req-63529e1a-b429-46c4-ae0a-eaa667197236 admin admin] Notify callbacks ['neutron.plugins.ml2.ovo_rpc._ObjectChangeHandler.handle_event-632054'] for security_group, after_delete {{(pid=94555) _notify_loop /usr/local/lib/python3.8/dist-packages/neutron_lib/callbacks/manager.py:192}}
Aug 29 17:27:56.922865 n-d-715271-12 neutron-server[94555]: DEBUG neutron_lib.callbacks.manager [None req-63529e1a-b429-46c4-ae0a-eaa667197236 admin admin] Notify callbacks [] for security_group, before_response {{(pid=94555) _notify_loop /usr/local/lib/python3.8/dist-packages/neutron_lib/callbacks/manager.py:192}}
Aug 29 17:27:56.926759 n-d-715271-12 neutron-server[94555]: INFO neutron.wsgi [None req-63529e1a-b429-46c4-ae0a-eaa667197236 admin admin] 10.222.0.39 "DELETE /v2.0/security-groups/4fda2bb9-b7a1-4818-9971-5957e57f28dd HTTP/1.1" status: 204 len: 168 time: 0.3820736
Aug 29 17:27:56.938953 n-d-715271-12 neutron-server[94555]: DEBUG neutron.api.rpc.handlers.resources_rpc [None req-63529e1a-b429-46c4-ae0a-eaa667197236 admin admin] Pushing event deleted for resources: {'SecurityGroup': ['ID=4fda2bb9-b7a1-4818-9971-5957e57f28dd,revision_number=None']} {{(pid=94555) push /opt/stack/neutron/neutron/api/rpc/handlers/resources_rpc.py:237}}
Aug 29 17:27:57.002034 n-d-715271-12 neutron-server[94554]: DEBUG neutron_lib.callbacks.manager [None req-4b0e19ae-afec-4914-abfe-196580bf7ae9 admin admin] Notify callbacks ['neutron.plugins.ml2.ovo_rpc._ObjectChangeHandler.handle_event-632054'] for security_group, after_delete {{(pid=94554) _notify_loop /usr/local/lib/python3.8/dist-packages/neutron_lib/callbacks/manager.py:192}}
Aug 29 17:27:57.005822 n-d-715271-12 neutron-server[94554]: DEBUG neutron_lib.callbacks.manager [None req-4b0e19ae-afec-4914-abfe-196580bf7ae9 admin admin] Notify callbacks [] for security_group, before_response {{(pid=94554) _notify_loop /usr/local/lib/python3.8/dist-packages/neutron_lib/callbacks/manager.py:192}}
Aug 29 17:27:57.009105 n-d-715271-12 neutron-server[94554]: INFO neutron.wsgi [None req-4b0e19ae-afec-4914-abfe-196580bf7ae9 admin admin] 10.222.0.39 "DELETE /v2.0/security-groups/ff871602-58fe-4941-9eec-a62b9da353b0 HTTP/1.1" status: 204 len: 168 time: 0.2291427
Aug 29 17:27:57.021506 n-d-715271-12 neutron-server[94554]: DEBUG neutron.api.rpc.handlers.resources_rpc [None req-4b0e19ae-afec-4914-abfe-196580bf7ae9 admin admin] Pushing event deleted for resources: {'SecurityGroup': ['ID=ff871602-58fe-4941-9eec-a62b9da353b0,revision_number=None']} {{(pid=94554) push /opt/stack/neutron/neutron/api/rpc/handlers/resources_rpc.py:237}}
Aug 29 17:27:57.061828 n-d-715271-12 neutron-server[94556]: DEBUG neutron.plugins.ml2.db [None req-030635a7-cbc2-4f2c-b87b-d102d79e85be None None] get_ports_and_sgs() called for port_ids ['0b06c0a7-df1e-48b5-b251-1f857e0e6b8e'] {{(pid=94556) get_ports_and_sgs /opt/stack/neutron/neutron/plugins/ml2/db.py:156}}
Aug 29 17:27:57.081617 n-d-715271-12 neutron-server[94556]: DEBUG neutron.plugins.ml2.db [None req-030635a7-cbc2-4f2c-b87b-d102d79e85be None None] get_ports_and_sgs() called for port_ids ['e7f330a4-2872-4042-a93b-15510c3f76c5'] {{(pid=94556) get_ports_and_sgs /opt/stack/neutron/neutron/plugins/ml2/db.py:156}}
