Aug 29 17:31:52.662894 n-d-715271-12 devstack@g-api.service[103126]: DEBUG glance.api.middleware.version_negotiation [None req-ddfd2e78-9648-4710-9a1d-c8c351cc55fa tempest-ImagesMetadataTestJSON-889960512 tempest-ImagesMetadataTestJSON-889960512-project] Matched version: v2 {{(pid=103126) process_request /opt/stack/glance/glance/api/middleware/version_negotiation.py:69}}
Aug 29 17:31:52.663483 n-d-715271-12 devstack@g-api.service[103126]: DEBUG glance.api.middleware.version_negotiation [None req-ddfd2e78-9648-4710-9a1d-c8c351cc55fa tempest-ImagesMetadataTestJSON-889960512 tempest-ImagesMetadataTestJSON-889960512-project] new path /v2/images/74e010ce-2e25-4be2-985b-28308cd5e3e3 {{(pid=103126) process_request /opt/stack/glance/glance/api/middleware/version_negotiation.py:70}}
Aug 29 17:31:52.704729 n-d-715271-12 devstack@g-api.service[103126]: [pid: 103126|app: 0|req: 97/201] 127.0.0.1 () {42 vars in 1052 bytes} [Sun Aug 29 17:31:52 2021] GET /v2/images/74e010ce-2e25-4be2-985b-28308cd5e3e3 => generated 838 bytes in 43 msecs (HTTP/1.1 200) 4 headers in 157 bytes (1 switches on core 0)
Aug 29 17:31:52.789442 n-d-715271-12 devstack@g-api.service[103125]: DEBUG swiftclient [None req-1a968b21-0dbc-4327-b8f3-1346cd8bb1a1 tempest-ImagesOneServerTestJSON-757130275 tempest-ImagesOneServerTestJSON-757130275-project] REQ: curl -i http://10.222.0.39:8080/v1/AUTH_711efe4234b243ba89e77f5acd3053f8/glance/be38eccd-31df-4b72-af78-ef1e3e4c539b -I -H "X-Auth-Token: gAAAAABhK8SI-Be-..." {{(pid=103125) http_log /usr/local/lib/python3.8/dist-packages/swiftclient/client.py:187}}
Aug 29 17:31:52.790068 n-d-715271-12 devstack@g-api.service[103125]: DEBUG swiftclient [None req-1a968b21-0dbc-4327-b8f3-1346cd8bb1a1 tempest-ImagesOneServerTestJSON-757130275 tempest-ImagesOneServerTestJSON-757130275-project] RESP STATUS: 200 OK {{(pid=103125) http_log /usr/local/lib/python3.8/dist-packages/swiftclient/client.py:188}}
Aug 29 17:31:52.790551 n-d-715271-12 devstack@g-api.service[103125]: DEBUG swiftclient [None req-1a968b21-0dbc-4327-b8f3-1346cd8bb1a1 tempest-ImagesOneServerTestJSON-757130275 tempest-ImagesOneServerTestJSON-757130275-project] RESP HEADERS: {'Content-Type': 'application/octet-stream', 'X-Object-Manifest': 'glance/be38eccd-31df-4b72-af78-ef1e3e4c539b-', 'Last-Modified': 'Sun, 29 Aug 2021 17:31:47 GMT', 'X-Timestamp': '1630258306.66801', 'Accept-Ranges': 'bytes', 'Content-Length': '645922816', 'Etag': '"9399fbbda69a8da7a65c9eee5a512e71"', 'X-Trans-Id': 'tx51e6580262f0479c8983b-00612bc488', 'X-Openstack-Request-Id': 'tx51e6580262f0479c8983b-00612bc488', 'Date': 'Sun, 29 Aug 2021 17:31:52 GMT'} {{(pid=103125) http_log /usr/local/lib/python3.8/dist-packages/swiftclient/client.py:189}}
Aug 29 17:31:52.842628 n-d-715271-12 devstack@g-api.service[103125]: DEBUG swiftclient [None req-1a968b21-0dbc-4327-b8f3-1346cd8bb1a1 tempest-ImagesOneServerTestJSON-757130275 tempest-ImagesOneServerTestJSON-757130275-project] REQ: curl -i http://10.222.0.39:8080/v1/AUTH_711efe4234b243ba89e77f5acd3053f8/glance?format=json&prefix=be38eccd-31df-4b72-af78-ef1e3e4c539b- -X GET -H "X-Auth-Token: gAAAAABhK8SI-Be-..." -H "Accept-Encoding: gzip" {{(pid=103125) http_log /usr/local/lib/python3.8/dist-packages/swiftclient/client.py:187}}
Aug 29 17:31:52.842967 n-d-715271-12 devstack@g-api.service[103125]: DEBUG swiftclient [None req-1a968b21-0dbc-4327-b8f3-1346cd8bb1a1 tempest-ImagesOneServerTestJSON-757130275 tempest-ImagesOneServerTestJSON-757130275-project] RESP STATUS: 200 OK {{(pid=103125) http_log /usr/local/lib/python3.8/dist-packages/swiftclient/client.py:188}}
Aug 29 17:31:52.843456 n-d-715271-12 devstack@g-api.service[103125]: DEBUG swiftclient [None req-1a968b21-0dbc-4327-b8f3-1346cd8bb1a1 tempest-ImagesOneServerTestJSON-757130275 tempest-ImagesOneServerTestJSON-757130275-project] RESP HEADERS: {'Content-Type': 'application/json; charset=utf-8', 'Content-Length': '843', 'X-Container-Object-Count': '12', 'X-Container-Bytes-Used': '1937769472', 'X-Timestamp': '1630257559.72362', 'Last-Modified': 'Sun, 29 Aug 2021 17:19:20 GMT', 'Accept-Ranges': 'bytes', 'X-Storage-Policy': 'Policy-0', 'X-Container-Sharding': 'False', 'X-Trans-Id': 'tx34746041bd9f451592bf0-00612bc488', 'X-Openstack-Request-Id': 'tx34746041bd9f451592bf0-00612bc488', 'Date': 'Sun, 29 Aug 2021 17:31:52 GMT'} {{(pid=103125) http_log /usr/local/lib/python3.8/dist-packages/swiftclient/client.py:189}}
Aug 29 17:31:52.844885 n-d-715271-12 devstack@g-api.service[103125]: DEBUG swiftclient [None req-1a968b21-0dbc-4327-b8f3-1346cd8bb1a1 tempest-ImagesOneServerTestJSON-757130275 tempest-ImagesOneServerTestJSON-757130275-project] RESP BODY: b'[{"bytes": 204800000, "hash": "ee5bb59fc196636771b8a342c47331b5", "name": "be38eccd-31df-4b72-af78-ef1e3e4c539b-00001", "content_type": "application/octet-stream", "last_modified": "2021-08-29T17:31:27.422340"}, {"bytes": 204800000, "hash": "cf480d369be3386f5ea99b460144ad0f", "name": "be38eccd-31df-4b72-af78-ef1e3e4c539b-00002", "content_type": "application/octet-stream", "last_modified": "2021-08-29T17:31:39.020120"}, {"bytes": 204800000, "hash": "474c454a7d42aa08dc839c761619c10b", "name": "be38eccd-31df-4b72-af78-ef1e3e4c539b-00003", "content_type": "application/octet-stream", "last_modified": "2021-08-29T17:31:43.075070"}, {"bytes": 31522816, "hash": "0be982c76a84f3b50fdfe738452bdba1", "name": "be38eccd-31df-4b72-af78-ef1e3e4c539b-00004", "content_type": "application/octet-stream", "last_modified": "2021-08-29T17:31:46.246410"}]' {{(pid=103125) http_log /usr/local/lib/python3.8/dist-packages/swiftclient/client.py:193}}
Aug 29 17:31:52.885482 n-d-715271-12 devstack@g-api.service[103125]: DEBUG swiftclient [None req-1a968b21-0dbc-4327-b8f3-1346cd8bb1a1 tempest-ImagesOneServerTestJSON-757130275 tempest-ImagesOneServerTestJSON-757130275-project] REQ: curl -i http://10.222.0.39:8080/v1/AUTH_711efe4234b243ba89e77f5acd3053f8/glance/be38eccd-31df-4b72-af78-ef1e3e4c539b-00001 DELETE -H "X-Auth-Token: gAAAAABhK8SI-Be-..." {{(pid=103125) http_log /usr/local/lib/python3.8/dist-packages/swiftclient/client.py:187}}
Aug 29 17:31:52.886351 n-d-715271-12 devstack@g-api.service[103125]: DEBUG swiftclient [None req-1a968b21-0dbc-4327-b8f3-1346cd8bb1a1 tempest-ImagesOneServerTestJSON-757130275 tempest-ImagesOneServerTestJSON-757130275-project] RESP STATUS: 204 No Content {{(pid=103125) http_log /usr/local/lib/python3.8/dist-packages/swiftclient/client.py:188}}
Aug 29 17:31:52.887005 n-d-715271-12 devstack@g-api.service[103125]: DEBUG swiftclient [None req-1a968b21-0dbc-4327-b8f3-1346cd8bb1a1 tempest-ImagesOneServerTestJSON-757130275 tempest-ImagesOneServerTestJSON-757130275-project] RESP HEADERS: {'Content-Type': 'text/html; charset=UTF-8', 'Content-Length': '0', 'X-Trans-Id': 'tx4e7516780c7a4aceb21cf-00612bc488', 'X-Openstack-Request-Id': 'tx4e7516780c7a4aceb21cf-00612bc488', 'Date': 'Sun, 29 Aug 2021 17:31:52 GMT'} {{(pid=103125) http_log /usr/local/lib/python3.8/dist-packages/swiftclient/client.py:189}}
Aug 29 17:31:52.932814 n-d-715271-12 devstack@g-api.service[103125]: DEBUG swiftclient [None req-1a968b21-0dbc-4327-b8f3-1346cd8bb1a1 tempest-ImagesOneServerTestJSON-757130275 tempest-ImagesOneServerTestJSON-757130275-project] REQ: curl -i http://10.222.0.39:8080/v1/AUTH_711efe4234b243ba89e77f5acd3053f8/glance/be38eccd-31df-4b72-af78-ef1e3e4c539b-00002 DELETE -H "X-Auth-Token: gAAAAABhK8SI-Be-..." {{(pid=103125) http_log /usr/local/lib/python3.8/dist-packages/swiftclient/client.py:187}}
Aug 29 17:31:52.933131 n-d-715271-12 devstack@g-api.service[103125]: DEBUG swiftclient [None req-1a968b21-0dbc-4327-b8f3-1346cd8bb1a1 tempest-ImagesOneServerTestJSON-757130275 tempest-ImagesOneServerTestJSON-757130275-project] RESP STATUS: 204 No Content {{(pid=103125) http_log /usr/local/lib/python3.8/dist-packages/swiftclient/client.py:188}}
Aug 29 17:31:52.933708 n-d-715271-12 devstack@g-api.service[103125]: DEBUG swiftclient [None req-1a968b21-0dbc-4327-b8f3-1346cd8bb1a1 tempest-ImagesOneServerTestJSON-757130275 tempest-ImagesOneServerTestJSON-757130275-project] RESP HEADERS: {'Content-Type': 'text/html; charset=UTF-8', 'Content-Length': '0', 'X-Trans-Id': 'tx68fef6b1cf0343efa6459-00612bc488', 'X-Openstack-Request-Id': 'tx68fef6b1cf0343efa6459-00612bc488', 'Date': 'Sun, 29 Aug 2021 17:31:52 GMT'} {{(pid=103125) http_log /usr/local/lib/python3.8/dist-packages/swiftclient/client.py:189}}
Aug 29 17:31:52.987674 n-d-715271-12 devstack@g-api.service[103125]: DEBUG swiftclient [None req-1a968b21-0dbc-4327-b8f3-1346cd8bb1a1 tempest-ImagesOneServerTestJSON-757130275 tempest-ImagesOneServerTestJSON-757130275-project] REQ: curl -i http://10.222.0.39:8080/v1/AUTH_711efe4234b243ba89e77f5acd3053f8/glance/be38eccd-31df-4b72-af78-ef1e3e4c539b-00003 DELETE -H "X-Auth-Token: gAAAAABhK8SI-Be-..." {{(pid=103125) http_log /usr/local/lib/python3.8/dist-packages/swiftclient/client.py:187}}
Aug 29 17:31:52.987930 n-d-715271-12 devstack@g-api.service[103125]: DEBUG swiftclient [None req-1a968b21-0dbc-4327-b8f3-1346cd8bb1a1 tempest-ImagesOneServerTestJSON-757130275 tempest-ImagesOneServerTestJSON-757130275-project] RESP STATUS: 204 No Content {{(pid=103125) http_log /usr/local/lib/python3.8/dist-packages/swiftclient/client.py:188}}
Aug 29 17:31:52.988287 n-d-715271-12 devstack@g-api.service[103125]: DEBUG swiftclient [None req-1a968b21-0dbc-4327-b8f3-1346cd8bb1a1 tempest-ImagesOneServerTestJSON-757130275 tempest-ImagesOneServerTestJSON-757130275-project] RESP HEADERS: {'Content-Type': 'text/html; charset=UTF-8', 'Content-Length': '0', 'X-Trans-Id': 'txa74252699f554fa3b5252-00612bc488', 'X-Openstack-Request-Id': 'txa74252699f554fa3b5252-00612bc488', 'Date': 'Sun, 29 Aug 2021 17:31:52 GMT'} {{(pid=103125) http_log /usr/local/lib/python3.8/dist-packages/swiftclient/client.py:189}}
Aug 29 17:31:53.029727 n-d-715271-12 devstack@g-api.service[103125]: DEBUG swiftclient [None req-1a968b21-0dbc-4327-b8f3-1346cd8bb1a1 tempest-ImagesOneServerTestJSON-757130275 tempest-ImagesOneServerTestJSON-757130275-project] REQ: curl -i http://10.222.0.39:8080/v1/AUTH_711efe4234b243ba89e77f5acd3053f8/glance/be38eccd-31df-4b72-af78-ef1e3e4c539b-00004 DELETE -H "X-Auth-Token: gAAAAABhK8SI-Be-..." {{(pid=103125) http_log /usr/local/lib/python3.8/dist-packages/swiftclient/client.py:187}}
Aug 29 17:31:53.029911 n-d-715271-12 devstack@g-api.service[103125]: DEBUG swiftclient [None req-1a968b21-0dbc-4327-b8f3-1346cd8bb1a1 tempest-ImagesOneServerTestJSON-757130275 tempest-ImagesOneServerTestJSON-757130275-project] RESP STATUS: 204 No Content {{(pid=103125) http_log /usr/local/lib/python3.8/dist-packages/swiftclient/client.py:188}}
Aug 29 17:31:53.030299 n-d-715271-12 devstack@g-api.service[103125]: DEBUG swiftclient [None req-1a968b21-0dbc-4327-b8f3-1346cd8bb1a1 tempest-ImagesOneServerTestJSON-757130275 tempest-ImagesOneServerTestJSON-757130275-project] RESP HEADERS: {'Content-Type': 'text/html; charset=UTF-8', 'Content-Length': '0', 'X-Trans-Id': 'tx043a7d80690a44ffae744-00612bc488', 'X-Openstack-Request-Id': 'tx043a7d80690a44ffae744-00612bc488', 'Date': 'Sun, 29 Aug 2021 17:31:53 GMT'} {{(pid=103125) http_log /usr/local/lib/python3.8/dist-packages/swiftclient/client.py:189}}
Aug 29 17:31:53.069900 n-d-715271-12 devstack@g-api.service[103125]: DEBUG swiftclient [None req-1a968b21-0dbc-4327-b8f3-1346cd8bb1a1 tempest-ImagesOneServerTestJSON-757130275 tempest-ImagesOneServerTestJSON-757130275-project] REQ: curl -i http://10.222.0.39:8080/v1/AUTH_711efe4234b243ba89e77f5acd3053f8/glance/be38eccd-31df-4b72-af78-ef1e3e4c539b DELETE -H "X-Auth-Token: gAAAAABhK8SI-Be-..." {{(pid=103125) http_log /usr/local/lib/python3.8/dist-packages/swiftclient/client.py:187}}
Aug 29 17:31:53.070213 n-d-715271-12 devstack@g-api.service[103125]: DEBUG swiftclient [None req-1a968b21-0dbc-4327-b8f3-1346cd8bb1a1 tempest-ImagesOneServerTestJSON-757130275 tempest-ImagesOneServerTestJSON-757130275-project] RESP STATUS: 204 No Content {{(pid=103125) http_log /usr/local/lib/python3.8/dist-packages/swiftclient/client.py:188}}
Aug 29 17:31:53.070725 n-d-715271-12 devstack@g-api.service[103125]: DEBUG swiftclient [None req-1a968b21-0dbc-4327-b8f3-1346cd8bb1a1 tempest-ImagesOneServerTestJSON-757130275 tempest-ImagesOneServerTestJSON-757130275-project] RESP HEADERS: {'Content-Type': 'text/html; charset=UTF-8', 'Content-Length': '0', 'X-Trans-Id': 'tx792e7c933b2646e984a48-00612bc489', 'X-Openstack-Request-Id': 'tx792e7c933b2646e984a48-00612bc489', 'Date': 'Sun, 29 Aug 2021 17:31:53 GMT'} {{(pid=103125) http_log /usr/local/lib/python3.8/dist-packages/swiftclient/client.py:189}}
Aug 29 17:31:53.224070 n-d-715271-12 devstack@g-api.service[103125]: [pid: 103125|app: 0|req: 105/202] 127.0.0.1 () {44 vars in 1074 bytes} [Sun Aug 29 17:31:52 2021] DELETE /v2/images/be38eccd-31df-4b72-af78-ef1e3e4c539b => generated 0 bytes in 792 msecs (HTTP/1.1 204) 4 headers in 171 bytes (1 switches on core 0)
Aug 29 17:31:53.448195 n-d-715271-12 devstack@g-api.service[103126]: DEBUG glance.api.middleware.version_negotiation [None req-ddfd2e78-9648-4710-9a1d-c8c351cc55fa tempest-ImagesMetadataTestJSON-889960512 tempest-ImagesMetadataTestJSON-889960512-project] Determining version of request: GET /v2/images/74e010ce-2e25-4be2-985b-28308cd5e3e3 Accept: */* {{(pid=103126) process_request /opt/stack/glance/glance/api/middleware/version_negotiation.py:44}}
Aug 29 17:31:53.448536 n-d-715271-12 devstack@g-api.service[103126]: DEBUG glance.api.middleware.version_negotiation [None req-ddfd2e78-9648-4710-9a1d-c8c351cc55fa tempest-ImagesMetadataTestJSON-889960512 tempest-ImagesMetadataTestJSON-889960512-project] Using url versioning {{(pid=103126) process_request /opt/stack/glance/glance/api/middleware/version_negotiation.py:57}}
Aug 29 17:31:53.448852 n-d-715271-12 devstack@g-api.service[103126]: DEBUG glance.api.middleware.version_negotiation [None req-ddfd2e78-9648-4710-9a1d-c8c351cc55fa tempest-ImagesMetadataTestJSON-889960512 tempest-ImagesMetadataTestJSON-889960512-project] Matched version: v2 {{(pid=103126) process_request /opt/stack/glance/glance/api/middleware/version_negotiation.py:69}}
Aug 29 17:31:53.449372 n-d-715271-12 devstack@g-api.service[103126]: DEBUG glance.api.middleware.version_negotiation [None req-ddfd2e78-9648-4710-9a1d-c8c351cc55fa tempest-ImagesMetadataTestJSON-889960512 tempest-ImagesMetadataTestJSON-889960512-project] new path /v2/images/74e010ce-2e25-4be2-985b-28308cd5e3e3 {{(pid=103126) process_request /opt/stack/glance/glance/api/middleware/version_negotiation.py:70}}
Aug 29 17:31:53.492428 n-d-715271-12 devstack@g-api.service[103125]: DEBUG glance.api.middleware.version_negotiation [None req-1a968b21-0dbc-4327-b8f3-1346cd8bb1a1 tempest-ImagesOneServerTestJSON-757130275 tempest-ImagesOneServerTestJSON-757130275-project] Determining version of request: GET /v2/schemas/image Accept: */* {{(pid=103125) process_request /opt/stack/glance/glance/api/middleware/version_negotiation.py:44}}
Aug 29 17:31:53.493123 n-d-715271-12 devstack@g-api.service[103125]: DEBUG glance.api.middleware.version_negotiation [None req-1a968b21-0dbc-4327-b8f3-1346cd8bb1a1 tempest-ImagesOneServerTestJSON-757130275 tempest-ImagesOneServerTestJSON-757130275-project] Using url versioning {{(pid=103125) process_request /opt/stack/glance/glance/api/middleware/version_negotiation.py:57}}
Aug 29 17:31:53.493238 n-d-715271-12 devstack@g-api.service[103126]: [pid: 103126|app: 0|req: 98/203] 127.0.0.1 () {42 vars in 1052 bytes} [Sun Aug 29 17:31:53 2021] GET /v2/images/74e010ce-2e25-4be2-985b-28308cd5e3e3 => generated 838 bytes in 44 msecs (HTTP/1.1 200) 4 headers in 157 bytes (1 switches on core 0)
Aug 29 17:31:53.493758 n-d-715271-12 devstack@g-api.service[103125]: DEBUG glance.api.middleware.version_negotiation [None req-1a968b21-0dbc-4327-b8f3-1346cd8bb1a1 tempest-ImagesOneServerTestJSON-757130275 tempest-ImagesOneServerTestJSON-757130275-project] Matched version: v2 {{(pid=103125) process_request /opt/stack/glance/glance/api/middleware/version_negotiation.py:69}}
Aug 29 17:31:53.494427 n-d-715271-12 devstack@g-api.service[103125]: DEBUG glance.api.middleware.version_negotiation [None req-1a968b21-0dbc-4327-b8f3-1346cd8bb1a1 tempest-ImagesOneServerTestJSON-757130275 tempest-ImagesOneServerTestJSON-757130275-project] new path /v2/schemas/image {{(pid=103125) process_request /opt/stack/glance/glance/api/middleware/version_negotiation.py:70}}
Aug 29 17:31:53.501836 n-d-715271-12 devstack@g-api.service[103125]: [pid: 103125|app: 0|req: 106/204] 127.0.0.1 () {42 vars in 992 bytes} [Sun Aug 29 17:31:53 2021] GET /v2/schemas/image => generated 6083 bytes in 10 msecs (HTTP/1.1 200) 4 headers in 158 bytes (1 switches on core 0)
Aug 29 17:31:53.982403 n-d-715271-12 devstack@g-api.service[103126]: DEBUG glance.api.middleware.version_negotiation [None req-40ec0e81-a294-43b7-8c7a-82e1a35f4c3b tempest-ImagesMetadataTestJSON-889960512 tempest-ImagesMetadataTestJSON-889960512-project] Determining version of request: GET /v2/images/be38eccd-31df-4b72-af78-ef1e3e4c539b Accept: */* {{(pid=103126) process_request /opt/stack/glance/glance/api/middleware/version_negotiation.py:44}}
Aug 29 17:31:53.982984 n-d-715271-12 devstack@g-api.service[103126]: DEBUG glance.api.middleware.version_negotiation [None req-40ec0e81-a294-43b7-8c7a-82e1a35f4c3b tempest-ImagesMetadataTestJSON-889960512 tempest-ImagesMetadataTestJSON-889960512-project] Using url versioning {{(pid=103126) process_request /opt/stack/glance/glance/api/middleware/version_negotiation.py:57}}
Aug 29 17:31:53.983131 n-d-715271-12 devstack@g-api.service[103126]: DEBUG glance.api.middleware.version_negotiation [None req-40ec0e81-a294-43b7-8c7a-82e1a35f4c3b tempest-ImagesMetadataTestJSON-889960512 tempest-ImagesMetadataTestJSON-889960512-project] Matched version: v2 {{(pid=103126) process_request /opt/stack/glance/glance/api/middleware/version_negotiation.py:69}}
Aug 29 17:31:53.983427 n-d-715271-12 devstack@g-api.service[103126]: DEBUG glance.api.middleware.version_negotiation [None req-40ec0e81-a294-43b7-8c7a-82e1a35f4c3b tempest-ImagesMetadataTestJSON-889960512 tempest-ImagesMetadataTestJSON-889960512-project] new path /v2/images/be38eccd-31df-4b72-af78-ef1e3e4c539b {{(pid=103126) process_request /opt/stack/glance/glance/api/middleware/version_negotiation.py:70}}
Aug 29 17:31:53.998384 n-d-715271-12 devstack@g-api.service[103126]: DEBUG glance.db.sqlalchemy.api [None req-a5632c99-e876-4d11-bdb6-a55fae0913c0 tempest-ImagesOneServerTestJSON-757130275 tempest-ImagesOneServerTestJSON-757130275-project] No image found with ID be38eccd-31df-4b72-af78-ef1e3e4c539b {{(pid=103126) _image_get /opt/stack/glance/glance/db/sqlalchemy/api.py:283}}
Aug 29 17:31:54.008113 n-d-715271-12 devstack@g-api.service[103126]: [pid: 103126|app: 0|req: 99/205] 127.0.0.1 () {42 vars in 1052 bytes} [Sun Aug 29 17:31:53 2021] GET /v2/images/be38eccd-31df-4b72-af78-ef1e3e4c539b => generated 181 bytes in 25 msecs (HTTP/1.1 404) 4 headers in 172 bytes (1 switches on core 0)
Aug 29 17:31:54.043184 n-d-715271-12 devstack@g-api.service[103125]: DEBUG glance.api.middleware.version_negotiation [None req-40ec0e81-a294-43b7-8c7a-82e1a35f4c3b tempest-ImagesMetadataTestJSON-889960512 tempest-ImagesMetadataTestJSON-889960512-project] Determining version of request: GET /v2/images/74e010ce-2e25-4be2-985b-28308cd5e3e3 Accept: */* {{(pid=103125) process_request /opt/stack/glance/glance/api/middleware/version_negotiation.py:44}}
Aug 29 17:31:54.043826 n-d-715271-12 devstack@g-api.service[103125]: DEBUG glance.api.middleware.version_negotiation [None req-40ec0e81-a294-43b7-8c7a-82e1a35f4c3b tempest-ImagesMetadataTestJSON-889960512 tempest-ImagesMetadataTestJSON-889960512-project] Using url versioning {{(pid=103125) process_request /opt/stack/glance/glance/api/middleware/version_negotiation.py:57}}
Aug 29 17:31:54.044333 n-d-715271-12 devstack@g-api.service[103125]: DEBUG glance.api.middleware.version_negotiation [None req-40ec0e81-a294-43b7-8c7a-82e1a35f4c3b tempest-ImagesMetadataTestJSON-889960512 tempest-ImagesMetadataTestJSON-889960512-project] Matched version: v2 {{(pid=103125) process_request /opt/stack/glance/glance/api/middleware/version_negotiation.py:69}}
Aug 29 17:31:54.044844 n-d-715271-12 devstack@g-api.service[103125]: DEBUG glance.api.middleware.version_negotiation [None req-40ec0e81-a294-43b7-8c7a-82e1a35f4c3b tempest-ImagesMetadataTestJSON-889960512 tempest-ImagesMetadataTestJSON-889960512-project] new path /v2/images/74e010ce-2e25-4be2-985b-28308cd5e3e3 {{(pid=103125) process_request /opt/stack/glance/glance/api/middleware/version_negotiation.py:70}}
Aug 29 17:31:54.093176 n-d-715271-12 devstack@g-api.service[103126]: DEBUG glance.api.middleware.version_negotiation [None req-a5632c99-e876-4d11-bdb6-a55fae0913c0 tempest-ImagesOneServerTestJSON-757130275 tempest-ImagesOneServerTestJSON-757130275-project] Determining version of request: GET /v2/schemas/image Accept: */* {{(pid=103126) process_request /opt/stack/glance/glance/api/middleware/version_negotiation.py:44}}
Aug 29 17:31:54.093492 n-d-715271-12 devstack@g-api.service[103126]: DEBUG glance.api.middleware.version_negotiation [None req-a5632c99-e876-4d11-bdb6-a55fae0913c0 tempest-ImagesOneServerTestJSON-757130275 tempest-ImagesOneServerTestJSON-757130275-project] Using url versioning {{(pid=103126) process_request /opt/stack/glance/glance/api/middleware/version_negotiation.py:57}}
Aug 29 17:31:54.093820 n-d-715271-12 devstack@g-api.service[103126]: DEBUG glance.api.middleware.version_negotiation [None req-a5632c99-e876-4d11-bdb6-a55fae0913c0 tempest-ImagesOneServerTestJSON-757130275 tempest-ImagesOneServerTestJSON-757130275-project] Matched version: v2 {{(pid=103126) process_request /opt/stack/glance/glance/api/middleware/version_negotiation.py:69}}
Aug 29 17:31:54.094713 n-d-715271-12 devstack@g-api.service[103126]: DEBUG glance.api.middleware.version_negotiation [None req-a5632c99-e876-4d11-bdb6-a55fae0913c0 tempest-ImagesOneServerTestJSON-757130275 tempest-ImagesOneServerTestJSON-757130275-project] new path /v2/schemas/image {{(pid=103126) process_request /opt/stack/glance/glance/api/middleware/version_negotiation.py:70}}
Aug 29 17:31:54.104525 n-d-715271-12 devstack@g-api.service[103125]: [pid: 103125|app: 0|req: 107/206] 127.0.0.1 () {42 vars in 1052 bytes} [Sun Aug 29 17:31:54 2021] GET /v2/images/74e010ce-2e25-4be2-985b-28308cd5e3e3 => generated 838 bytes in 62 msecs (HTTP/1.1 200) 4 headers in 157 bytes (1 switches on core 0)
Aug 29 17:31:54.107420 n-d-715271-12 devstack@g-api.service[103126]: [pid: 103126|app: 0|req: 100/207] 127.0.0.1 () {42 vars in 992 bytes} [Sun Aug 29 17:31:54 2021] GET /v2/schemas/image => generated 6083 bytes in 16 msecs (HTTP/1.1 200) 4 headers in 158 bytes (1 switches on core 0)
Aug 29 17:31:54.211131 n-d-715271-12 devstack@g-api.service[103125]: DEBUG glance.api.middleware.version_negotiation [None req-21e1d20b-fe30-4651-8224-834329abca87 tempest-ImagesMetadataTestJSON-889960512 tempest-ImagesMetadataTestJSON-889960512-project] Determining version of request: GET /v2/images/74e010ce-2e25-4be2-985b-28308cd5e3e3 Accept: */* {{(pid=103125) process_request /opt/stack/glance/glance/api/middleware/version_negotiation.py:44}}
Aug 29 17:31:54.211347 n-d-715271-12 devstack@g-api.service[103125]: DEBUG glance.api.middleware.version_negotiation [None req-21e1d20b-fe30-4651-8224-834329abca87 tempest-ImagesMetadataTestJSON-889960512 tempest-ImagesMetadataTestJSON-889960512-project] Using url versioning {{(pid=103125) process_request /opt/stack/glance/glance/api/middleware/version_negotiation.py:57}}
Aug 29 17:31:54.211588 n-d-715271-12 devstack@g-api.service[103125]: DEBUG glance.api.middleware.version_negotiation [None req-21e1d20b-fe30-4651-8224-834329abca87 tempest-ImagesMetadataTestJSON-889960512 tempest-ImagesMetadataTestJSON-889960512-project] Matched version: v2 {{(pid=103125) process_request /opt/stack/glance/glance/api/middleware/version_negotiation.py:69}}
Aug 29 17:31:54.211867 n-d-715271-12 devstack@g-api.service[103125]: DEBUG glance.api.middleware.version_negotiation [None req-21e1d20b-fe30-4651-8224-834329abca87 tempest-ImagesMetadataTestJSON-889960512 tempest-ImagesMetadataTestJSON-889960512-project] new path /v2/images/74e010ce-2e25-4be2-985b-28308cd5e3e3 {{(pid=103125) process_request /opt/stack/glance/glance/api/middleware/version_negotiation.py:70}}
Aug 29 17:31:54.255711 n-d-715271-12 devstack@g-api.service[103125]: [pid: 103125|app: 0|req: 108/208] 127.0.0.1 () {42 vars in 1052 bytes} [Sun Aug 29 17:31:54 2021] GET /v2/images/74e010ce-2e25-4be2-985b-28308cd5e3e3 => generated 838 bytes in 45 msecs (HTTP/1.1 200) 4 headers in 157 bytes (1 switches on core 0)
Aug 29 17:31:54.262716 n-d-715271-12 devstack@g-api.service[103126]: DEBUG glance.api.middleware.version_negotiation [None req-21e1d20b-fe30-4651-8224-834329abca87 tempest-ImagesMetadataTestJSON-889960512 tempest-ImagesMetadataTestJSON-889960512-project] Determining version of request: GET /v2/schemas/image Accept: */* {{(pid=103126) process_request /opt/stack/glance/glance/api/middleware/version_negotiation.py:44}}
Aug 29 17:31:54.262896 n-d-715271-12 devstack@g-api.service[103126]: DEBUG glance.api.middleware.version_negotiation [None req-21e1d20b-fe30-4651-8224-834329abca87 tempest-ImagesMetadataTestJSON-889960512 tempest-ImagesMetadataTestJSON-889960512-project] Using url versioning {{(pid=103126) process_request /opt/stack/glance/glance/api/middleware/version_negotiation.py:57}}
Aug 29 17:31:54.263229 n-d-715271-12 devstack@g-api.service[103126]: DEBUG glance.api.middleware.version_negotiation [None req-21e1d20b-fe30-4651-8224-834329abca87 tempest-ImagesMetadataTestJSON-889960512 tempest-ImagesMetadataTestJSON-889960512-project] Matched version: v2 {{(pid=103126) process_request /opt/stack/glance/glance/api/middleware/version_negotiation.py:69}}
Aug 29 17:31:54.263511 n-d-715271-12 devstack@g-api.service[103126]: DEBUG glance.api.middleware.version_negotiation [None req-21e1d20b-fe30-4651-8224-834329abca87 tempest-ImagesMetadataTestJSON-889960512 tempest-ImagesMetadataTestJSON-889960512-project] new path /v2/schemas/image {{(pid=103126) process_request /opt/stack/glance/glance/api/middleware/version_negotiation.py:70}}
Aug 29 17:31:54.268648 n-d-715271-12 devstack@g-api.service[103126]: [pid: 103126|app: 0|req: 101/209] 127.0.0.1 () {42 vars in 992 bytes} [Sun Aug 29 17:31:54 2021] GET /v2/schemas/image => generated 6083 bytes in 6 msecs (HTTP/1.1 200) 4 headers in 158 bytes (1 switches on core 0)
Aug 29 17:31:54.277915 n-d-715271-12 devstack@g-api.service[103125]: DEBUG glance.api.middleware.version_negotiation [None req-21e1d20b-fe30-4651-8224-834329abca87 tempest-ImagesMetadataTestJSON-889960512 tempest-ImagesMetadataTestJSON-889960512-project] Determining version of request: GET /v2/images/74e010ce-2e25-4be2-985b-28308cd5e3e3 Accept: */* {{(pid=103125) process_request /opt/stack/glance/glance/api/middleware/version_negotiation.py:44}}
Aug 29 17:31:54.278451 n-d-715271-12 devstack@g-api.service[103125]: DEBUG glance.api.middleware.version_negotiation [None req-21e1d20b-fe30-4651-8224-834329abca87 tempest-ImagesMetadataTestJSON-889960512 tempest-ImagesMetadataTestJSON-889960512-project] Using url versioning {{(pid=103125) process_request /opt/stack/glance/glance/api/middleware/version_negotiation.py:57}}
Aug 29 17:31:54.278922 n-d-715271-12 devstack@g-api.service[103125]: DEBUG glance.api.middleware.version_negotiation [None req-21e1d20b-fe30-4651-8224-834329abca87 tempest-ImagesMetadataTestJSON-889960512 tempest-ImagesMetadataTestJSON-889960512-project] Matched version: v2 {{(pid=103125) process_request /opt/stack/glance/glance/api/middleware/version_negotiation.py:69}}
Aug 29 17:31:54.279353 n-d-715271-12 devstack@g-api.service[103125]: DEBUG glance.api.middleware.version_negotiation [None req-21e1d20b-fe30-4651-8224-834329abca87 tempest-ImagesMetadataTestJSON-889960512 tempest-ImagesMetadataTestJSON-889960512-project] new path /v2/images/74e010ce-2e25-4be2-985b-28308cd5e3e3 {{(pid=103125) process_request /opt/stack/glance/glance/api/middleware/version_negotiation.py:70}}
Aug 29 17:31:54.322895 n-d-715271-12 devstack@g-api.service[103125]: [pid: 103125|app: 0|req: 109/210] 127.0.0.1 () {42 vars in 1052 bytes} [Sun Aug 29 17:31:54 2021] GET /v2/images/74e010ce-2e25-4be2-985b-28308cd5e3e3 => generated 838 bytes in 46 msecs (HTTP/1.1 200) 4 headers in 157 bytes (1 switches on core 0)
Aug 29 17:31:54.329846 n-d-715271-12 devstack@g-api.service[103126]: DEBUG glance.api.middleware.version_negotiation [None req-21e1d20b-fe30-4651-8224-834329abca87 tempest-ImagesMetadataTestJSON-889960512 tempest-ImagesMetadataTestJSON-889960512-project] Determining version of request: GET /v2/schemas/image Accept: */* {{(pid=103126) process_request /opt/stack/glance/glance/api/middleware/version_negotiation.py:44}}
Aug 29 17:31:54.330383 n-d-715271-12 devstack@g-api.service[103126]: DEBUG glance.api.middleware.version_negotiation [None req-21e1d20b-fe30-4651-8224-834329abca87 tempest-ImagesMetadataTestJSON-889960512 tempest-ImagesMetadataTestJSON-889960512-project] Using url versioning {{(pid=103126) process_request /opt/stack/glance/glance/api/middleware/version_negotiation.py:57}}
Aug 29 17:31:54.330925 n-d-715271-12 devstack@g-api.service[103126]: DEBUG glance.api.middleware.version_negotiation [None req-21e1d20b-fe30-4651-8224-834329abca87 tempest-ImagesMetadataTestJSON-889960512 tempest-ImagesMetadataTestJSON-889960512-project] Matched version: v2 {{(pid=103126) process_request /opt/stack/glance/glance/api/middleware/version_negotiation.py:69}}
Aug 29 17:31:54.331411 n-d-715271-12 devstack@g-api.service[103126]: DEBUG glance.api.middleware.version_negotiation [None req-21e1d20b-fe30-4651-8224-834329abca87 tempest-ImagesMetadataTestJSON-889960512 tempest-ImagesMetadataTestJSON-889960512-project] new path /v2/schemas/image {{(pid=103126) process_request /opt/stack/glance/glance/api/middleware/version_negotiation.py:70}}
Aug 29 17:31:54.340445 n-d-715271-12 devstack@g-api.service[103126]: [pid: 103126|app: 0|req: 102/211] 127.0.0.1 () {42 vars in 992 bytes} [Sun Aug 29 17:31:54 2021] GET /v2/schemas/image => generated 6083 bytes in 11 msecs (HTTP/1.1 200) 4 headers in 158 bytes (1 switches on core 0)
Aug 29 17:31:54.351587 n-d-715271-12 devstack@g-api.service[103125]: DEBUG glance.api.middleware.version_negotiation [None req-21e1d20b-fe30-4651-8224-834329abca87 tempest-ImagesMetadataTestJSON-889960512 tempest-ImagesMetadataTestJSON-889960512-project] Determining version of request: GET /v2/schemas/image Accept: */* {{(pid=103125) process_request /opt/stack/glance/glance/api/middleware/version_negotiation.py:44}}
Aug 29 17:31:54.352368 n-d-715271-12 devstack@g-api.service[103125]: DEBUG glance.api.middleware.version_negotiation [None req-21e1d20b-fe30-4651-8224-834329abca87 tempest-ImagesMetadataTestJSON-889960512 tempest-ImagesMetadataTestJSON-889960512-project] Using url versioning {{(pid=103125) process_request /opt/stack/glance/glance/api/middleware/version_negotiation.py:57}}
Aug 29 17:31:54.353145 n-d-715271-12 devstack@g-api.service[103125]: DEBUG glance.api.middleware.version_negotiation [None req-21e1d20b-fe30-4651-8224-834329abca87 tempest-ImagesMetadataTestJSON-889960512 tempest-ImagesMetadataTestJSON-889960512-project] Matched version: v2 {{(pid=103125) process_request /opt/stack/glance/glance/api/middleware/version_negotiation.py:69}}
Aug 29 17:31:54.353703 n-d-715271-12 devstack@g-api.service[103125]: DEBUG glance.api.middleware.version_negotiation [None req-21e1d20b-fe30-4651-8224-834329abca87 tempest-ImagesMetadataTestJSON-889960512 tempest-ImagesMetadataTestJSON-889960512-project] new path /v2/schemas/image {{(pid=103125) process_request /opt/stack/glance/glance/api/middleware/version_negotiation.py:70}}
Aug 29 17:31:54.361813 n-d-715271-12 devstack@g-api.service[103125]: [pid: 103125|app: 0|req: 110/212] 127.0.0.1 () {42 vars in 992 bytes} [Sun Aug 29 17:31:54 2021] GET /v2/schemas/image => generated 6083 bytes in 11 msecs (HTTP/1.1 200) 4 headers in 158 bytes (1 switches on core 0)
Aug 29 17:31:54.433435 n-d-715271-12 devstack@g-api.service[103126]: DEBUG glance.api.middleware.version_negotiation [None req-21e1d20b-fe30-4651-8224-834329abca87 tempest-ImagesMetadataTestJSON-889960512 tempest-ImagesMetadataTestJSON-889960512-project] Determining version of request: GET /v2/images/5a1f00f1-2731-4392-b79f-6e1743ce485d Accept: */* {{(pid=103126) process_request /opt/stack/glance/glance/api/middleware/version_negotiation.py:44}}
Aug 29 17:31:54.436154 n-d-715271-12 devstack@g-api.service[103126]: DEBUG glance.api.middleware.version_negotiation [None req-21e1d20b-fe30-4651-8224-834329abca87 tempest-ImagesMetadataTestJSON-889960512 tempest-ImagesMetadataTestJSON-889960512-project] Using url versioning {{(pid=103126) process_request /opt/stack/glance/glance/api/middleware/version_negotiation.py:57}}
Aug 29 17:31:54.436623 n-d-715271-12 devstack@g-api.service[103126]: DEBUG glance.api.middleware.version_negotiation [None req-21e1d20b-fe30-4651-8224-834329abca87 tempest-ImagesMetadataTestJSON-889960512 tempest-ImagesMetadataTestJSON-889960512-project] Matched version: v2 {{(pid=103126) process_request /opt/stack/glance/glance/api/middleware/version_negotiation.py:69}}
Aug 29 17:31:54.437011 n-d-715271-12 devstack@g-api.service[103126]: DEBUG glance.api.middleware.version_negotiation [None req-21e1d20b-fe30-4651-8224-834329abca87 tempest-ImagesMetadataTestJSON-889960512 tempest-ImagesMetadataTestJSON-889960512-project] new path /v2/images/5a1f00f1-2731-4392-b79f-6e1743ce485d {{(pid=103126) process_request /opt/stack/glance/glance/api/middleware/version_negotiation.py:70}}
Aug 29 17:31:54.467920 n-d-715271-12 devstack@g-api.service[103126]: [pid: 103126|app: 0|req: 103/213] 127.0.0.1 () {40 vars in 845 bytes} [Sun Aug 29 17:31:54 2021] GET /v2/images/5a1f00f1-2731-4392-b79f-6e1743ce485d => generated 859 bytes in 36 msecs (HTTP/1.1 200) 4 headers in 157 bytes (1 switches on core 0)
Aug 29 17:31:54.475005 n-d-715271-12 devstack@g-api.service[103125]: DEBUG glance.api.middleware.version_negotiation [None req-21e1d20b-fe30-4651-8224-834329abca87 tempest-ImagesMetadataTestJSON-889960512 tempest-ImagesMetadataTestJSON-889960512-project] Determining version of request: GET /v2/images/5a1f00f1-2731-4392-b79f-6e1743ce485d/file Accept: */* {{(pid=103125) process_request /opt/stack/glance/glance/api/middleware/version_negotiation.py:44}}
Aug 29 17:31:54.475716 n-d-715271-12 devstack@g-api.service[103125]: DEBUG glance.api.middleware.version_negotiation [None req-21e1d20b-fe30-4651-8224-834329abca87 tempest-ImagesMetadataTestJSON-889960512 tempest-ImagesMetadataTestJSON-889960512-project] Using url versioning {{(pid=103125) process_request /opt/stack/glance/glance/api/middleware/version_negotiation.py:57}}
Aug 29 17:31:54.476677 n-d-715271-12 devstack@g-api.service[103125]: DEBUG glance.api.middleware.version_negotiation [None req-21e1d20b-fe30-4651-8224-834329abca87 tempest-ImagesMetadataTestJSON-889960512 tempest-ImagesMetadataTestJSON-889960512-project] Matched version: v2 {{(pid=103125) process_request /opt/stack/glance/glance/api/middleware/version_negotiation.py:69}}
Aug 29 17:31:54.477455 n-d-715271-12 devstack@g-api.service[103125]: DEBUG glance.api.middleware.version_negotiation [None req-21e1d20b-fe30-4651-8224-834329abca87 tempest-ImagesMetadataTestJSON-889960512 tempest-ImagesMetadataTestJSON-889960512-project] new path /v2/images/5a1f00f1-2731-4392-b79f-6e1743ce485d/file {{(pid=103125) process_request /opt/stack/glance/glance/api/middleware/version_negotiation.py:70}}
Aug 29 17:31:54.495285 n-d-715271-12 devstack@g-api.service[103125]: DEBUG glance_store.backend [None req-4db75826-ac5d-45e5-bd25-69846d86bff9 tempest-AttachSCSIVolumeTestJSON-1413659337 tempest-AttachSCSIVolumeTestJSON-1413659337-project] Attempting to import store swift {{(pid=103125) _load_store /usr/local/lib/python3.8/dist-packages/glance_store/backend.py:217}}
Aug 29 17:31:54.499898 n-d-715271-12 devstack@g-api.service[103125]: DEBUG glance_store.capabilities [None req-4db75826-ac5d-45e5-bd25-69846d86bff9 tempest-AttachSCSIVolumeTestJSON-1413659337 tempest-AttachSCSIVolumeTestJSON-1413659337-project] Store glance_store._drivers.swift.store.SingleTenantStore doesn't support updating dynamic storage capabilities. Please overwrite 'update_capabilities' method of the store to implement updating logics if needed. {{(pid=103125) update_capabilities /usr/local/lib/python3.8/dist-packages/glance_store/capabilities.py:91}}
Aug 29 17:31:54.500550 n-d-715271-12 devstack@g-api.service[103125]: DEBUG glance_store.driver [None req-4db75826-ac5d-45e5-bd25-69846d86bff9 tempest-AttachSCSIVolumeTestJSON-1413659337 tempest-AttachSCSIVolumeTestJSON-1413659337-project] Late loading location class glance_store._drivers.swift.store.StoreLocation {{(pid=103125) get_store_location_class /usr/local/lib/python3.8/dist-packages/glance_store/driver.py:117}}
Aug 29 17:31:54.501146 n-d-715271-12 devstack@g-api.service[103125]: DEBUG glance_store.location [None req-4db75826-ac5d-45e5-bd25-69846d86bff9 tempest-AttachSCSIVolumeTestJSON-1413659337 tempest-AttachSCSIVolumeTestJSON-1413659337-project] Registering scheme swift+https with {'store': , 'location_class': , 'store_entry': 'swift'} {{(pid=103125) register_scheme_map /usr/local/lib/python3.8/dist-packages/glance_store/location.py:146}}
Aug 29 17:31:54.501608 n-d-715271-12 devstack@g-api.service[103125]: DEBUG glance_store.location [None req-4db75826-ac5d-45e5-bd25-69846d86bff9 tempest-AttachSCSIVolumeTestJSON-1413659337 tempest-AttachSCSIVolumeTestJSON-1413659337-project] Registering scheme swift+https with {'store': , 'location_class': , 'store_entry': 'swift'} {{(pid=103125) register_scheme_map /usr/local/lib/python3.8/dist-packages/glance_store/location.py:146}}
Aug 29 17:31:54.502008 n-d-715271-12 devstack@g-api.service[103125]: DEBUG glance_store.location [None req-4db75826-ac5d-45e5-bd25-69846d86bff9 tempest-AttachSCSIVolumeTestJSON-1413659337 tempest-AttachSCSIVolumeTestJSON-1413659337-project] Registering scheme swift with {'store': , 'location_class': , 'store_entry': 'swift'} {{(pid=103125) register_scheme_map /usr/local/lib/python3.8/dist-packages/glance_store/location.py:146}}
Aug 29 17:31:54.502708 n-d-715271-12 devstack@g-api.service[103125]: DEBUG glance_store.location [None req-4db75826-ac5d-45e5-bd25-69846d86bff9 tempest-AttachSCSIVolumeTestJSON-1413659337 tempest-AttachSCSIVolumeTestJSON-1413659337-project] Registering scheme swift+https with {'store': , 'location_class': , 'store_entry': 'swift'} {{(pid=103125) register_scheme_map /usr/local/lib/python3.8/dist-packages/glance_store/location.py:146}}
Aug 29 17:31:54.503593 n-d-715271-12 devstack@g-api.service[103125]: DEBUG glance_store.location [None req-4db75826-ac5d-45e5-bd25-69846d86bff9 tempest-AttachSCSIVolumeTestJSON-1413659337 tempest-AttachSCSIVolumeTestJSON-1413659337-project] Registering scheme swift with {'store': , 'location_class': , 'store_entry': 'swift'} {{(pid=103125) register_scheme_map /usr/local/lib/python3.8/dist-packages/glance_store/location.py:146}}
Aug 29 17:31:54.504040 n-d-715271-12 devstack@g-api.service[103125]: DEBUG glance_store.location [None req-4db75826-ac5d-45e5-bd25-69846d86bff9 tempest-AttachSCSIVolumeTestJSON-1413659337 tempest-AttachSCSIVolumeTestJSON-1413659337-project] Registering scheme swift+http with {'store': , 'location_class': , 'store_entry': 'swift'} {{(pid=103125) register_scheme_map /usr/local/lib/python3.8/dist-packages/glance_store/location.py:146}}
Aug 29 17:31:54.504691 n-d-715271-12 devstack@g-api.service[103125]: DEBUG glance_store.location [None req-4db75826-ac5d-45e5-bd25-69846d86bff9 tempest-AttachSCSIVolumeTestJSON-1413659337 tempest-AttachSCSIVolumeTestJSON-1413659337-project] Registering scheme swift+https with {'store': , 'location_class': , 'store_entry': 'swift'} {{(pid=103125) register_scheme_map /usr/local/lib/python3.8/dist-packages/glance_store/location.py:146}}
Aug 29 17:31:54.505227 n-d-715271-12 devstack@g-api.service[103125]: DEBUG glance_store.location [None req-4db75826-ac5d-45e5-bd25-69846d86bff9 tempest-AttachSCSIVolumeTestJSON-1413659337 tempest-AttachSCSIVolumeTestJSON-1413659337-project] Registering scheme swift with {'store': , 'location_class': , 'store_entry': 'swift'} {{(pid=103125) register_scheme_map /usr/local/lib/python3.8/dist-packages/glance_store/location.py:146}}
Aug 29 17:31:54.505781 n-d-715271-12 devstack@g-api.service[103125]: DEBUG glance_store.location [None req-4db75826-ac5d-45e5-bd25-69846d86bff9 tempest-AttachSCSIVolumeTestJSON-1413659337 tempest-AttachSCSIVolumeTestJSON-1413659337-project] Registering scheme swift+http with {'store': , 'location_class': , 'store_entry': 'swift'} {{(pid=103125) register_scheme_map /usr/local/lib/python3.8/dist-packages/glance_store/location.py:146}}
Aug 29 17:31:54.506369 n-d-715271-12 devstack@g-api.service[103125]: DEBUG glance_store.location [None req-4db75826-ac5d-45e5-bd25-69846d86bff9 tempest-AttachSCSIVolumeTestJSON-1413659337 tempest-AttachSCSIVolumeTestJSON-1413659337-project] Registering scheme swift+config with {'store': , 'location_class': , 'store_entry': 'swift'} {{(pid=103125) register_scheme_map /usr/local/lib/python3.8/dist-packages/glance_store/location.py:146}}
Aug 29 17:31:54.615947 n-d-715271-12 devstack@g-api.service[103126]: DEBUG glance.api.middleware.version_negotiation [None req-4db75826-ac5d-45e5-bd25-69846d86bff9 tempest-AttachSCSIVolumeTestJSON-1413659337 tempest-AttachSCSIVolumeTestJSON-1413659337-project] Determining version of request: PATCH /v2/images/74e010ce-2e25-4be2-985b-28308cd5e3e3 Accept: */* {{(pid=103126) process_request /opt/stack/glance/glance/api/middleware/version_negotiation.py:44}}
Aug 29 17:31:54.616166 n-d-715271-12 devstack@g-api.service[103126]: DEBUG glance.api.middleware.version_negotiation [None req-4db75826-ac5d-45e5-bd25-69846d86bff9 tempest-AttachSCSIVolumeTestJSON-1413659337 tempest-AttachSCSIVolumeTestJSON-1413659337-project] Using url versioning {{(pid=103126) process_request /opt/stack/glance/glance/api/middleware/version_negotiation.py:57}}
Aug 29 17:31:54.616671 n-d-715271-12 devstack@g-api.service[103126]: DEBUG glance.api.middleware.version_negotiation [None req-4db75826-ac5d-45e5-bd25-69846d86bff9 tempest-AttachSCSIVolumeTestJSON-1413659337 tempest-AttachSCSIVolumeTestJSON-1413659337-project] Matched version: v2 {{(pid=103126) process_request /opt/stack/glance/glance/api/middleware/version_negotiation.py:69}}
Aug 29 17:31:54.617357 n-d-715271-12 devstack@g-api.service[103126]: DEBUG glance.api.middleware.version_negotiation [None req-4db75826-ac5d-45e5-bd25-69846d86bff9 tempest-AttachSCSIVolumeTestJSON-1413659337 tempest-AttachSCSIVolumeTestJSON-1413659337-project] new path /v2/images/74e010ce-2e25-4be2-985b-28308cd5e3e3 {{(pid=103126) process_request /opt/stack/glance/glance/api/middleware/version_negotiation.py:70}}
Aug 29 17:31:54.643516 n-d-715271-12 devstack@g-api.service[103126]: [pid: 103126|app: 0|req: 104/214] 127.0.0.1 () {44 vars in 1093 bytes} [Sun Aug 29 17:31:54 2021] PATCH /v2/images/74e010ce-2e25-4be2-985b-28308cd5e3e3 => generated 838 bytes in 28 msecs (HTTP/1.1 200) 4 headers in 157 bytes (1 switches on core 0)
Aug 29 17:31:54.644398 n-d-715271-12 devstack@g-api.service[103126]: DEBUG glance.api.middleware.version_negotiation [None req-21e1d20b-fe30-4651-8224-834329abca87 tempest-ImagesMetadataTestJSON-889960512 tempest-ImagesMetadataTestJSON-889960512-project] Determining version of request: GET /v2/images/74e010ce-2e25-4be2-985b-28308cd5e3e3 Accept: */* {{(pid=103126) process_request /opt/stack/glance/glance/api/middleware/version_negotiation.py:44}}
Aug 29 17:31:54.644743 n-d-715271-12 devstack@g-api.service[103126]: DEBUG glance.api.middleware.version_negotiation [None req-21e1d20b-fe30-4651-8224-834329abca87 tempest-ImagesMetadataTestJSON-889960512 tempest-ImagesMetadataTestJSON-889960512-project] Using url versioning {{(pid=103126) process_request /opt/stack/glance/glance/api/middleware/version_negotiation.py:57}}
Aug 29 17:31:54.645090 n-d-715271-12 devstack@g-api.service[103126]: DEBUG glance.api.middleware.version_negotiation [None req-21e1d20b-fe30-4651-8224-834329abca87 tempest-ImagesMetadataTestJSON-889960512 tempest-ImagesMetadataTestJSON-889960512-project] Matched version: v2 {{(pid=103126) process_request /opt/stack/glance/glance/api/middleware/version_negotiation.py:69}}
Aug 29 17:31:54.645557 n-d-715271-12 devstack@g-api.service[103126]: DEBUG glance.api.middleware.version_negotiation [None req-21e1d20b-fe30-4651-8224-834329abca87 tempest-ImagesMetadataTestJSON-889960512 tempest-ImagesMetadataTestJSON-889960512-project] new path /v2/images/74e010ce-2e25-4be2-985b-28308cd5e3e3 {{(pid=103126) process_request /opt/stack/glance/glance/api/middleware/version_negotiation.py:70}}
Aug 29 17:31:54.681399 n-d-715271-12 devstack@g-api.service[103126]: [pid: 103126|app: 0|req: 105/215] 127.0.0.1 () {42 vars in 1052 bytes} [Sun Aug 29 17:31:54 2021] GET /v2/images/74e010ce-2e25-4be2-985b-28308cd5e3e3 => generated 838 bytes in 37 msecs (HTTP/1.1 200) 4 headers in 157 bytes (1 switches on core 0)
Aug 29 17:31:54.741977 n-d-715271-12 devstack@g-api.service[103125]: DEBUG swiftclient [None req-4db75826-ac5d-45e5-bd25-69846d86bff9 tempest-AttachSCSIVolumeTestJSON-1413659337 tempest-AttachSCSIVolumeTestJSON-1413659337-project] REQ: curl -i http://10.222.0.39:8080/v1/AUTH_711efe4234b243ba89e77f5acd3053f8/glance/5a1f00f1-2731-4392-b79f-6e1743ce485d -X GET -H "X-Auth-Token: gAAAAABhK8SK8_Ws..." {{(pid=103125) http_log /usr/local/lib/python3.8/dist-packages/swiftclient/client.py:187}}
Aug 29 17:31:54.742222 n-d-715271-12 devstack@g-api.service[103125]: DEBUG swiftclient [None req-4db75826-ac5d-45e5-bd25-69846d86bff9 tempest-AttachSCSIVolumeTestJSON-1413659337 tempest-AttachSCSIVolumeTestJSON-1413659337-project] RESP STATUS: 200 OK {{(pid=103125) http_log /usr/local/lib/python3.8/dist-packages/swiftclient/client.py:188}}
Aug 29 17:31:54.742593 n-d-715271-12 devstack@g-api.service[103125]: DEBUG swiftclient [None req-4db75826-ac5d-45e5-bd25-69846d86bff9 tempest-AttachSCSIVolumeTestJSON-1413659337 tempest-AttachSCSIVolumeTestJSON-1413659337-project] RESP HEADERS: {'Content-Type': 'application/octet-stream', 'X-Object-Manifest': 'glance/5a1f00f1-2731-4392-b79f-6e1743ce485d-', 'Last-Modified': 'Sun, 29 Aug 2021 17:31:50 GMT', 'X-Timestamp': '1630258309.97783', 'Accept-Ranges': 'bytes', 'Content-Length': '645922816', 'Etag': '"9226ddb8990fb6831800204290dc2fa9"', 'X-Trans-Id': 'tx5aa334958e404641aaa7a-00612bc48a', 'X-Openstack-Request-Id': 'tx5aa334958e404641aaa7a-00612bc48a', 'Date': 'Sun, 29 Aug 2021 17:31:54 GMT'} {{(pid=103125) http_log /usr/local/lib/python3.8/dist-packages/swiftclient/client.py:189}}
Aug 29 17:31:54.750758 n-d-715271-12 devstack@g-api.service[103126]: DEBUG glance.api.middleware.version_negotiation [None req-21e1d20b-fe30-4651-8224-834329abca87 tempest-ImagesMetadataTestJSON-889960512 tempest-ImagesMetadataTestJSON-889960512-project] Determining version of request: GET /v2/schemas/image Accept: */* {{(pid=103126) process_request /opt/stack/glance/glance/api/middleware/version_negotiation.py:44}}
Aug 29 17:31:54.751254 n-d-715271-12 devstack@g-api.service[103126]: DEBUG glance.api.middleware.version_negotiation [None req-21e1d20b-fe30-4651-8224-834329abca87 tempest-ImagesMetadataTestJSON-889960512 tempest-ImagesMetadataTestJSON-889960512-project] Using url versioning {{(pid=103126) process_request /opt/stack/glance/glance/api/middleware/version_negotiation.py:57}}
Aug 29 17:31:54.751733 n-d-715271-12 devstack@g-api.service[103126]: DEBUG glance.api.middleware.version_negotiation [None req-21e1d20b-fe30-4651-8224-834329abca87 tempest-ImagesMetadataTestJSON-889960512 tempest-ImagesMetadataTestJSON-889960512-project] Matched version: v2 {{(pid=103126) process_request /opt/stack/glance/glance/api/middleware/version_negotiation.py:69}}
Aug 29 17:31:54.752116 n-d-715271-12 devstack@g-api.service[103126]: DEBUG glance.api.middleware.version_negotiation [None req-21e1d20b-fe30-4651-8224-834329abca87 tempest-ImagesMetadataTestJSON-889960512 tempest-ImagesMetadataTestJSON-889960512-project] new path /v2/schemas/image {{(pid=103126) process_request /opt/stack/glance/glance/api/middleware/version_negotiation.py:70}}
Aug 29 17:31:54.757646 n-d-715271-12 devstack@g-api.service[103126]: [pid: 103126|app: 0|req: 106/216] 127.0.0.1 () {42 vars in 992 bytes} [Sun Aug 29 17:31:54 2021] GET /v2/schemas/image => generated 6083 bytes in 8 msecs (HTTP/1.1 200) 4 headers in 158 bytes (1 switches on core 0)
Aug 29 17:31:54.777820 n-d-715271-12 devstack@g-api.service[103125]: DEBUG glance.image_cache [None req-4db75826-ac5d-45e5-bd25-69846d86bff9 tempest-AttachSCSIVolumeTestJSON-1413659337 tempest-AttachSCSIVolumeTestJSON-1413659337-project] Tee'ing image '5a1f00f1-2731-4392-b79f-6e1743ce485d' into cache {{(pid=103125) get_caching_iter /opt/stack/glance/glance/image_cache/__init__.py:343}}
Aug 29 17:31:54.923544 n-d-715271-12 devstack@g-api.service[103126]: DEBUG glance.api.middleware.version_negotiation [None req-7abf1812-61f7-4cb5-aaaa-7f67ce7bbf21 tempest-ImagesOneServerTestJSON-757130275 tempest-ImagesOneServerTestJSON-757130275-project] Determining version of request: POST /v2/images Accept: */* {{(pid=103126) process_request /opt/stack/glance/glance/api/middleware/version_negotiation.py:44}}
Aug 29 17:31:54.923877 n-d-715271-12 devstack@g-api.service[103126]: DEBUG glance.api.middleware.version_negotiation [None req-7abf1812-61f7-4cb5-aaaa-7f67ce7bbf21 tempest-ImagesOneServerTestJSON-757130275 tempest-ImagesOneServerTestJSON-757130275-project] Using url versioning {{(pid=103126) process_request /opt/stack/glance/glance/api/middleware/version_negotiation.py:57}}
