Aug 29 06:36:49.630022 n-d-715271-11 neutron-server[94957]: DEBUG neutron.plugins.ml2.db [None req-885521f4-7941-4950-bdf0-032ceb5eb255 None None] For port 5ea36766-da6b-4752-8d34-d54eb1f29359, host n-h2-715271-11, got binding levels [PortBindingLevel(driver='hyperv',host='n-h2-715271-11',level=0,port_id=5ea36766-da6b-4752-8d34-d54eb1f29359,segment=NetworkSegment(594ed540-54de-4d86-b3a9-3a7afac4115d),segment_id=594ed540-54de-4d86-b3a9-3a7afac4115d)] {{(pid=94957) get_binding_level_objs /opt/stack/neutron/neutron/plugins/ml2/db.py:74}}
Aug 29 06:36:49.639221 n-d-715271-11 neutron-server[94955]: DEBUG neutron.pecan_wsgi.hooks.policy_enforcement [req-2e0f7946-399f-4869-b211-6621ffc7b4a8 req-836496bc-36cd-4b1a-8f10-985d170fa5a5 tempest-DeleteServersAdminTestJSON-601838126 tempest-DeleteServersAdminTestJSON-601838126-project] Attributes excluded by policy engine: ['standard_attr_id', 'binding:profile', 'binding:host_id', 'binding:vif_type', 'binding:vif_details'] {{(pid=94955) _exclude_attributes_by_policy /opt/stack/neutron/neutron/pecan_wsgi/hooks/policy_enforcement.py:255}}
Aug 29 06:36:49.647570 n-d-715271-11 neutron-server[94957]: DEBUG neutron_lib.callbacks.manager [None req-885521f4-7941-4950-bdf0-032ceb5eb255 None None] Notify callbacks ['neutron.plugins.ml2.plugin.SecurityGroupServerNotifierRpcMixin._notify_sg_on_port_change-919573', 'neutron.plugins.ml2.ovo_rpc._ObjectChangeHandler.handle_event-45248', 'neutron.api.rpc.agentnotifiers.dhcp_rpc_agent_api.DhcpAgentNotifyAPI._native_event_send_dhcp_notification-1805437', 'neutron.db.l3_db.L3RpcNotifierMixin._notify_gateway_port_ip_changed-8780365720625', 'neutron.db.l3_dvrscheduler_db._notify_l3_agent_port_update-8780365250856', 'neutron.db.l3_hascheduler_db._notify_l3_agent_ha_port_update-8780365250874'] for port, after_update {{(pid=94957) _notify_loop /usr/local/lib/python3.8/dist-packages/neutron_lib/callbacks/manager.py:192}}
Aug 29 06:36:49.648906 n-d-715271-11 neutron-server[94957]: DEBUG neutron.plugins.ml2.rpc [None req-885521f4-7941-4950-bdf0-032ceb5eb255 None None] Device d3cc844b-c584-4773-9893-54ba4eb0b6d3 up at agent hyperv_n-h2-715271-11 {{(pid=94957) update_device_up /opt/stack/neutron/neutron/plugins/ml2/rpc.py:296}}
Aug 29 06:36:49.654390 n-d-715271-11 neutron-server[94955]: INFO neutron.wsgi [req-2e0f7946-399f-4869-b211-6621ffc7b4a8 req-836496bc-36cd-4b1a-8f10-985d170fa5a5 tempest-DeleteServersAdminTestJSON-601838126 tempest-DeleteServersAdminTestJSON-601838126-project] 10.222.0.79 "GET /v2.0/ports?device_id=6b8cbe71-3ef7-4613-b038-6d026fb054bb HTTP/1.1" status: 200 len: 948 time: 0.0932372
Aug 29 06:36:49.767579 n-d-715271-11 neutron-server[94955]: INFO neutron.wsgi [req-2e0f7946-399f-4869-b211-6621ffc7b4a8 req-ec537a05-8260-4b8f-8681-87c15c6c4a65 tempest-DeleteServersAdminTestJSON-601838126 tempest-DeleteServersAdminTestJSON-601838126-project] 10.222.0.79 "GET /v2.0/security-groups?id=c539f458-d5f2-4e70-8cb0-3a5a9c0dd311&fields=id&fields=name HTTP/1.1" status: 200 len: 286 time: 0.1119387
Aug 29 06:36:49.772089 n-d-715271-11 neutron-server[94957]: DEBUG neutron.plugins.ml2.db [None req-0ebef398-c811-414b-ad38-28ab9348c8d1 None None] get_ports_and_sgs() called for port_ids ['99ee9239-5f81-4485-8ca6-4d60ad652650'] {{(pid=94957) get_ports_and_sgs /opt/stack/neutron/neutron/plugins/ml2/db.py:156}}
Aug 29 06:36:49.822732 n-d-715271-11 neutron-server[94955]: INFO neutron.wsgi [req-ba9622f9-c852-41b3-9cf9-8a1d7541d9af req-2fcef8b0-96e3-4451-9fbe-3f121f080507 service neutron] 10.222.0.93 "GET /v2.0/networks/b2ce0846-5ab6-45d8-92ca-70ca744bf4a1?fields=segments HTTP/1.1" status: 200 len: 212 time: 0.1575782
Aug 29 06:36:49.869356 n-d-715271-11 neutron-server[94957]: DEBUG neutron.api.rpc.handlers.resources_rpc [None req-885521f4-7941-4950-bdf0-032ceb5eb255 None None] Pushing event updated for resources: {'Port': ['ID=5ea36766-da6b-4752-8d34-d54eb1f29359,revision_number=5']} {{(pid=94957) push /opt/stack/neutron/neutron/api/rpc/handlers/resources_rpc.py:237}}
Aug 29 06:36:49.896795 n-d-715271-11 neutron-server[94957]: DEBUG novaclient.v2.client [-] RESP: [200] Connection: close Content-Length: 183 Content-Type: application/json Date: Sun, 29 Aug 2021 06:36:49 GMT OpenStack-API-Version: compute 2.1 Server: Apache/2.4.41 (Ubuntu) Vary: OpenStack-API-Version,X-OpenStack-Nova-API-Version X-OpenStack-Nova-API-Version: 2.1 x-compute-request-id: req-3b930792-e697-4b43-987c-46e50fef8aee x-openstack-request-id: req-3b930792-e697-4b43-987c-46e50fef8aee {{(pid=94957) _http_log_response /usr/local/lib/python3.8/dist-packages/keystoneauth1/session.py:550}}
Aug 29 06:36:49.897453 n-d-715271-11 neutron-server[94957]: DEBUG novaclient.v2.client [-] RESP BODY: {"events": [{"server_uuid": "c362743b-74aa-4282-b941-65879e7bb0e6", "name": "network-vif-plugged", "status": "completed", "tag": "5ea36766-da6b-4752-8d34-d54eb1f29359", "code": 200}]} {{(pid=94957) _http_log_response /usr/local/lib/python3.8/dist-packages/keystoneauth1/session.py:582}}
Aug 29 06:36:49.897858 n-d-715271-11 neutron-server[94957]: DEBUG novaclient.v2.client [-] POST call to compute for http://10.222.0.79/compute/v2.1/os-server-external-events used request id req-3b930792-e697-4b43-987c-46e50fef8aee {{(pid=94957) request /usr/local/lib/python3.8/dist-packages/keystoneauth1/session.py:954}}
Aug 29 06:36:49.898470 n-d-715271-11 neutron-server[94957]: INFO neutron.notifiers.nova [-] Nova event response: {'server_uuid': 'c362743b-74aa-4282-b941-65879e7bb0e6', 'name': 'network-vif-plugged', 'status': 'completed', 'tag': '5ea36766-da6b-4752-8d34-d54eb1f29359', 'code': 200}
Aug 29 06:36:49.939379 n-d-715271-11 neutron-server[94957]: DEBUG neutron.db.provisioning_blocks [None req-885521f4-7941-4950-bdf0-032ceb5eb255 None None] Provisioning for port d3cc844b-c584-4773-9893-54ba4eb0b6d3 completed by entity L2. {{(pid=94957) provisioning_complete /opt/stack/neutron/neutron/db/provisioning_blocks.py:133}}
Aug 29 06:36:49.959226 n-d-715271-11 neutron-server[94955]: DEBUG neutron.pecan_wsgi.hooks.policy_enforcement [req-61689056-7799-4124-8531-9cc21715af02 req-ab8e7af0-9ce3-4507-87df-063e168b49af tempest-LiveMigrationNegativeTest-1129492165 tempest-LiveMigrationNegativeTest-1129492165-project] Attributes excluded by policy engine: ['standard_attr_id', 'binding:profile', 'binding:host_id', 'binding:vif_type', 'binding:vif_details'] {{(pid=94955) _exclude_attributes_by_policy /opt/stack/neutron/neutron/pecan_wsgi/hooks/policy_enforcement.py:255}}
Aug 29 06:36:49.959898 n-d-715271-11 neutron-server[94957]: DEBUG neutron.db.provisioning_blocks [None req-885521f4-7941-4950-bdf0-032ceb5eb255 None None] Provisioning complete for port d3cc844b-c584-4773-9893-54ba4eb0b6d3 triggered by entity L2. {{(pid=94957) provisioning_complete /opt/stack/neutron/neutron/db/provisioning_blocks.py:139}}
Aug 29 06:36:49.960492 n-d-715271-11 neutron-server[94957]: DEBUG neutron_lib.callbacks.manager [None req-885521f4-7941-4950-bdf0-032ceb5eb255 None None] Notify callbacks ['neutron.plugins.ml2.plugin.Ml2Plugin._port_provisioned-928723'] for port, provisioning_complete {{(pid=94957) _notify_loop /usr/local/lib/python3.8/dist-packages/neutron_lib/callbacks/manager.py:192}}
Aug 29 06:36:49.968063 n-d-715271-11 neutron-server[94955]: INFO neutron.wsgi [req-61689056-7799-4124-8531-9cc21715af02 req-ab8e7af0-9ce3-4507-87df-063e168b49af tempest-LiveMigrationNegativeTest-1129492165 tempest-LiveMigrationNegativeTest-1129492165-project] 10.222.0.79 "GET /v2.0/ports?device_id=e7b7ac77-02f2-4bd9-9dd0-d30a12d95b69 HTTP/1.1" status: 200 len: 948 time: 0.1442931
Aug 29 06:36:50.082112 n-d-715271-11 neutron-server[94956]: DEBUG neutron.wsgi [-] (94956) accepted ('10.222.0.79', 37968) {{(pid=94956) server /usr/local/lib/python3.8/dist-packages/eventlet/wsgi.py:982}}
Aug 29 06:36:50.086109 n-d-715271-11 neutron-server[94955]: INFO neutron.wsgi [req-61689056-7799-4124-8531-9cc21715af02 req-0410208d-bf59-4562-9d72-ffd0d79431ae tempest-LiveMigrationNegativeTest-1129492165 tempest-LiveMigrationNegativeTest-1129492165-project] 10.222.0.79 "GET /v2.0/security-groups?id=de1c1f83-8bef-4d3a-8810-74bd12c14de6&fields=id&fields=name HTTP/1.1" status: 200 len: 286 time: 0.1170316
Aug 29 06:36:50.101135 n-d-715271-11 neutron-server[94956]: DEBUG neutron.pecan_wsgi.hooks.policy_enforcement [req-67a6a9bb-32f4-49ce-b41c-005af69157f6 req-83cdfd2e-fc38-4e3c-8a09-da836bdff005 service neutron] Attributes excluded by policy engine: ['standard_attr_id'] {{(pid=94956) _exclude_attributes_by_policy /opt/stack/neutron/neutron/pecan_wsgi/hooks/policy_enforcement.py:255}}
Aug 29 06:36:50.103098 n-d-715271-11 neutron-server[94956]: INFO neutron.wsgi [req-67a6a9bb-32f4-49ce-b41c-005af69157f6 req-83cdfd2e-fc38-4e3c-8a09-da836bdff005 service neutron] 10.222.0.91 "GET /v2.0/ports?device_id=c362743b-74aa-4282-b941-65879e7bb0e6 HTTP/1.1" status: 200 len: 1100 time: 0.1269779
Aug 29 06:36:50.133268 n-d-715271-11 neutron-server[94956]: DEBUG neutron.pecan_wsgi.hooks.policy_enforcement [req-f674df28-dbef-4425-8b85-a92a4a17f2d3 req-f4ab9d72-5a2a-4c91-b50b-8275a32b851b tempest-MigrationsAdminTest-1332567727 tempest-MigrationsAdminTest-1332567727-project] Attributes excluded by policy engine: ['standard_attr_id', 'binding:profile', 'binding:host_id', 'binding:vif_type', 'binding:vif_details'] {{(pid=94956) _exclude_attributes_by_policy /opt/stack/neutron/neutron/pecan_wsgi/hooks/policy_enforcement.py:255}}
Aug 29 06:36:50.134870 n-d-715271-11 neutron-server[94956]: INFO neutron.wsgi [req-f674df28-dbef-4425-8b85-a92a4a17f2d3 req-f4ab9d72-5a2a-4c91-b50b-8275a32b851b tempest-MigrationsAdminTest-1332567727 tempest-MigrationsAdminTest-1332567727-project] 10.222.0.79 "GET /v2.0/ports?device_id=c362743b-74aa-4282-b941-65879e7bb0e6 HTTP/1.1" status: 200 len: 948 time: 0.1019003
Aug 29 06:36:50.156723 n-d-715271-11 neutron-server[94957]: DEBUG neutron_lib.callbacks.manager [None req-885521f4-7941-4950-bdf0-032ceb5eb255 None None] Notify callbacks ['neutron.plugins.ml2.plugin.SecurityGroupDbMixin._ensure_default_security_group_handler-919642'] for port, before_update {{(pid=94957) _notify_loop /usr/local/lib/python3.8/dist-packages/neutron_lib/callbacks/manager.py:192}}
Aug 29 06:36:50.172080 n-d-715271-11 neutron-server[94955]: INFO neutron.wsgi [req-ba9622f9-c852-41b3-9cf9-8a1d7541d9af req-41397d53-83fb-4ff4-8f75-710f425b9bc7 service neutron] 10.222.0.93 "GET /v2.0/networks/b2ce0846-5ab6-45d8-92ca-70ca744bf4a1?fields=provider%3Aphysical_network&fields=provider%3Anetwork_type HTTP/1.1" status: 200 len: 281 time: 0.3103571
Aug 29 06:36:50.188023 n-d-715271-11 neutron-server[94956]: INFO neutron.wsgi [req-67a6a9bb-32f4-49ce-b41c-005af69157f6 req-a0f6a6a6-80e7-4cb7-b768-a2c193d8f8fd service neutron] 10.222.0.91 "GET /v2.0/security-groups?id=06212885-aedf-400f-8507-cf5ed96c1324&fields=id&fields=name HTTP/1.1" status: 200 len: 286 time: 0.0723341
Aug 29 06:36:50.209727 n-d-715271-11 neutron-server[94956]: INFO neutron.wsgi [req-f674df28-dbef-4425-8b85-a92a4a17f2d3 req-a3aae111-ca60-4694-9fb6-36f1ef61feba tempest-MigrationsAdminTest-1332567727 tempest-MigrationsAdminTest-1332567727-project] 10.222.0.79 "GET /v2.0/security-groups?id=06212885-aedf-400f-8507-cf5ed96c1324&fields=id&fields=name HTTP/1.1" status: 200 len: 286 time: 0.0673916
Aug 29 06:36:50.259425 n-d-715271-11 neutron-server[94957]: DEBUG neutron.plugins.ml2.db [None req-885521f4-7941-4950-bdf0-032ceb5eb255 None None] For port d3cc844b-c584-4773-9893-54ba4eb0b6d3, host n-h2-715271-11, got binding levels [PortBindingLevel(driver='hyperv',host='n-h2-715271-11',level=0,port_id=d3cc844b-c584-4773-9893-54ba4eb0b6d3,segment=NetworkSegment(594ed540-54de-4d86-b3a9-3a7afac4115d),segment_id=594ed540-54de-4d86-b3a9-3a7afac4115d)] {{(pid=94957) get_binding_level_objs /opt/stack/neutron/neutron/plugins/ml2/db.py:74}}
Aug 29 06:36:50.278767 n-d-715271-11 neutron-server[94957]: DEBUG neutron_lib.callbacks.manager [None req-885521f4-7941-4950-bdf0-032ceb5eb255 None None] Notify callbacks ['neutron.plugins.ml2.plugin.SecurityGroupServerNotifierRpcMixin._notify_sg_on_port_change-919573', 'neutron.plugins.ml2.ovo_rpc._ObjectChangeHandler.handle_event-45248', 'neutron.api.rpc.agentnotifiers.dhcp_rpc_agent_api.DhcpAgentNotifyAPI._native_event_send_dhcp_notification-1805437', 'neutron.db.l3_db.L3RpcNotifierMixin._notify_gateway_port_ip_changed-8780365720625', 'neutron.db.l3_dvrscheduler_db._notify_l3_agent_port_update-8780365250856', 'neutron.db.l3_hascheduler_db._notify_l3_agent_ha_port_update-8780365250874'] for port, after_update {{(pid=94957) _notify_loop /usr/local/lib/python3.8/dist-packages/neutron_lib/callbacks/manager.py:192}}
Aug 29 06:36:50.288652 n-d-715271-11 neutron-server[94955]: DEBUG neutron.pecan_wsgi.hooks.policy_enforcement [req-e29db01d-0406-474c-9b0b-22506d3a62ae req-7553e327-323b-4477-950f-967cefa3df3f service neutron] Attributes excluded by policy engine: ['standard_attr_id'] {{(pid=94955) _exclude_attributes_by_policy /opt/stack/neutron/neutron/pecan_wsgi/hooks/policy_enforcement.py:255}}
Aug 29 06:36:50.294324 n-d-715271-11 neutron-server[94955]: INFO neutron.wsgi [req-e29db01d-0406-474c-9b0b-22506d3a62ae req-7553e327-323b-4477-950f-967cefa3df3f service neutron] 10.222.0.93 "GET /v2.0/ports?tenant_id=77318196543245a587baa26732337c68&device_id=6b8cbe71-3ef7-4613-b038-6d026fb054bb HTTP/1.1" status: 200 len: 1100 time: 0.0579407
Aug 29 06:36:50.366098 n-d-715271-11 neutron-server[94957]: DEBUG neutron.api.rpc.handlers.resources_rpc [None req-885521f4-7941-4950-bdf0-032ceb5eb255 None None] Pushing event updated for resources: {'Port': ['ID=d3cc844b-c584-4773-9893-54ba4eb0b6d3,revision_number=5']} {{(pid=94957) push /opt/stack/neutron/neutron/api/rpc/handlers/resources_rpc.py:237}}
Aug 29 06:36:50.412469 n-d-715271-11 neutron-server[94956]: DEBUG neutron.pecan_wsgi.hooks.policy_enforcement [req-3e68b1c0-d55e-4f02-a4ab-be9b11c51777 req-216243b8-0d62-49ec-a7d0-e1f1664b3f78 tempest-ImagesTestJSON-1573286704 tempest-ImagesTestJSON-1573286704-project] Attributes excluded by policy engine: ['standard_attr_id', 'binding:profile', 'binding:host_id', 'binding:vif_type', 'binding:vif_details'] {{(pid=94956) _exclude_attributes_by_policy /opt/stack/neutron/neutron/pecan_wsgi/hooks/policy_enforcement.py:255}}
Aug 29 06:36:50.415335 n-d-715271-11 neutron-server[94956]: INFO neutron.wsgi [req-3e68b1c0-d55e-4f02-a4ab-be9b11c51777 req-216243b8-0d62-49ec-a7d0-e1f1664b3f78 tempest-ImagesTestJSON-1573286704 tempest-ImagesTestJSON-1573286704-project] 10.222.0.79 "GET /v2.0/ports?device_id=47d2f890-539c-40fb-b435-a6cd10db0513 HTTP/1.1" status: 200 len: 966 time: 0.0896413
Aug 29 06:36:50.424542 n-d-715271-11 neutron-server[94955]: DEBUG neutron.pecan_wsgi.hooks.policy_enforcement [req-e29db01d-0406-474c-9b0b-22506d3a62ae req-484ee442-1b08-4c29-a2e2-a6a954d17857 service neutron] Attributes excluded by policy engine: ['standard_attr_id', 'vlan_transparent'] {{(pid=94955) _exclude_attributes_by_policy /opt/stack/neutron/neutron/pecan_wsgi/hooks/policy_enforcement.py:255}}
Aug 29 06:36:50.426193 n-d-715271-11 neutron-server[94955]: INFO neutron.wsgi [req-e29db01d-0406-474c-9b0b-22506d3a62ae req-484ee442-1b08-4c29-a2e2-a6a954d17857 service neutron] 10.222.0.93 "GET /v2.0/networks?id=b2ce0846-5ab6-45d8-92ca-70ca744bf4a1 HTTP/1.1" status: 200 len: 870 time: 0.1256571
Aug 29 06:36:50.466015 n-d-715271-11 neutron-server[94956]: INFO neutron.wsgi [req-3e68b1c0-d55e-4f02-a4ab-be9b11c51777 req-58a45a7d-25f7-4292-83b4-fc252806da90 tempest-ImagesTestJSON-1573286704 tempest-ImagesTestJSON-1573286704-project] 10.222.0.79 "GET /v2.0/security-groups?id=577abcd1-d81c-435d-901c-70781f300333&fields=id&fields=name HTTP/1.1" status: 200 len: 286 time: 0.0436802
Aug 29 06:36:50.486642 n-d-715271-11 neutron-server[94956]: DEBUG neutron_lib.callbacks.manager [None req-a4c82dcf-5339-4c98-8a3c-fb40e0bfa864 admin admin] Notify callbacks [] for security_group, before_create {{(pid=94956) _notify_loop /usr/local/lib/python3.8/dist-packages/neutron_lib/callbacks/manager.py:192}}
Aug 29 06:36:50.626488 n-d-715271-11 neutron-server[94956]: DEBUG neutron_lib.callbacks.manager [None req-a4c82dcf-5339-4c98-8a3c-fb40e0bfa864 admin admin] Notify callbacks [] for security_group, precommit_create {{(pid=94956) _notify_loop /usr/local/lib/python3.8/dist-packages/neutron_lib/callbacks/manager.py:192}}
Aug 29 06:36:50.646382 n-d-715271-11 neutron-server[94956]: DEBUG neutron_lib.callbacks.manager [None req-a4c82dcf-5339-4c98-8a3c-fb40e0bfa864 admin admin] Notify callbacks ['neutron.plugins.ml2.ovo_rpc._ObjectChangeHandler.handle_event-1646837'] for security_group, after_create {{(pid=94956) _notify_loop /usr/local/lib/python3.8/dist-packages/neutron_lib/callbacks/manager.py:192}}
Aug 29 06:36:50.686065 n-d-715271-11 neutron-server[94956]: DEBUG neutron.api.rpc.handlers.resources_rpc [None req-a4c82dcf-5339-4c98-8a3c-fb40e0bfa864 admin admin] Pushing event updated for resources: {'SecurityGroup': ['ID=588693a1-3441-4902-a23f-7c4f0b5cb837,revision_number=1']} {{(pid=94956) push /opt/stack/neutron/neutron/api/rpc/handlers/resources_rpc.py:237}}
Aug 29 06:36:50.701884 n-d-715271-11 neutron-server[94955]: INFO neutron.wsgi [req-e29db01d-0406-474c-9b0b-22506d3a62ae req-13b6a36d-0088-4889-ae7e-c32f0f1b917e service neutron] 10.222.0.93 "GET /v2.0/floatingips?fixed_ip_address=192.168.233.170&port_id=0b6af205-73d1-4bce-b057-09a0f5377f84 HTTP/1.1" status: 200 len: 217 time: 0.2660680
Aug 29 06:36:50.726576 n-d-715271-11 neutron-server[94955]: INFO neutron.wsgi [req-9cb9910b-c424-4f42-a5cb-509e5cbce056 req-efca9fd2-f702-4852-ba0f-af8a9bb10ee1 tempest-ImagesOneServerTestJSON-697842796 tempest-ImagesOneServerTestJSON-697842796-project] 10.222.0.79 "GET /v2.0/ports?device_id=9d888402-ffc3-4653-a69d-bd90b0e7e626 HTTP/1.1" status: 200 len: 210 time: 0.2922542
Aug 29 06:36:50.731212 n-d-715271-11 neutron-server[94956]: INFO neutron.wsgi [None req-a4c82dcf-5339-4c98-8a3c-fb40e0bfa864 admin admin] 10.222.0.79 "GET /v2.0/security-groups?tenant_id=40ffbfca0c6c4f5e8795fb2b5e1974a3&name=default HTTP/1.1" status: 200 len: 2979 time: 0.6446495
Aug 29 06:36:50.731559 n-d-715271-11 neutron-server[94956]: DEBUG neutron.wsgi [-] (94956) accepted ('10.222.0.79', 37996) {{(pid=94956) server /usr/local/lib/python3.8/dist-packages/eventlet/wsgi.py:982}}
Aug 29 06:36:50.785648 n-d-715271-11 neutron-server[94955]: DEBUG neutron.pecan_wsgi.hooks.policy_enforcement [req-e29db01d-0406-474c-9b0b-22506d3a62ae req-95bcb23c-4aec-4691-9a56-fb3945e200ee service neutron] Attributes excluded by policy engine: ['standard_attr_id', 'shared'] {{(pid=94955) _exclude_attributes_by_policy /opt/stack/neutron/neutron/pecan_wsgi/hooks/policy_enforcement.py:255}}
Aug 29 06:36:50.795953 n-d-715271-11 neutron-server[94955]: INFO neutron.wsgi [req-e29db01d-0406-474c-9b0b-22506d3a62ae req-95bcb23c-4aec-4691-9a56-fb3945e200ee service neutron] 10.222.0.93 "GET /v2.0/subnets?id=5a95ad1d-ffd9-4e86-aea1-8ffcbc4f9c64 HTTP/1.1" status: 200 len: 843 time: 0.0723648
Aug 29 06:36:50.803719 n-d-715271-11 neutron-server[94956]: DEBUG neutron_lib.callbacks.manager [None req-75f9147b-4750-4bd2-a5bc-67d31a915d21 admin admin] Notify callbacks [] for security_group, before_delete {{(pid=94956) _notify_loop /usr/local/lib/python3.8/dist-packages/neutron_lib/callbacks/manager.py:192}}
Aug 29 06:36:50.847425 n-d-715271-11 neutron-server[94956]: DEBUG neutron_lib.callbacks.manager [None req-75f9147b-4750-4bd2-a5bc-67d31a915d21 admin admin] Notify callbacks [] for security_group, precommit_delete {{(pid=94956) _notify_loop /usr/local/lib/python3.8/dist-packages/neutron_lib/callbacks/manager.py:192}}
Aug 29 06:36:50.897269 n-d-715271-11 neutron-server[94955]: DEBUG neutron.pecan_wsgi.hooks.policy_enforcement [req-e29db01d-0406-474c-9b0b-22506d3a62ae req-fb5c314b-d503-4d67-8c28-d9581823adb7 service neutron] Attributes excluded by policy engine: ['standard_attr_id'] {{(pid=94955) _exclude_attributes_by_policy /opt/stack/neutron/neutron/pecan_wsgi/hooks/policy_enforcement.py:255}}
Aug 29 06:36:50.898895 n-d-715271-11 neutron-server[94955]: INFO neutron.wsgi [req-e29db01d-0406-474c-9b0b-22506d3a62ae req-fb5c314b-d503-4d67-8c28-d9581823adb7 service neutron] 10.222.0.93 "GET /v2.0/ports?network_id=b2ce0846-5ab6-45d8-92ca-70ca744bf4a1&device_owner=network%3Adhcp HTTP/1.1" status: 200 len: 1167 time: 0.0935037
Aug 29 06:36:50.909685 n-d-715271-11 neutron-server[94956]: DEBUG neutron_lib.callbacks.manager [None req-75f9147b-4750-4bd2-a5bc-67d31a915d21 admin admin] Notify callbacks ['neutron.plugins.ml2.ovo_rpc._ObjectChangeHandler.handle_event-1646837'] for security_group, after_delete {{(pid=94956) _notify_loop /usr/local/lib/python3.8/dist-packages/neutron_lib/callbacks/manager.py:192}}
Aug 29 06:36:50.913176 n-d-715271-11 neutron-server[94956]: DEBUG neutron_lib.callbacks.manager [None req-75f9147b-4750-4bd2-a5bc-67d31a915d21 admin admin] Notify callbacks [] for security_group, before_response {{(pid=94956) _notify_loop /usr/local/lib/python3.8/dist-packages/neutron_lib/callbacks/manager.py:192}}
Aug 29 06:36:50.914635 n-d-715271-11 neutron-server[94956]: INFO neutron.wsgi [None req-75f9147b-4750-4bd2-a5bc-67d31a915d21 admin admin] 10.222.0.79 "DELETE /v2.0/security-groups/588693a1-3441-4902-a23f-7c4f0b5cb837 HTTP/1.1" status: 204 len: 168 time: 0.1819992
Aug 29 06:36:50.918020 n-d-715271-11 neutron-server[94955]: DEBUG neutron.pecan_wsgi.hooks.policy_enforcement [req-945225c7-62e3-4914-81ff-3329c903029f req-b26e0947-abe2-4007-85c1-132efba93946 tempest-DeleteServersAdminTestJSON-601838126 tempest-DeleteServersAdminTestJSON-601838126-project] Attributes excluded by policy engine: ['standard_attr_id', 'binding:profile', 'binding:host_id', 'binding:vif_type', 'binding:vif_details'] {{(pid=94955) _exclude_attributes_by_policy /opt/stack/neutron/neutron/pecan_wsgi/hooks/policy_enforcement.py:255}}
Aug 29 06:36:50.919073 n-d-715271-11 neutron-server[94955]: INFO neutron.wsgi [req-945225c7-62e3-4914-81ff-3329c903029f req-b26e0947-abe2-4007-85c1-132efba93946 tempest-DeleteServersAdminTestJSON-601838126 tempest-DeleteServersAdminTestJSON-601838126-project] 10.222.0.79 "GET /v2.0/ports?device_id=6b8cbe71-3ef7-4613-b038-6d026fb054bb HTTP/1.1" status: 200 len: 948 time: 0.0729139
Aug 29 06:36:50.955857 n-d-715271-11 neutron-server[94956]: DEBUG neutron.api.rpc.handlers.resources_rpc [None req-75f9147b-4750-4bd2-a5bc-67d31a915d21 admin admin] Pushing event deleted for resources: {'SecurityGroup': ['ID=588693a1-3441-4902-a23f-7c4f0b5cb837,revision_number=None']} {{(pid=94956) push /opt/stack/neutron/neutron/api/rpc/handlers/resources_rpc.py:237}}
Aug 29 06:36:50.990086 n-d-715271-11 neutron-server[94957]: DEBUG neutron.plugins.ml2.rpc [None req-0ebef398-c811-414b-ad38-28ab9348c8d1 None None] Device 99ee9239-5f81-4485-8ca6-4d60ad652650 up at agent hyperv_n-h1-715271-11 {{(pid=94957) update_device_up /opt/stack/neutron/neutron/plugins/ml2/rpc.py:296}}
Aug 29 06:36:51.035713 n-d-715271-11 neutron-server[94955]: INFO neutron.wsgi [req-945225c7-62e3-4914-81ff-3329c903029f req-982ed3c2-1e1a-4946-b82d-58e871a12830 tempest-DeleteServersAdminTestJSON-601838126 tempest-DeleteServersAdminTestJSON-601838126-project] 10.222.0.79 "GET /v2.0/security-groups?id=c539f458-d5f2-4e70-8cb0-3a5a9c0dd311&fields=id&fields=name HTTP/1.1" status: 200 len: 286 time: 0.0951514
Aug 29 06:36:51.077862 n-d-715271-11 neutron-server[94955]: INFO neutron.wsgi [req-e29db01d-0406-474c-9b0b-22506d3a62ae req-c5cc7ab0-f390-4a0f-b8c8-db9e40794667 service neutron] 10.222.0.93 "GET /v2.0/networks/b2ce0846-5ab6-45d8-92ca-70ca744bf4a1?fields=segments HTTP/1.1" status: 200 len: 212 time: 0.1575882
Aug 29 06:36:51.111020 n-d-715271-11 neutron-server[94957]: DEBUG neutron.db.provisioning_blocks [None req-0ebef398-c811-414b-ad38-28ab9348c8d1 None None] Provisioning for port 99ee9239-5f81-4485-8ca6-4d60ad652650 completed by entity L2. {{(pid=94957) provisioning_complete /opt/stack/neutron/neutron/db/provisioning_blocks.py:133}}
Aug 29 06:36:51.116822 n-d-715271-11 neutron-server[94957]: DEBUG neutron.db.provisioning_blocks [None req-0ebef398-c811-414b-ad38-28ab9348c8d1 None None] Provisioning complete for port 99ee9239-5f81-4485-8ca6-4d60ad652650 triggered by entity L2. {{(pid=94957) provisioning_complete /opt/stack/neutron/neutron/db/provisioning_blocks.py:139}}
Aug 29 06:36:51.117196 n-d-715271-11 neutron-server[94957]: DEBUG neutron_lib.callbacks.manager [None req-0ebef398-c811-414b-ad38-28ab9348c8d1 None None] Notify callbacks ['neutron.plugins.ml2.plugin.Ml2Plugin._port_provisioned-928723'] for port, provisioning_complete {{(pid=94957) _notify_loop /usr/local/lib/python3.8/dist-packages/neutron_lib/callbacks/manager.py:192}}
Aug 29 06:36:51.151509 n-d-715271-11 neutron-server[94956]: INFO neutron.wsgi [req-0f6f56d1-e99b-4637-9aa8-afb27207c29a req-91641952-756e-4f46-8a1f-36ed564a9403 tempest-ImagesOneServerTestJSON-697842796 tempest-ImagesOneServerTestJSON-697842796-project] 10.222.0.91 "GET /v2.0/networks?tenant_id=26457d27dc5b4615a6477906a4a27042&shared=False HTTP/1.1" status: 200 len: 213 time: 0.0508573
Aug 29 06:36:51.189644 n-d-715271-11 neutron-server[94955]: INFO neutron.wsgi [req-e29db01d-0406-474c-9b0b-22506d3a62ae req-8fb211c7-bf4d-45dd-bb51-be6c65e6642b service neutron] 10.222.0.93 "GET /v2.0/networks/b2ce0846-5ab6-45d8-92ca-70ca744bf4a1?fields=provider%3Aphysical_network&fields=provider%3Anetwork_type HTTP/1.1" status: 200 len: 281 time: 0.1030226
Aug 29 06:36:51.261397 n-d-715271-11 neutron-server[94955]: DEBUG neutron.pecan_wsgi.hooks.policy_enforcement [req-bf5ec581-9ed8-4cac-ad00-4c121cb8dc26 req-842defe3-7030-468d-be24-07dbf0d7657f tempest-LiveMigrationNegativeTest-1129492165 tempest-LiveMigrationNegativeTest-1129492165-project] Attributes excluded by policy engine: ['standard_attr_id', 'binding:profile', 'binding:host_id', 'binding:vif_type', 'binding:vif_details'] {{(pid=94955) _exclude_attributes_by_policy /opt/stack/neutron/neutron/pecan_wsgi/hooks/policy_enforcement.py:255}}
Aug 29 06:36:51.270015 n-d-715271-11 neutron-server[94955]: INFO neutron.wsgi [req-bf5ec581-9ed8-4cac-ad00-4c121cb8dc26 req-842defe3-7030-468d-be24-07dbf0d7657f tempest-LiveMigrationNegativeTest-1129492165 tempest-LiveMigrationNegativeTest-1129492165-project] 10.222.0.79 "GET /v2.0/ports?device_id=e7b7ac77-02f2-4bd9-9dd0-d30a12d95b69 HTTP/1.1" status: 200 len: 949 time: 0.0716963
Aug 29 06:36:51.285253 n-d-715271-11 neutron-server[94956]: DEBUG neutron.pecan_wsgi.hooks.policy_enforcement [req-0f6f56d1-e99b-4637-9aa8-afb27207c29a req-2fc9ac83-749e-4307-83e4-a5dbde0944b1 tempest-ImagesOneServerTestJSON-697842796 tempest-ImagesOneServerTestJSON-697842796-project] Attributes excluded by policy engine: ['standard_attr_id', 'vlan_transparent', 'provider:network_type', 'provider:physical_network', 'provider:segmentation_id'] {{(pid=94956) _exclude_attributes_by_policy /opt/stack/neutron/neutron/pecan_wsgi/hooks/policy_enforcement.py:255}}
Aug 29 06:36:51.287091 n-d-715271-11 neutron-server[94956]: INFO neutron.wsgi [req-0f6f56d1-e99b-4637-9aa8-afb27207c29a req-2fc9ac83-749e-4307-83e4-a5dbde0944b1 tempest-ImagesOneServerTestJSON-697842796 tempest-ImagesOneServerTestJSON-697842796-project] 10.222.0.91 "GET /v2.0/networks?shared=True HTTP/1.1" status: 200 len: 769 time: 0.1290870
Aug 29 06:36:51.306496 n-d-715271-11 neutron-server[94956]: DEBUG neutron.pecan_wsgi.hooks.policy_enforcement [req-6e3a0701-6bd2-46f6-b62e-d5d0db7f7b70 req-a8652870-1fa7-4ae0-9753-9d48e8d30f1b tempest-AggregatesAdminTestJSON-1027042812 tempest-AggregatesAdminTestJSON-1027042812-project] Attributes excluded by policy engine: ['standard_attr_id', 'binding:profile', 'binding:host_id', 'binding:vif_type', 'binding:vif_details'] {{(pid=94956) _exclude_attributes_by_policy /opt/stack/neutron/neutron/pecan_wsgi/hooks/policy_enforcement.py:255}}
Aug 29 06:36:51.312895 n-d-715271-11 neutron-server[94957]: DEBUG neutron_lib.callbacks.manager [None req-0ebef398-c811-414b-ad38-28ab9348c8d1 None None] Notify callbacks ['neutron.plugins.ml2.plugin.SecurityGroupDbMixin._ensure_default_security_group_handler-919642'] for port, before_update {{(pid=94957) _notify_loop /usr/local/lib/python3.8/dist-packages/neutron_lib/callbacks/manager.py:192}}
Aug 29 06:36:51.322166 n-d-715271-11 neutron-server[94955]: INFO neutron.wsgi [req-bf5ec581-9ed8-4cac-ad00-4c121cb8dc26 req-d8fdf9d2-2a97-4196-89bc-5de3c8181409 tempest-LiveMigrationNegativeTest-1129492165 tempest-LiveMigrationNegativeTest-1129492165-project] 10.222.0.79 "GET /v2.0/security-groups?id=de1c1f83-8bef-4d3a-8810-74bd12c14de6&fields=id&fields=name HTTP/1.1" status: 200 len: 286 time: 0.0451481
Aug 29 06:36:51.323712 n-d-715271-11 neutron-server[94956]: INFO neutron.wsgi [req-6e3a0701-6bd2-46f6-b62e-d5d0db7f7b70 req-a8652870-1fa7-4ae0-9753-9d48e8d30f1b tempest-AggregatesAdminTestJSON-1027042812 tempest-AggregatesAdminTestJSON-1027042812-project] 10.222.0.79 "GET /v2.0/ports?device_id=41b68111-49dc-4389-bc5d-ee1bee49d731 HTTP/1.1" status: 200 len: 970 time: 0.2381475
Aug 29 06:36:51.339381 n-d-715271-11 neutron-server[94956]: DEBUG neutron.api.v2.base [req-0f6f56d1-e99b-4637-9aa8-afb27207c29a req-79f914d4-c89f-4dc4-a5b1-cf14897ca69d tempest-ImagesOneServerTestJSON-697842796 tempest-ImagesOneServerTestJSON-697842796-project] Request body: {'port': {'device_id': '9d888402-ffc3-4653-a69d-bd90b0e7e626', 'network_id': 'b2ce0846-5ab6-45d8-92ca-70ca744bf4a1', 'admin_state_up': True, 'tenant_id': '26457d27dc5b4615a6477906a4a27042'}} {{(pid=94956) prepare_request_body /opt/stack/neutron/neutron/api/v2/base.py:730}}
Aug 29 06:36:51.364585 n-d-715271-11 neutron-server[94957]: DEBUG neutron.plugins.ml2.db [None req-0ebef398-c811-414b-ad38-28ab9348c8d1 None None] For port 99ee9239-5f81-4485-8ca6-4d60ad652650, host n-h1-715271-11, got binding levels [PortBindingLevel(driver='hyperv',host='n-h1-715271-11',level=0,port_id=99ee9239-5f81-4485-8ca6-4d60ad652650,segment=NetworkSegment(0d8db625-040e-4a4f-9030-4a82799b1d05),segment_id=0d8db625-040e-4a4f-9030-4a82799b1d05)] {{(pid=94957) get_binding_level_objs /opt/stack/neutron/neutron/plugins/ml2/db.py:74}}
Aug 29 06:36:51.373787 n-d-715271-11 neutron-server[94957]: DEBUG neutron_lib.callbacks.manager [None req-0ebef398-c811-414b-ad38-28ab9348c8d1 None None] Notify callbacks ['neutron.plugins.ml2.plugin.SecurityGroupServerNotifierRpcMixin._notify_sg_on_port_change-919573', 'neutron.plugins.ml2.ovo_rpc._ObjectChangeHandler.handle_event-45248', 'neutron.api.rpc.agentnotifiers.dhcp_rpc_agent_api.DhcpAgentNotifyAPI._native_event_send_dhcp_notification-1805437', 'neutron.db.l3_db.L3RpcNotifierMixin._notify_gateway_port_ip_changed-8780365720625', 'neutron.db.l3_dvrscheduler_db._notify_l3_agent_port_update-8780365250856', 'neutron.db.l3_hascheduler_db._notify_l3_agent_ha_port_update-8780365250874'] for port, after_update {{(pid=94957) _notify_loop /usr/local/lib/python3.8/dist-packages/neutron_lib/callbacks/manager.py:192}}
Aug 29 06:36:51.431553 n-d-715271-11 neutron-server[94957]: DEBUG neutron.api.rpc.handlers.resources_rpc [None req-0ebef398-c811-414b-ad38-28ab9348c8d1 None None] Pushing event updated for resources: {'Port': ['ID=99ee9239-5f81-4485-8ca6-4d60ad652650,revision_number=5']} {{(pid=94957) push /opt/stack/neutron/neutron/api/rpc/handlers/resources_rpc.py:237}}
Aug 29 06:36:51.484927 n-d-715271-11 neutron-server[94955]: DEBUG neutron.pecan_wsgi.hooks.policy_enforcement [req-86dbbdb2-c823-4cbd-931b-90f6b41052d1 req-4ce30eba-b101-43f9-abcc-46569c48673f tempest-MigrationsAdminTest-1332567727 tempest-MigrationsAdminTest-1332567727-project] Attributes excluded by policy engine: ['standard_attr_id', 'binding:profile', 'binding:host_id', 'binding:vif_type', 'binding:vif_details'] {{(pid=94955) _exclude_attributes_by_policy /opt/stack/neutron/neutron/pecan_wsgi/hooks/policy_enforcement.py:255}}
Aug 29 06:36:51.486758 n-d-715271-11 neutron-server[94955]: INFO neutron.wsgi [req-86dbbdb2-c823-4cbd-931b-90f6b41052d1 req-4ce30eba-b101-43f9-abcc-46569c48673f tempest-MigrationsAdminTest-1332567727 tempest-MigrationsAdminTest-1332567727-project] 10.222.0.79 "GET /v2.0/ports?device_id=c362743b-74aa-4282-b941-65879e7bb0e6 HTTP/1.1" status: 200 len: 948 time: 0.0604858
Aug 29 06:36:51.500509 n-d-715271-11 neutron-server[94956]: INFO neutron.wsgi [req-6e3a0701-6bd2-46f6-b62e-d5d0db7f7b70 req-8be36afa-370f-4e0a-80fa-13906bb7d947 tempest-AggregatesAdminTestJSON-1027042812 tempest-AggregatesAdminTestJSON-1027042812-project] 10.222.0.79 "GET /v2.0/security-groups?id=2eb8eb85-1c0c-4548-bfbf-3c0b9c848e59&fields=id&fields=name HTTP/1.1" status: 200 len: 286 time: 0.1755869
Aug 29 06:36:51.501885 n-d-715271-11 neutron-server[94956]: DEBUG neutron.pecan_wsgi.hooks.quota_enforcement [req-0f6f56d1-e99b-4637-9aa8-afb27207c29a req-79f914d4-c89f-4dc4-a5b1-cf14897ca69d tempest-ImagesOneServerTestJSON-697842796 tempest-ImagesOneServerTestJSON-697842796-project] Made reservation on behalf of 26457d27dc5b4615a6477906a4a27042 for: {'port': 1} {{(pid=94956) before /opt/stack/neutron/neutron/pecan_wsgi/hooks/quota_enforcement.py:53}}
Aug 29 06:36:51.505344 n-d-715271-11 neutron-server[94956]: DEBUG neutron_lib.callbacks.manager [req-0f6f56d1-e99b-4637-9aa8-afb27207c29a req-79f914d4-c89f-4dc4-a5b1-cf14897ca69d tempest-ImagesOneServerTestJSON-697842796 tempest-ImagesOneServerTestJSON-697842796-project] Notify callbacks ['neutron.plugins.ml2.plugin.SecurityGroupDbMixin._ensure_default_security_group_handler-919642'] for port, before_create {{(pid=94956) _notify_loop /usr/local/lib/python3.8/dist-packages/neutron_lib/callbacks/manager.py:192}}
Aug 29 06:36:51.532674 n-d-715271-11 neutron-server[94956]: DEBUG neutron_lib.callbacks.manager [req-0f6f56d1-e99b-4637-9aa8-afb27207c29a req-79f914d4-c89f-4dc4-a5b1-cf14897ca69d tempest-ImagesOneServerTestJSON-697842796 tempest-ImagesOneServerTestJSON-697842796-project] Notify callbacks [] for security_group, before_create {{(pid=94956) _notify_loop /usr/local/lib/python3.8/dist-packages/neutron_lib/callbacks/manager.py:192}}
Aug 29 06:36:51.544404 n-d-715271-11 neutron-server[94955]: INFO neutron.wsgi [req-86dbbdb2-c823-4cbd-931b-90f6b41052d1 req-ce9b613d-b0b8-4743-a6d7-d331c4176ef1 tempest-MigrationsAdminTest-1332567727 tempest-MigrationsAdminTest-1332567727-project] 10.222.0.79 "GET /v2.0/security-groups?id=06212885-aedf-400f-8507-cf5ed96c1324&fields=id&fields=name HTTP/1.1" status: 200 len: 286 time: 0.0400131
Aug 29 06:36:51.645861 n-d-715271-11 neutron-server[94955]: DEBUG neutron.wsgi [-] (94955) accepted ('10.222.0.79', 38026) {{(pid=94955) server /usr/local/lib/python3.8/dist-packages/eventlet/wsgi.py:982}}
Aug 29 06:36:51.660759 n-d-715271-11 neutron-server[94955]: DEBUG neutron_lib.callbacks.manager [None req-eff05fe8-75d6-4949-8207-0970896eb2e0 admin admin] Notify callbacks [] for security_group, before_create {{(pid=94955) _notify_loop /usr/local/lib/python3.8/dist-packages/neutron_lib/callbacks/manager.py:192}}
Aug 29 06:36:51.678002 n-d-715271-11 neutron-server[94956]: DEBUG neutron.pecan_wsgi.hooks.policy_enforcement [req-709ea974-0ef6-409d-ac12-534757d1956a req-30a92567-3f2f-4b34-b05b-6dcfddce3a58 tempest-ImagesTestJSON-1573286704 tempest-ImagesTestJSON-1573286704-project] Attributes excluded by policy engine: ['standard_attr_id', 'binding:profile', 'binding:host_id', 'binding:vif_type', 'binding:vif_details'] {{(pid=94956) _exclude_attributes_by_policy /opt/stack/neutron/neutron/pecan_wsgi/hooks/policy_enforcement.py:255}}
Aug 29 06:36:51.679504 n-d-715271-11 neutron-server[94956]: INFO neutron.wsgi [req-709ea974-0ef6-409d-ac12-534757d1956a req-30a92567-3f2f-4b34-b05b-6dcfddce3a58 tempest-ImagesTestJSON-1573286704 tempest-ImagesTestJSON-1573286704-project] 10.222.0.79 "GET /v2.0/ports?device_id=47d2f890-539c-40fb-b435-a6cd10db0513 HTTP/1.1" status: 200 len: 967 time: 0.0802228
Aug 29 06:36:51.684129 n-d-715271-11 neutron-server[94956]: DEBUG neutron_lib.callbacks.manager [req-0f6f56d1-e99b-4637-9aa8-afb27207c29a req-79f914d4-c89f-4dc4-a5b1-cf14897ca69d tempest-ImagesOneServerTestJSON-697842796 tempest-ImagesOneServerTestJSON-697842796-project] Notify callbacks [] for security_group, precommit_create {{(pid=94956) _notify_loop /usr/local/lib/python3.8/dist-packages/neutron_lib/callbacks/manager.py:192}}
Aug 29 06:36:51.693771 n-d-715271-11 neutron-server[94956]: DEBUG neutron_lib.callbacks.manager [req-0f6f56d1-e99b-4637-9aa8-afb27207c29a req-79f914d4-c89f-4dc4-a5b1-cf14897ca69d tempest-ImagesOneServerTestJSON-697842796 tempest-ImagesOneServerTestJSON-697842796-project] Notify callbacks ['neutron.plugins.ml2.ovo_rpc._ObjectChangeHandler.handle_event-1646837'] for security_group, after_create {{(pid=94956) _notify_loop /usr/local/lib/python3.8/dist-packages/neutron_lib/callbacks/manager.py:192}}
Aug 29 06:36:51.780564 n-d-715271-11 neutron-server[94955]: DEBUG neutron_lib.callbacks.manager [None req-eff05fe8-75d6-4949-8207-0970896eb2e0 admin admin] Notify callbacks [] for security_group, precommit_create {{(pid=94955) _notify_loop /usr/local/lib/python3.8/dist-packages/neutron_lib/callbacks/manager.py:192}}
Aug 29 06:36:51.785708 n-d-715271-11 neutron-server[94955]: DEBUG neutron_lib.callbacks.manager [None req-eff05fe8-75d6-4949-8207-0970896eb2e0 admin admin] Notify callbacks ['neutron.plugins.ml2.ovo_rpc._ObjectChangeHandler.handle_event-1646837'] for security_group, after_create {{(pid=94955) _notify_loop /usr/local/lib/python3.8/dist-packages/neutron_lib/callbacks/manager.py:192}}
Aug 29 06:36:51.834081 n-d-715271-11 neutron-server[94955]: INFO neutron.wsgi [None req-eff05fe8-75d6-4949-8207-0970896eb2e0 admin admin] 10.222.0.79 "GET /v2.0/security-groups?tenant_id=e57076479a4c49528fc07fac868e73c1&name=default HTTP/1.1" status: 200 len: 2979 time: 0.1846230
Aug 29 06:36:51.834081 n-d-715271-11 neutron-server[94955]: DEBUG neutron.api.rpc.handlers.resources_rpc [None req-eff05fe8-75d6-4949-8207-0970896eb2e0 admin admin] Pushing event updated for resources: {'SecurityGroup': ['ID=2caad22c-504c-40f2-9896-30224f5dbb08,revision_number=1']} {{(pid=94955) push /opt/stack/neutron/neutron/api/rpc/handlers/resources_rpc.py:237}}
Aug 29 06:36:51.835415 n-d-715271-11 neutron-server[94955]: DEBUG neutron.wsgi [-] (94955) accepted ('10.222.0.79', 38030) {{(pid=94955) server /usr/local/lib/python3.8/dist-packages/eventlet/wsgi.py:982}}
Aug 29 06:36:51.892004 n-d-715271-11 neutron-server[94955]: DEBUG neutron_lib.callbacks.manager [None req-3bb00646-c939-4e5b-90b6-4997e48e4c1b admin admin] Notify callbacks [] for security_group, before_delete {{(pid=94955) _notify_loop /usr/local/lib/python3.8/dist-packages/neutron_lib/callbacks/manager.py:192}}
Aug 29 06:36:51.905050 n-d-715271-11 neutron-server[94957]: DEBUG neutron.notifiers.nova [-] Sending events: [{'server_uuid': 'e7b7ac77-02f2-4bd9-9dd0-d30a12d95b69', 'name': 'network-vif-plugged', 'status': 'completed', 'tag': 'd3cc844b-c584-4773-9893-54ba4eb0b6d3'}, {'server_uuid': '47d2f890-539c-40fb-b435-a6cd10db0513', 'name': 'network-vif-plugged', 'status': 'completed', 'tag': '99ee9239-5f81-4485-8ca6-4d60ad652650'}] {{(pid=94957) send_events /opt/stack/neutron/neutron/notifiers/nova.py:262}}
Aug 29 06:36:51.905050 n-d-715271-11 neutron-server[94957]: DEBUG novaclient.v2.client [-] REQ: curl -g -i --cacert "/opt/stack/data/ca-bundle.pem" -X POST http://10.222.0.79/compute/v2.1/os-server-external-events -H "Accept: application/json" -H "Content-Type: application/json" -H "User-Agent: python-novaclient" -H "X-Auth-Token: {SHA256}4d57b6183a3037f0534950d70020cc0ca52ed6930ffd32d0b7fad836839edda2" -H "X-OpenStack-Nova-API-Version: 2.1" -H "X-OpenStack-Request-ID: req-5847071c-27f5-4e5b-b838-1e51e90ad4aa" -d '{"events": [{"server_uuid": "e7b7ac77-02f2-4bd9-9dd0-d30a12d95b69", "name": "network-vif-plugged", "status": "completed", "tag": "d3cc844b-c584-4773-9893-54ba4eb0b6d3"}, {"server_uuid": "47d2f890-539c-40fb-b435-a6cd10db0513", "name": "network-vif-plugged", "status": "completed", "tag": "99ee9239-5f81-4485-8ca6-4d60ad652650"}]}' {{(pid=94957) _http_log_request /usr/local/lib/python3.8/dist-packages/keystoneauth1/session.py:519}}
Aug 29 06:36:51.916588 n-d-715271-11 neutron-server[94955]: DEBUG neutron_lib.callbacks.manager [None req-3bb00646-c939-4e5b-90b6-4997e48e4c1b admin admin] Notify callbacks [] for security_group, precommit_delete {{(pid=94955) _notify_loop /usr/local/lib/python3.8/dist-packages/neutron_lib/callbacks/manager.py:192}}
Aug 29 06:36:51.966123 n-d-715271-11 neutron-server[94956]: INFO neutron.wsgi [req-709ea974-0ef6-409d-ac12-534757d1956a req-8e8f6f27-2e76-4d76-b476-fe966fe9f363 tempest-ImagesTestJSON-1573286704 tempest-ImagesTestJSON-1573286704-project] 10.222.0.79 "GET /v2.0/security-groups?id=577abcd1-d81c-435d-901c-70781f300333&fields=id&fields=name HTTP/1.1" status: 200 len: 286 time: 0.2799816
Aug 29 06:36:51.969795 n-d-715271-11 neutron-server[94956]: DEBUG neutron.api.rpc.handlers.resources_rpc [None req-79f914d4-c89f-4dc4-a5b1-cf14897ca69d tempest-ImagesOneServerTestJSON-697842796 tempest-ImagesOneServerTestJSON-697842796-project] Pushing event updated for resources: {'SecurityGroup': ['ID=f04d8dfa-7bb6-445c-b8cd-21f3e4c5e552,revision_number=1']} {{(pid=94956) push /opt/stack/neutron/neutron/api/rpc/handlers/resources_rpc.py:237}}
Aug 29 06:36:52.000248 n-d-715271-11 neutron-server[94955]: INFO neutron.wsgi [req-c4d0d4e5-609f-4890-bcdd-4296908ebfa5 req-cb7d401e-d4b2-47e5-87b0-104745d1f85c tempest-ImagesOneServerTestJSON-697842796 tempest-ImagesOneServerTestJSON-697842796-project] 10.222.0.79 "GET /v2.0/ports?device_id=9d888402-ffc3-4653-a69d-bd90b0e7e626 HTTP/1.1" status: 200 len: 210 time: 0.0454304
Aug 29 06:36:52.013597 n-d-715271-11 neutron-server[94955]: DEBUG neutron_lib.callbacks.manager [None req-3bb00646-c939-4e5b-90b6-4997e48e4c1b admin admin] Notify callbacks ['neutron.plugins.ml2.ovo_rpc._ObjectChangeHandler.handle_event-1646837'] for security_group, after_delete {{(pid=94955) _notify_loop /usr/local/lib/python3.8/dist-packages/neutron_lib/callbacks/manager.py:192}}
Aug 29 06:36:52.016806 n-d-715271-11 neutron-server[94955]: DEBUG neutron_lib.callbacks.manager [None req-3bb00646-c939-4e5b-90b6-4997e48e4c1b admin admin] Notify callbacks [] for security_group, before_response {{(pid=94955) _notify_loop /usr/local/lib/python3.8/dist-packages/neutron_lib/callbacks/manager.py:192}}
Aug 29 06:36:52.020320 n-d-715271-11 neutron-server[94955]: INFO neutron.wsgi [None req-3bb00646-c939-4e5b-90b6-4997e48e4c1b admin admin] 10.222.0.79 "DELETE /v2.0/security-groups/2caad22c-504c-40f2-9896-30224f5dbb08 HTTP/1.1" status: 204 len: 168 time: 0.1818049
Aug 29 06:36:52.035669 n-d-715271-11 neutron-server[94955]: DEBUG neutron.api.rpc.handlers.resources_rpc [None req-3bb00646-c939-4e5b-90b6-4997e48e4c1b admin admin] Pushing event deleted for resources: {'SecurityGroup': ['ID=2caad22c-504c-40f2-9896-30224f5dbb08,revision_number=None']} {{(pid=94955) push /opt/stack/neutron/neutron/api/rpc/handlers/resources_rpc.py:237}}
Aug 29 06:36:52.063446 n-d-715271-11 neutron-server[94956]: DEBUG neutron.db.db_base_plugin_common [req-0f6f56d1-e99b-4637-9aa8-afb27207c29a req-79f914d4-c89f-4dc4-a5b1-cf14897ca69d tempest-ImagesOneServerTestJSON-697842796 tempest-ImagesOneServerTestJSON-697842796-project] Allocated IP 192.168.233.148 (b2ce0846-5ab6-45d8-92ca-70ca744bf4a1/5a95ad1d-ffd9-4e86-aea1-8ffcbc4f9c64/31b2653c-af36-44d3-b7be-87742fbed7df) {{(pid=94956) _store_ip_allocation /opt/stack/neutron/neutron/db/db_base_plugin_common.py:131}}
Aug 29 06:36:52.097343 n-d-715271-11 neutron-server[94957]: DEBUG novaclient.v2.client [-] RESP: [200] Connection: close Content-Length: 354 Content-Type: application/json Date: Sun, 29 Aug 2021 06:36:51 GMT OpenStack-API-Version: compute 2.1 Server: Apache/2.4.41 (Ubuntu) Vary: OpenStack-API-Version,X-OpenStack-Nova-API-Version X-OpenStack-Nova-API-Version: 2.1 x-compute-request-id: req-6e48c478-d5ec-4302-95b6-a2d25775f168 x-openstack-request-id: req-6e48c478-d5ec-4302-95b6-a2d25775f168 {{(pid=94957) _http_log_response /usr/local/lib/python3.8/dist-packages/keystoneauth1/session.py:550}}
Aug 29 06:36:52.097867 n-d-715271-11 neutron-server[94957]: DEBUG novaclient.v2.client [-] RESP BODY: {"events": [{"server_uuid": "e7b7ac77-02f2-4bd9-9dd0-d30a12d95b69", "name": "network-vif-plugged", "status": "completed", "tag": "d3cc844b-c584-4773-9893-54ba4eb0b6d3", "code": 200}, {"server_uuid": "47d2f890-539c-40fb-b435-a6cd10db0513", "name": "network-vif-plugged", "status": "completed", "tag": "99ee9239-5f81-4485-8ca6-4d60ad652650", "code": 200}]} {{(pid=94957) _http_log_response /usr/local/lib/python3.8/dist-packages/keystoneauth1/session.py:582}}
Aug 29 06:36:52.097950 n-d-715271-11 neutron-server[94957]: DEBUG novaclient.v2.client [-] POST call to compute for http://10.222.0.79/compute/v2.1/os-server-external-events used request id req-6e48c478-d5ec-4302-95b6-a2d25775f168 {{(pid=94957) request /usr/local/lib/python3.8/dist-packages/keystoneauth1/session.py:954}}
Aug 29 06:36:52.098313 n-d-715271-11 neutron-server[94957]: INFO neutron.notifiers.nova [-] Nova event response: {'server_uuid': 'e7b7ac77-02f2-4bd9-9dd0-d30a12d95b69', 'name': 'network-vif-plugged', 'status': 'completed', 'tag': 'd3cc844b-c584-4773-9893-54ba4eb0b6d3', 'code': 200}
Aug 29 06:36:52.098773 n-d-715271-11 neutron-server[94957]: INFO neutron.notifiers.nova [-] Nova event response: {'server_uuid': '47d2f890-539c-40fb-b435-a6cd10db0513', 'name': 'network-vif-plugged', 'status': 'completed', 'tag': '99ee9239-5f81-4485-8ca6-4d60ad652650', 'code': 200}
Aug 29 06:36:52.265876 n-d-715271-11 neutron-server[94956]: DEBUG neutron.pecan_wsgi.hooks.policy_enforcement [req-a16c484d-6fd9-4573-8b22-b444d5ca0ced req-4cc600b3-0fa0-4830-8abe-31e7e3be259d tempest-DeleteServersAdminTestJSON-601838126 tempest-DeleteServersAdminTestJSON-601838126-project] Attributes excluded by policy engine: ['standard_attr_id', 'binding:profile', 'binding:host_id', 'binding:vif_type', 'binding:vif_details'] {{(pid=94956) _exclude_attributes_by_policy /opt/stack/neutron/neutron/pecan_wsgi/hooks/policy_enforcement.py:255}}
Aug 29 06:36:52.267439 n-d-715271-11 neutron-server[94956]: INFO neutron.wsgi [req-a16c484d-6fd9-4573-8b22-b444d5ca0ced req-4cc600b3-0fa0-4830-8abe-31e7e3be259d tempest-DeleteServersAdminTestJSON-601838126 tempest-DeleteServersAdminTestJSON-601838126-project] 10.222.0.79 "GET /v2.0/ports?device_id=6b8cbe71-3ef7-4613-b038-6d026fb054bb HTTP/1.1" status: 200 len: 948 time: 0.1467400
Aug 29 06:36:52.347107 n-d-715271-11 neutron-server[94956]: DEBUG neutron_lib.callbacks.manager [req-0f6f56d1-e99b-4637-9aa8-afb27207c29a req-79f914d4-c89f-4dc4-a5b1-cf14897ca69d tempest-ImagesOneServerTestJSON-697842796 tempest-ImagesOneServerTestJSON-697842796-project] Notify callbacks [] for port, precommit_create {{(pid=94956) _notify_loop /usr/local/lib/python3.8/dist-packages/neutron_lib/callbacks/manager.py:192}}
Aug 29 06:36:52.365032 n-d-715271-11 neutron-server[94956]: INFO neutron.wsgi [req-a16c484d-6fd9-4573-8b22-b444d5ca0ced req-8ba7aa19-2822-4c3b-b5d4-7b271499208f tempest-DeleteServersAdminTestJSON-601838126 tempest-DeleteServersAdminTestJSON-601838126-project] 10.222.0.79 "GET /v2.0/security-groups?id=c539f458-d5f2-4e70-8cb0-3a5a9c0dd311&fields=id&fields=name HTTP/1.1" status: 200 len: 286 time: 0.0883095
Aug 29 06:36:52.368307 n-d-715271-11 neutron-server[94956]: DEBUG neutron.db.provisioning_blocks [req-0f6f56d1-e99b-4637-9aa8-afb27207c29a req-79f914d4-c89f-4dc4-a5b1-cf14897ca69d tempest-ImagesOneServerTestJSON-697842796 tempest-ImagesOneServerTestJSON-697842796-project] Transition to ACTIVE for port object 31b2653c-af36-44d3-b7be-87742fbed7df will not be triggered until provisioned by entity DHCP. {{(pid=94956) add_provisioning_component /opt/stack/neutron/neutron/db/provisioning_blocks.py:73}}
Aug 29 06:36:52.382593 n-d-715271-11 neutron-server[94955]: DEBUG neutron.pecan_wsgi.hooks.policy_enforcement [req-07bcb49c-46c0-4b2b-913a-b2811f3a3462 req-952e0778-8dcf-40fb-884e-8c1d460e8fa4 service neutron] Attributes excluded by policy engine: ['standard_attr_id'] {{(pid=94955) _exclude_attributes_by_policy /opt/stack/neutron/neutron/pecan_wsgi/hooks/policy_enforcement.py:255}}
Aug 29 06:36:52.386459 n-d-715271-11 neutron-server[94955]: INFO neutron.wsgi [req-07bcb49c-46c0-4b2b-913a-b2811f3a3462 req-952e0778-8dcf-40fb-884e-8c1d460e8fa4 service neutron] 10.222.0.93 "GET /v2.0/ports?device_id=47d2f890-539c-40fb-b435-a6cd10db0513 HTTP/1.1" status: 200 len: 1119 time: 0.1745346
Aug 29 06:36:52.394015 n-d-715271-11 neutron-server[94955]: DEBUG neutron.pecan_wsgi.hooks.policy_enforcement [req-818d1313-bff8-40c8-b06e-aec8eecfc7ff req-d5cb87e1-1b86-4911-83a8-caa23d7d3ea4 service neutron] Attributes excluded by policy engine: ['standard_attr_id'] {{(pid=94955) _exclude_attributes_by_policy /opt/stack/neutron/neutron/pecan_wsgi/hooks/policy_enforcement.py:255}}
Aug 29 06:36:52.398609 n-d-715271-11 neutron-server[94955]: INFO neutron.wsgi [req-818d1313-bff8-40c8-b06e-aec8eecfc7ff req-d5cb87e1-1b86-4911-83a8-caa23d7d3ea4 service neutron] 10.222.0.91 "GET /v2.0/ports?device_id=e7b7ac77-02f2-4bd9-9dd0-d30a12d95b69 HTTP/1.1" status: 200 len: 1101 time: 0.1406817
Aug 29 06:36:52.420871 n-d-715271-11 neutron-server[94956]: DEBUG neutron_lib.callbacks.manager [req-0f6f56d1-e99b-4637-9aa8-afb27207c29a req-79f914d4-c89f-4dc4-a5b1-cf14897ca69d tempest-ImagesOneServerTestJSON-697842796 tempest-ImagesOneServerTestJSON-697842796-project] Notify callbacks ['neutron.plugins.ml2.plugin.SecurityGroupServerNotifierRpcMixin._notify_sg_on_port_change-919573', 'neutron.plugins.ml2.ovo_rpc._ObjectChangeHandler.handle_event-45248', 'neutron.api.rpc.agentnotifiers.dhcp_rpc_agent_api.DhcpAgentNotifyAPI._native_event_send_dhcp_notification-1805437', 'neutron.db.l3_dvrscheduler_db._notify_l3_agent_new_port-8780365250838'] for port, after_create {{(pid=94956) _notify_loop /usr/local/lib/python3.8/dist-packages/neutron_lib/callbacks/manager.py:192}}
