Nov 10 16:27:12.375175 n-d-714676-11 neutron-server[103325]: INFO neutron.wsgi [req-ef83274e-c7c0-4c3e-a91a-d0052000a003 req-55886b3d-7ccf-4e7d-a4cf-4b418cb9dece tempest-LiveMigrationNegativeTest-1445449512 tempest-LiveMigrationNegativeTest-1445449512-project] 10.222.0.62 "GET /v2.0/security-groups?id=efcae3b3-0695-440a-a552-c69b4ce7133d&fields=id&fields=name HTTP/1.1" status: 200 len: 286 time: 0.1155581
Nov 10 16:27:12.426298 n-d-714676-11 neutron-server[103325]: INFO neutron.wsgi [req-530f6b18-e0a4-49ba-b54b-61f2df0b54d2 req-f137ad76-f96b-4682-98e2-f4cbb60be901 service neutron] 10.222.0.69 "GET /v2.0/networks/cfb5ec94-651c-4047-aee4-6991bd397664?fields=segments HTTP/1.1" status: 200 len: 212 time: 0.1411400
Nov 10 16:27:12.454025 n-d-714676-11 neutron-server[103327]: DEBUG neutron_lib.callbacks.manager [None req-4f76d25a-dc8e-4d10-bdfe-7cb7bf89167c None None] Publish callbacks ['neutron.plugins.ml2.plugin.SecurityGroupDbMixin._ensure_default_security_group_handler-979561'] for port, before_update {{(pid=103327) _notify_loop /usr/local/lib/python3.8/dist-packages/neutron_lib/callbacks/manager.py:175}}
Nov 10 16:27:12.493786 n-d-714676-11 neutron-server[103327]: DEBUG neutron.plugins.ml2.db [None req-4f76d25a-dc8e-4d10-bdfe-7cb7bf89167c None None] For port ce9c3b28-2f58-43e5-a314-f3d6551d2c38, host n-h2-714676-11, got binding levels [PortBindingLevel(driver='hyperv',host='n-h2-714676-11',level=0,port_id=ce9c3b28-2f58-43e5-a314-f3d6551d2c38,segment=NetworkSegment(745f118a-5c84-4a06-a876-22dda95d8baa),segment_id=745f118a-5c84-4a06-a876-22dda95d8baa)] {{(pid=103327) get_binding_level_objs /opt/stack/neutron/neutron/plugins/ml2/db.py:74}}
Nov 10 16:27:12.504234 n-d-714676-11 neutron-server[103326]: DEBUG neutron.pecan_wsgi.hooks.policy_enforcement [req-a58e8830-33a5-4bcf-b043-0354d1928e9c req-1b0ae39b-4d49-48ca-98bb-5ea79bc5b22a tempest-ServersAdminNegativeTestJSON-2048608097 tempest-ServersAdminNegativeTestJSON-2048608097-project] Attributes excluded by policy engine: ['standard_attr_id', 'binding:profile', 'binding:host_id', 'binding:vif_type', 'binding:vif_details'] {{(pid=103326) _exclude_attributes_by_policy /opt/stack/neutron/neutron/pecan_wsgi/hooks/policy_enforcement.py:255}}
Nov 10 16:27:12.505720 n-d-714676-11 neutron-server[103326]: INFO neutron.wsgi [req-a58e8830-33a5-4bcf-b043-0354d1928e9c req-1b0ae39b-4d49-48ca-98bb-5ea79bc5b22a tempest-ServersAdminNegativeTestJSON-2048608097 tempest-ServersAdminNegativeTestJSON-2048608097-project] 10.222.0.62 "GET /v2.0/ports?device_id=66b630bf-a784-4889-835f-4a239a983214 HTTP/1.1" status: 200 len: 950 time: 0.1686087
Nov 10 16:27:12.554594 n-d-714676-11 neutron-server[103325]: INFO neutron.wsgi [req-530f6b18-e0a4-49ba-b54b-61f2df0b54d2 req-dba877dc-8789-4e2a-bddc-6a513e3f54f9 service neutron] 10.222.0.69 "GET /v2.0/networks/cfb5ec94-651c-4047-aee4-6991bd397664?fields=provider%3Aphysical_network&fields=provider%3Anetwork_type HTTP/1.1" status: 200 len: 281 time: 0.1200325
Nov 10 16:27:12.567067 n-d-714676-11 neutron-server[103326]: DEBUG neutron.wsgi [-] (103326) accepted ('10.222.0.62', 58132) {{(pid=103326) server /usr/local/lib/python3.8/dist-packages/eventlet/wsgi.py:982}}
Nov 10 16:27:12.589662 n-d-714676-11 neutron-server[103326]: DEBUG neutron.plugins.ml2.plugin [req-7de43f59-80c3-450d-8ca4-bc08459801f6 req-1bb797dd-7f03-46ea-acc4-290d0d756798 tempest-AggregatesAdminTestJSON-852951334 tempest-AggregatesAdminTestJSON-852951334-project] Deleting port 0997d58c-032a-4280-812e-73c978c062b6 {{(pid=103326) _pre_delete_port /opt/stack/neutron/neutron/plugins/ml2/plugin.py:1936}}
Nov 10 16:27:12.590049 n-d-714676-11 neutron-server[103326]: DEBUG neutron_lib.callbacks.manager [req-7de43f59-80c3-450d-8ca4-bc08459801f6 req-1bb797dd-7f03-46ea-acc4-290d0d756798 tempest-AggregatesAdminTestJSON-852951334 tempest-AggregatesAdminTestJSON-852951334-project] Publish callbacks ['neutron.db.l3_db.L3_NAT_dbonly_mixin._prevent_l3_port_delete_callback-8771574370223'] for port, before_delete {{(pid=103326) _notify_loop /usr/local/lib/python3.8/dist-packages/neutron_lib/callbacks/manager.py:175}}
Nov 10 16:27:12.620969 n-d-714676-11 neutron-server[103327]: DEBUG neutron_lib.callbacks.manager [None req-4f76d25a-dc8e-4d10-bdfe-7cb7bf89167c None None] Publish callbacks ['neutron.plugins.ml2.plugin.SecurityGroupServerNotifierRpcMixin._notify_sg_on_port_change-968914', 'neutron.plugins.ml2.ovo_rpc._ObjectChangeHandler.handle_event-240006', 'neutron.api.rpc.agentnotifiers.dhcp_rpc_agent_api.DhcpAgentNotifyAPI._native_event_send_dhcp_notification-1616039', 'neutron.db.l3_db.L3RpcNotifierMixin._notify_gateway_port_ip_changed-8771574378635', 'neutron.db.l3_dvrscheduler_db._notify_l3_agent_port_update-8771573934493', 'neutron.db.l3_hascheduler_db._notify_l3_agent_ha_port_update-8771573934511'] for port, after_update {{(pid=103327) _notify_loop /usr/local/lib/python3.8/dist-packages/neutron_lib/callbacks/manager.py:175}}
Nov 10 16:27:12.623873 n-d-714676-11 neutron-server[103326]: DEBUG neutron_lib.callbacks.manager [None req-cd16ef38-8e6f-4c1c-a64c-39bbf24e5f61 admin admin] Publish callbacks [] for security_group, before_create {{(pid=103326) _notify_loop /usr/local/lib/python3.8/dist-packages/neutron_lib/callbacks/manager.py:175}}
Nov 10 16:27:12.641072 n-d-714676-11 neutron-server[103326]: INFO neutron.wsgi [req-a58e8830-33a5-4bcf-b043-0354d1928e9c req-29e65dc1-1403-4b67-b9c8-ecad5285e99d tempest-ServersAdminNegativeTestJSON-2048608097 tempest-ServersAdminNegativeTestJSON-2048608097-project] 10.222.0.62 "GET /v2.0/security-groups?id=11e31f30-9a86-4d71-b047-a6f13e6c6096&fields=id&fields=name HTTP/1.1" status: 200 len: 286 time: 0.1249940
Nov 10 16:27:12.667678 n-d-714676-11 neutron-server[103325]: DEBUG neutron.wsgi [-] (103325) accepted ('10.222.0.62', 58136) {{(pid=103325) server /usr/local/lib/python3.8/dist-packages/eventlet/wsgi.py:982}}
Nov 10 16:27:12.747610 n-d-714676-11 neutron-server[103327]: DEBUG neutron.api.rpc.handlers.resources_rpc [None req-4f76d25a-dc8e-4d10-bdfe-7cb7bf89167c None None] Pushing event updated for resources: {'Port': ['ID=ce9c3b28-2f58-43e5-a314-f3d6551d2c38,revision_number=5']} {{(pid=103327) push /opt/stack/neutron/neutron/api/rpc/handlers/resources_rpc.py:237}}
Nov 10 16:27:12.759339 n-d-714676-11 neutron-server[103326]: DEBUG neutron.plugins.ml2.db [req-7de43f59-80c3-450d-8ca4-bc08459801f6 req-1bb797dd-7f03-46ea-acc4-290d0d756798 tempest-AggregatesAdminTestJSON-852951334 tempest-AggregatesAdminTestJSON-852951334-project] For port 0997d58c-032a-4280-812e-73c978c062b6, host n-h2-714676-11, got binding levels [PortBindingLevel(driver='hyperv',host='n-h2-714676-11',level=0,port_id=0997d58c-032a-4280-812e-73c978c062b6,segment=NetworkSegment(745f118a-5c84-4a06-a876-22dda95d8baa),segment_id=745f118a-5c84-4a06-a876-22dda95d8baa)] {{(pid=103326) get_binding_level_objs /opt/stack/neutron/neutron/plugins/ml2/db.py:74}}
Nov 10 16:27:12.759835 n-d-714676-11 neutron-server[103326]: DEBUG neutron_lib.callbacks.manager [req-7de43f59-80c3-450d-8ca4-bc08459801f6 req-1bb797dd-7f03-46ea-acc4-290d0d756798 tempest-AggregatesAdminTestJSON-852951334 tempest-AggregatesAdminTestJSON-852951334-project] Publish callbacks ['neutron.services.l3_router.l3_router_plugin.L3_NAT_dbonly_mixin._precommit_delete_port_callback-1977600'] for port, precommit_delete {{(pid=103326) _notify_loop /usr/local/lib/python3.8/dist-packages/neutron_lib/callbacks/manager.py:175}}
Nov 10 16:27:12.776548 n-d-714676-11 neutron-server[103325]: DEBUG neutron.pecan_wsgi.hooks.policy_enforcement [req-62192c39-6da9-40e7-89dd-1960069b004e req-a7f48b77-c47c-4329-bd80-16d4bd72d31b tempest-AggregatesAdminTestJSON-852951334 tempest-AggregatesAdminTestJSON-852951334-project] Attributes excluded by policy engine: ['standard_attr_id', 'binding:profile', 'binding:host_id', 'binding:vif_type', 'binding:vif_details'] {{(pid=103325) _exclude_attributes_by_policy /opt/stack/neutron/neutron/pecan_wsgi/hooks/policy_enforcement.py:255}}
Nov 10 16:27:12.778065 n-d-714676-11 neutron-server[103325]: INFO neutron.wsgi [req-62192c39-6da9-40e7-89dd-1960069b004e req-a7f48b77-c47c-4329-bd80-16d4bd72d31b tempest-AggregatesAdminTestJSON-852951334 tempest-AggregatesAdminTestJSON-852951334-project] 10.222.0.62 "GET /v2.0/ports?device_id=7a5e12e5-c757-4e48-9fe0-35814a47fd3f HTTP/1.1" status: 200 len: 971 time: 0.0869496
Nov 10 16:27:12.791349 n-d-714676-11 neutron-server[103326]: DEBUG neutron.plugins.ml2.plugin [req-7de43f59-80c3-450d-8ca4-bc08459801f6 req-1bb797dd-7f03-46ea-acc4-290d0d756798 tempest-AggregatesAdminTestJSON-852951334 tempest-AggregatesAdminTestJSON-852951334-project] Calling delete_port for 0997d58c-032a-4280-812e-73c978c062b6 owned by compute:tempest-test_az-915852684 {{(pid=103326) delete_port /opt/stack/neutron/neutron/plugins/ml2/plugin.py:2014}}
Nov 10 16:27:12.811879 n-d-714676-11 neutron-server[103326]: INFO neutron.wsgi [req-8969503a-dafc-405f-b06d-8695aa7bb717 req-c258d3cd-de34-4d76-a856-f9baa37fc742 tempest-LiveMigrationNegativeTest-1445449512 tempest-LiveMigrationNegativeTest-1445449512-project] 10.222.0.62 "GET /v2.0/networks?tenant_id=18169baf829c4f06ada49579f911447a&shared=False HTTP/1.1" status: 200 len: 213 time: 0.0496340
Nov 10 16:27:12.830357 n-d-714676-11 neutron-server[103325]: INFO neutron.wsgi [req-62192c39-6da9-40e7-89dd-1960069b004e req-6a27e151-de8c-482b-b195-abfd0b404c28 tempest-AggregatesAdminTestJSON-852951334 tempest-AggregatesAdminTestJSON-852951334-project] 10.222.0.62 "GET /v2.0/security-groups?id=cf17725c-db90-4f60-a31d-9de6bfb71b1d&fields=id&fields=name HTTP/1.1" status: 200 len: 286 time: 0.0454140
Nov 10 16:27:12.847520 n-d-714676-11 neutron-server[103325]: DEBUG neutron_lib.callbacks.manager [None req-c6911a9a-2a95-41f6-9140-fc695a292e04 admin admin] Publish callbacks [] for security_group, before_create {{(pid=103325) _notify_loop /usr/local/lib/python3.8/dist-packages/neutron_lib/callbacks/manager.py:175}}
Nov 10 16:27:12.925786 n-d-714676-11 neutron-server[103325]: DEBUG neutron_lib.callbacks.manager [None req-c6911a9a-2a95-41f6-9140-fc695a292e04 admin admin] Publish callbacks [] for security_group, precommit_create {{(pid=103325) _notify_loop /usr/local/lib/python3.8/dist-packages/neutron_lib/callbacks/manager.py:175}}
Nov 10 16:27:12.966583 n-d-714676-11 neutron-server[103326]: DEBUG neutron_lib.callbacks.manager [None req-cd16ef38-8e6f-4c1c-a64c-39bbf24e5f61 admin admin] Publish callbacks [] for security_group, precommit_create {{(pid=103326) _notify_loop /usr/local/lib/python3.8/dist-packages/neutron_lib/callbacks/manager.py:175}}
Nov 10 16:27:13.028595 n-d-714676-11 neutron-server[103326]: DEBUG neutron.pecan_wsgi.hooks.policy_enforcement [req-8969503a-dafc-405f-b06d-8695aa7bb717 req-39cd7428-c774-4f78-a071-ce7c3df9338b tempest-LiveMigrationNegativeTest-1445449512 tempest-LiveMigrationNegativeTest-1445449512-project] Attributes excluded by policy engine: ['standard_attr_id', 'vlan_transparent', 'provider:network_type', 'provider:physical_network', 'provider:segmentation_id'] {{(pid=103326) _exclude_attributes_by_policy /opt/stack/neutron/neutron/pecan_wsgi/hooks/policy_enforcement.py:255}}
Nov 10 16:27:13.029975 n-d-714676-11 neutron-server[103326]: INFO neutron.wsgi [req-8969503a-dafc-405f-b06d-8695aa7bb717 req-39cd7428-c774-4f78-a071-ce7c3df9338b tempest-LiveMigrationNegativeTest-1445449512 tempest-LiveMigrationNegativeTest-1445449512-project] 10.222.0.62 "GET /v2.0/networks?shared=True HTTP/1.1" status: 200 len: 769 time: 0.2100017
Nov 10 16:27:13.074413 n-d-714676-11 neutron-server[103326]: INFO neutron.wsgi [req-8969503a-dafc-405f-b06d-8695aa7bb717 req-07599fb3-5d4b-4275-a104-ed0651291a4b tempest-LiveMigrationNegativeTest-1445449512 tempest-LiveMigrationNegativeTest-1445449512-project] 10.222.0.62 "GET /v2.0/quotas/18169baf829c4f06ada49579f911447a HTTP/1.1" status: 200 len: 375 time: 0.0357287
Nov 10 16:27:13.076895 n-d-714676-11 neutron-server[103325]: DEBUG neutron_lib.callbacks.manager [None req-c6911a9a-2a95-41f6-9140-fc695a292e04 admin admin] Publish callbacks ['neutron.plugins.ml2.ovo_rpc._ObjectChangeHandler.handle_event-1897950'] for security_group, after_create {{(pid=103325) _notify_loop /usr/local/lib/python3.8/dist-packages/neutron_lib/callbacks/manager.py:175}}
Nov 10 16:27:13.132667 n-d-714676-11 neutron-server[103325]: INFO neutron.wsgi [None req-c6911a9a-2a95-41f6-9140-fc695a292e04 admin admin] 10.222.0.62 "GET /v2.0/security-groups?tenant_id=4757d67939044a1da02a251ce03ac12f&name=default HTTP/1.1" status: 200 len: 2996 time: 0.4645135
Nov 10 16:27:13.133601 n-d-714676-11 neutron-server[103325]: DEBUG neutron.api.rpc.handlers.resources_rpc [None req-c6911a9a-2a95-41f6-9140-fc695a292e04 admin admin] Pushing event updated for resources: {'SecurityGroup': ['ID=2a188cac-7544-4937-b01e-9134e8cb4d74,revision_number=1']} {{(pid=103325) push /opt/stack/neutron/neutron/api/rpc/handlers/resources_rpc.py:237}}
Nov 10 16:27:13.136241 n-d-714676-11 neutron-server[103325]: DEBUG neutron.wsgi [-] (103325) accepted ('10.222.0.62', 58156) {{(pid=103325) server /usr/local/lib/python3.8/dist-packages/eventlet/wsgi.py:982}}
Nov 10 16:27:13.172009 n-d-714676-11 neutron-server[103326]: INFO neutron.wsgi [req-8969503a-dafc-405f-b06d-8695aa7bb717 req-07d549a3-e86b-438f-8ca9-39e55f4d1a58 tempest-LiveMigrationNegativeTest-1445449512 tempest-LiveMigrationNegativeTest-1445449512-project] 10.222.0.62 "GET /v2.0/ports?tenant_id=18169baf829c4f06ada49579f911447a&fields=id HTTP/1.1" status: 200 len: 255 time: 0.0881445
Nov 10 16:27:13.173182 n-d-714676-11 neutron-server[103326]: DEBUG neutron_lib.callbacks.manager [None req-cd16ef38-8e6f-4c1c-a64c-39bbf24e5f61 admin admin] Publish callbacks ['neutron.plugins.ml2.ovo_rpc._ObjectChangeHandler.handle_event-1897950'] for security_group, after_create {{(pid=103326) _notify_loop /usr/local/lib/python3.8/dist-packages/neutron_lib/callbacks/manager.py:175}}
Nov 10 16:27:13.199099 n-d-714676-11 neutron-server[103325]: DEBUG neutron_lib.callbacks.manager [None req-96470882-cda4-4193-989c-6a26fbdd7050 admin admin] Publish callbacks [] for security_group, before_delete {{(pid=103325) _notify_loop /usr/local/lib/python3.8/dist-packages/neutron_lib/callbacks/manager.py:175}}
Nov 10 16:27:13.214859 n-d-714676-11 neutron-server[103326]: DEBUG neutron_lib.callbacks.manager [req-7de43f59-80c3-450d-8ca4-bc08459801f6 req-1bb797dd-7f03-46ea-acc4-290d0d756798 tempest-AggregatesAdminTestJSON-852951334 tempest-AggregatesAdminTestJSON-852951334-project] Publish callbacks ['neutron.plugins.ml2.plugin.SecurityGroupServerNotifierRpcMixin._notify_sg_on_port_change-968914', 'neutron.plugins.ml2.ovo_rpc._ObjectChangeHandler.handle_event-240006', 'neutron.api.rpc.agentnotifiers.dhcp_rpc_agent_api.DhcpAgentNotifyAPI._native_event_send_dhcp_notification-1616039', 'neutron.db.l3_db.L3RpcNotifierMixin._notify_routers_callback-8771574378617', 'neutron.db.l3_dvrscheduler_db._notify_port_delete-8771573934484', 'neutron.services.segments.plugin.NovaSegmentNotifier._notify_port_created_or_deleted-16683614'] for port, after_delete {{(pid=103326) _notify_loop /usr/local/lib/python3.8/dist-packages/neutron_lib/callbacks/manager.py:175}}
Nov 10 16:27:13.227016 n-d-714676-11 neutron-server[103326]: INFO neutron.wsgi [None req-cd16ef38-8e6f-4c1c-a64c-39bbf24e5f61 admin admin] 10.222.0.62 "GET /v2.0/security-groups?tenant_id=2e07808195144faa832a29d1efcc26b0&name=default HTTP/1.1" status: 200 len: 2996 time: 0.6533072
Nov 10 16:27:13.227701 n-d-714676-11 neutron-server[103325]: DEBUG neutron_lib.callbacks.manager [None req-96470882-cda4-4193-989c-6a26fbdd7050 admin admin] Publish callbacks [] for security_group, precommit_delete {{(pid=103325) _notify_loop /usr/local/lib/python3.8/dist-packages/neutron_lib/callbacks/manager.py:175}}
Nov 10 16:27:13.228630 n-d-714676-11 neutron-server[103326]: DEBUG neutron.wsgi [-] (103326) accepted ('10.222.0.62', 58162) {{(pid=103326) server /usr/local/lib/python3.8/dist-packages/eventlet/wsgi.py:982}}
Nov 10 16:27:13.230020 n-d-714676-11 neutron-server[103327]: DEBUG neutron.plugins.ml2.db [None req-4f76d25a-dc8e-4d10-bdfe-7cb7bf89167c None None] get_ports_and_sgs() called for port_ids ['0997d58c-032a-4280-812e-73c978c062b6'] {{(pid=103327) get_ports_and_sgs /opt/stack/neutron/neutron/plugins/ml2/db.py:156}}
Nov 10 16:27:13.234804 n-d-714676-11 neutron-server[103326]: DEBUG neutron.api.rpc.handlers.resources_rpc [None req-cd16ef38-8e6f-4c1c-a64c-39bbf24e5f61 admin admin] Pushing event updated for resources: {'SecurityGroup': ['ID=72417a11-2cb0-4c0c-9b5c-65144a623f4b,revision_number=1']} {{(pid=103326) push /opt/stack/neutron/neutron/api/rpc/handlers/resources_rpc.py:237}}
Nov 10 16:27:13.273482 n-d-714676-11 neutron-server[103326]: DEBUG neutron.api.rpc.handlers.resources_rpc [None req-1bb797dd-7f03-46ea-acc4-290d0d756798 tempest-AggregatesAdminTestJSON-852951334 tempest-AggregatesAdminTestJSON-852951334-project] Pushing event deleted for resources: {'Port': ['ID=0997d58c-032a-4280-812e-73c978c062b6,revision_number=None']} {{(pid=103326) push /opt/stack/neutron/neutron/api/rpc/handlers/resources_rpc.py:237}}
Nov 10 16:27:13.382380 n-d-714676-11 neutron-server[103326]: DEBUG neutron.db.l3_dvrscheduler_db [req-7de43f59-80c3-450d-8ca4-bc08459801f6 req-1bb797dd-7f03-46ea-acc4-290d0d756798 tempest-AggregatesAdminTestJSON-852951334 tempest-AggregatesAdminTestJSON-852951334-project] No DVR routers for this DVR port 0997d58c-032a-4280-812e-73c978c062b6 on host n-h2-714676-11 {{(pid=103326) get_dvr_routers_to_remove /opt/stack/neutron/neutron/db/l3_dvrscheduler_db.py:214}}
Nov 10 16:27:13.386375 n-d-714676-11 neutron-server[103326]: DEBUG neutron_lib.callbacks.manager [req-7de43f59-80c3-450d-8ca4-bc08459801f6 req-1bb797dd-7f03-46ea-acc4-290d0d756798 tempest-AggregatesAdminTestJSON-852951334 tempest-AggregatesAdminTestJSON-852951334-project] Publish callbacks ['neutron.notifiers.nova.Notifier._send_nova_notification-61318'] for port, before_response {{(pid=103326) _notify_loop /usr/local/lib/python3.8/dist-packages/neutron_lib/callbacks/manager.py:175}}
Nov 10 16:27:13.391695 n-d-714676-11 neutron-server[103326]: INFO neutron.wsgi [req-7de43f59-80c3-450d-8ca4-bc08459801f6 req-1bb797dd-7f03-46ea-acc4-290d0d756798 tempest-AggregatesAdminTestJSON-852951334 tempest-AggregatesAdminTestJSON-852951334-project] 10.222.0.18 "DELETE /v2.0/ports/0997d58c-032a-4280-812e-73c978c062b6 HTTP/1.1" status: 204 len: 173 time: 1.1173704
Nov 10 16:27:13.399922 n-d-714676-11 neutron-server[103326]: DEBUG neutron.notifiers.nova [-] Sending events: [{'server_uuid': '7a5e12e5-c757-4e48-9fe0-35814a47fd3f', 'name': 'network-vif-deleted', 'tag': '0997d58c-032a-4280-812e-73c978c062b6'}] {{(pid=103326) send_events /opt/stack/neutron/neutron/notifiers/nova.py:262}}
Nov 10 16:27:13.403490 n-d-714676-11 neutron-server[103326]: DEBUG novaclient.v2.client [-] REQ: curl -g -i --cacert "/opt/stack/data/ca-bundle.pem" -X POST http://10.222.0.62/compute/v2.1/os-server-external-events -H "Accept: application/json" -H "Content-Type: application/json" -H "User-Agent: python-novaclient" -H "X-Auth-Token: {SHA256}9ef477ab6609883c4a969bdee5cc6b7719cbacb9fa515393ba37ecc817c9ac2f" -H "X-OpenStack-Nova-API-Version: 2.1" -H "X-OpenStack-Request-ID: req-160984fa-bc37-42d3-9368-0f066f2a4add" -d '{"events": [{"server_uuid": "7a5e12e5-c757-4e48-9fe0-35814a47fd3f", "name": "network-vif-deleted", "tag": "0997d58c-032a-4280-812e-73c978c062b6"}]}' {{(pid=103326) _http_log_request /usr/local/lib/python3.8/dist-packages/keystoneauth1/session.py:519}}
Nov 10 16:27:13.428850 n-d-714676-11 neutron-server[103326]: DEBUG neutron_lib.callbacks.manager [None req-84b12107-95a2-4756-a9bc-b9e16759b542 admin admin] Publish callbacks [] for security_group, before_delete {{(pid=103326) _notify_loop /usr/local/lib/python3.8/dist-packages/neutron_lib/callbacks/manager.py:175}}
Nov 10 16:27:13.446139 n-d-714676-11 neutron-server[103325]: DEBUG neutron.pecan_wsgi.hooks.policy_enforcement [req-29545967-a20b-4316-bff8-c4bb8ca71bce req-88a8a486-e5f7-4080-95ab-5edf4310de96 tempest-ServersWithSpecificFlavorTestJSON-988086444 tempest-ServersWithSpecificFlavorTestJSON-988086444-project] Attributes excluded by policy engine: ['standard_attr_id', 'binding:profile', 'binding:host_id', 'binding:vif_type', 'binding:vif_details'] {{(pid=103325) _exclude_attributes_by_policy /opt/stack/neutron/neutron/pecan_wsgi/hooks/policy_enforcement.py:255}}
Nov 10 16:27:13.449381 n-d-714676-11 neutron-server[103325]: INFO neutron.wsgi [req-29545967-a20b-4316-bff8-c4bb8ca71bce req-88a8a486-e5f7-4080-95ab-5edf4310de96 tempest-ServersWithSpecificFlavorTestJSON-988086444 tempest-ServersWithSpecificFlavorTestJSON-988086444-project] 10.222.0.62 "GET /v2.0/ports?device_id=30f0f7ea-2ee5-4570-be05-516e2dfea29e HTTP/1.1" status: 200 len: 945 time: 0.0821741
Nov 10 16:27:13.450306 n-d-714676-11 neutron-server[103325]: DEBUG neutron_lib.callbacks.manager [None req-96470882-cda4-4193-989c-6a26fbdd7050 admin admin] Publish callbacks ['neutron.plugins.ml2.ovo_rpc._ObjectChangeHandler.handle_event-1897950'] for security_group, after_delete {{(pid=103325) _notify_loop /usr/local/lib/python3.8/dist-packages/neutron_lib/callbacks/manager.py:175}}
Nov 10 16:27:13.453570 n-d-714676-11 neutron-server[103325]: DEBUG neutron_lib.callbacks.manager [None req-96470882-cda4-4193-989c-6a26fbdd7050 admin admin] Publish callbacks [] for security_group, before_response {{(pid=103325) _notify_loop /usr/local/lib/python3.8/dist-packages/neutron_lib/callbacks/manager.py:175}}
Nov 10 16:27:13.457610 n-d-714676-11 neutron-server[103325]: INFO neutron.wsgi [None req-96470882-cda4-4193-989c-6a26fbdd7050 admin admin] 10.222.0.62 "DELETE /v2.0/security-groups/2a188cac-7544-4937-b01e-9134e8cb4d74 HTTP/1.1" status: 204 len: 168 time: 0.3176513
Nov 10 16:27:13.460106 n-d-714676-11 neutron-server[103326]: DEBUG neutron_lib.callbacks.manager [None req-84b12107-95a2-4756-a9bc-b9e16759b542 admin admin] Publish callbacks [] for security_group, precommit_delete {{(pid=103326) _notify_loop /usr/local/lib/python3.8/dist-packages/neutron_lib/callbacks/manager.py:175}}
Nov 10 16:27:13.473730 n-d-714676-11 neutron-server[103325]: DEBUG neutron.api.rpc.handlers.resources_rpc [None req-96470882-cda4-4193-989c-6a26fbdd7050 admin admin] Pushing event deleted for resources: {'SecurityGroup': ['ID=2a188cac-7544-4937-b01e-9134e8cb4d74,revision_number=None']} {{(pid=103325) push /opt/stack/neutron/neutron/api/rpc/handlers/resources_rpc.py:237}}
Nov 10 16:27:13.547215 n-d-714676-11 neutron-server[103325]: INFO neutron.wsgi [req-29545967-a20b-4316-bff8-c4bb8ca71bce req-a7676d7f-9448-4332-b995-0c02ac89f488 tempest-ServersWithSpecificFlavorTestJSON-988086444 tempest-ServersWithSpecificFlavorTestJSON-988086444-project] 10.222.0.62 "GET /v2.0/security-groups?id=eaef78ba-3dc5-4fe0-ad86-77bf55616a25&fields=id&fields=name HTTP/1.1" status: 200 len: 313 time: 0.0875354
Nov 10 16:27:13.655845 n-d-714676-11 neutron-server[103326]: DEBUG neutron.pecan_wsgi.hooks.policy_enforcement [req-d26c20ba-33fc-42c0-9ccc-698868a98ac4 req-e751b853-f9b3-4505-802a-6097a9562f2b tempest-TenantUsagesTestJSON-1602110270 tempest-TenantUsagesTestJSON-1602110270-project] Attributes excluded by policy engine: ['standard_attr_id', 'binding:profile', 'binding:host_id', 'binding:vif_type', 'binding:vif_details'] {{(pid=103326) _exclude_attributes_by_policy /opt/stack/neutron/neutron/pecan_wsgi/hooks/policy_enforcement.py:255}}
Nov 10 16:27:13.668640 n-d-714676-11 neutron-server[103326]: INFO neutron.wsgi [req-d26c20ba-33fc-42c0-9ccc-698868a98ac4 req-e751b853-f9b3-4505-802a-6097a9562f2b tempest-TenantUsagesTestJSON-1602110270 tempest-TenantUsagesTestJSON-1602110270-project] 10.222.0.62 "GET /v2.0/ports?device_id=d409a623-bc4f-4d70-abb5-e8a02d8f7e10 HTTP/1.1" status: 200 len: 970 time: 0.0942731
Nov 10 16:27:13.722338 n-d-714676-11 neutron-server[103326]: INFO neutron.wsgi [req-d26c20ba-33fc-42c0-9ccc-698868a98ac4 req-fa851fc5-7b41-4b4c-bece-7b64e247859a tempest-TenantUsagesTestJSON-1602110270 tempest-TenantUsagesTestJSON-1602110270-project] 10.222.0.62 "GET /v2.0/security-groups?id=d7da5a37-6e30-4e45-b752-454c7be53e62&fields=id&fields=name HTTP/1.1" status: 200 len: 286 time: 0.0464120
Nov 10 16:27:13.770941 n-d-714676-11 neutron-server[103327]: DEBUG neutron.notifiers.nova [-] Sending events: [{'server_uuid': '66b630bf-a784-4889-835f-4a239a983214', 'name': 'network-vif-plugged', 'status': 'completed', 'tag': '0ef9d455-96dc-4ee4-a896-dd33ca6a5cf8'}, {'server_uuid': 'd409a623-bc4f-4d70-abb5-e8a02d8f7e10', 'name': 'network-vif-plugged', 'status': 'completed', 'tag': 'ce9c3b28-2f58-43e5-a314-f3d6551d2c38'}] {{(pid=103327) send_events /opt/stack/neutron/neutron/notifiers/nova.py:262}}
Nov 10 16:27:13.773889 n-d-714676-11 neutron-server[103327]: DEBUG novaclient.v2.client [-] REQ: curl -g -i --cacert "/opt/stack/data/ca-bundle.pem" -X POST http://10.222.0.62/compute/v2.1/os-server-external-events -H "Accept: application/json" -H "Content-Type: application/json" -H "User-Agent: python-novaclient" -H "X-Auth-Token: {SHA256}432099715056da2a5c7a1e8b7de311282662e9b046dbded0c68ff278cc0cadd0" -H "X-OpenStack-Nova-API-Version: 2.1" -H "X-OpenStack-Request-ID: req-3060d274-90d5-40f5-9b70-b6bcef157a19" -d '{"events": [{"server_uuid": "66b630bf-a784-4889-835f-4a239a983214", "name": "network-vif-plugged", "status": "completed", "tag": "0ef9d455-96dc-4ee4-a896-dd33ca6a5cf8"}, {"server_uuid": "d409a623-bc4f-4d70-abb5-e8a02d8f7e10", "name": "network-vif-plugged", "status": "completed", "tag": "ce9c3b28-2f58-43e5-a314-f3d6551d2c38"}]}' {{(pid=103327) _http_log_request /usr/local/lib/python3.8/dist-packages/keystoneauth1/session.py:519}}
Nov 10 16:27:13.776119 n-d-714676-11 neutron-server[103326]: DEBUG neutron_lib.callbacks.manager [None req-84b12107-95a2-4756-a9bc-b9e16759b542 admin admin] Publish callbacks ['neutron.plugins.ml2.ovo_rpc._ObjectChangeHandler.handle_event-1897950'] for security_group, after_delete {{(pid=103326) _notify_loop /usr/local/lib/python3.8/dist-packages/neutron_lib/callbacks/manager.py:175}}
Nov 10 16:27:13.781528 n-d-714676-11 neutron-server[103326]: DEBUG neutron_lib.callbacks.manager [None req-84b12107-95a2-4756-a9bc-b9e16759b542 admin admin] Publish callbacks [] for security_group, before_response {{(pid=103326) _notify_loop /usr/local/lib/python3.8/dist-packages/neutron_lib/callbacks/manager.py:175}}
Nov 10 16:27:13.781528 n-d-714676-11 neutron-server[103326]: INFO neutron.wsgi [None req-84b12107-95a2-4756-a9bc-b9e16759b542 admin admin] 10.222.0.62 "DELETE /v2.0/security-groups/72417a11-2cb0-4c0c-9b5c-65144a623f4b HTTP/1.1" status: 204 len: 168 time: 0.5505297
Nov 10 16:27:13.802721 n-d-714676-11 neutron-server[103326]: DEBUG neutron.api.rpc.handlers.resources_rpc [None req-84b12107-95a2-4756-a9bc-b9e16759b542 admin admin] Pushing event deleted for resources: {'SecurityGroup': ['ID=72417a11-2cb0-4c0c-9b5c-65144a623f4b,revision_number=None']} {{(pid=103326) push /opt/stack/neutron/neutron/api/rpc/handlers/resources_rpc.py:237}}
Nov 10 16:27:13.815237 n-d-714676-11 neutron-server[103326]: INFO neutron.wsgi [req-dce40f67-fe5e-41aa-bd25-c0d5af2c65a8 req-03836667-4444-4118-861e-7cf4e78d4422 tempest-LiveMigrationNegativeTest-1445449512 tempest-LiveMigrationNegativeTest-1445449512-project] 10.222.0.62 "GET /v2.0/ports?device_id=c172d9a6-f6de-4473-b3d4-a24364828c8b HTTP/1.1" status: 200 len: 210 time: 0.0503883
Nov 10 16:27:13.872790 n-d-714676-11 neutron-server[103326]: DEBUG novaclient.v2.client [-] RESP: [200] Connection: close Content-Length: 183 Content-Type: application/json Date: Wed, 10 Nov 2021 16:27:13 GMT OpenStack-API-Version: compute 2.1 Server: Apache/2.4.41 (Ubuntu) Vary: OpenStack-API-Version,X-OpenStack-Nova-API-Version X-OpenStack-Nova-API-Version: 2.1 x-compute-request-id: req-532a49ae-efdb-4c40-bd25-f9038217821c x-openstack-request-id: req-532a49ae-efdb-4c40-bd25-f9038217821c {{(pid=103326) _http_log_response /usr/local/lib/python3.8/dist-packages/keystoneauth1/session.py:550}}
Nov 10 16:27:13.873119 n-d-714676-11 neutron-server[103326]: DEBUG novaclient.v2.client [-] RESP BODY: {"events": [{"server_uuid": "7a5e12e5-c757-4e48-9fe0-35814a47fd3f", "name": "network-vif-deleted", "tag": "0997d58c-032a-4280-812e-73c978c062b6", "status": "completed", "code": 200}]} {{(pid=103326) _http_log_response /usr/local/lib/python3.8/dist-packages/keystoneauth1/session.py:582}}
Nov 10 16:27:13.873491 n-d-714676-11 neutron-server[103326]: DEBUG novaclient.v2.client [-] POST call to compute for http://10.222.0.62/compute/v2.1/os-server-external-events used request id req-532a49ae-efdb-4c40-bd25-f9038217821c {{(pid=103326) request /usr/local/lib/python3.8/dist-packages/keystoneauth1/session.py:954}}
Nov 10 16:27:13.873877 n-d-714676-11 neutron-server[103326]: INFO neutron.notifiers.nova [-] Nova event response: {'server_uuid': '7a5e12e5-c757-4e48-9fe0-35814a47fd3f', 'name': 'network-vif-deleted', 'tag': '0997d58c-032a-4280-812e-73c978c062b6', 'status': 'completed', 'code': 200}
Nov 10 16:27:13.975932 n-d-714676-11 neutron-server[103326]: DEBUG neutron.pecan_wsgi.hooks.policy_enforcement [req-8db80190-4e59-4fd8-894f-7237105bdd29 req-eba2d9e4-ffe9-4491-aef3-25b0aaa84a02 tempest-ServersAdminNegativeTestJSON-2048608097 tempest-ServersAdminNegativeTestJSON-2048608097-project] Attributes excluded by policy engine: ['standard_attr_id', 'binding:profile', 'binding:host_id', 'binding:vif_type', 'binding:vif_details'] {{(pid=103326) _exclude_attributes_by_policy /opt/stack/neutron/neutron/pecan_wsgi/hooks/policy_enforcement.py:255}}
Nov 10 16:27:13.977383 n-d-714676-11 neutron-server[103326]: INFO neutron.wsgi [req-8db80190-4e59-4fd8-894f-7237105bdd29 req-eba2d9e4-ffe9-4491-aef3-25b0aaa84a02 tempest-ServersAdminNegativeTestJSON-2048608097 tempest-ServersAdminNegativeTestJSON-2048608097-project] 10.222.0.62 "GET /v2.0/ports?device_id=66b630bf-a784-4889-835f-4a239a983214 HTTP/1.1" status: 200 len: 950 time: 0.0514884
Nov 10 16:27:14.030616 n-d-714676-11 neutron-server[103326]: INFO neutron.wsgi [req-8db80190-4e59-4fd8-894f-7237105bdd29 req-6b1a5d6c-d9bd-4c12-b291-06f4a9cf0b20 tempest-ServersAdminNegativeTestJSON-2048608097 tempest-ServersAdminNegativeTestJSON-2048608097-project] 10.222.0.62 "GET /v2.0/security-groups?id=11e31f30-9a86-4d71-b047-a6f13e6c6096&fields=id&fields=name HTTP/1.1" status: 200 len: 286 time: 0.0472553
Nov 10 16:27:14.093129 n-d-714676-11 neutron-server[103327]: DEBUG novaclient.v2.client [-] RESP: [200] Connection: close Content-Length: 354 Content-Type: application/json Date: Wed, 10 Nov 2021 16:27:13 GMT OpenStack-API-Version: compute 2.1 Server: Apache/2.4.41 (Ubuntu) Vary: OpenStack-API-Version,X-OpenStack-Nova-API-Version X-OpenStack-Nova-API-Version: 2.1 x-compute-request-id: req-551a9909-1b84-40e5-b145-c1275567e28c x-openstack-request-id: req-551a9909-1b84-40e5-b145-c1275567e28c {{(pid=103327) _http_log_response /usr/local/lib/python3.8/dist-packages/keystoneauth1/session.py:550}}
Nov 10 16:27:14.093509 n-d-714676-11 neutron-server[103327]: DEBUG novaclient.v2.client [-] RESP BODY: {"events": [{"server_uuid": "66b630bf-a784-4889-835f-4a239a983214", "name": "network-vif-plugged", "status": "completed", "tag": "0ef9d455-96dc-4ee4-a896-dd33ca6a5cf8", "code": 200}, {"server_uuid": "d409a623-bc4f-4d70-abb5-e8a02d8f7e10", "name": "network-vif-plugged", "status": "completed", "tag": "ce9c3b28-2f58-43e5-a314-f3d6551d2c38", "code": 200}]} {{(pid=103327) _http_log_response /usr/local/lib/python3.8/dist-packages/keystoneauth1/session.py:582}}
Nov 10 16:27:14.093825 n-d-714676-11 neutron-server[103327]: DEBUG novaclient.v2.client [-] POST call to compute for http://10.222.0.62/compute/v2.1/os-server-external-events used request id req-551a9909-1b84-40e5-b145-c1275567e28c {{(pid=103327) request /usr/local/lib/python3.8/dist-packages/keystoneauth1/session.py:954}}
Nov 10 16:27:14.094281 n-d-714676-11 neutron-server[103327]: INFO neutron.notifiers.nova [-] Nova event response: {'server_uuid': '66b630bf-a784-4889-835f-4a239a983214', 'name': 'network-vif-plugged', 'status': 'completed', 'tag': '0ef9d455-96dc-4ee4-a896-dd33ca6a5cf8', 'code': 200}
Nov 10 16:27:14.094596 n-d-714676-11 neutron-server[103327]: INFO neutron.notifiers.nova [-] Nova event response: {'server_uuid': 'd409a623-bc4f-4d70-abb5-e8a02d8f7e10', 'name': 'network-vif-plugged', 'status': 'completed', 'tag': 'ce9c3b28-2f58-43e5-a314-f3d6551d2c38', 'code': 200}
Nov 10 16:27:14.233352 n-d-714676-11 neutron-server[103326]: DEBUG neutron.pecan_wsgi.hooks.policy_enforcement [req-1878d73f-7638-4fb2-9438-99aa9caf1bd7 req-5cdc3d92-799e-47a0-acbb-bf3118069231 service neutron] Attributes excluded by policy engine: ['standard_attr_id'] {{(pid=103326) _exclude_attributes_by_policy /opt/stack/neutron/neutron/pecan_wsgi/hooks/policy_enforcement.py:255}}
Nov 10 16:27:14.234875 n-d-714676-11 neutron-server[103326]: INFO neutron.wsgi [req-1878d73f-7638-4fb2-9438-99aa9caf1bd7 req-5cdc3d92-799e-47a0-acbb-bf3118069231 service neutron] 10.222.0.18 "GET /v2.0/ports?device_id=d409a623-bc4f-4d70-abb5-e8a02d8f7e10 HTTP/1.1" status: 200 len: 1122 time: 0.0603034
Nov 10 16:27:14.266603 n-d-714676-11 neutron-server[103326]: INFO neutron.wsgi [req-f15aa6ac-4f04-4491-8b7b-08763da6d3be req-7c2cd0cc-4e49-4f76-bfd4-cb144f804d73 tempest-AggregatesAdminTestJSON-852951334 tempest-AggregatesAdminTestJSON-852951334-project] 10.222.0.62 "GET /v2.0/ports?device_id=7a5e12e5-c757-4e48-9fe0-35814a47fd3f HTTP/1.1" status: 200 len: 210 time: 0.0356333
Nov 10 16:27:14.278679 n-d-714676-11 neutron-server[103325]: DEBUG neutron.pecan_wsgi.hooks.policy_enforcement [req-c3ad4323-d80a-4731-af1e-f1b47cc44283 req-0f311472-84b1-44e0-8613-8b197d81ee00 service neutron] Attributes excluded by policy engine: ['standard_attr_id'] {{(pid=103325) _exclude_attributes_by_policy /opt/stack/neutron/neutron/pecan_wsgi/hooks/policy_enforcement.py:255}}
Nov 10 16:27:14.280209 n-d-714676-11 neutron-server[103325]: INFO neutron.wsgi [req-c3ad4323-d80a-4731-af1e-f1b47cc44283 req-0f311472-84b1-44e0-8613-8b197d81ee00 service neutron] 10.222.0.69 "GET /v2.0/ports?device_id=66b630bf-a784-4889-835f-4a239a983214 HTTP/1.1" status: 200 len: 1102 time: 0.0505347
Nov 10 16:27:14.312164 n-d-714676-11 neutron-server[103326]: INFO neutron.wsgi [req-1878d73f-7638-4fb2-9438-99aa9caf1bd7 req-6eb25ce3-7b51-4ea0-ac7b-eaa99a48eeb7 service neutron] 10.222.0.18 "GET /v2.0/security-groups?id=d7da5a37-6e30-4e45-b752-454c7be53e62&fields=id&fields=name HTTP/1.1" status: 200 len: 286 time: 0.0664322
Nov 10 16:27:14.375770 n-d-714676-11 neutron-server[103325]: INFO neutron.wsgi [req-c3ad4323-d80a-4731-af1e-f1b47cc44283 req-06b6fc09-81d6-4d74-b3d1-202eab9c8e96 service neutron] 10.222.0.69 "GET /v2.0/security-groups?id=11e31f30-9a86-4d71-b047-a6f13e6c6096&fields=id&fields=name HTTP/1.1" status: 200 len: 286 time: 0.0867579
Nov 10 16:27:14.446500 n-d-714676-11 neutron-server[103325]: DEBUG neutron.wsgi [-] (103325) accepted ('10.222.0.62', 58222) {{(pid=103325) server /usr/local/lib/python3.8/dist-packages/eventlet/wsgi.py:982}}
Nov 10 16:27:14.461278 n-d-714676-11 neutron-server[103325]: DEBUG neutron_lib.callbacks.manager [None req-751618ce-0cb6-40de-b6bf-8a02f4ca19ed admin admin] Publish callbacks [] for security_group, before_create {{(pid=103325) _notify_loop /usr/local/lib/python3.8/dist-packages/neutron_lib/callbacks/manager.py:175}}
Nov 10 16:27:14.544279 n-d-714676-11 neutron-server[103325]: DEBUG neutron_lib.callbacks.manager [None req-751618ce-0cb6-40de-b6bf-8a02f4ca19ed admin admin] Publish callbacks [] for security_group, precommit_create {{(pid=103325) _notify_loop /usr/local/lib/python3.8/dist-packages/neutron_lib/callbacks/manager.py:175}}
Nov 10 16:27:14.673945 n-d-714676-11 neutron-server[103326]: DEBUG neutron.pecan_wsgi.hooks.policy_enforcement [req-38cccb30-9b27-428a-8686-21ea7eef3ae4 req-c53863c3-ff71-42e5-b53f-1ce8af6042d2 tempest-ServersWithSpecificFlavorTestJSON-988086444 tempest-ServersWithSpecificFlavorTestJSON-988086444-project] Attributes excluded by policy engine: ['standard_attr_id', 'binding:profile', 'binding:host_id', 'binding:vif_type', 'binding:vif_details'] {{(pid=103326) _exclude_attributes_by_policy /opt/stack/neutron/neutron/pecan_wsgi/hooks/policy_enforcement.py:255}}
Nov 10 16:27:14.675479 n-d-714676-11 neutron-server[103326]: INFO neutron.wsgi [req-38cccb30-9b27-428a-8686-21ea7eef3ae4 req-c53863c3-ff71-42e5-b53f-1ce8af6042d2 tempest-ServersWithSpecificFlavorTestJSON-988086444 tempest-ServersWithSpecificFlavorTestJSON-988086444-project] 10.222.0.62 "GET /v2.0/ports?device_id=30f0f7ea-2ee5-4570-be05-516e2dfea29e HTTP/1.1" status: 200 len: 945 time: 0.0513265
Nov 10 16:27:14.694791 n-d-714676-11 neutron-server[103325]: DEBUG neutron_lib.callbacks.manager [None req-751618ce-0cb6-40de-b6bf-8a02f4ca19ed admin admin] Publish callbacks ['neutron.plugins.ml2.ovo_rpc._ObjectChangeHandler.handle_event-1897950'] for security_group, after_create {{(pid=103325) _notify_loop /usr/local/lib/python3.8/dist-packages/neutron_lib/callbacks/manager.py:175}}
Nov 10 16:27:14.741615 n-d-714676-11 neutron-server[103325]: INFO neutron.wsgi [None req-751618ce-0cb6-40de-b6bf-8a02f4ca19ed admin admin] 10.222.0.62 "GET /v2.0/security-groups?tenant_id=433163cf7206458c9089fa3c911a342e&name=default HTTP/1.1" status: 200 len: 2996 time: 0.2905855
Nov 10 16:27:14.741830 n-d-714676-11 neutron-server[103326]: INFO neutron.wsgi [req-38cccb30-9b27-428a-8686-21ea7eef3ae4 req-75197649-647e-45cb-aa0c-6c0f1eceda77 tempest-ServersWithSpecificFlavorTestJSON-988086444 tempest-ServersWithSpecificFlavorTestJSON-988086444-project] 10.222.0.62 "GET /v2.0/security-groups?id=eaef78ba-3dc5-4fe0-ad86-77bf55616a25&fields=id&fields=name HTTP/1.1" status: 200 len: 313 time: 0.0544298
Nov 10 16:27:14.741830 n-d-714676-11 neutron-server[103326]: DEBUG neutron.wsgi [-] (103326) accepted ('10.222.0.62', 58228) {{(pid=103326) server /usr/local/lib/python3.8/dist-packages/eventlet/wsgi.py:982}}
Nov 10 16:27:14.746319 n-d-714676-11 neutron-server[103325]: DEBUG neutron.api.rpc.handlers.resources_rpc [None req-751618ce-0cb6-40de-b6bf-8a02f4ca19ed admin admin] Pushing event updated for resources: {'SecurityGroup': ['ID=c281e3fd-9297-498d-9a31-0293262c9d7d,revision_number=1']} {{(pid=103325) push /opt/stack/neutron/neutron/api/rpc/handlers/resources_rpc.py:237}}
Nov 10 16:27:14.811568 n-d-714676-11 neutron-server[103326]: DEBUG neutron_lib.callbacks.manager [None req-a5525820-fcb3-4451-a259-16fd1ec983f6 admin admin] Publish callbacks [] for security_group, before_delete {{(pid=103326) _notify_loop /usr/local/lib/python3.8/dist-packages/neutron_lib/callbacks/manager.py:175}}
Nov 10 16:27:14.862828 n-d-714676-11 neutron-server[103326]: DEBUG neutron_lib.callbacks.manager [None req-a5525820-fcb3-4451-a259-16fd1ec983f6 admin admin] Publish callbacks [] for security_group, precommit_delete {{(pid=103326) _notify_loop /usr/local/lib/python3.8/dist-packages/neutron_lib/callbacks/manager.py:175}}
Nov 10 16:27:14.898491 n-d-714676-11 neutron-server[103326]: DEBUG neutron.pecan_wsgi.hooks.policy_enforcement [req-58c2ca2c-01a2-46e9-b9ae-a637053084d8 req-18e3785a-c5a7-4f5a-b691-0428acf3d78f tempest-TenantUsagesTestJSON-1602110270 tempest-TenantUsagesTestJSON-1602110270-project] Attributes excluded by policy engine: ['standard_attr_id', 'binding:profile', 'binding:host_id', 'binding:vif_type', 'binding:vif_details'] {{(pid=103326) _exclude_attributes_by_policy /opt/stack/neutron/neutron/pecan_wsgi/hooks/policy_enforcement.py:255}}
Nov 10 16:27:14.900026 n-d-714676-11 neutron-server[103326]: INFO neutron.wsgi [req-58c2ca2c-01a2-46e9-b9ae-a637053084d8 req-18e3785a-c5a7-4f5a-b691-0428acf3d78f tempest-TenantUsagesTestJSON-1602110270 tempest-TenantUsagesTestJSON-1602110270-project] 10.222.0.62 "GET /v2.0/ports?device_id=d409a623-bc4f-4d70-abb5-e8a02d8f7e10 HTTP/1.1" status: 200 len: 970 time: 0.0834765
Nov 10 16:27:14.946278 n-d-714676-11 neutron-server[103325]: DEBUG neutron.pecan_wsgi.hooks.policy_enforcement [req-4daeb751-91aa-4020-b774-3ab3cca25c70 req-e535d03c-6efb-4998-9386-1aebed901304 tempest-ServersWithSpecificFlavorTestJSON-988086444 tempest-ServersWithSpecificFlavorTestJSON-988086444-project] Attributes excluded by policy engine: ['standard_attr_id', 'binding:profile', 'binding:host_id', 'binding:vif_type', 'binding:vif_details'] {{(pid=103325) _exclude_attributes_by_policy /opt/stack/neutron/neutron/pecan_wsgi/hooks/policy_enforcement.py:255}}
Nov 10 16:27:14.947871 n-d-714676-11 neutron-server[103325]: INFO neutron.wsgi [req-4daeb751-91aa-4020-b774-3ab3cca25c70 req-e535d03c-6efb-4998-9386-1aebed901304 tempest-ServersWithSpecificFlavorTestJSON-988086444 tempest-ServersWithSpecificFlavorTestJSON-988086444-project] 10.222.0.62 "GET /v2.0/ports?device_id=30f0f7ea-2ee5-4570-be05-516e2dfea29e HTTP/1.1" status: 200 len: 945 time: 0.0599978
Nov 10 16:27:14.959636 n-d-714676-11 neutron-server[103325]: DEBUG neutron.wsgi [-] (103325) accepted ('10.222.0.62', 58240) {{(pid=103325) server /usr/local/lib/python3.8/dist-packages/eventlet/wsgi.py:982}}
Nov 10 16:27:14.963703 n-d-714676-11 neutron-server[103326]: INFO neutron.wsgi [req-58c2ca2c-01a2-46e9-b9ae-a637053084d8 req-fc4ab272-4e1a-4094-8b44-6c5a3de70ac6 tempest-TenantUsagesTestJSON-1602110270 tempest-TenantUsagesTestJSON-1602110270-project] 10.222.0.62 "GET /v2.0/security-groups?id=d7da5a37-6e30-4e45-b752-454c7be53e62&fields=id&fields=name HTTP/1.1" status: 200 len: 286 time: 0.0558255
Nov 10 16:27:14.964516 n-d-714676-11 neutron-server[103325]: DEBUG neutron.api.v2.base [None req-61738769-a957-487a-8a8b-7764e9eec4d1 tempest-ServersWithSpecificFlavorTestJSON-988086444 tempest-ServersWithSpecificFlavorTestJSON-988086444-project] Request body: {'floatingip': {'port_id': 'c19a544a-c3b5-45b6-9abc-1da49501d265'}} {{(pid=103325) prepare_request_body /opt/stack/neutron/neutron/api/v2/base.py:729}}
Nov 10 16:27:15.077607 n-d-714676-11 neutron-server[103326]: DEBUG neutron_lib.callbacks.manager [None req-a5525820-fcb3-4451-a259-16fd1ec983f6 admin admin] Publish callbacks ['neutron.plugins.ml2.ovo_rpc._ObjectChangeHandler.handle_event-1897950'] for security_group, after_delete {{(pid=103326) _notify_loop /usr/local/lib/python3.8/dist-packages/neutron_lib/callbacks/manager.py:175}}
Nov 10 16:27:15.081402 n-d-714676-11 neutron-server[103326]: DEBUG neutron_lib.callbacks.manager [None req-a5525820-fcb3-4451-a259-16fd1ec983f6 admin admin] Publish callbacks [] for security_group, before_response {{(pid=103326) _notify_loop /usr/local/lib/python3.8/dist-packages/neutron_lib/callbacks/manager.py:175}}
Nov 10 16:27:15.082832 n-d-714676-11 neutron-server[103326]: INFO neutron.wsgi [None req-a5525820-fcb3-4451-a259-16fd1ec983f6 admin admin] 10.222.0.62 "DELETE /v2.0/security-groups/c281e3fd-9297-498d-9a31-0293262c9d7d HTTP/1.1" status: 204 len: 168 time: 0.3403835
Nov 10 16:27:15.083405 n-d-714676-11 neutron-server[103325]: INFO neutron.wsgi [req-d1978657-2a67-4279-ad2f-a1adf7df3c51 req-3367bfa6-537a-4880-9994-a6785bd236fe tempest-LiveMigrationNegativeTest-1445449512 tempest-LiveMigrationNegativeTest-1445449512-project] 10.222.0.62 "GET /v2.0/ports?device_id=c172d9a6-f6de-4473-b3d4-a24364828c8b HTTP/1.1" status: 200 len: 210 time: 0.0406241
Nov 10 16:27:15.085881 n-d-714676-11 neutron-server[103325]: DEBUG neutron_lib.callbacks.manager [None req-61738769-a957-487a-8a8b-7764e9eec4d1 tempest-ServersWithSpecificFlavorTestJSON-988086444 tempest-ServersWithSpecificFlavorTestJSON-988086444-project] Publish callbacks [] for floatingip, before_update {{(pid=103325) _notify_loop /usr/local/lib/python3.8/dist-packages/neutron_lib/callbacks/manager.py:175}}
Nov 10 16:27:15.093266 n-d-714676-11 neutron-server[103326]: DEBUG neutron.api.rpc.handlers.resources_rpc [None req-a5525820-fcb3-4451-a259-16fd1ec983f6 admin admin] Pushing event deleted for resources: {'SecurityGroup': ['ID=c281e3fd-9297-498d-9a31-0293262c9d7d,revision_number=None']} {{(pid=103326) push /opt/stack/neutron/neutron/api/rpc/handlers/resources_rpc.py:237}}
Nov 10 16:27:15.520547 n-d-714676-11 neutron-server[103325]: DEBUG neutron.pecan_wsgi.hooks.policy_enforcement [req-8f1f14ec-ac22-49e7-ab2c-13f10214d9c7 req-bd4f1869-3bb8-4ca3-9c8e-0e542aab980c tempest-ServersAdminNegativeTestJSON-2048608097 tempest-ServersAdminNegativeTestJSON-2048608097-project] Attributes excluded by policy engine: ['standard_attr_id', 'binding:profile', 'binding:host_id', 'binding:vif_type', 'binding:vif_details'] {{(pid=103325) _exclude_attributes_by_policy /opt/stack/neutron/neutron/pecan_wsgi/hooks/policy_enforcement.py:255}}
Nov 10 16:27:15.522022 n-d-714676-11 neutron-server[103325]: INFO neutron.wsgi [req-8f1f14ec-ac22-49e7-ab2c-13f10214d9c7 req-bd4f1869-3bb8-4ca3-9c8e-0e542aab980c tempest-ServersAdminNegativeTestJSON-2048608097 tempest-ServersAdminNegativeTestJSON-2048608097-project] 10.222.0.62 "GET /v2.0/ports?device_id=66b630bf-a784-4889-835f-4a239a983214 HTTP/1.1" status: 200 len: 950 time: 0.3312201
Nov 10 16:27:15.641452 n-d-714676-11 neutron-server[103325]: INFO neutron.wsgi [req-8f1f14ec-ac22-49e7-ab2c-13f10214d9c7 req-ed5975a6-960a-4f64-b6cf-dc42c1533ed8 tempest-ServersAdminNegativeTestJSON-2048608097 tempest-ServersAdminNegativeTestJSON-2048608097-project] 10.222.0.62 "GET /v2.0/security-groups?id=11e31f30-9a86-4d71-b047-a6f13e6c6096&fields=id&fields=name HTTP/1.1" status: 200 len: 286 time: 0.0882750
Nov 10 16:27:16.103517 n-d-714676-11 neutron-server[103325]: DEBUG neutron_lib.callbacks.manager [None req-61738769-a957-487a-8a8b-7764e9eec4d1 tempest-ServersWithSpecificFlavorTestJSON-988086444 tempest-ServersWithSpecificFlavorTestJSON-988086444-project] Publish callbacks [] for floatingip, precommit_update {{(pid=103325) _notify_loop /usr/local/lib/python3.8/dist-packages/neutron_lib/callbacks/manager.py:175}}
Nov 10 16:27:16.109554 n-d-714676-11 neutron-server[103326]: DEBUG neutron.pecan_wsgi.hooks.policy_enforcement [req-8e3f5f3d-4764-4fc2-bfb3-8092f76dc79b req-32c0212b-8ab6-45a7-9c46-3916d675535e tempest-TenantUsagesTestJSON-1602110270 tempest-TenantUsagesTestJSON-1602110270-project] Attributes excluded by policy engine: ['standard_attr_id', 'binding:profile', 'binding:host_id', 'binding:vif_type', 'binding:vif_details'] {{(pid=103326) _exclude_attributes_by_policy /opt/stack/neutron/neutron/pecan_wsgi/hooks/policy_enforcement.py:255}}
Nov 10 16:27:16.111616 n-d-714676-11 neutron-server[103326]: INFO neutron.wsgi [req-8e3f5f3d-4764-4fc2-bfb3-8092f76dc79b req-32c0212b-8ab6-45a7-9c46-3916d675535e tempest-TenantUsagesTestJSON-1602110270 tempest-TenantUsagesTestJSON-1602110270-project] 10.222.0.62 "GET /v2.0/ports?device_id=d409a623-bc4f-4d70-abb5-e8a02d8f7e10 HTTP/1.1" status: 200 len: 970 time: 0.0516753
Nov 10 16:27:16.116711 n-d-714676-11 neutron-server[103327]: DEBUG neutron.plugins.ml2.rpc [None req-4f76d25a-dc8e-4d10-bdfe-7cb7bf89167c None None] Device 0997d58c-032a-4280-812e-73c978c062b6 no longer exists at agent hyperv_n-h2-714676-11 {{(pid=103327) update_device_down /opt/stack/neutron/neutron/plugins/ml2/rpc.py:259}}
Nov 10 16:27:16.138585 n-d-714676-11 neutron-server[103327]: DEBUG neutron.plugins.ml2.plugin [None req-4f76d25a-dc8e-4d10-bdfe-7cb7bf89167c None None] No Port match for: 0997d58c-032a-4280-812e-73c978c062b6 {{(pid=103327) port_bound_to_host /opt/stack/neutron/neutron/plugins/ml2/plugin.py:2272}}
Nov 10 16:27:16.139830 n-d-714676-11 neutron-server[103327]: DEBUG neutron.plugins.ml2.rpc [None req-4f76d25a-dc8e-4d10-bdfe-7cb7bf89167c None None] Device 0997d58c-032a-4280-812e-73c978c062b6 not bound to the agent host n-h2-714676-11 {{(pid=103327) update_device_down /opt/stack/neutron/neutron/plugins/ml2/rpc.py:269}}
Nov 10 16:27:16.175973 n-d-714676-11 neutron-server[103326]: INFO neutron.wsgi [req-8969503a-dafc-405f-b06d-8695aa7bb717 req-32999386-6df7-4e89-b37f-85d9218d452e tempest-LiveMigrationNegativeTest-1445449512 tempest-LiveMigrationNegativeTest-1445449512-project] 10.222.0.18 "GET /v2.0/networks?tenant_id=18169baf829c4f06ada49579f911447a&shared=False HTTP/1.1" status: 200 len: 213 time: 0.0300372
Nov 10 16:27:16.199889 n-d-714676-11 neutron-server[103325]: INFO neutron.wsgi [req-87dbec9f-ef73-454d-baf4-48a36ee0c3b5 req-49d91ede-076d-4067-958e-e47d8f9bd914 tempest-LiveMigrationNegativeTest-1445449512 tempest-LiveMigrationNegativeTest-1445449512-project] 10.222.0.62 "GET /v2.0/ports?device_id=c172d9a6-f6de-4473-b3d4-a24364828c8b HTTP/1.1" status: 200 len: 210 time: 0.0308740
Nov 10 16:27:16.207779 n-d-714676-11 neutron-server[103325]: DEBUG neutron_lib.callbacks.manager [None req-61738769-a957-487a-8a8b-7764e9eec4d1 tempest-ServersWithSpecificFlavorTestJSON-988086444 tempest-ServersWithSpecificFlavorTestJSON-988086444-project] Publish callbacks ['neutron.services.l3_router.l3_router_plugin.DVRResourceOperationHandler._create_dvr_floating_gw_port-1974246'] for floatingip, after_update {{(pid=103325) _notify_loop /usr/local/lib/python3.8/dist-packages/neutron_lib/callbacks/manager.py:175}}
Nov 10 16:27:16.226736 n-d-714676-11 neutron-server[103326]: INFO neutron.wsgi [req-8e3f5f3d-4764-4fc2-bfb3-8092f76dc79b req-3fa797c7-b71f-406c-8f2e-c31754b80080 tempest-TenantUsagesTestJSON-1602110270 tempest-TenantUsagesTestJSON-1602110270-project] 10.222.0.62 "GET /v2.0/security-groups?id=d7da5a37-6e30-4e45-b752-454c7be53e62&fields=id&fields=name HTTP/1.1" status: 200 len: 286 time: 0.1026237
Nov 10 16:27:16.264567 n-d-714676-11 neutron-server[103325]: DEBUG neutron.wsgi [-] (103325) accepted ('10.222.0.62', 58286) {{(pid=103325) server /usr/local/lib/python3.8/dist-packages/eventlet/wsgi.py:982}}
