Nov 10 16:32:59.359248 n-d-714676-11 devstack@placement-api.service[103808]: DEBUG placement.objects.research_context [req-0c19600c-d9b0-4b85-907b-f0ae9169dba6 req-01462e11-399f-416b-b2ca-b1e72eb3333b service placement] found 2 providers after filtering by previous result {{(pid=103808) get_provider_ids_matching /opt/stack/placement/placement/objects/research_context.py:580}}
Nov 10 16:32:59.378193 n-d-714676-11 devstack@placement-api.service[103808]: DEBUG placement.objects.allocation_candidate [req-0c19600c-d9b0-4b85-907b-f0ae9169dba6 req-01462e11-399f-416b-b2ca-b1e72eb3333b service placement] RequestGroup(use_same_provider=False, resources={MEMORY_MB:1024, VCPU:1}, traits=[], aggregates=[]) (suffix '') returned 2 matches {{(pid=103808) _get_by_requests /opt/stack/placement/placement/objects/allocation_candidate.py:145}}
Nov 10 16:32:59.378602 n-d-714676-11 devstack@placement-api.service[103808]: DEBUG placement.objects.allocation_candidate [req-0c19600c-d9b0-4b85-907b-f0ae9169dba6 req-01462e11-399f-416b-b2ca-b1e72eb3333b service placement] Merging candidates yields 2 allocation requests and 2 provider summaries {{(pid=103808) _merge_candidates /opt/stack/placement/placement/objects/allocation_candidate.py:783}}
Nov 10 16:32:59.381706 n-d-714676-11 devstack@placement-api.service[103808]: INFO placement.requestlog [req-0c19600c-d9b0-4b85-907b-f0ae9169dba6 req-01462e11-399f-416b-b2ca-b1e72eb3333b service placement] 10.222.0.62 "GET /placement/allocation_candidates?limit=1000&resources=MEMORY_MB%3A1024%2CVCPU%3A1&root_required=%21COMPUTE_STATUS_DISABLED" status: 200 len: 1284 microversion: 1.36
Nov 10 16:32:59.382007 n-d-714676-11 devstack@placement-api.service[103808]: [pid: 103808|app: 0|req: 167/332] 10.222.0.62 () {60 vars in 1478 bytes} [Wed Nov 10 16:32:59 2021] GET /placement/allocation_candidates?limit=1000&resources=MEMORY_MB%3A1024%2CVCPU%3A1&root_required=%21COMPUTE_STATUS_DISABLED => generated 1284 bytes in 70 msecs (HTTP/1.1 200) 8 headers in 297 bytes (1 switches on core 0)
Nov 10 16:32:59.446209 n-d-714676-11 devstack@placement-api.service[103807]: DEBUG placement.requestlog [req-0c19600c-d9b0-4b85-907b-f0ae9169dba6 req-77ef311e-6a5d-4bc0-bc57-96e2bb2ef13d None None] Starting request: 10.222.0.62 "GET /placement/allocations/5f89627a-8480-447e-9d9f-cbc69128cd2e" {{(pid=103807) __call__ /opt/stack/placement/placement/requestlog.py:55}}
Nov 10 16:32:59.459727 n-d-714676-11 devstack@placement-api.service[103807]: INFO placement.requestlog [req-0c19600c-d9b0-4b85-907b-f0ae9169dba6 req-77ef311e-6a5d-4bc0-bc57-96e2bb2ef13d service placement] 10.222.0.62 "GET /placement/allocations/5f89627a-8480-447e-9d9f-cbc69128cd2e" status: 200 len: 19 microversion: 1.28
Nov 10 16:32:59.460164 n-d-714676-11 devstack@placement-api.service[103807]: [pid: 103807|app: 0|req: 166/333] 10.222.0.62 () {60 vars in 1380 bytes} [Wed Nov 10 16:32:59 2021] GET /placement/allocations/5f89627a-8480-447e-9d9f-cbc69128cd2e => generated 19 bytes in 14 msecs (HTTP/1.1 200) 8 headers in 295 bytes (1 switches on core 0)
Nov 10 16:32:59.467428 n-d-714676-11 devstack@placement-api.service[103808]: DEBUG placement.requestlog [req-0c19600c-d9b0-4b85-907b-f0ae9169dba6 req-3b6bcbc3-8b32-4d0f-a256-e1012e398fbb None None] Starting request: 10.222.0.62 "PUT /placement/allocations/5f89627a-8480-447e-9d9f-cbc69128cd2e" {{(pid=103808) __call__ /opt/stack/placement/placement/requestlog.py:55}}
Nov 10 16:32:59.604942 n-d-714676-11 devstack@placement-api.service[103808]: DEBUG placement.handlers.allocation [req-0c19600c-d9b0-4b85-907b-f0ae9169dba6 req-3b6bcbc3-8b32-4d0f-a256-e1012e398fbb service placement] Successfully wrote allocations [, ] {{(pid=103808) _update_consumers_and_create_allocations /opt/stack/placement/placement/handlers/allocation.py:462}}
Nov 10 16:32:59.738311 n-d-714676-11 devstack@placement-api.service[103808]: INFO placement.requestlog [req-0c19600c-d9b0-4b85-907b-f0ae9169dba6 req-3b6bcbc3-8b32-4d0f-a256-e1012e398fbb service placement] 10.222.0.62 "PUT /placement/allocations/5f89627a-8480-447e-9d9f-cbc69128cd2e" status: 204 len: 0 microversion: 1.36
Nov 10 16:32:59.738684 n-d-714676-11 devstack@placement-api.service[103808]: [pid: 103808|app: 0|req: 168/334] 10.222.0.62 () {64 vars in 1433 bytes} [Wed Nov 10 16:32:59 2021] PUT /placement/allocations/5f89627a-8480-447e-9d9f-cbc69128cd2e => generated 0 bytes in 272 msecs (HTTP/1.1 204) 5 headers in 199 bytes (2 switches on core 0)
Nov 10 16:33:00.916405 n-d-714676-11 devstack@placement-api.service[103807]: DEBUG placement.requestlog [req-0c19600c-d9b0-4b85-907b-f0ae9169dba6 req-24deb6d4-c58a-46c3-b242-080a67bda46a None None] Starting request: 10.222.0.69 "GET /placement/allocations/5f89627a-8480-447e-9d9f-cbc69128cd2e" {{(pid=103807) __call__ /opt/stack/placement/placement/requestlog.py:55}}
Nov 10 16:33:00.932303 n-d-714676-11 devstack@placement-api.service[103807]: INFO placement.requestlog [req-0c19600c-d9b0-4b85-907b-f0ae9169dba6 req-24deb6d4-c58a-46c3-b242-080a67bda46a service placement] 10.222.0.69 "GET /placement/allocations/5f89627a-8480-447e-9d9f-cbc69128cd2e" status: 200 len: 245 microversion: 1.28
Nov 10 16:33:00.932834 n-d-714676-11 devstack@placement-api.service[103807]: [pid: 103807|app: 0|req: 167/335] 10.222.0.69 () {60 vars in 1377 bytes} [Wed Nov 10 16:33:00 2021] GET /placement/allocations/5f89627a-8480-447e-9d9f-cbc69128cd2e => generated 245 bytes in 17 msecs (HTTP/1.1 200) 8 headers in 296 bytes (1 switches on core 0)
Nov 10 16:33:15.708646 n-d-714676-11 devstack@placement-api.service[103808]: DEBUG placement.requestlog [req-ca840079-a00f-4993-93e6-1be140edd1f6 req-0e0be128-af7b-4c0e-b207-1c32ae5a3825 None None] Starting request: 10.222.0.62 "GET /placement/allocation_candidates?resources=DISK_GB%3A1%2CMEMORY_MB%3A1024%2CVCPU%3A1&root_required=%21COMPUTE_STATUS_DISABLED" {{(pid=103808) __call__ /opt/stack/placement/placement/requestlog.py:55}}
Nov 10 16:33:15.763704 n-d-714676-11 devstack@placement-api.service[103808]: DEBUG placement.objects.research_context [req-ca840079-a00f-4993-93e6-1be140edd1f6 req-0e0be128-af7b-4c0e-b207-1c32ae5a3825 service placement] getting providers with 1 DISK_GB {{(pid=103808) __init__ /opt/stack/placement/placement/objects/research_context.py:126}}
Nov 10 16:33:15.796537 n-d-714676-11 devstack@placement-api.service[103808]: DEBUG placement.objects.research_context [req-ca840079-a00f-4993-93e6-1be140edd1f6 req-0e0be128-af7b-4c0e-b207-1c32ae5a3825 service placement] getting providers with 1024 MEMORY_MB {{(pid=103808) __init__ /opt/stack/placement/placement/objects/research_context.py:126}}
Nov 10 16:33:15.816276 n-d-714676-11 devstack@placement-api.service[103808]: DEBUG placement.objects.research_context [req-ca840079-a00f-4993-93e6-1be140edd1f6 req-0e0be128-af7b-4c0e-b207-1c32ae5a3825 service placement] getting providers with 1 VCPU {{(pid=103808) __init__ /opt/stack/placement/placement/objects/research_context.py:126}}
Nov 10 16:33:15.824772 n-d-714676-11 devstack@placement-api.service[103808]: DEBUG placement.objects.research_context [req-ca840079-a00f-4993-93e6-1be140edd1f6 req-0e0be128-af7b-4c0e-b207-1c32ae5a3825 service placement] found 2 providers with available 1 DISK_GB {{(pid=103808) get_provider_ids_matching /opt/stack/placement/placement/objects/research_context.py:549}}
Nov 10 16:33:15.825109 n-d-714676-11 devstack@placement-api.service[103808]: DEBUG placement.objects.research_context [req-ca840079-a00f-4993-93e6-1be140edd1f6 req-0e0be128-af7b-4c0e-b207-1c32ae5a3825 service placement] found 2 providers with available 1024 MEMORY_MB {{(pid=103808) get_provider_ids_matching /opt/stack/placement/placement/objects/research_context.py:549}}
Nov 10 16:33:15.825449 n-d-714676-11 devstack@placement-api.service[103808]: DEBUG placement.objects.research_context [req-ca840079-a00f-4993-93e6-1be140edd1f6 req-0e0be128-af7b-4c0e-b207-1c32ae5a3825 service placement] found 2 providers after filtering by previous result {{(pid=103808) get_provider_ids_matching /opt/stack/placement/placement/objects/research_context.py:580}}
Nov 10 16:33:15.825763 n-d-714676-11 devstack@placement-api.service[103808]: DEBUG placement.objects.research_context [req-ca840079-a00f-4993-93e6-1be140edd1f6 req-0e0be128-af7b-4c0e-b207-1c32ae5a3825 service placement] found 2 providers with available 1 VCPU {{(pid=103808) get_provider_ids_matching /opt/stack/placement/placement/objects/research_context.py:549}}
Nov 10 16:33:15.826200 n-d-714676-11 devstack@placement-api.service[103808]: DEBUG placement.objects.research_context [req-ca840079-a00f-4993-93e6-1be140edd1f6 req-0e0be128-af7b-4c0e-b207-1c32ae5a3825 service placement] found 2 providers after filtering by previous result {{(pid=103808) get_provider_ids_matching /opt/stack/placement/placement/objects/research_context.py:580}}
Nov 10 16:33:15.843802 n-d-714676-11 devstack@placement-api.service[103808]: DEBUG placement.objects.allocation_candidate [req-ca840079-a00f-4993-93e6-1be140edd1f6 req-0e0be128-af7b-4c0e-b207-1c32ae5a3825 service placement] RequestGroup(use_same_provider=False, resources={DISK_GB:1, MEMORY_MB:1024, VCPU:1}, traits=[], aggregates=[]) (suffix '') returned 2 matches {{(pid=103808) _get_by_requests /opt/stack/placement/placement/objects/allocation_candidate.py:145}}
Nov 10 16:33:15.844198 n-d-714676-11 devstack@placement-api.service[103808]: DEBUG placement.objects.allocation_candidate [req-ca840079-a00f-4993-93e6-1be140edd1f6 req-0e0be128-af7b-4c0e-b207-1c32ae5a3825 service placement] Merging candidates yields 2 allocation requests and 2 provider summaries {{(pid=103808) _merge_candidates /opt/stack/placement/placement/objects/allocation_candidate.py:783}}
Nov 10 16:33:15.846780 n-d-714676-11 devstack@placement-api.service[103808]: INFO placement.requestlog [req-ca840079-a00f-4993-93e6-1be140edd1f6 req-0e0be128-af7b-4c0e-b207-1c32ae5a3825 service placement] 10.222.0.62 "GET /placement/allocation_candidates?resources=DISK_GB%3A1%2CMEMORY_MB%3A1024%2CVCPU%3A1&root_required=%21COMPUTE_STATUS_DISABLED" status: 200 len: 1312 microversion: 1.36
Nov 10 16:33:15.847362 n-d-714676-11 devstack@placement-api.service[103808]: [pid: 103808|app: 0|req: 169/336] 10.222.0.62 () {60 vars in 1484 bytes} [Wed Nov 10 16:33:15 2021] GET /placement/allocation_candidates?resources=DISK_GB%3A1%2CMEMORY_MB%3A1024%2CVCPU%3A1&root_required=%21COMPUTE_STATUS_DISABLED => generated 1312 bytes in 139 msecs (HTTP/1.1 200) 8 headers in 297 bytes (1 switches on core 0)
Nov 10 16:33:15.918955 n-d-714676-11 devstack@placement-api.service[103807]: DEBUG placement.requestlog [req-ca840079-a00f-4993-93e6-1be140edd1f6 req-9df24c96-bdb2-4b73-9b2c-c5a63f686e87 None None] Starting request: 10.222.0.62 "GET /placement/allocations/10859025-ab63-4bd0-b674-3e5f76012514" {{(pid=103807) __call__ /opt/stack/placement/placement/requestlog.py:55}}
Nov 10 16:33:15.932422 n-d-714676-11 devstack@placement-api.service[103807]: INFO placement.requestlog [req-ca840079-a00f-4993-93e6-1be140edd1f6 req-9df24c96-bdb2-4b73-9b2c-c5a63f686e87 service placement] 10.222.0.62 "GET /placement/allocations/10859025-ab63-4bd0-b674-3e5f76012514" status: 200 len: 19 microversion: 1.28
Nov 10 16:33:15.933012 n-d-714676-11 devstack@placement-api.service[103807]: [pid: 103807|app: 0|req: 168/337] 10.222.0.62 () {60 vars in 1380 bytes} [Wed Nov 10 16:33:15 2021] GET /placement/allocations/10859025-ab63-4bd0-b674-3e5f76012514 => generated 19 bytes in 14 msecs (HTTP/1.1 200) 8 headers in 295 bytes (1 switches on core 0)
Nov 10 16:33:15.940978 n-d-714676-11 devstack@placement-api.service[103808]: DEBUG placement.requestlog [req-ca840079-a00f-4993-93e6-1be140edd1f6 req-6338f885-4bb0-4cba-981d-5fc7188fc509 None None] Starting request: 10.222.0.62 "PUT /placement/allocations/10859025-ab63-4bd0-b674-3e5f76012514" {{(pid=103808) __call__ /opt/stack/placement/placement/requestlog.py:55}}
Nov 10 16:33:16.088216 n-d-714676-11 devstack@placement-api.service[103808]: DEBUG placement.handlers.allocation [req-ca840079-a00f-4993-93e6-1be140edd1f6 req-6338f885-4bb0-4cba-981d-5fc7188fc509 service placement] Successfully wrote allocations [, , ] {{(pid=103808) _update_consumers_and_create_allocations /opt/stack/placement/placement/handlers/allocation.py:462}}
Nov 10 16:33:16.119211 n-d-714676-11 devstack@placement-api.service[103807]: DEBUG placement.requestlog [req-1e8abd11-7c90-4ff8-a614-1815c1fc370a req-ff33ef94-a90e-465e-8679-5ed2cb1a9a9e None None] Starting request: 10.222.0.18 "GET /placement/resource_providers/9c30f78c-dbed-4795-826a-e88770185dfb/allocations" {{(pid=103807) __call__ /opt/stack/placement/placement/requestlog.py:55}}
Nov 10 16:33:16.149971 n-d-714676-11 devstack@placement-api.service[103807]: INFO placement.requestlog [req-1e8abd11-7c90-4ff8-a614-1815c1fc370a req-ff33ef94-a90e-465e-8679-5ed2cb1a9a9e service placement] 10.222.0.18 "GET /placement/resource_providers/9c30f78c-dbed-4795-826a-e88770185dfb/allocations" status: 200 len: 746 microversion: 1.0
Nov 10 16:33:16.150720 n-d-714676-11 devstack@placement-api.service[103807]: [pid: 103807|app: 0|req: 169/338] 10.222.0.18 () {58 vars in 1390 bytes} [Wed Nov 10 16:33:16 2021] GET /placement/resource_providers/9c30f78c-dbed-4795-826a-e88770185dfb/allocations => generated 746 bytes in 32 msecs (HTTP/1.1 200) 6 headers in 224 bytes (1 switches on core 0)
Nov 10 16:33:16.194587 n-d-714676-11 devstack@placement-api.service[103808]: INFO placement.requestlog [req-ca840079-a00f-4993-93e6-1be140edd1f6 req-6338f885-4bb0-4cba-981d-5fc7188fc509 service placement] 10.222.0.62 "PUT /placement/allocations/10859025-ab63-4bd0-b674-3e5f76012514" status: 204 len: 0 microversion: 1.36
Nov 10 16:33:16.197290 n-d-714676-11 devstack@placement-api.service[103808]: [pid: 103808|app: 0|req: 170/339] 10.222.0.62 () {64 vars in 1433 bytes} [Wed Nov 10 16:33:15 2021] PUT /placement/allocations/10859025-ab63-4bd0-b674-3e5f76012514 => generated 0 bytes in 256 msecs (HTTP/1.1 204) 5 headers in 199 bytes (1 switches on core 0)
Nov 10 16:33:17.391094 n-d-714676-11 devstack@placement-api.service[103807]: DEBUG placement.requestlog [req-ca840079-a00f-4993-93e6-1be140edd1f6 req-8407f233-0c9c-4e1e-8973-90b986554219 None None] Starting request: 10.222.0.18 "GET /placement/allocations/10859025-ab63-4bd0-b674-3e5f76012514" {{(pid=103807) __call__ /opt/stack/placement/placement/requestlog.py:55}}
Nov 10 16:33:17.417790 n-d-714676-11 devstack@placement-api.service[103807]: INFO placement.requestlog [req-ca840079-a00f-4993-93e6-1be140edd1f6 req-8407f233-0c9c-4e1e-8973-90b986554219 service placement] 10.222.0.18 "GET /placement/allocations/10859025-ab63-4bd0-b674-3e5f76012514" status: 200 len: 259 microversion: 1.28
Nov 10 16:33:17.418472 n-d-714676-11 devstack@placement-api.service[103807]: [pid: 103807|app: 0|req: 170/340] 10.222.0.18 () {60 vars in 1377 bytes} [Wed Nov 10 16:33:17 2021] GET /placement/allocations/10859025-ab63-4bd0-b674-3e5f76012514 => generated 259 bytes in 28 msecs (HTTP/1.1 200) 8 headers in 296 bytes (2 switches on core 0)
Nov 10 16:33:17.685384 n-d-714676-11 devstack@placement-api.service[103808]: DEBUG placement.requestlog [req-7e05d0cf-38aa-4a0d-941c-721dfce3a0eb req-9f23ec08-2ed7-4612-80ed-e896ea76fdd7 None None] Starting request: 10.222.0.69 "GET /placement/resource_providers/5b0f1efb-093f-49d0-a8b7-57313b3c307e/allocations" {{(pid=103808) __call__ /opt/stack/placement/placement/requestlog.py:55}}
Nov 10 16:33:17.727263 n-d-714676-11 devstack@placement-api.service[103808]: INFO placement.requestlog [req-7e05d0cf-38aa-4a0d-941c-721dfce3a0eb req-9f23ec08-2ed7-4612-80ed-e896ea76fdd7 service placement] 10.222.0.69 "GET /placement/resource_providers/5b0f1efb-093f-49d0-a8b7-57313b3c307e/allocations" status: 200 len: 1251 microversion: 1.0
Nov 10 16:33:17.728078 n-d-714676-11 devstack@placement-api.service[103808]: [pid: 103808|app: 0|req: 171/341] 10.222.0.69 () {58 vars in 1390 bytes} [Wed Nov 10 16:33:17 2021] GET /placement/resource_providers/5b0f1efb-093f-49d0-a8b7-57313b3c307e/allocations => generated 1251 bytes in 43 msecs (HTTP/1.1 200) 6 headers in 225 bytes (1 switches on core 0)
Nov 10 16:33:37.425783 n-d-714676-11 devstack@placement-api.service[103807]: DEBUG placement.requestlog [req-28bebf5b-acc6-4ce5-b5d6-4b39f6c0c3ba req-efec9e55-b617-4c6c-bd91-3dc4572c1c4e None None] Starting request: 10.222.0.18 "DELETE /placement/allocations/10859025-ab63-4bd0-b674-3e5f76012514" {{(pid=103807) __call__ /opt/stack/placement/placement/requestlog.py:55}}
Nov 10 16:33:37.713182 n-d-714676-11 devstack@placement-api.service[103807]: DEBUG placement.handlers.allocation [req-28bebf5b-acc6-4ce5-b5d6-4b39f6c0c3ba req-efec9e55-b617-4c6c-bd91-3dc4572c1c4e service placement] Successfully deleted allocations [, , ] {{(pid=103807) delete_allocations /opt/stack/placement/placement/handlers/allocation.py:627}}
Nov 10 16:33:37.713720 n-d-714676-11 devstack@placement-api.service[103807]: INFO placement.requestlog [req-28bebf5b-acc6-4ce5-b5d6-4b39f6c0c3ba req-efec9e55-b617-4c6c-bd91-3dc4572c1c4e service placement] 10.222.0.18 "DELETE /placement/allocations/10859025-ab63-4bd0-b674-3e5f76012514" status: 204 len: 0 microversion: 1.0
Nov 10 16:33:37.714204 n-d-714676-11 devstack@placement-api.service[103807]: [pid: 103807|app: 0|req: 171/342] 10.222.0.18 () {60 vars in 1355 bytes} [Wed Nov 10 16:33:37 2021] DELETE /placement/allocations/10859025-ab63-4bd0-b674-3e5f76012514 => generated 0 bytes in 289 msecs (HTTP/1.1 204) 5 headers in 198 bytes (1 switches on core 0)
Nov 10 16:33:37.984966 n-d-714676-11 devstack@placement-api.service[103808]: DEBUG placement.requestlog [req-84111c90-f9ca-4a59-bbf6-308790d79428 req-9f21065a-a23f-4063-aacc-d5c8a7569891 None None] Starting request: 10.222.0.18 "DELETE /placement/allocations/d339e5f8-6fbc-4aa1-a273-beb89a501f01" {{(pid=103808) __call__ /opt/stack/placement/placement/requestlog.py:55}}
Nov 10 16:33:38.234242 n-d-714676-11 devstack@placement-api.service[103808]: DEBUG placement.handlers.allocation [req-84111c90-f9ca-4a59-bbf6-308790d79428 req-9f21065a-a23f-4063-aacc-d5c8a7569891 service placement] Successfully deleted allocations [, , ] {{(pid=103808) delete_allocations /opt/stack/placement/placement/handlers/allocation.py:627}}
Nov 10 16:33:38.234736 n-d-714676-11 devstack@placement-api.service[103808]: INFO placement.requestlog [req-84111c90-f9ca-4a59-bbf6-308790d79428 req-9f21065a-a23f-4063-aacc-d5c8a7569891 service placement] 10.222.0.18 "DELETE /placement/allocations/d339e5f8-6fbc-4aa1-a273-beb89a501f01" status: 204 len: 0 microversion: 1.0
Nov 10 16:33:38.235062 n-d-714676-11 devstack@placement-api.service[103808]: [pid: 103808|app: 0|req: 172/343] 10.222.0.18 () {60 vars in 1355 bytes} [Wed Nov 10 16:33:37 2021] DELETE /placement/allocations/d339e5f8-6fbc-4aa1-a273-beb89a501f01 => generated 0 bytes in 251 msecs (HTTP/1.1 204) 5 headers in 198 bytes (1 switches on core 0)
Nov 10 16:33:38.459900 n-d-714676-11 devstack@placement-api.service[103807]: DEBUG placement.requestlog [req-1bf01fb3-8b96-431b-8ee0-d024ec1ee3f6 req-f19293fd-1c63-4183-8449-af741a402e7a None None] Starting request: 10.222.0.62 "GET /placement/allocation_candidates?limit=1000&resources=DISK_GB%3A1%2CMEMORY_MB%3A1024%2CVCPU%3A1&root_required=%21COMPUTE_STATUS_DISABLED" {{(pid=103807) __call__ /opt/stack/placement/placement/requestlog.py:55}}
Nov 10 16:33:38.512214 n-d-714676-11 devstack@placement-api.service[103807]: DEBUG placement.objects.research_context [req-1bf01fb3-8b96-431b-8ee0-d024ec1ee3f6 req-f19293fd-1c63-4183-8449-af741a402e7a service placement] getting providers with 1 DISK_GB {{(pid=103807) __init__ /opt/stack/placement/placement/objects/research_context.py:126}}
Nov 10 16:33:38.519684 n-d-714676-11 devstack@placement-api.service[103807]: DEBUG placement.objects.research_context [req-1bf01fb3-8b96-431b-8ee0-d024ec1ee3f6 req-f19293fd-1c63-4183-8449-af741a402e7a service placement] getting providers with 1024 MEMORY_MB {{(pid=103807) __init__ /opt/stack/placement/placement/objects/research_context.py:126}}
Nov 10 16:33:38.536663 n-d-714676-11 devstack@placement-api.service[103807]: DEBUG placement.objects.research_context [req-1bf01fb3-8b96-431b-8ee0-d024ec1ee3f6 req-f19293fd-1c63-4183-8449-af741a402e7a service placement] getting providers with 1 VCPU {{(pid=103807) __init__ /opt/stack/placement/placement/objects/research_context.py:126}}
Nov 10 16:33:38.549500 n-d-714676-11 devstack@placement-api.service[103807]: DEBUG placement.objects.research_context [req-1bf01fb3-8b96-431b-8ee0-d024ec1ee3f6 req-f19293fd-1c63-4183-8449-af741a402e7a service placement] found 2 providers with available 1 DISK_GB {{(pid=103807) get_provider_ids_matching /opt/stack/placement/placement/objects/research_context.py:549}}
Nov 10 16:33:38.549920 n-d-714676-11 devstack@placement-api.service[103807]: DEBUG placement.objects.research_context [req-1bf01fb3-8b96-431b-8ee0-d024ec1ee3f6 req-f19293fd-1c63-4183-8449-af741a402e7a service placement] found 2 providers with available 1024 MEMORY_MB {{(pid=103807) get_provider_ids_matching /opt/stack/placement/placement/objects/research_context.py:549}}
Nov 10 16:33:38.550297 n-d-714676-11 devstack@placement-api.service[103807]: DEBUG placement.objects.research_context [req-1bf01fb3-8b96-431b-8ee0-d024ec1ee3f6 req-f19293fd-1c63-4183-8449-af741a402e7a service placement] found 2 providers after filtering by previous result {{(pid=103807) get_provider_ids_matching /opt/stack/placement/placement/objects/research_context.py:580}}
Nov 10 16:33:38.550960 n-d-714676-11 devstack@placement-api.service[103807]: DEBUG placement.objects.research_context [req-1bf01fb3-8b96-431b-8ee0-d024ec1ee3f6 req-f19293fd-1c63-4183-8449-af741a402e7a service placement] found 2 providers with available 1 VCPU {{(pid=103807) get_provider_ids_matching /opt/stack/placement/placement/objects/research_context.py:549}}
Nov 10 16:33:38.551604 n-d-714676-11 devstack@placement-api.service[103807]: DEBUG placement.objects.research_context [req-1bf01fb3-8b96-431b-8ee0-d024ec1ee3f6 req-f19293fd-1c63-4183-8449-af741a402e7a service placement] found 2 providers after filtering by previous result {{(pid=103807) get_provider_ids_matching /opt/stack/placement/placement/objects/research_context.py:580}}
Nov 10 16:33:38.563296 n-d-714676-11 devstack@placement-api.service[103807]: DEBUG placement.objects.allocation_candidate [req-1bf01fb3-8b96-431b-8ee0-d024ec1ee3f6 req-f19293fd-1c63-4183-8449-af741a402e7a service placement] RequestGroup(use_same_provider=False, resources={DISK_GB:1, MEMORY_MB:1024, VCPU:1}, traits=[], aggregates=[]) (suffix '') returned 2 matches {{(pid=103807) _get_by_requests /opt/stack/placement/placement/objects/allocation_candidate.py:145}}
Nov 10 16:33:38.564300 n-d-714676-11 devstack@placement-api.service[103807]: DEBUG placement.objects.allocation_candidate [req-1bf01fb3-8b96-431b-8ee0-d024ec1ee3f6 req-f19293fd-1c63-4183-8449-af741a402e7a service placement] Merging candidates yields 2 allocation requests and 2 provider summaries {{(pid=103807) _merge_candidates /opt/stack/placement/placement/objects/allocation_candidate.py:783}}
Nov 10 16:33:38.565896 n-d-714676-11 devstack@placement-api.service[103807]: INFO placement.requestlog [req-1bf01fb3-8b96-431b-8ee0-d024ec1ee3f6 req-f19293fd-1c63-4183-8449-af741a402e7a service placement] 10.222.0.62 "GET /placement/allocation_candidates?limit=1000&resources=DISK_GB%3A1%2CMEMORY_MB%3A1024%2CVCPU%3A1&root_required=%21COMPUTE_STATUS_DISABLED" status: 200 len: 1312 microversion: 1.36
Nov 10 16:33:38.566344 n-d-714676-11 devstack@placement-api.service[103807]: [pid: 103807|app: 0|req: 172/344] 10.222.0.62 () {60 vars in 1506 bytes} [Wed Nov 10 16:33:38 2021] GET /placement/allocation_candidates?limit=1000&resources=DISK_GB%3A1%2CMEMORY_MB%3A1024%2CVCPU%3A1&root_required=%21COMPUTE_STATUS_DISABLED => generated 1312 bytes in 107 msecs (HTTP/1.1 200) 8 headers in 297 bytes (1 switches on core 0)
Nov 10 16:33:38.618535 n-d-714676-11 devstack@placement-api.service[103808]: DEBUG placement.requestlog [req-1bf01fb3-8b96-431b-8ee0-d024ec1ee3f6 req-e0114e9d-5b71-4f6a-b267-87214ff51188 None None] Starting request: 10.222.0.62 "GET /placement/allocations/67323032-bceb-4eb0-9fdf-0b9d53a77278" {{(pid=103808) __call__ /opt/stack/placement/placement/requestlog.py:55}}
Nov 10 16:33:38.632361 n-d-714676-11 devstack@placement-api.service[103808]: INFO placement.requestlog [req-1bf01fb3-8b96-431b-8ee0-d024ec1ee3f6 req-e0114e9d-5b71-4f6a-b267-87214ff51188 service placement] 10.222.0.62 "GET /placement/allocations/67323032-bceb-4eb0-9fdf-0b9d53a77278" status: 200 len: 19 microversion: 1.28
Nov 10 16:33:38.632791 n-d-714676-11 devstack@placement-api.service[103808]: [pid: 103808|app: 0|req: 173/345] 10.222.0.62 () {60 vars in 1380 bytes} [Wed Nov 10 16:33:38 2021] GET /placement/allocations/67323032-bceb-4eb0-9fdf-0b9d53a77278 => generated 19 bytes in 14 msecs (HTTP/1.1 200) 8 headers in 295 bytes (1 switches on core 0)
Nov 10 16:33:38.638896 n-d-714676-11 devstack@placement-api.service[103807]: DEBUG placement.requestlog [req-1bf01fb3-8b96-431b-8ee0-d024ec1ee3f6 req-8042ba3a-9eaf-4e60-9c92-1c8a14b77719 None None] Starting request: 10.222.0.62 "PUT /placement/allocations/67323032-bceb-4eb0-9fdf-0b9d53a77278" {{(pid=103807) __call__ /opt/stack/placement/placement/requestlog.py:55}}
Nov 10 16:33:38.757409 n-d-714676-11 devstack@placement-api.service[103807]: DEBUG placement.handlers.allocation [req-1bf01fb3-8b96-431b-8ee0-d024ec1ee3f6 req-8042ba3a-9eaf-4e60-9c92-1c8a14b77719 service placement] Successfully wrote allocations [, , ] {{(pid=103807) _update_consumers_and_create_allocations /opt/stack/placement/placement/handlers/allocation.py:462}}
Nov 10 16:33:38.810813 n-d-714676-11 devstack@placement-api.service[103807]: INFO placement.requestlog [req-1bf01fb3-8b96-431b-8ee0-d024ec1ee3f6 req-8042ba3a-9eaf-4e60-9c92-1c8a14b77719 service placement] 10.222.0.62 "PUT /placement/allocations/67323032-bceb-4eb0-9fdf-0b9d53a77278" status: 204 len: 0 microversion: 1.36
Nov 10 16:33:38.818728 n-d-714676-11 devstack@placement-api.service[103807]: [pid: 103807|app: 0|req: 173/346] 10.222.0.62 () {64 vars in 1433 bytes} [Wed Nov 10 16:33:38 2021] PUT /placement/allocations/67323032-bceb-4eb0-9fdf-0b9d53a77278 => generated 0 bytes in 173 msecs (HTTP/1.1 204) 5 headers in 199 bytes (2 switches on core 0)
Nov 10 16:33:39.480796 n-d-714676-11 devstack@placement-api.service[103808]: DEBUG placement.requestlog [req-46d13423-5301-44fd-8301-eb66068d1964 req-7e8e21ba-6c8d-4647-878d-6adf82344119 None None] Starting request: 10.222.0.62 "GET /placement/allocation_candidates?limit=1000&resources=MEMORY_MB%3A1024%2CVCPU%3A1&root_required=%21COMPUTE_STATUS_DISABLED" {{(pid=103808) __call__ /opt/stack/placement/placement/requestlog.py:55}}
Nov 10 16:33:39.516484 n-d-714676-11 devstack@placement-api.service[103808]: DEBUG placement.objects.research_context [req-46d13423-5301-44fd-8301-eb66068d1964 req-7e8e21ba-6c8d-4647-878d-6adf82344119 service placement] getting providers with 1024 MEMORY_MB {{(pid=103808) __init__ /opt/stack/placement/placement/objects/research_context.py:126}}
Nov 10 16:33:39.523362 n-d-714676-11 devstack@placement-api.service[103808]: DEBUG placement.objects.research_context [req-46d13423-5301-44fd-8301-eb66068d1964 req-7e8e21ba-6c8d-4647-878d-6adf82344119 service placement] getting providers with 1 VCPU {{(pid=103808) __init__ /opt/stack/placement/placement/objects/research_context.py:126}}
Nov 10 16:33:39.530030 n-d-714676-11 devstack@placement-api.service[103808]: DEBUG placement.objects.research_context [req-46d13423-5301-44fd-8301-eb66068d1964 req-7e8e21ba-6c8d-4647-878d-6adf82344119 service placement] found 2 providers with available 1024 MEMORY_MB {{(pid=103808) get_provider_ids_matching /opt/stack/placement/placement/objects/research_context.py:549}}
Nov 10 16:33:39.531616 n-d-714676-11 devstack@placement-api.service[103808]: DEBUG placement.objects.research_context [req-46d13423-5301-44fd-8301-eb66068d1964 req-7e8e21ba-6c8d-4647-878d-6adf82344119 service placement] found 2 providers with available 1 VCPU {{(pid=103808) get_provider_ids_matching /opt/stack/placement/placement/objects/research_context.py:549}}
Nov 10 16:33:39.531919 n-d-714676-11 devstack@placement-api.service[103808]: DEBUG placement.objects.research_context [req-46d13423-5301-44fd-8301-eb66068d1964 req-7e8e21ba-6c8d-4647-878d-6adf82344119 service placement] found 2 providers after filtering by previous result {{(pid=103808) get_provider_ids_matching /opt/stack/placement/placement/objects/research_context.py:580}}
Nov 10 16:33:39.544681 n-d-714676-11 devstack@placement-api.service[103808]: DEBUG placement.objects.allocation_candidate [req-46d13423-5301-44fd-8301-eb66068d1964 req-7e8e21ba-6c8d-4647-878d-6adf82344119 service placement] RequestGroup(use_same_provider=False, resources={MEMORY_MB:1024, VCPU:1}, traits=[], aggregates=[]) (suffix '') returned 2 matches {{(pid=103808) _get_by_requests /opt/stack/placement/placement/objects/allocation_candidate.py:145}}
Nov 10 16:33:39.545087 n-d-714676-11 devstack@placement-api.service[103808]: DEBUG placement.objects.allocation_candidate [req-46d13423-5301-44fd-8301-eb66068d1964 req-7e8e21ba-6c8d-4647-878d-6adf82344119 service placement] Merging candidates yields 2 allocation requests and 2 provider summaries {{(pid=103808) _merge_candidates /opt/stack/placement/placement/objects/allocation_candidate.py:783}}
Nov 10 16:33:39.546847 n-d-714676-11 devstack@placement-api.service[103808]: INFO placement.requestlog [req-46d13423-5301-44fd-8301-eb66068d1964 req-7e8e21ba-6c8d-4647-878d-6adf82344119 service placement] 10.222.0.62 "GET /placement/allocation_candidates?limit=1000&resources=MEMORY_MB%3A1024%2CVCPU%3A1&root_required=%21COMPUTE_STATUS_DISABLED" status: 200 len: 1284 microversion: 1.36
Nov 10 16:33:39.547078 n-d-714676-11 devstack@placement-api.service[103808]: [pid: 103808|app: 0|req: 174/347] 10.222.0.62 () {60 vars in 1478 bytes} [Wed Nov 10 16:33:39 2021] GET /placement/allocation_candidates?limit=1000&resources=MEMORY_MB%3A1024%2CVCPU%3A1&root_required=%21COMPUTE_STATUS_DISABLED => generated 1284 bytes in 67 msecs (HTTP/1.1 200) 8 headers in 297 bytes (1 switches on core 0)
Nov 10 16:33:39.596039 n-d-714676-11 devstack@placement-api.service[103807]: DEBUG placement.requestlog [req-46d13423-5301-44fd-8301-eb66068d1964 req-b6a592af-1742-4802-9428-ab971c21197d None None] Starting request: 10.222.0.62 "GET /placement/allocations/3d91fccc-da76-4253-96d1-3ef350aa1402" {{(pid=103807) __call__ /opt/stack/placement/placement/requestlog.py:55}}
Nov 10 16:33:39.608051 n-d-714676-11 devstack@placement-api.service[103807]: INFO placement.requestlog [req-46d13423-5301-44fd-8301-eb66068d1964 req-b6a592af-1742-4802-9428-ab971c21197d service placement] 10.222.0.62 "GET /placement/allocations/3d91fccc-da76-4253-96d1-3ef350aa1402" status: 200 len: 19 microversion: 1.28
Nov 10 16:33:39.608550 n-d-714676-11 devstack@placement-api.service[103807]: [pid: 103807|app: 0|req: 174/348] 10.222.0.62 () {60 vars in 1380 bytes} [Wed Nov 10 16:33:39 2021] GET /placement/allocations/3d91fccc-da76-4253-96d1-3ef350aa1402 => generated 19 bytes in 13 msecs (HTTP/1.1 200) 8 headers in 295 bytes (2 switches on core 0)
Nov 10 16:33:39.616069 n-d-714676-11 devstack@placement-api.service[103808]: DEBUG placement.requestlog [req-46d13423-5301-44fd-8301-eb66068d1964 req-f8d93ac0-d78e-4eec-8185-aeb5e0ec9805 None None] Starting request: 10.222.0.62 "PUT /placement/allocations/3d91fccc-da76-4253-96d1-3ef350aa1402" {{(pid=103808) __call__ /opt/stack/placement/placement/requestlog.py:55}}
Nov 10 16:33:39.848998 n-d-714676-11 devstack@placement-api.service[103808]: DEBUG placement.handlers.allocation [req-46d13423-5301-44fd-8301-eb66068d1964 req-f8d93ac0-d78e-4eec-8185-aeb5e0ec9805 service placement] Successfully wrote allocations [, ] {{(pid=103808) _update_consumers_and_create_allocations /opt/stack/placement/placement/handlers/allocation.py:462}}
Nov 10 16:33:39.866563 n-d-714676-11 devstack@placement-api.service[103807]: DEBUG placement.requestlog [req-1bf01fb3-8b96-431b-8ee0-d024ec1ee3f6 req-769691a5-d401-4f1c-a8e2-889b3920325b None None] Starting request: 10.222.0.18 "GET /placement/allocations/67323032-bceb-4eb0-9fdf-0b9d53a77278" {{(pid=103807) __call__ /opt/stack/placement/placement/requestlog.py:55}}
Nov 10 16:33:39.882505 n-d-714676-11 devstack@placement-api.service[103807]: INFO placement.requestlog [req-1bf01fb3-8b96-431b-8ee0-d024ec1ee3f6 req-769691a5-d401-4f1c-a8e2-889b3920325b service placement] 10.222.0.18 "GET /placement/allocations/67323032-bceb-4eb0-9fdf-0b9d53a77278" status: 200 len: 259 microversion: 1.28
Nov 10 16:33:39.882839 n-d-714676-11 devstack@placement-api.service[103807]: [pid: 103807|app: 0|req: 175/349] 10.222.0.18 () {60 vars in 1377 bytes} [Wed Nov 10 16:33:39 2021] GET /placement/allocations/67323032-bceb-4eb0-9fdf-0b9d53a77278 => generated 259 bytes in 17 msecs (HTTP/1.1 200) 8 headers in 296 bytes (2 switches on core 0)
Nov 10 16:33:39.965434 n-d-714676-11 devstack@placement-api.service[103808]: INFO placement.requestlog [req-46d13423-5301-44fd-8301-eb66068d1964 req-f8d93ac0-d78e-4eec-8185-aeb5e0ec9805 service placement] 10.222.0.62 "PUT /placement/allocations/3d91fccc-da76-4253-96d1-3ef350aa1402" status: 204 len: 0 microversion: 1.36
Nov 10 16:33:39.965789 n-d-714676-11 devstack@placement-api.service[103808]: [pid: 103808|app: 0|req: 175/350] 10.222.0.62 () {64 vars in 1433 bytes} [Wed Nov 10 16:33:39 2021] PUT /placement/allocations/3d91fccc-da76-4253-96d1-3ef350aa1402 => generated 0 bytes in 350 msecs (HTTP/1.1 204) 5 headers in 199 bytes (1 switches on core 0)
Nov 10 16:33:40.941640 n-d-714676-11 devstack@placement-api.service[103807]: DEBUG placement.requestlog [req-46d13423-5301-44fd-8301-eb66068d1964 req-2b8bb8a1-5d4a-459f-bcb4-f9561087f9f5 None None] Starting request: 10.222.0.18 "GET /placement/allocations/3d91fccc-da76-4253-96d1-3ef350aa1402" {{(pid=103807) __call__ /opt/stack/placement/placement/requestlog.py:55}}
Nov 10 16:33:40.958895 n-d-714676-11 devstack@placement-api.service[103807]: INFO placement.requestlog [req-46d13423-5301-44fd-8301-eb66068d1964 req-2b8bb8a1-5d4a-459f-bcb4-f9561087f9f5 service placement] 10.222.0.18 "GET /placement/allocations/3d91fccc-da76-4253-96d1-3ef350aa1402" status: 200 len: 245 microversion: 1.28
Nov 10 16:33:40.959765 n-d-714676-11 devstack@placement-api.service[103807]: [pid: 103807|app: 0|req: 176/351] 10.222.0.18 () {60 vars in 1377 bytes} [Wed Nov 10 16:33:40 2021] GET /placement/allocations/3d91fccc-da76-4253-96d1-3ef350aa1402 => generated 245 bytes in 18 msecs (HTTP/1.1 200) 8 headers in 296 bytes (2 switches on core 0)
Nov 10 16:33:41.201242 n-d-714676-11 devstack@placement-api.service[103808]: DEBUG placement.requestlog [req-a3a40ae8-807c-4098-8da0-cc2abfa28495 req-0203bc73-4751-4e9b-9654-cde7f8cc77d4 None None] Starting request: 10.222.0.62 "GET /placement/allocation_candidates?limit=1000&resources=DISK_GB%3A1%2CMEMORY_MB%3A1024%2CVCPU%3A1&root_required=%21COMPUTE_STATUS_DISABLED" {{(pid=103808) __call__ /opt/stack/placement/placement/requestlog.py:55}}
Nov 10 16:33:41.259246 n-d-714676-11 devstack@placement-api.service[103808]: DEBUG placement.objects.research_context [req-a3a40ae8-807c-4098-8da0-cc2abfa28495 req-0203bc73-4751-4e9b-9654-cde7f8cc77d4 service placement] getting providers with 1 DISK_GB {{(pid=103808) __init__ /opt/stack/placement/placement/objects/research_context.py:126}}
Nov 10 16:33:41.268131 n-d-714676-11 devstack@placement-api.service[103808]: DEBUG placement.objects.research_context [req-a3a40ae8-807c-4098-8da0-cc2abfa28495 req-0203bc73-4751-4e9b-9654-cde7f8cc77d4 service placement] getting providers with 1024 MEMORY_MB {{(pid=103808) __init__ /opt/stack/placement/placement/objects/research_context.py:126}}
Nov 10 16:33:41.275111 n-d-714676-11 devstack@placement-api.service[103808]: DEBUG placement.objects.research_context [req-a3a40ae8-807c-4098-8da0-cc2abfa28495 req-0203bc73-4751-4e9b-9654-cde7f8cc77d4 service placement] getting providers with 1 VCPU {{(pid=103808) __init__ /opt/stack/placement/placement/objects/research_context.py:126}}
Nov 10 16:33:41.282980 n-d-714676-11 devstack@placement-api.service[103808]: DEBUG placement.objects.research_context [req-a3a40ae8-807c-4098-8da0-cc2abfa28495 req-0203bc73-4751-4e9b-9654-cde7f8cc77d4 service placement] found 2 providers with available 1 DISK_GB {{(pid=103808) get_provider_ids_matching /opt/stack/placement/placement/objects/research_context.py:549}}
Nov 10 16:33:41.283518 n-d-714676-11 devstack@placement-api.service[103808]: DEBUG placement.objects.research_context [req-a3a40ae8-807c-4098-8da0-cc2abfa28495 req-0203bc73-4751-4e9b-9654-cde7f8cc77d4 service placement] found 2 providers with available 1024 MEMORY_MB {{(pid=103808) get_provider_ids_matching /opt/stack/placement/placement/objects/research_context.py:549}}
Nov 10 16:33:41.284070 n-d-714676-11 devstack@placement-api.service[103808]: DEBUG placement.objects.research_context [req-a3a40ae8-807c-4098-8da0-cc2abfa28495 req-0203bc73-4751-4e9b-9654-cde7f8cc77d4 service placement] found 2 providers after filtering by previous result {{(pid=103808) get_provider_ids_matching /opt/stack/placement/placement/objects/research_context.py:580}}
Nov 10 16:33:41.284544 n-d-714676-11 devstack@placement-api.service[103808]: DEBUG placement.objects.research_context [req-a3a40ae8-807c-4098-8da0-cc2abfa28495 req-0203bc73-4751-4e9b-9654-cde7f8cc77d4 service placement] found 2 providers with available 1 VCPU {{(pid=103808) get_provider_ids_matching /opt/stack/placement/placement/objects/research_context.py:549}}
Nov 10 16:33:41.285038 n-d-714676-11 devstack@placement-api.service[103808]: DEBUG placement.objects.research_context [req-a3a40ae8-807c-4098-8da0-cc2abfa28495 req-0203bc73-4751-4e9b-9654-cde7f8cc77d4 service placement] found 2 providers after filtering by previous result {{(pid=103808) get_provider_ids_matching /opt/stack/placement/placement/objects/research_context.py:580}}
Nov 10 16:33:41.310056 n-d-714676-11 devstack@placement-api.service[103808]: DEBUG placement.objects.allocation_candidate [req-a3a40ae8-807c-4098-8da0-cc2abfa28495 req-0203bc73-4751-4e9b-9654-cde7f8cc77d4 service placement] RequestGroup(use_same_provider=False, resources={DISK_GB:1, MEMORY_MB:1024, VCPU:1}, traits=[], aggregates=[]) (suffix '') returned 2 matches {{(pid=103808) _get_by_requests /opt/stack/placement/placement/objects/allocation_candidate.py:145}}
Nov 10 16:33:41.310576 n-d-714676-11 devstack@placement-api.service[103808]: DEBUG placement.objects.allocation_candidate [req-a3a40ae8-807c-4098-8da0-cc2abfa28495 req-0203bc73-4751-4e9b-9654-cde7f8cc77d4 service placement] Merging candidates yields 2 allocation requests and 2 provider summaries {{(pid=103808) _merge_candidates /opt/stack/placement/placement/objects/allocation_candidate.py:783}}
Nov 10 16:33:41.319161 n-d-714676-11 devstack@placement-api.service[103808]: INFO placement.requestlog [req-a3a40ae8-807c-4098-8da0-cc2abfa28495 req-0203bc73-4751-4e9b-9654-cde7f8cc77d4 service placement] 10.222.0.62 "GET /placement/allocation_candidates?limit=1000&resources=DISK_GB%3A1%2CMEMORY_MB%3A1024%2CVCPU%3A1&root_required=%21COMPUTE_STATUS_DISABLED" status: 200 len: 1312 microversion: 1.36
Nov 10 16:33:41.319858 n-d-714676-11 devstack@placement-api.service[103808]: [pid: 103808|app: 0|req: 176/352] 10.222.0.62 () {60 vars in 1506 bytes} [Wed Nov 10 16:33:41 2021] GET /placement/allocation_candidates?limit=1000&resources=DISK_GB%3A1%2CMEMORY_MB%3A1024%2CVCPU%3A1&root_required=%21COMPUTE_STATUS_DISABLED => generated 1312 bytes in 119 msecs (HTTP/1.1 200) 8 headers in 297 bytes (1 switches on core 0)
Nov 10 16:33:41.400183 n-d-714676-11 devstack@placement-api.service[103807]: DEBUG placement.requestlog [req-a3a40ae8-807c-4098-8da0-cc2abfa28495 req-8d24a3ff-0351-468c-9bb5-ec188002687f None None] Starting request: 10.222.0.62 "GET /placement/allocations/8f4aa8e3-d3fd-42c1-bf9c-6a279d0b1f36" {{(pid=103807) __call__ /opt/stack/placement/placement/requestlog.py:55}}
Nov 10 16:33:41.426686 n-d-714676-11 devstack@placement-api.service[103807]: INFO placement.requestlog [req-a3a40ae8-807c-4098-8da0-cc2abfa28495 req-8d24a3ff-0351-468c-9bb5-ec188002687f service placement] 10.222.0.62 "GET /placement/allocations/8f4aa8e3-d3fd-42c1-bf9c-6a279d0b1f36" status: 200 len: 19 microversion: 1.28
Nov 10 16:33:41.432009 n-d-714676-11 devstack@placement-api.service[103807]: [pid: 103807|app: 0|req: 177/353] 10.222.0.62 () {60 vars in 1380 bytes} [Wed Nov 10 16:33:41 2021] GET /placement/allocations/8f4aa8e3-d3fd-42c1-bf9c-6a279d0b1f36 => generated 19 bytes in 32 msecs (HTTP/1.1 200) 8 headers in 295 bytes (1 switches on core 0)
Nov 10 16:33:41.434763 n-d-714676-11 devstack@placement-api.service[103808]: DEBUG placement.requestlog [req-a3a40ae8-807c-4098-8da0-cc2abfa28495 req-7f7ace3c-32c6-41e9-b499-81d537784de1 None None] Starting request: 10.222.0.62 "PUT /placement/allocations/8f4aa8e3-d3fd-42c1-bf9c-6a279d0b1f36" {{(pid=103808) __call__ /opt/stack/placement/placement/requestlog.py:55}}
Nov 10 16:33:41.732227 n-d-714676-11 devstack@placement-api.service[103808]: DEBUG placement.handlers.allocation [req-a3a40ae8-807c-4098-8da0-cc2abfa28495 req-7f7ace3c-32c6-41e9-b499-81d537784de1 service placement] Successfully wrote allocations [, , ] {{(pid=103808) _update_consumers_and_create_allocations /opt/stack/placement/placement/handlers/allocation.py:462}}
Nov 10 16:33:41.827938 n-d-714676-11 devstack@placement-api.service[103808]: INFO placement.requestlog [req-a3a40ae8-807c-4098-8da0-cc2abfa28495 req-7f7ace3c-32c6-41e9-b499-81d537784de1 service placement] 10.222.0.62 "PUT /placement/allocations/8f4aa8e3-d3fd-42c1-bf9c-6a279d0b1f36" status: 204 len: 0 microversion: 1.36
Nov 10 16:33:41.829113 n-d-714676-11 devstack@placement-api.service[103808]: [pid: 103808|app: 0|req: 177/354] 10.222.0.62 () {64 vars in 1433 bytes} [Wed Nov 10 16:33:41 2021] PUT /placement/allocations/8f4aa8e3-d3fd-42c1-bf9c-6a279d0b1f36 => generated 0 bytes in 395 msecs (HTTP/1.1 204) 5 headers in 199 bytes (2 switches on core 0)
Nov 10 16:33:42.104242 n-d-714676-11 devstack@placement-api.service[103807]: DEBUG placement.requestlog [req-5fb7feb7-bcd8-406d-bc5e-d1ce23145d7a req-4b0aa3cd-64ca-419e-91eb-a0e2ab35d58b None None] Starting request: 10.222.0.18 "DELETE /placement/allocations/1ca5e51d-1105-453f-b78d-9ba0edf52857" {{(pid=103807) __call__ /opt/stack/placement/placement/requestlog.py:55}}
Nov 10 16:33:42.339567 n-d-714676-11 devstack@placement-api.service[103807]: DEBUG placement.handlers.allocation [req-5fb7feb7-bcd8-406d-bc5e-d1ce23145d7a req-4b0aa3cd-64ca-419e-91eb-a0e2ab35d58b service placement] Successfully deleted allocations [, , ] {{(pid=103807) delete_allocations /opt/stack/placement/placement/handlers/allocation.py:627}}
Nov 10 16:33:42.340285 n-d-714676-11 devstack@placement-api.service[103807]: INFO placement.requestlog [req-5fb7feb7-bcd8-406d-bc5e-d1ce23145d7a req-4b0aa3cd-64ca-419e-91eb-a0e2ab35d58b service placement] 10.222.0.18 "DELETE /placement/allocations/1ca5e51d-1105-453f-b78d-9ba0edf52857" status: 204 len: 0 microversion: 1.0
Nov 10 16:33:42.340610 n-d-714676-11 devstack@placement-api.service[103807]: [pid: 103807|app: 0|req: 178/355] 10.222.0.18 () {60 vars in 1355 bytes} [Wed Nov 10 16:33:42 2021] DELETE /placement/allocations/1ca5e51d-1105-453f-b78d-9ba0edf52857 => generated 0 bytes in 237 msecs (HTTP/1.1 204) 5 headers in 198 bytes (1 switches on core 0)
Nov 10 16:33:42.581591 n-d-714676-11 devstack@placement-api.service[103808]: DEBUG placement.requestlog [req-0657c2b5-2f8d-426f-b724-83af3044c38d req-1c4447cb-a0d5-4bb7-bbad-2a625b1ac747 None None] Starting request: 10.222.0.18 "DELETE /placement/allocations/6c24eb3e-5865-4b96-89ac-0c14dd9253b7" {{(pid=103808) __call__ /opt/stack/placement/placement/requestlog.py:55}}
Nov 10 16:33:42.810714 n-d-714676-11 devstack@placement-api.service[103808]: DEBUG placement.handlers.allocation [req-0657c2b5-2f8d-426f-b724-83af3044c38d req-1c4447cb-a0d5-4bb7-bbad-2a625b1ac747 service placement] Successfully deleted allocations [, , ] {{(pid=103808) delete_allocations /opt/stack/placement/placement/handlers/allocation.py:627}}
Nov 10 16:33:42.811771 n-d-714676-11 devstack@placement-api.service[103808]: INFO placement.requestlog [req-0657c2b5-2f8d-426f-b724-83af3044c38d req-1c4447cb-a0d5-4bb7-bbad-2a625b1ac747 service placement] 10.222.0.18 "DELETE /placement/allocations/6c24eb3e-5865-4b96-89ac-0c14dd9253b7" status: 204 len: 0 microversion: 1.0
Nov 10 16:33:42.812482 n-d-714676-11 devstack@placement-api.service[103808]: [pid: 103808|app: 0|req: 178/356] 10.222.0.18 () {60 vars in 1355 bytes} [Wed Nov 10 16:33:42 2021] DELETE /placement/allocations/6c24eb3e-5865-4b96-89ac-0c14dd9253b7 => generated 0 bytes in 236 msecs (HTTP/1.1 204) 5 headers in 198 bytes (1 switches on core 0)
Nov 10 16:33:43.100806 n-d-714676-11 devstack@placement-api.service[103807]: DEBUG placement.requestlog [req-a3a40ae8-807c-4098-8da0-cc2abfa28495 req-ea22afc8-9776-4f92-bc16-14b7ddf46188 None None] Starting request: 10.222.0.18 "GET /placement/allocations/8f4aa8e3-d3fd-42c1-bf9c-6a279d0b1f36" {{(pid=103807) __call__ /opt/stack/placement/placement/requestlog.py:55}}
Nov 10 16:33:43.118735 n-d-714676-11 devstack@placement-api.service[103807]: INFO placement.requestlog [req-a3a40ae8-807c-4098-8da0-cc2abfa28495 req-ea22afc8-9776-4f92-bc16-14b7ddf46188 service placement] 10.222.0.18 "GET /placement/allocations/8f4aa8e3-d3fd-42c1-bf9c-6a279d0b1f36" status: 200 len: 259 microversion: 1.28
Nov 10 16:33:43.120213 n-d-714676-11 devstack@placement-api.service[103807]: [pid: 103807|app: 0|req: 179/357] 10.222.0.18 () {60 vars in 1377 bytes} [Wed Nov 10 16:33:43 2021] GET /placement/allocations/8f4aa8e3-d3fd-42c1-bf9c-6a279d0b1f36 => generated 259 bytes in 20 msecs (HTTP/1.1 200) 8 headers in 296 bytes (2 switches on core 0)
Nov 10 16:33:43.450985 n-d-714676-11 devstack@placement-api.service[103808]: DEBUG placement.requestlog [req-b7f22f3c-6461-4908-9614-f6b0933a12aa req-0e72f206-a516-4b5d-bdea-767809225bec None None] Starting request: 10.222.0.69 "DELETE /placement/allocations/7946a47e-a4dd-46a3-b903-042c255fa531" {{(pid=103808) __call__ /opt/stack/placement/placement/requestlog.py:55}}
Nov 10 16:33:43.640757 n-d-714676-11 devstack@placement-api.service[103808]: DEBUG placement.handlers.allocation [req-b7f22f3c-6461-4908-9614-f6b0933a12aa req-0e72f206-a516-4b5d-bdea-767809225bec service placement] Successfully deleted allocations [, , ] {{(pid=103808) delete_allocations /opt/stack/placement/placement/handlers/allocation.py:627}}
Nov 10 16:33:43.643413 n-d-714676-11 devstack@placement-api.service[103808]: INFO placement.requestlog [req-b7f22f3c-6461-4908-9614-f6b0933a12aa req-0e72f206-a516-4b5d-bdea-767809225bec service placement] 10.222.0.69 "DELETE /placement/allocations/7946a47e-a4dd-46a3-b903-042c255fa531" status: 204 len: 0 microversion: 1.0
Nov 10 16:33:43.644102 n-d-714676-11 devstack@placement-api.service[103808]: [pid: 103808|app: 0|req: 179/358] 10.222.0.69 () {60 vars in 1355 bytes} [Wed Nov 10 16:33:43 2021] DELETE /placement/allocations/7946a47e-a4dd-46a3-b903-042c255fa531 => generated 0 bytes in 193 msecs (HTTP/1.1 204) 5 headers in 198 bytes (1 switches on core 0)
Nov 10 16:33:50.118848 n-d-714676-11 devstack@placement-api.service[103807]: DEBUG placement.requestlog [req-94ddedfb-2115-4345-a685-62d7eb8f60fd req-05ed2d81-a959-4265-acba-2d276f19618f None None] Starting request: 10.222.0.69 "DELETE /placement/allocations/e84d140f-1487-4233-8814-ffe53907ec7b" {{(pid=103807) __call__ /opt/stack/placement/placement/requestlog.py:55}}
Nov 10 16:33:50.278499 n-d-714676-11 devstack@placement-api.service[103808]: DEBUG placement.requestlog [req-0c19600c-d9b0-4b85-907b-f0ae9169dba6 req-bd8e86fe-e1b6-4e88-b018-edfef72afe91 None None] Starting request: 10.222.0.69 "DELETE /placement/allocations/5f89627a-8480-447e-9d9f-cbc69128cd2e" {{(pid=103808) __call__ /opt/stack/placement/placement/requestlog.py:55}}
Nov 10 16:33:50.364590 n-d-714676-11 devstack@placement-api.service[103807]: DEBUG placement.handlers.allocation [req-94ddedfb-2115-4345-a685-62d7eb8f60fd req-05ed2d81-a959-4265-acba-2d276f19618f service placement] Successfully deleted allocations [, , ] {{(pid=103807) delete_allocations /opt/stack/placement/placement/handlers/allocation.py:627}}
Nov 10 16:33:50.369017 n-d-714676-11 devstack@placement-api.service[103807]: INFO placement.requestlog [req-94ddedfb-2115-4345-a685-62d7eb8f60fd req-05ed2d81-a959-4265-acba-2d276f19618f service placement] 10.222.0.69 "DELETE /placement/allocations/e84d140f-1487-4233-8814-ffe53907ec7b" status: 204 len: 0 microversion: 1.0
Nov 10 16:33:50.369222 n-d-714676-11 devstack@placement-api.service[103807]: [pid: 103807|app: 0|req: 180/359] 10.222.0.69 () {60 vars in 1355 bytes} [Wed Nov 10 16:33:50 2021] DELETE /placement/allocations/e84d140f-1487-4233-8814-ffe53907ec7b => generated 0 bytes in 251 msecs (HTTP/1.1 204) 5 headers in 198 bytes (1 switches on core 0)
Nov 10 16:33:50.478429 n-d-714676-11 devstack@placement-api.service[103808]: DEBUG placement.handlers.allocation [req-0c19600c-d9b0-4b85-907b-f0ae9169dba6 req-bd8e86fe-e1b6-4e88-b018-edfef72afe91 service placement] Successfully deleted allocations [, ] {{(pid=103808) delete_allocations /opt/stack/placement/placement/handlers/allocation.py:627}}
Nov 10 16:33:50.478931 n-d-714676-11 devstack@placement-api.service[103808]: INFO placement.requestlog [req-0c19600c-d9b0-4b85-907b-f0ae9169dba6 req-bd8e86fe-e1b6-4e88-b018-edfef72afe91 service placement] 10.222.0.69 "DELETE /placement/allocations/5f89627a-8480-447e-9d9f-cbc69128cd2e" status: 204 len: 0 microversion: 1.0
