Nov 09 19:37:16.469254 n-d-714676-10 neutron-server[102628]: DEBUG neutron.pecan_wsgi.hooks.policy_enforcement [req-3c25122d-8ab3-438f-8169-132d3ee5e15b req-888c053f-7a90-4957-9a3b-fe0c71235a8a service neutron] Attributes excluded by policy engine: ['standard_attr_id', 'vlan_transparent'] {{(pid=102628) _exclude_attributes_by_policy /opt/stack/neutron/neutron/pecan_wsgi/hooks/policy_enforcement.py:255}}
Nov 09 19:37:16.471058 n-d-714676-10 neutron-server[102628]: INFO neutron.wsgi [req-3c25122d-8ab3-438f-8169-132d3ee5e15b req-888c053f-7a90-4957-9a3b-fe0c71235a8a service neutron] 10.222.0.58 "GET /v2.0/networks?id=2b4db234-516e-411b-a845-c28ed8bbd11c HTTP/1.1" status: 200 len: 910 time: 0.1419945
Nov 09 19:37:16.506022 n-d-714676-10 neutron-server[102627]: DEBUG neutron.api.rpc.handlers.resources_rpc [None req-d1ed4bae-d081-4779-94fa-6658291e6d3b service neutron] Pushing event updated for resources: {'Port': ['ID=13fb395c-f4d1-4b2b-b9bd-799cd7606cd0,revision_number=3']} {{(pid=102627) push /opt/stack/neutron/neutron/api/rpc/handlers/resources_rpc.py:237}}
Nov 09 19:37:16.542656 n-d-714676-10 neutron-server[102628]: INFO neutron.wsgi [req-3c25122d-8ab3-438f-8169-132d3ee5e15b req-215351c7-0d7d-4969-8885-dcde342445e8 service neutron] 10.222.0.58 "GET /v2.0/floatingips?fixed_ip_address=172.20.0.5&port_id=c60ac242-9606-4239-865c-019c412a6ada HTTP/1.1" status: 200 len: 217 time: 0.0630240
Nov 09 19:37:16.571123 n-d-714676-10 neutron-server[102627]: DEBUG neutron_lib.callbacks.manager [req-24e01742-39e5-4dfe-8fcd-bec7065a32f9 req-fc02cd01-b80b-4e59-bae3-897ebafc09d3 service neutron] Publish callbacks [] for security_group, precommit_create {{(pid=102627) _notify_loop /usr/local/lib/python3.8/dist-packages/neutron_lib/callbacks/manager.py:175}}
Nov 09 19:37:16.584243 n-d-714676-10 neutron-server[102627]: DEBUG neutron.pecan_wsgi.hooks.policy_enforcement [req-382a1caf-6ca1-4d03-b407-314173830229 req-15268c7e-757b-49e7-8911-79c0232d93a8 service neutron] Attributes excluded by policy engine: ['standard_attr_id'] {{(pid=102627) _exclude_attributes_by_policy /opt/stack/neutron/neutron/pecan_wsgi/hooks/policy_enforcement.py:255}}
Nov 09 19:37:16.586682 n-d-714676-10 neutron-server[102627]: INFO neutron.wsgi [req-382a1caf-6ca1-4d03-b407-314173830229 req-15268c7e-757b-49e7-8911-79c0232d93a8 service neutron] 10.222.0.60 "GET /v2.0/ports?tenant_id=e4f4a0ec2a514d3e913de9048d1d97fc&device_id=f011e664-9fef-44a9-8519-61cc0d9cf648 HTTP/1.1" status: 200 len: 1100 time: 0.1868012
Nov 09 19:37:16.587801 n-d-714676-10 neutron-server[102627]: DEBUG neutron_lib.callbacks.manager [req-24e01742-39e5-4dfe-8fcd-bec7065a32f9 req-fc02cd01-b80b-4e59-bae3-897ebafc09d3 service neutron] Publish callbacks ['neutron.plugins.ml2.ovo_rpc._ObjectChangeHandler.handle_event-569754'] for security_group, after_create {{(pid=102627) _notify_loop /usr/local/lib/python3.8/dist-packages/neutron_lib/callbacks/manager.py:175}}
Nov 09 19:37:16.605429 n-d-714676-10 neutron-server[102628]: DEBUG neutron.pecan_wsgi.hooks.policy_enforcement [req-3c25122d-8ab3-438f-8169-132d3ee5e15b req-e908166c-e394-438f-b2ad-28efb3f6e641 service neutron] Attributes excluded by policy engine: ['standard_attr_id', 'shared'] {{(pid=102628) _exclude_attributes_by_policy /opt/stack/neutron/neutron/pecan_wsgi/hooks/policy_enforcement.py:255}}
Nov 09 19:37:16.607455 n-d-714676-10 neutron-server[102628]: INFO neutron.wsgi [req-3c25122d-8ab3-438f-8169-132d3ee5e15b req-e908166c-e394-438f-b2ad-28efb3f6e641 service neutron] 10.222.0.58 "GET /v2.0/subnets?id=f2e08968-78ff-4413-b409-bc35cad3be17 HTTP/1.1" status: 200 len: 848 time: 0.0568163
Nov 09 19:37:16.644742 n-d-714676-10 neutron-server[102628]: INFO neutron.wsgi [req-3c25122d-8ab3-438f-8169-132d3ee5e15b req-a7faa860-4f4e-4bc7-b28f-f5623b823ecc service neutron] 10.222.0.58 "GET /v2.0/ports?network_id=2b4db234-516e-411b-a845-c28ed8bbd11c&device_owner=network%3Adhcp HTTP/1.1" status: 200 len: 210 time: 0.0284235
Nov 09 19:37:16.671276 n-d-714676-10 neutron-server[102627]: DEBUG neutron.pecan_wsgi.hooks.policy_enforcement [req-6be59625-d1b7-498e-a50c-ac1cce477bdf req-995afeec-bb52-4e97-ba82-522291606e5d tempest-AggregatesAdminTestJSON-1665347852 tempest-AggregatesAdminTestJSON-1665347852-project] Attributes excluded by policy engine: ['standard_attr_id', 'binding:profile', 'binding:host_id', 'binding:vif_type', 'binding:vif_details'] {{(pid=102627) _exclude_attributes_by_policy /opt/stack/neutron/neutron/pecan_wsgi/hooks/policy_enforcement.py:255}}
Nov 09 19:37:16.672734 n-d-714676-10 neutron-server[102627]: INFO neutron.wsgi [req-6be59625-d1b7-498e-a50c-ac1cce477bdf req-995afeec-bb52-4e97-ba82-522291606e5d tempest-AggregatesAdminTestJSON-1665347852 tempest-AggregatesAdminTestJSON-1665347852-project] 10.222.0.50 "GET /v2.0/ports?device_id=14f733e1-b04c-408f-a6f2-cff0bb0622c8 HTTP/1.1" status: 200 len: 971 time: 0.2215307
Nov 09 19:37:16.677085 n-d-714676-10 neutron-server[102627]: DEBUG novaclient.v2.client [-] REQ: curl -g -i --cacert "/opt/stack/data/ca-bundle.pem" -X POST http://10.222.0.50/compute/v2.1/os-server-external-events -H "Accept: application/json" -H "Content-Type: application/json" -H "User-Agent: python-novaclient" -H "X-Auth-Token: {SHA256}ab4627376a7a9c1caf129157c1b7927f9e398f650475bec6242f2748741290c6" -H "X-OpenStack-Nova-API-Version: 2.1" -H "X-OpenStack-Request-ID: req-40e466c2-922c-4a9c-85bc-b656f86c4f5a" -d '{"events": [{"name": "network-changed", "server_uuid": "f011e664-9fef-44a9-8519-61cc0d9cf648", "tag": "13fb395c-f4d1-4b2b-b9bd-799cd7606cd0"}]}' {{(pid=102627) _http_log_request /usr/local/lib/python3.8/dist-packages/keystoneauth1/session.py:519}}
Nov 09 19:37:16.738791 n-d-714676-10 neutron-server[102627]: INFO neutron.wsgi [req-382a1caf-6ca1-4d03-b407-314173830229 req-bfee2a93-b92e-40b8-ac4e-4d6d8458a5bc service neutron] 10.222.0.60 "GET /v2.0/floatingips?fixed_ip_address=192.168.233.113&port_id=13fb395c-f4d1-4b2b-b9bd-799cd7606cd0 HTTP/1.1" status: 200 len: 217 time: 0.1293743
Nov 09 19:37:16.744731 n-d-714676-10 neutron-server[102628]: INFO neutron.wsgi [req-3c25122d-8ab3-438f-8169-132d3ee5e15b req-5cf2af7c-c6bc-4813-94fb-3ccc531e7eda service neutron] 10.222.0.58 "GET /v2.0/networks/2b4db234-516e-411b-a845-c28ed8bbd11c?fields=segments HTTP/1.1" status: 200 len: 212 time: 0.0891950
Nov 09 19:37:16.777271 n-d-714676-10 neutron-server[102627]: INFO neutron.wsgi [req-24e01742-39e5-4dfe-8fcd-bec7065a32f9 req-fc02cd01-b80b-4e59-bae3-897ebafc09d3 service neutron] 10.222.0.58 "GET /v2.0/security-groups?id=5bd50270-c2cd-43cd-af41-513dfb064be3&fields=id&fields=name HTTP/1.1" status: 200 len: 286 time: 0.7688136
Nov 09 19:37:16.785757 n-d-714676-10 neutron-server[102627]: DEBUG neutron.api.rpc.handlers.resources_rpc [None req-fc02cd01-b80b-4e59-bae3-897ebafc09d3 service neutron] Pushing event updated for resources: {'SecurityGroup': ['ID=1c004535-562a-4839-9217-d479fb53588f,revision_number=1']} {{(pid=102627) push /opt/stack/neutron/neutron/api/rpc/handlers/resources_rpc.py:237}}
Nov 09 19:37:16.846235 n-d-714676-10 neutron-server[102628]: INFO neutron.wsgi [req-3c25122d-8ab3-438f-8169-132d3ee5e15b req-f1452258-487b-4a86-bb50-e099e3147e7e service neutron] 10.222.0.58 "GET /v2.0/networks/2b4db234-516e-411b-a845-c28ed8bbd11c?fields=provider%3Aphysical_network&fields=provider%3Anetwork_type HTTP/1.1" status: 200 len: 281 time: 0.0920815
Nov 09 19:37:16.862261 n-d-714676-10 neutron-server[102627]: DEBUG neutron.pecan_wsgi.hooks.policy_enforcement [req-feb28541-7204-411e-ba53-9cebf8bf75b8 req-ad26427d-fe94-4463-9b26-5b56c129fef1 tempest-MigrationsAdminTest-161534211 tempest-MigrationsAdminTest-161534211-project] Attributes excluded by policy engine: ['standard_attr_id', 'binding:profile', 'binding:host_id', 'binding:vif_type', 'binding:vif_details'] {{(pid=102627) _exclude_attributes_by_policy /opt/stack/neutron/neutron/pecan_wsgi/hooks/policy_enforcement.py:255}}
Nov 09 19:37:16.863736 n-d-714676-10 neutron-server[102627]: INFO neutron.wsgi [req-feb28541-7204-411e-ba53-9cebf8bf75b8 req-ad26427d-fe94-4463-9b26-5b56c129fef1 tempest-MigrationsAdminTest-161534211 tempest-MigrationsAdminTest-161534211-project] 10.222.0.50 "GET /v2.0/ports?device_id=f011e664-9fef-44a9-8519-61cc0d9cf648 HTTP/1.1" status: 200 len: 948 time: 0.2362397
Nov 09 19:37:16.865070 n-d-714676-10 neutron-server[102627]: DEBUG neutron.pecan_wsgi.hooks.policy_enforcement [req-382a1caf-6ca1-4d03-b407-314173830229 req-c7d4c700-1742-48f8-9d4d-5f1e9d17b8e1 service neutron] Attributes excluded by policy engine: ['standard_attr_id', 'shared'] {{(pid=102627) _exclude_attributes_by_policy /opt/stack/neutron/neutron/pecan_wsgi/hooks/policy_enforcement.py:255}}
Nov 09 19:37:16.866359 n-d-714676-10 neutron-server[102627]: INFO neutron.wsgi [req-382a1caf-6ca1-4d03-b407-314173830229 req-c7d4c700-1742-48f8-9d4d-5f1e9d17b8e1 service neutron] 10.222.0.60 "GET /v2.0/subnets?id=bc58ab7f-d0a8-4c9d-99f7-8699ff8f5006 HTTP/1.1" status: 200 len: 843 time: 0.1022334
Nov 09 19:37:16.869793 n-d-714676-10 neutron-server[102627]: INFO neutron.wsgi [req-6be59625-d1b7-498e-a50c-ac1cce477bdf req-4d0e78de-62cb-49c8-8d8e-d398e5a1636e tempest-AggregatesAdminTestJSON-1665347852 tempest-AggregatesAdminTestJSON-1665347852-project] 10.222.0.50 "GET /v2.0/security-groups?id=5bd50270-c2cd-43cd-af41-513dfb064be3&fields=id&fields=name HTTP/1.1" status: 200 len: 286 time: 0.1526947
Nov 09 19:37:16.965660 n-d-714676-10 neutron-server[102627]: INFO neutron.wsgi [req-feb28541-7204-411e-ba53-9cebf8bf75b8 req-61181e6e-f905-4b69-b4b8-86f3b1652b28 tempest-MigrationsAdminTest-161534211 tempest-MigrationsAdminTest-161534211-project] 10.222.0.50 "GET /v2.0/security-groups?id=3e6370e2-741d-4c28-9bea-092bca6c21f4&fields=id&fields=name HTTP/1.1" status: 200 len: 286 time: 0.0949092
Nov 09 19:37:16.974619 n-d-714676-10 neutron-server[102627]: DEBUG neutron.pecan_wsgi.hooks.policy_enforcement [req-382a1caf-6ca1-4d03-b407-314173830229 req-cd2e4245-5e3a-492c-a29e-c04cce3b8a28 service neutron] Attributes excluded by policy engine: ['standard_attr_id'] {{(pid=102627) _exclude_attributes_by_policy /opt/stack/neutron/neutron/pecan_wsgi/hooks/policy_enforcement.py:255}}
Nov 09 19:37:16.976141 n-d-714676-10 neutron-server[102627]: INFO neutron.wsgi [req-382a1caf-6ca1-4d03-b407-314173830229 req-cd2e4245-5e3a-492c-a29e-c04cce3b8a28 service neutron] 10.222.0.60 "GET /v2.0/ports?network_id=1000f3a0-7ece-4409-bc56-8b4082e727c3&device_owner=network%3Adhcp HTTP/1.1" status: 200 len: 1167 time: 0.0926254
Nov 09 19:37:17.123348 n-d-714676-10 neutron-server[102627]: DEBUG neutron.pecan_wsgi.hooks.policy_enforcement [req-55f0844b-b10f-4f0d-b826-546012c19e6d req-33937893-e713-47f0-91b9-f4d4ecb93549 tempest-DeleteServersAdminTestJSON-176348463 tempest-DeleteServersAdminTestJSON-176348463-project] Attributes excluded by policy engine: ['standard_attr_id', 'binding:profile', 'binding:host_id', 'binding:vif_type', 'binding:vif_details'] {{(pid=102627) _exclude_attributes_by_policy /opt/stack/neutron/neutron/pecan_wsgi/hooks/policy_enforcement.py:255}}
Nov 09 19:37:17.124908 n-d-714676-10 neutron-server[102627]: INFO neutron.wsgi [req-55f0844b-b10f-4f0d-b826-546012c19e6d req-33937893-e713-47f0-91b9-f4d4ecb93549 tempest-DeleteServersAdminTestJSON-176348463 tempest-DeleteServersAdminTestJSON-176348463-project] 10.222.0.50 "GET /v2.0/ports?device_id=05875228-8aa4-42b3-83f7-4fc415a5cde8 HTTP/1.1" status: 200 len: 949 time: 0.0842216
Nov 09 19:37:17.126377 n-d-714676-10 neutron-server[102627]: DEBUG novaclient.v2.client [-] RESP: [200] Connection: close Content-Length: 179 Content-Type: application/json Date: Tue, 09 Nov 2021 19:37:16 GMT OpenStack-API-Version: compute 2.1 Server: Apache/2.4.41 (Ubuntu) Vary: OpenStack-API-Version,X-OpenStack-Nova-API-Version X-OpenStack-Nova-API-Version: 2.1 x-compute-request-id: req-c4c0b259-6386-45fd-b864-1f93c63736d0 x-openstack-request-id: req-c4c0b259-6386-45fd-b864-1f93c63736d0 {{(pid=102627) _http_log_response /usr/local/lib/python3.8/dist-packages/keystoneauth1/session.py:550}}
Nov 09 19:37:17.126657 n-d-714676-10 neutron-server[102627]: DEBUG novaclient.v2.client [-] RESP BODY: {"events": [{"name": "network-changed", "server_uuid": "f011e664-9fef-44a9-8519-61cc0d9cf648", "tag": "13fb395c-f4d1-4b2b-b9bd-799cd7606cd0", "status": "completed", "code": 200}]} {{(pid=102627) _http_log_response /usr/local/lib/python3.8/dist-packages/keystoneauth1/session.py:582}}
Nov 09 19:37:17.126908 n-d-714676-10 neutron-server[102627]: DEBUG novaclient.v2.client [-] POST call to compute for http://10.222.0.50/compute/v2.1/os-server-external-events used request id req-c4c0b259-6386-45fd-b864-1f93c63736d0 {{(pid=102627) request /usr/local/lib/python3.8/dist-packages/keystoneauth1/session.py:954}}
Nov 09 19:37:17.127342 n-d-714676-10 neutron-server[102627]: INFO neutron.notifiers.nova [-] Nova event response: {'name': 'network-changed', 'server_uuid': 'f011e664-9fef-44a9-8519-61cc0d9cf648', 'tag': '13fb395c-f4d1-4b2b-b9bd-799cd7606cd0', 'status': 'completed', 'code': 200}
Nov 09 19:37:17.134903 n-d-714676-10 neutron-server[102627]: INFO neutron.wsgi [req-382a1caf-6ca1-4d03-b407-314173830229 req-4890d660-511f-43ba-ad62-dee1232a6f79 service neutron] 10.222.0.60 "GET /v2.0/networks/1000f3a0-7ece-4409-bc56-8b4082e727c3?fields=segments HTTP/1.1" status: 200 len: 212 time: 0.1509457
Nov 09 19:37:17.233728 n-d-714676-10 neutron-server[102627]: INFO neutron.wsgi [req-55f0844b-b10f-4f0d-b826-546012c19e6d req-f417b2fc-5839-412f-99e4-7aaa875e0a89 tempest-DeleteServersAdminTestJSON-176348463 tempest-DeleteServersAdminTestJSON-176348463-project] 10.222.0.50 "GET /v2.0/security-groups?id=5cd47990-f9c1-4e20-a9e6-11936a742c5e&fields=id&fields=name HTTP/1.1" status: 200 len: 286 time: 0.1017096
Nov 09 19:37:17.287095 n-d-714676-10 neutron-server[102627]: INFO neutron.wsgi [req-382a1caf-6ca1-4d03-b407-314173830229 req-ee54e0a5-4164-4ff8-ba29-81373ea0ed13 service neutron] 10.222.0.60 "GET /v2.0/networks/1000f3a0-7ece-4409-bc56-8b4082e727c3?fields=provider%3Aphysical_network&fields=provider%3Anetwork_type HTTP/1.1" status: 200 len: 281 time: 0.1397812
Nov 09 19:37:17.302825 n-d-714676-10 neutron-server[102627]: DEBUG neutron.pecan_wsgi.hooks.policy_enforcement [req-195e6cf1-0572-4a77-8491-38b3844992d9 req-d7ff6ea5-0a74-4845-9704-44e78516fbb2 tempest-LiveMigrationTest-1378087964 tempest-LiveMigrationTest-1378087964-project] Attributes excluded by policy engine: ['standard_attr_id', 'binding:profile', 'binding:host_id', 'binding:vif_type', 'binding:vif_details'] {{(pid=102627) _exclude_attributes_by_policy /opt/stack/neutron/neutron/pecan_wsgi/hooks/policy_enforcement.py:255}}
Nov 09 19:37:17.304328 n-d-714676-10 neutron-server[102627]: INFO neutron.wsgi [req-195e6cf1-0572-4a77-8491-38b3844992d9 req-d7ff6ea5-0a74-4845-9704-44e78516fbb2 tempest-LiveMigrationTest-1378087964 tempest-LiveMigrationTest-1378087964-project] 10.222.0.50 "GET /v2.0/ports?device_id=ed6657e5-1810-4e93-886e-e05d56a53503 HTTP/1.1" status: 200 len: 965 time: 0.0682051
Nov 09 19:37:17.356521 n-d-714676-10 neutron-server[102629]: DEBUG neutron.plugins.ml2.rpc [None req-dd6b4586-d219-4854-8c49-b386e633d2ac None None] Device 576f6d2b-023c-4c7f-89b9-80afacaf2213 up at agent hyperv_n-h1-714676-10 {{(pid=102629) update_device_up /opt/stack/neutron/neutron/plugins/ml2/rpc.py:296}}
Nov 09 19:37:17.385331 n-d-714676-10 neutron-server[102627]: INFO neutron.wsgi [req-195e6cf1-0572-4a77-8491-38b3844992d9 req-99478de7-0531-4c1d-bc39-1ee50dc134c9 tempest-LiveMigrationTest-1378087964 tempest-LiveMigrationTest-1378087964-project] 10.222.0.50 "GET /v2.0/security-groups?id=c71b33b6-ed0d-4c50-afd4-253412c96cf4&fields=id&fields=name HTTP/1.1" status: 200 len: 286 time: 0.0741909
Nov 09 19:37:17.395415 n-d-714676-10 neutron-server[102627]: DEBUG neutron.pecan_wsgi.hooks.policy_enforcement [req-40e466c2-922c-4a9c-85bc-b656f86c4f5a req-58f6d887-b0b6-4d19-9321-eb3786fe4657 service neutron] Attributes excluded by policy engine: ['standard_attr_id'] {{(pid=102627) _exclude_attributes_by_policy /opt/stack/neutron/neutron/pecan_wsgi/hooks/policy_enforcement.py:255}}
Nov 09 19:37:17.397606 n-d-714676-10 neutron-server[102627]: INFO neutron.wsgi [req-40e466c2-922c-4a9c-85bc-b656f86c4f5a req-58f6d887-b0b6-4d19-9321-eb3786fe4657 service neutron] 10.222.0.60 "GET /v2.0/ports?tenant_id=e4f4a0ec2a514d3e913de9048d1d97fc&device_id=f011e664-9fef-44a9-8519-61cc0d9cf648 HTTP/1.1" status: 200 len: 1100 time: 0.0651693
Nov 09 19:37:17.416509 n-d-714676-10 neutron-server[102629]: DEBUG neutron.db.provisioning_blocks [None req-dd6b4586-d219-4854-8c49-b386e633d2ac None None] Provisioning for port 576f6d2b-023c-4c7f-89b9-80afacaf2213 completed by entity L2. {{(pid=102629) provisioning_complete /opt/stack/neutron/neutron/db/provisioning_blocks.py:133}}
Nov 09 19:37:17.420950 n-d-714676-10 neutron-server[102629]: DEBUG neutron.db.provisioning_blocks [None req-dd6b4586-d219-4854-8c49-b386e633d2ac None None] Provisioning complete for port 576f6d2b-023c-4c7f-89b9-80afacaf2213 triggered by entity L2. {{(pid=102629) provisioning_complete /opt/stack/neutron/neutron/db/provisioning_blocks.py:139}}
Nov 09 19:37:17.421332 n-d-714676-10 neutron-server[102629]: DEBUG neutron_lib.callbacks.manager [None req-dd6b4586-d219-4854-8c49-b386e633d2ac None None] Publish callbacks ['neutron.plugins.ml2.plugin.Ml2Plugin._port_provisioned-3683289'] for port, provisioning_complete {{(pid=102629) _notify_loop /usr/local/lib/python3.8/dist-packages/neutron_lib/callbacks/manager.py:175}}
Nov 09 19:37:17.514970 n-d-714676-10 neutron-server[102629]: DEBUG neutron_lib.callbacks.manager [None req-dd6b4586-d219-4854-8c49-b386e633d2ac None None] Publish callbacks ['neutron.plugins.ml2.plugin.SecurityGroupDbMixin._ensure_default_security_group_handler-3824145'] for port, before_update {{(pid=102629) _notify_loop /usr/local/lib/python3.8/dist-packages/neutron_lib/callbacks/manager.py:175}}
Nov 09 19:37:17.550364 n-d-714676-10 neutron-server[102629]: DEBUG neutron.plugins.ml2.db [None req-dd6b4586-d219-4854-8c49-b386e633d2ac None None] For port 576f6d2b-023c-4c7f-89b9-80afacaf2213, host n-h1-714676-10, got binding levels [PortBindingLevel(driver='hyperv',host='n-h1-714676-10',level=0,port_id=576f6d2b-023c-4c7f-89b9-80afacaf2213,segment=NetworkSegment(6110028b-54e3-4518-9272-29e05d1a23b8),segment_id=6110028b-54e3-4518-9272-29e05d1a23b8)] {{(pid=102629) get_binding_level_objs /opt/stack/neutron/neutron/plugins/ml2/db.py:74}}
Nov 09 19:37:17.555859 n-d-714676-10 neutron-server[102629]: DEBUG neutron_lib.callbacks.manager [None req-dd6b4586-d219-4854-8c49-b386e633d2ac None None] Publish callbacks ['neutron.plugins.ml2.plugin.SecurityGroupServerNotifierRpcMixin._notify_sg_on_port_change-3824275', 'neutron.plugins.ml2.ovo_rpc._ObjectChangeHandler.handle_event-246921', 'neutron.api.rpc.agentnotifiers.dhcp_rpc_agent_api.DhcpAgentNotifyAPI._native_event_send_dhcp_notification-1013212', 'neutron.db.l3_db.L3RpcNotifierMixin._notify_gateway_port_ip_changed-8751140210580', 'neutron.db.l3_dvrscheduler_db._notify_l3_agent_port_update-8751139716235', 'neutron.db.l3_hascheduler_db._notify_l3_agent_ha_port_update-8751139716253'] for port, after_update {{(pid=102629) _notify_loop /usr/local/lib/python3.8/dist-packages/neutron_lib/callbacks/manager.py:175}}
Nov 09 19:37:17.605242 n-d-714676-10 neutron-server[102629]: DEBUG neutron.api.rpc.handlers.resources_rpc [None req-dd6b4586-d219-4854-8c49-b386e633d2ac None None] Pushing event updated for resources: {'Port': ['ID=576f6d2b-023c-4c7f-89b9-80afacaf2213,revision_number=5']} {{(pid=102629) push /opt/stack/neutron/neutron/api/rpc/handlers/resources_rpc.py:237}}
Nov 09 19:37:17.683041 n-d-714676-10 neutron-server[102629]: DEBUG neutron.notifiers.nova [-] Sending events: [{'server_uuid': '05875228-8aa4-42b3-83f7-4fc415a5cde8', 'name': 'network-vif-plugged', 'status': 'completed', 'tag': '576f6d2b-023c-4c7f-89b9-80afacaf2213'}] {{(pid=102629) send_events /opt/stack/neutron/neutron/notifiers/nova.py:262}}
Nov 09 19:37:17.685354 n-d-714676-10 neutron-server[102629]: DEBUG novaclient.v2.client [-] REQ: curl -g -i --cacert "/opt/stack/data/ca-bundle.pem" -X POST http://10.222.0.50/compute/v2.1/os-server-external-events -H "Accept: application/json" -H "Content-Type: application/json" -H "User-Agent: python-novaclient" -H "X-Auth-Token: {SHA256}f4572c9215e013b35e136da4a9578e0e608802da1b6205a10bebbbdab94a51d0" -H "X-OpenStack-Nova-API-Version: 2.1" -H "X-OpenStack-Request-ID: req-75fe11ae-7acb-49a5-aab8-3d17d849dc0c" -d '{"events": [{"server_uuid": "05875228-8aa4-42b3-83f7-4fc415a5cde8", "name": "network-vif-plugged", "status": "completed", "tag": "576f6d2b-023c-4c7f-89b9-80afacaf2213"}]}' {{(pid=102629) _http_log_request /usr/local/lib/python3.8/dist-packages/keystoneauth1/session.py:519}}
Nov 09 19:37:17.732375 n-d-714676-10 neutron-server[102627]: INFO neutron.wsgi [req-4bee7e2e-b210-4f30-8db3-414dabd1e470 req-ef3dcd66-d862-46b7-a12a-3102fcf8edfd tempest-TenantUsagesTestJSON-3037786 tempest-TenantUsagesTestJSON-3037786-project] 10.222.0.50 "GET /v2.0/networks?tenant_id=074a506b5e1b47659b7d11a57b5935cd&shared=False HTTP/1.1" status: 200 len: 213 time: 0.0583289
Nov 09 19:37:17.795191 n-d-714676-10 neutron-server[102627]: DEBUG neutron.pecan_wsgi.hooks.policy_enforcement [req-40e466c2-922c-4a9c-85bc-b656f86c4f5a req-62acc492-2af4-4c63-8c71-5fab309ce336 service neutron] Attributes excluded by policy engine: ['standard_attr_id', 'vlan_transparent'] {{(pid=102627) _exclude_attributes_by_policy /opt/stack/neutron/neutron/pecan_wsgi/hooks/policy_enforcement.py:255}}
Nov 09 19:37:17.796624 n-d-714676-10 neutron-server[102627]: INFO neutron.wsgi [req-40e466c2-922c-4a9c-85bc-b656f86c4f5a req-62acc492-2af4-4c63-8c71-5fab309ce336 service neutron] 10.222.0.60 "GET /v2.0/networks?id=1000f3a0-7ece-4409-bc56-8b4082e727c3 HTTP/1.1" status: 200 len: 871 time: 0.3911884
Nov 09 19:37:17.833813 n-d-714676-10 neutron-server[102627]: DEBUG neutron.pecan_wsgi.hooks.policy_enforcement [req-3789af6b-978b-4f53-a1b6-c8ff7e32afb6 req-cd529151-0183-4519-b580-83e89c8a33aa tempest-ServersWithSpecificFlavorTestJSON-115434680 tempest-ServersWithSpecificFlavorTestJSON-115434680-project] Attributes excluded by policy engine: ['standard_attr_id', 'binding:profile', 'binding:host_id', 'binding:vif_type', 'binding:vif_details'] {{(pid=102627) _exclude_attributes_by_policy /opt/stack/neutron/neutron/pecan_wsgi/hooks/policy_enforcement.py:255}}
Nov 09 19:37:17.835215 n-d-714676-10 neutron-server[102627]: INFO neutron.wsgi [req-3789af6b-978b-4f53-a1b6-c8ff7e32afb6 req-cd529151-0183-4519-b580-83e89c8a33aa tempest-ServersWithSpecificFlavorTestJSON-115434680 tempest-ServersWithSpecificFlavorTestJSON-115434680-project] 10.222.0.50 "GET /v2.0/ports?device_id=2742d776-d9d6-4527-a4c6-257b63e5a885 HTTP/1.1" status: 200 len: 943 time: 0.3393452
Nov 09 19:37:17.892344 n-d-714676-10 neutron-server[102627]: INFO neutron.wsgi [req-40e466c2-922c-4a9c-85bc-b656f86c4f5a req-c41f58c9-4879-473e-8ed9-27f424c5157b service neutron] 10.222.0.60 "GET /v2.0/floatingips?fixed_ip_address=192.168.233.113&port_id=13fb395c-f4d1-4b2b-b9bd-799cd7606cd0 HTTP/1.1" status: 200 len: 217 time: 0.0686305
Nov 09 19:37:17.965963 n-d-714676-10 neutron-server[102627]: INFO neutron.wsgi [req-3789af6b-978b-4f53-a1b6-c8ff7e32afb6 req-e49c6f6d-0295-4fd3-9970-9b6bfbef0742 tempest-ServersWithSpecificFlavorTestJSON-115434680 tempest-ServersWithSpecificFlavorTestJSON-115434680-project] 10.222.0.50 "GET /v2.0/security-groups?id=92b1021d-7536-48e9-b2d6-01b672aba566&fields=id&fields=name HTTP/1.1" status: 200 len: 312 time: 0.1225748
Nov 09 19:37:17.975693 n-d-714676-10 neutron-server[102627]: DEBUG neutron.pecan_wsgi.hooks.policy_enforcement [req-4bee7e2e-b210-4f30-8db3-414dabd1e470 req-eeea8d67-7bde-4124-9fae-386751c3f098 tempest-TenantUsagesTestJSON-3037786 tempest-TenantUsagesTestJSON-3037786-project] Attributes excluded by policy engine: ['standard_attr_id', 'vlan_transparent', 'provider:network_type', 'provider:physical_network', 'provider:segmentation_id'] {{(pid=102627) _exclude_attributes_by_policy /opt/stack/neutron/neutron/pecan_wsgi/hooks/policy_enforcement.py:255}}
Nov 09 19:37:17.977670 n-d-714676-10 neutron-server[102627]: INFO neutron.wsgi [req-4bee7e2e-b210-4f30-8db3-414dabd1e470 req-eeea8d67-7bde-4124-9fae-386751c3f098 tempest-TenantUsagesTestJSON-3037786 tempest-TenantUsagesTestJSON-3037786-project] 10.222.0.50 "GET /v2.0/networks?shared=True HTTP/1.1" status: 200 len: 769 time: 0.2341454
Nov 09 19:37:17.985173 n-d-714676-10 neutron-server[102627]: DEBUG neutron.pecan_wsgi.hooks.policy_enforcement [req-40e466c2-922c-4a9c-85bc-b656f86c4f5a req-0011aba4-1f27-4d95-aed3-fe532dfa2786 service neutron] Attributes excluded by policy engine: ['standard_attr_id', 'shared'] {{(pid=102627) _exclude_attributes_by_policy /opt/stack/neutron/neutron/pecan_wsgi/hooks/policy_enforcement.py:255}}
Nov 09 19:37:17.986591 n-d-714676-10 neutron-server[102627]: INFO neutron.wsgi [req-40e466c2-922c-4a9c-85bc-b656f86c4f5a req-0011aba4-1f27-4d95-aed3-fe532dfa2786 service neutron] 10.222.0.60 "GET /v2.0/subnets?id=bc58ab7f-d0a8-4c9d-99f7-8699ff8f5006 HTTP/1.1" status: 200 len: 843 time: 0.0848949
Nov 09 19:37:18.010219 n-d-714676-10 neutron-server[102629]: DEBUG novaclient.v2.client [-] RESP: [200] Connection: close Content-Length: 183 Content-Type: application/json Date: Tue, 09 Nov 2021 19:37:17 GMT OpenStack-API-Version: compute 2.1 Server: Apache/2.4.41 (Ubuntu) Vary: OpenStack-API-Version,X-OpenStack-Nova-API-Version X-OpenStack-Nova-API-Version: 2.1 x-compute-request-id: req-445d98df-e1f1-4edb-9fbb-a8ccb9e08f95 x-openstack-request-id: req-445d98df-e1f1-4edb-9fbb-a8ccb9e08f95 {{(pid=102629) _http_log_response /usr/local/lib/python3.8/dist-packages/keystoneauth1/session.py:550}}
Nov 09 19:37:18.010219 n-d-714676-10 neutron-server[102629]: DEBUG novaclient.v2.client [-] RESP BODY: {"events": [{"server_uuid": "05875228-8aa4-42b3-83f7-4fc415a5cde8", "name": "network-vif-plugged", "status": "completed", "tag": "576f6d2b-023c-4c7f-89b9-80afacaf2213", "code": 200}]} {{(pid=102629) _http_log_response /usr/local/lib/python3.8/dist-packages/keystoneauth1/session.py:582}}
Nov 09 19:37:18.010219 n-d-714676-10 neutron-server[102629]: DEBUG novaclient.v2.client [-] POST call to compute for http://10.222.0.50/compute/v2.1/os-server-external-events used request id req-445d98df-e1f1-4edb-9fbb-a8ccb9e08f95 {{(pid=102629) request /usr/local/lib/python3.8/dist-packages/keystoneauth1/session.py:954}}
Nov 09 19:37:18.010900 n-d-714676-10 neutron-server[102627]: INFO neutron.wsgi [req-4bee7e2e-b210-4f30-8db3-414dabd1e470 req-7d3e620f-e26c-45e2-b395-4d290e64bb4e tempest-TenantUsagesTestJSON-3037786 tempest-TenantUsagesTestJSON-3037786-project] 10.222.0.50 "GET /v2.0/quotas/074a506b5e1b47659b7d11a57b5935cd HTTP/1.1" status: 200 len: 375 time: 0.0187299
Nov 09 19:37:18.011110 n-d-714676-10 neutron-server[102629]: INFO neutron.notifiers.nova [-] Nova event response: {'server_uuid': '05875228-8aa4-42b3-83f7-4fc415a5cde8', 'name': 'network-vif-plugged', 'status': 'completed', 'tag': '576f6d2b-023c-4c7f-89b9-80afacaf2213', 'code': 200}
Nov 09 19:37:18.054454 n-d-714676-10 neutron-server[102627]: INFO neutron.wsgi [req-4bee7e2e-b210-4f30-8db3-414dabd1e470 req-0a9d4ff6-8b04-4975-bba3-1691d3a127e3 tempest-TenantUsagesTestJSON-3037786 tempest-TenantUsagesTestJSON-3037786-project] 10.222.0.50 "GET /v2.0/ports?tenant_id=074a506b5e1b47659b7d11a57b5935cd&fields=id HTTP/1.1" status: 200 len: 210 time: 0.0300846
Nov 09 19:37:18.073734 n-d-714676-10 neutron-server[102627]: DEBUG neutron.pecan_wsgi.hooks.policy_enforcement [req-40e466c2-922c-4a9c-85bc-b656f86c4f5a req-8d629017-6b0f-41f2-997b-3fd438fe39bd service neutron] Attributes excluded by policy engine: ['standard_attr_id'] {{(pid=102627) _exclude_attributes_by_policy /opt/stack/neutron/neutron/pecan_wsgi/hooks/policy_enforcement.py:255}}
Nov 09 19:37:18.075194 n-d-714676-10 neutron-server[102627]: INFO neutron.wsgi [req-40e466c2-922c-4a9c-85bc-b656f86c4f5a req-8d629017-6b0f-41f2-997b-3fd438fe39bd service neutron] 10.222.0.60 "GET /v2.0/ports?network_id=1000f3a0-7ece-4409-bc56-8b4082e727c3&device_owner=network%3Adhcp HTTP/1.1" status: 200 len: 1167 time: 0.0807152
Nov 09 19:37:18.142220 n-d-714676-10 neutron-server[102628]: DEBUG neutron.pecan_wsgi.hooks.policy_enforcement [req-8bb5fe8f-bb49-4349-9f41-1bb51b9fde4d req-1db9bca0-08f7-4ecc-9711-020cee8fecf6 service neutron] Attributes excluded by policy engine: ['standard_attr_id'] {{(pid=102628) _exclude_attributes_by_policy /opt/stack/neutron/neutron/pecan_wsgi/hooks/policy_enforcement.py:255}}
Nov 09 19:37:18.143890 n-d-714676-10 neutron-server[102628]: INFO neutron.wsgi [req-8bb5fe8f-bb49-4349-9f41-1bb51b9fde4d req-1db9bca0-08f7-4ecc-9711-020cee8fecf6 service neutron] 10.222.0.60 "GET /v2.0/ports?device_id=05875228-8aa4-42b3-83f7-4fc415a5cde8 HTTP/1.1" status: 200 len: 1102 time: 0.0691793
Nov 09 19:37:18.182881 n-d-714676-10 neutron-server[102627]: DEBUG neutron.pecan_wsgi.hooks.policy_enforcement [req-f9abd734-42e2-45ca-9d65-f208ead6aedc req-c223fd5d-783e-4886-93f1-6cdd60d95b4b tempest-AggregatesAdminTestJSON-1665347852 tempest-AggregatesAdminTestJSON-1665347852-project] Attributes excluded by policy engine: ['standard_attr_id', 'binding:profile', 'binding:host_id', 'binding:vif_type', 'binding:vif_details'] {{(pid=102627) _exclude_attributes_by_policy /opt/stack/neutron/neutron/pecan_wsgi/hooks/policy_enforcement.py:255}}
Nov 09 19:37:18.184420 n-d-714676-10 neutron-server[102627]: INFO neutron.wsgi [req-f9abd734-42e2-45ca-9d65-f208ead6aedc req-c223fd5d-783e-4886-93f1-6cdd60d95b4b tempest-AggregatesAdminTestJSON-1665347852 tempest-AggregatesAdminTestJSON-1665347852-project] 10.222.0.50 "GET /v2.0/ports?device_id=14f733e1-b04c-408f-a6f2-cff0bb0622c8 HTTP/1.1" status: 200 len: 971 time: 0.1208680
Nov 09 19:37:18.220503 n-d-714676-10 neutron-server[102628]: INFO neutron.wsgi [req-8bb5fe8f-bb49-4349-9f41-1bb51b9fde4d req-b82a6c81-f88d-49a8-a707-2bb3112aae80 service neutron] 10.222.0.60 "GET /v2.0/security-groups?id=5cd47990-f9c1-4e20-a9e6-11936a742c5e&fields=id&fields=name HTTP/1.1" status: 200 len: 286 time: 0.0675964
Nov 09 19:37:18.258758 n-d-714676-10 neutron-server[102627]: INFO neutron.wsgi [req-40e466c2-922c-4a9c-85bc-b656f86c4f5a req-f36d22b4-3122-4902-8788-6f63a435f50b service neutron] 10.222.0.60 "GET /v2.0/networks/1000f3a0-7ece-4409-bc56-8b4082e727c3?fields=segments HTTP/1.1" status: 200 len: 212 time: 0.1616809
Nov 09 19:37:18.287069 n-d-714676-10 neutron-server[102627]: INFO neutron.wsgi [req-f9abd734-42e2-45ca-9d65-f208ead6aedc req-47944006-0386-4b7e-b648-056f4da9606c tempest-AggregatesAdminTestJSON-1665347852 tempest-AggregatesAdminTestJSON-1665347852-project] 10.222.0.50 "GET /v2.0/security-groups?id=5bd50270-c2cd-43cd-af41-513dfb064be3&fields=id&fields=name HTTP/1.1" status: 200 len: 286 time: 0.0917704
Nov 09 19:37:18.308866 n-d-714676-10 neutron-server[102627]: DEBUG neutron.pecan_wsgi.hooks.policy_enforcement [req-bb906c33-05de-454b-bf99-d26c0abda5d5 req-94027da8-b7d9-45cf-958e-df70aee1ab0e tempest-MigrationsAdminTest-161534211 tempest-MigrationsAdminTest-161534211-project] Attributes excluded by policy engine: ['standard_attr_id', 'binding:profile', 'binding:host_id', 'binding:vif_type', 'binding:vif_details'] {{(pid=102627) _exclude_attributes_by_policy /opt/stack/neutron/neutron/pecan_wsgi/hooks/policy_enforcement.py:255}}
Nov 09 19:37:18.308866 n-d-714676-10 neutron-server[102627]: INFO neutron.wsgi [req-bb906c33-05de-454b-bf99-d26c0abda5d5 req-94027da8-b7d9-45cf-958e-df70aee1ab0e tempest-MigrationsAdminTest-161534211 tempest-MigrationsAdminTest-161534211-project] 10.222.0.50 "GET /v2.0/ports?device_id=f011e664-9fef-44a9-8519-61cc0d9cf648 HTTP/1.1" status: 200 len: 948 time: 0.0802658
Nov 09 19:37:18.369705 n-d-714676-10 neutron-server[102627]: INFO neutron.wsgi [req-a615abfe-821f-4cec-a4d5-9ffca18dd417 req-c50e52ef-1864-4e9b-97fb-efbf2d9302dd tempest-TenantUsagesTestJSON-3037786 tempest-TenantUsagesTestJSON-3037786-project] 10.222.0.50 "GET /v2.0/ports?device_id=dae5a628-cbf8-444b-b89c-b55fd811fea4 HTTP/1.1" status: 200 len: 210 time: 0.0331128
Nov 09 19:37:18.390142 n-d-714676-10 neutron-server[102627]: INFO neutron.wsgi [req-bb906c33-05de-454b-bf99-d26c0abda5d5 req-c3ea00ca-7e23-463b-b154-32a730ba5ecd tempest-MigrationsAdminTest-161534211 tempest-MigrationsAdminTest-161534211-project] 10.222.0.50 "GET /v2.0/security-groups?id=3e6370e2-741d-4c28-9bea-092bca6c21f4&fields=id&fields=name HTTP/1.1" status: 200 len: 286 time: 0.0808432
Nov 09 19:37:18.506598 n-d-714676-10 neutron-server[102627]: DEBUG neutron.pecan_wsgi.hooks.policy_enforcement [req-ebb72ad6-2114-4b77-8078-3fa256916dce req-43adaedf-b4d6-46ae-8817-4a2c41571a2c tempest-DeleteServersAdminTestJSON-176348463 tempest-DeleteServersAdminTestJSON-176348463-project] Attributes excluded by policy engine: ['standard_attr_id', 'binding:profile', 'binding:host_id', 'binding:vif_type', 'binding:vif_details'] {{(pid=102627) _exclude_attributes_by_policy /opt/stack/neutron/neutron/pecan_wsgi/hooks/policy_enforcement.py:255}}
Nov 09 19:37:18.508076 n-d-714676-10 neutron-server[102627]: INFO neutron.wsgi [req-ebb72ad6-2114-4b77-8078-3fa256916dce req-43adaedf-b4d6-46ae-8817-4a2c41571a2c tempest-DeleteServersAdminTestJSON-176348463 tempest-DeleteServersAdminTestJSON-176348463-project] 10.222.0.50 "GET /v2.0/ports?device_id=05875228-8aa4-42b3-83f7-4fc415a5cde8 HTTP/1.1" status: 200 len: 950 time: 0.0813999
Nov 09 19:37:18.540240 n-d-714676-10 neutron-server[102627]: DEBUG neutron.pecan_wsgi.hooks.policy_enforcement [req-8a41b562-b492-4f4d-8c25-038532fdec3b req-26b521c1-3711-4468-a381-be4bd8a26657 tempest-LiveMigrationTest-1378087964 tempest-LiveMigrationTest-1378087964-project] Attributes excluded by policy engine: ['standard_attr_id', 'binding:profile', 'binding:host_id', 'binding:vif_type', 'binding:vif_details'] {{(pid=102627) _exclude_attributes_by_policy /opt/stack/neutron/neutron/pecan_wsgi/hooks/policy_enforcement.py:255}}
Nov 09 19:37:18.541701 n-d-714676-10 neutron-server[102627]: INFO neutron.wsgi [req-8a41b562-b492-4f4d-8c25-038532fdec3b req-26b521c1-3711-4468-a381-be4bd8a26657 tempest-LiveMigrationTest-1378087964 tempest-LiveMigrationTest-1378087964-project] 10.222.0.50 "GET /v2.0/ports?device_id=ed6657e5-1810-4e93-886e-e05d56a53503 HTTP/1.1" status: 200 len: 965 time: 0.0811038
Nov 09 19:37:18.590155 n-d-714676-10 neutron-server[102627]: INFO neutron.wsgi [req-ebb72ad6-2114-4b77-8078-3fa256916dce req-9fffd120-caf1-465f-ad06-102a36abef7d tempest-DeleteServersAdminTestJSON-176348463 tempest-DeleteServersAdminTestJSON-176348463-project] 10.222.0.50 "GET /v2.0/security-groups?id=5cd47990-f9c1-4e20-a9e6-11936a742c5e&fields=id&fields=name HTTP/1.1" status: 200 len: 286 time: 0.0752044
Nov 09 19:37:18.607597 n-d-714676-10 neutron-server[102627]: INFO neutron.wsgi [req-8a41b562-b492-4f4d-8c25-038532fdec3b req-aebc9ab2-eeec-4ff7-834e-2cd9ca9f9139 tempest-LiveMigrationTest-1378087964 tempest-LiveMigrationTest-1378087964-project] 10.222.0.50 "GET /v2.0/security-groups?id=c71b33b6-ed0d-4c50-afd4-253412c96cf4&fields=id&fields=name HTTP/1.1" status: 200 len: 286 time: 0.0595922
Nov 09 19:37:18.701302 n-d-714676-10 neutron-server[102627]: INFO neutron.wsgi [req-40e466c2-922c-4a9c-85bc-b656f86c4f5a req-bb486dc9-892e-4e16-a48b-bd630e9b09d5 service neutron] 10.222.0.60 "GET /v2.0/networks/1000f3a0-7ece-4409-bc56-8b4082e727c3?fields=provider%3Aphysical_network&fields=provider%3Anetwork_type HTTP/1.1" status: 200 len: 281 time: 0.0927539
Nov 09 19:37:19.079615 n-d-714676-10 neutron-server[102627]: DEBUG neutron.pecan_wsgi.hooks.policy_enforcement [req-b37e5602-8670-41c9-8031-7da4a6f1e67e req-442c41fc-0c15-4d53-86d3-c7b126bf712b tempest-ServersWithSpecificFlavorTestJSON-115434680 tempest-ServersWithSpecificFlavorTestJSON-115434680-project] Attributes excluded by policy engine: ['standard_attr_id', 'binding:profile', 'binding:host_id', 'binding:vif_type', 'binding:vif_details'] {{(pid=102627) _exclude_attributes_by_policy /opt/stack/neutron/neutron/pecan_wsgi/hooks/policy_enforcement.py:255}}
Nov 09 19:37:19.081076 n-d-714676-10 neutron-server[102627]: INFO neutron.wsgi [req-b37e5602-8670-41c9-8031-7da4a6f1e67e req-442c41fc-0c15-4d53-86d3-c7b126bf712b tempest-ServersWithSpecificFlavorTestJSON-115434680 tempest-ServersWithSpecificFlavorTestJSON-115434680-project] 10.222.0.50 "GET /v2.0/ports?device_id=2742d776-d9d6-4527-a4c6-257b63e5a885 HTTP/1.1" status: 200 len: 943 time: 0.0486486
Nov 09 19:37:19.128852 n-d-714676-10 neutron-server[102627]: INFO neutron.wsgi [req-b37e5602-8670-41c9-8031-7da4a6f1e67e req-cfdb80aa-1076-4063-a2dd-d399f03c6fd5 tempest-ServersWithSpecificFlavorTestJSON-115434680 tempest-ServersWithSpecificFlavorTestJSON-115434680-project] 10.222.0.50 "GET /v2.0/security-groups?id=92b1021d-7536-48e9-b2d6-01b672aba566&fields=id&fields=name HTTP/1.1" status: 200 len: 312 time: 0.0416493
Nov 09 19:37:19.215680 n-d-714676-10 neutron-server[102628]: INFO neutron.wsgi [req-4bee7e2e-b210-4f30-8db3-414dabd1e470 req-4d99e559-2d0a-4f7b-ba68-c7ab832e3cee tempest-TenantUsagesTestJSON-3037786 tempest-TenantUsagesTestJSON-3037786-project] 10.222.0.58 "GET /v2.0/networks?tenant_id=074a506b5e1b47659b7d11a57b5935cd&shared=False HTTP/1.1" status: 200 len: 213 time: 0.0252733
Nov 09 19:37:19.323638 n-d-714676-10 neutron-server[102628]: DEBUG neutron.pecan_wsgi.hooks.policy_enforcement [req-4bee7e2e-b210-4f30-8db3-414dabd1e470 req-2c84e4f9-a269-4921-a658-addefbe3a5ed tempest-TenantUsagesTestJSON-3037786 tempest-TenantUsagesTestJSON-3037786-project] Attributes excluded by policy engine: ['standard_attr_id', 'vlan_transparent', 'provider:network_type', 'provider:physical_network', 'provider:segmentation_id'] {{(pid=102628) _exclude_attributes_by_policy /opt/stack/neutron/neutron/pecan_wsgi/hooks/policy_enforcement.py:255}}
Nov 09 19:37:19.325053 n-d-714676-10 neutron-server[102628]: INFO neutron.wsgi [req-4bee7e2e-b210-4f30-8db3-414dabd1e470 req-2c84e4f9-a269-4921-a658-addefbe3a5ed tempest-TenantUsagesTestJSON-3037786 tempest-TenantUsagesTestJSON-3037786-project] 10.222.0.58 "GET /v2.0/networks?shared=True HTTP/1.1" status: 200 len: 769 time: 0.1036339
Nov 09 19:37:19.347226 n-d-714676-10 neutron-server[102628]: DEBUG neutron.api.v2.base [req-4bee7e2e-b210-4f30-8db3-414dabd1e470 req-8fb59115-76e0-4341-94ea-b676e32e145f tempest-TenantUsagesTestJSON-3037786 tempest-TenantUsagesTestJSON-3037786-project] Request body: {'port': {'device_id': 'dae5a628-cbf8-444b-b89c-b55fd811fea4', 'network_id': '1000f3a0-7ece-4409-bc56-8b4082e727c3', 'admin_state_up': True, 'tenant_id': '074a506b5e1b47659b7d11a57b5935cd'}} {{(pid=102628) prepare_request_body /opt/stack/neutron/neutron/api/v2/base.py:729}}
Nov 09 19:37:19.378982 n-d-714676-10 neutron-server[102629]: DEBUG neutron.plugins.ml2.rpc [None req-dd6b4586-d219-4854-8c49-b386e633d2ac None None] Device 582feb61-a9e3-40e8-8038-a60ee7a6ee68 details requested by agent hyperv_n-h1-714676-10 with host n-h1-714676-10 {{(pid=102629) get_device_details /opt/stack/neutron/neutron/plugins/ml2/rpc.py:102}}
Nov 09 19:37:19.424151 n-d-714676-10 neutron-server[102627]: DEBUG neutron.pecan_wsgi.hooks.policy_enforcement [req-08cc873e-25de-4a8d-b3df-a98f25fa45a9 req-ef474444-e422-4e0d-b591-1e34fb88e05c tempest-AggregatesAdminTestJSON-1665347852 tempest-AggregatesAdminTestJSON-1665347852-project] Attributes excluded by policy engine: ['standard_attr_id', 'binding:profile', 'binding:host_id', 'binding:vif_type', 'binding:vif_details'] {{(pid=102627) _exclude_attributes_by_policy /opt/stack/neutron/neutron/pecan_wsgi/hooks/policy_enforcement.py:255}}
Nov 09 19:37:19.435312 n-d-714676-10 neutron-server[102627]: INFO neutron.wsgi [req-08cc873e-25de-4a8d-b3df-a98f25fa45a9 req-ef474444-e422-4e0d-b591-1e34fb88e05c tempest-AggregatesAdminTestJSON-1665347852 tempest-AggregatesAdminTestJSON-1665347852-project] 10.222.0.50 "GET /v2.0/ports?device_id=14f733e1-b04c-408f-a6f2-cff0bb0622c8 HTTP/1.1" status: 200 len: 971 time: 0.0800002
Nov 09 19:37:19.467630 n-d-714676-10 neutron-server[102628]: DEBUG neutron.pecan_wsgi.hooks.quota_enforcement [req-4bee7e2e-b210-4f30-8db3-414dabd1e470 req-8fb59115-76e0-4341-94ea-b676e32e145f tempest-TenantUsagesTestJSON-3037786 tempest-TenantUsagesTestJSON-3037786-project] Made reservation on behalf of 074a506b5e1b47659b7d11a57b5935cd for: {'port': 1} {{(pid=102628) before /opt/stack/neutron/neutron/pecan_wsgi/hooks/quota_enforcement.py:53}}
Nov 09 19:37:19.471290 n-d-714676-10 neutron-server[102628]: DEBUG neutron_lib.callbacks.manager [req-4bee7e2e-b210-4f30-8db3-414dabd1e470 req-8fb59115-76e0-4341-94ea-b676e32e145f tempest-TenantUsagesTestJSON-3037786 tempest-TenantUsagesTestJSON-3037786-project] Publish callbacks ['neutron.plugins.ml2.plugin.SecurityGroupDbMixin._ensure_default_security_group_handler-3824145'] for port, before_create {{(pid=102628) _notify_loop /usr/local/lib/python3.8/dist-packages/neutron_lib/callbacks/manager.py:175}}
Nov 09 19:37:19.481437 n-d-714676-10 neutron-server[102628]: DEBUG neutron_lib.callbacks.manager [req-4bee7e2e-b210-4f30-8db3-414dabd1e470 req-8fb59115-76e0-4341-94ea-b676e32e145f tempest-TenantUsagesTestJSON-3037786 tempest-TenantUsagesTestJSON-3037786-project] Publish callbacks [] for security_group, before_create {{(pid=102628) _notify_loop /usr/local/lib/python3.8/dist-packages/neutron_lib/callbacks/manager.py:175}}
Nov 09 19:37:19.482507 n-d-714676-10 neutron-server[102629]: DEBUG neutron.plugins.ml2.db [None req-dd6b4586-d219-4854-8c49-b386e633d2ac None None] For port 582feb61-a9e3-40e8-8038-a60ee7a6ee68, host n-h1-714676-10, got binding levels [PortBindingLevel(driver='hyperv',host='n-h1-714676-10',level=0,port_id=582feb61-a9e3-40e8-8038-a60ee7a6ee68,segment=NetworkSegment(463ba217-4994-4565-9ff3-83d0cedcb1a2),segment_id=463ba217-4994-4565-9ff3-83d0cedcb1a2)] {{(pid=102629) get_binding_level_objs /opt/stack/neutron/neutron/plugins/ml2/db.py:74}}
Nov 09 19:37:19.482843 n-d-714676-10 neutron-server[102627]: INFO neutron.wsgi [req-3e65988c-93dd-4521-8fe5-6dd7132a6c88 req-fbd98700-2cca-4169-b102-13d870bc744c tempest-TenantUsagesTestJSON-3037786 tempest-TenantUsagesTestJSON-3037786-project] 10.222.0.50 "GET /v2.0/ports?device_id=dae5a628-cbf8-444b-b89c-b55fd811fea4 HTTP/1.1" status: 200 len: 210 time: 0.0386767
Nov 09 19:37:19.494685 n-d-714676-10 neutron-server[102629]: DEBUG neutron.plugins.ml2.rpc [None req-dd6b4586-d219-4854-8c49-b386e633d2ac None None] Returning: {'device': '582feb61-a9e3-40e8-8038-a60ee7a6ee68', 'network_id': '802b7500-6420-4640-b7a6-d9904563ee03', 'port_id': '582feb61-a9e3-40e8-8038-a60ee7a6ee68', 'mac_address': 'fa:16:3e:79:aa:36', 'admin_state_up': True, 'network_type': 'vlan', 'segmentation_id': 1047, 'physical_network': 'physnet1', 'mtu': 1500, 'fixed_ips': [{'subnet_id': '54bbd800-ff69-47c7-afa8-e3451bb68e2a', 'ip_address': '172.20.0.3'}], 'device_owner': 'compute:nova', 'allowed_address_pairs': [], 'port_security_enabled': True, 'qos_policy_id': None, 'network_qos_policy_id': None, 'profile': {}, 'propagate_uplink_status': False} {{(pid=102629) _get_device_details /opt/stack/neutron/neutron/plugins/ml2/rpc.py:184}}
Nov 09 19:37:19.528403 n-d-714676-10 neutron-server[102627]: INFO neutron.wsgi [req-08cc873e-25de-4a8d-b3df-a98f25fa45a9 req-93978af2-c1b3-4857-8d12-d14b8484ab6a tempest-AggregatesAdminTestJSON-1665347852 tempest-AggregatesAdminTestJSON-1665347852-project] 10.222.0.50 "GET /v2.0/security-groups?id=5bd50270-c2cd-43cd-af41-513dfb064be3&fields=id&fields=name HTTP/1.1" status: 200 len: 286 time: 0.0892575
Nov 09 19:37:19.538017 n-d-714676-10 neutron-server[102629]: DEBUG neutron_lib.callbacks.manager [None req-dd6b4586-d219-4854-8c49-b386e633d2ac None None] Publish callbacks ['neutron.plugins.ml2.plugin.SecurityGroupDbMixin._ensure_default_security_group_handler-3824145'] for port, before_update {{(pid=102629) _notify_loop /usr/local/lib/python3.8/dist-packages/neutron_lib/callbacks/manager.py:175}}
Nov 09 19:37:19.555291 n-d-714676-10 neutron-server[102629]: DEBUG neutron.notifiers.nova [None req-dd6b4586-d219-4854-8c49-b386e633d2ac None None] Ignoring state change previous_port_status: DOWN current_port_status: BUILD port_id 582feb61-a9e3-40e8-8038-a60ee7a6ee68 {{(pid=102629) record_port_status_changed /opt/stack/neutron/neutron/notifiers/nova.py:224}}
Nov 09 19:37:19.570359 n-d-714676-10 neutron-server[102628]: DEBUG neutron_lib.callbacks.manager [req-4bee7e2e-b210-4f30-8db3-414dabd1e470 req-8fb59115-76e0-4341-94ea-b676e32e145f tempest-TenantUsagesTestJSON-3037786 tempest-TenantUsagesTestJSON-3037786-project] Publish callbacks [] for security_group, precommit_create {{(pid=102628) _notify_loop /usr/local/lib/python3.8/dist-packages/neutron_lib/callbacks/manager.py:175}}
Nov 09 19:37:19.575199 n-d-714676-10 neutron-server[102628]: DEBUG neutron_lib.callbacks.manager [req-4bee7e2e-b210-4f30-8db3-414dabd1e470 req-8fb59115-76e0-4341-94ea-b676e32e145f tempest-TenantUsagesTestJSON-3037786 tempest-TenantUsagesTestJSON-3037786-project] Publish callbacks ['neutron.plugins.ml2.ovo_rpc._ObjectChangeHandler.handle_event-569754'] for security_group, after_create {{(pid=102628) _notify_loop /usr/local/lib/python3.8/dist-packages/neutron_lib/callbacks/manager.py:175}}
Nov 09 19:37:19.576958 n-d-714676-10 neutron-server[102629]: DEBUG neutron.plugins.ml2.db [None req-dd6b4586-d219-4854-8c49-b386e633d2ac None None] For port 582feb61-a9e3-40e8-8038-a60ee7a6ee68, host n-h1-714676-10, got binding levels [PortBindingLevel(driver='hyperv',host='n-h1-714676-10',level=0,port_id=582feb61-a9e3-40e8-8038-a60ee7a6ee68,segment=NetworkSegment(463ba217-4994-4565-9ff3-83d0cedcb1a2),segment_id=463ba217-4994-4565-9ff3-83d0cedcb1a2)] {{(pid=102629) get_binding_level_objs /opt/stack/neutron/neutron/plugins/ml2/db.py:74}}
Nov 09 19:37:19.581225 n-d-714676-10 neutron-server[102629]: DEBUG neutron_lib.callbacks.manager [None req-dd6b4586-d219-4854-8c49-b386e633d2ac None None] Publish callbacks ['neutron.plugins.ml2.plugin.SecurityGroupServerNotifierRpcMixin._notify_sg_on_port_change-3824275', 'neutron.plugins.ml2.ovo_rpc._ObjectChangeHandler.handle_event-246921', 'neutron.api.rpc.agentnotifiers.dhcp_rpc_agent_api.DhcpAgentNotifyAPI._native_event_send_dhcp_notification-1013212', 'neutron.db.l3_db.L3RpcNotifierMixin._notify_gateway_port_ip_changed-8751140210580', 'neutron.db.l3_dvrscheduler_db._notify_l3_agent_port_update-8751139716235', 'neutron.db.l3_hascheduler_db._notify_l3_agent_ha_port_update-8751139716253'] for port, after_update {{(pid=102629) _notify_loop /usr/local/lib/python3.8/dist-packages/neutron_lib/callbacks/manager.py:175}}
Nov 09 19:37:19.625742 n-d-714676-10 neutron-server[102627]: DEBUG neutron.pecan_wsgi.hooks.policy_enforcement [req-e5fb68a3-c1ab-455c-9995-e58f78343859 req-a31b625e-7f7b-4218-878e-0c190da2e42f tempest-MigrationsAdminTest-161534211 tempest-MigrationsAdminTest-161534211-project] Attributes excluded by policy engine: ['standard_attr_id', 'binding:profile', 'binding:host_id', 'binding:vif_type', 'binding:vif_details'] {{(pid=102627) _exclude_attributes_by_policy /opt/stack/neutron/neutron/pecan_wsgi/hooks/policy_enforcement.py:255}}
Nov 09 19:37:19.627308 n-d-714676-10 neutron-server[102627]: INFO neutron.wsgi [req-e5fb68a3-c1ab-455c-9995-e58f78343859 req-a31b625e-7f7b-4218-878e-0c190da2e42f tempest-MigrationsAdminTest-161534211 tempest-MigrationsAdminTest-161534211-project] 10.222.0.50 "GET /v2.0/ports?device_id=f011e664-9fef-44a9-8519-61cc0d9cf648 HTTP/1.1" status: 200 len: 948 time: 0.0634837
Nov 09 19:37:19.641919 n-d-714676-10 neutron-server[102628]: DEBUG neutron.api.rpc.handlers.resources_rpc [None req-8fb59115-76e0-4341-94ea-b676e32e145f tempest-TenantUsagesTestJSON-3037786 tempest-TenantUsagesTestJSON-3037786-project] Pushing event updated for resources: {'SecurityGroup': ['ID=707399ca-3853-447e-bfe9-b8ccdcf16f3f,revision_number=1']} {{(pid=102628) push /opt/stack/neutron/neutron/api/rpc/handlers/resources_rpc.py:237}}
Nov 09 19:37:19.728111 n-d-714676-10 neutron-server[102628]: DEBUG neutron.db.db_base_plugin_common [req-4bee7e2e-b210-4f30-8db3-414dabd1e470 req-8fb59115-76e0-4341-94ea-b676e32e145f tempest-TenantUsagesTestJSON-3037786 tempest-TenantUsagesTestJSON-3037786-project] Allocated IP 192.168.233.168 (1000f3a0-7ece-4409-bc56-8b4082e727c3/bc58ab7f-d0a8-4c9d-99f7-8699ff8f5006/633ccc02-d899-4f5d-b149-5a679f22c95b) {{(pid=102628) _store_ip_allocation /opt/stack/neutron/neutron/db/db_base_plugin_common.py:131}}
Nov 09 19:37:19.733320 n-d-714676-10 neutron-server[102627]: INFO neutron.wsgi [req-e5fb68a3-c1ab-455c-9995-e58f78343859 req-97f0c757-2155-4442-b10a-a79d51909ca1 tempest-MigrationsAdminTest-161534211 tempest-MigrationsAdminTest-161534211-project] 10.222.0.50 "GET /v2.0/security-groups?id=3e6370e2-741d-4c28-9bea-092bca6c21f4&fields=id&fields=name HTTP/1.1" status: 200 len: 286 time: 0.0978248
Nov 09 19:37:19.736397 n-d-714676-10 neutron-server[102627]: DEBUG neutron.pecan_wsgi.hooks.policy_enforcement [req-1e8c2264-6182-4c5a-80bc-20660ed4a2b6 req-4b6c939e-47b8-4960-acd1-db7a0dfc69a4 tempest-AggregatesAdminTestJSON-1626050838 tempest-AggregatesAdminTestJSON-1626050838-project-admin] Attributes excluded by policy engine: ['standard_attr_id'] {{(pid=102627) _exclude_attributes_by_policy /opt/stack/neutron/neutron/pecan_wsgi/hooks/policy_enforcement.py:255}}
Nov 09 19:37:19.737907 n-d-714676-10 neutron-server[102627]: INFO neutron.wsgi [req-1e8c2264-6182-4c5a-80bc-20660ed4a2b6 req-4b6c939e-47b8-4960-acd1-db7a0dfc69a4 tempest-AggregatesAdminTestJSON-1626050838 tempest-AggregatesAdminTestJSON-1626050838-project-admin] 10.222.0.50 "GET /v2.0/ports?device_id=14f733e1-b04c-408f-a6f2-cff0bb0622c8 HTTP/1.1" status: 200 len: 1123 time: 0.0756249
