Feb 11 05:46:22.573641 n-d-713499-38 devstack@placement-api.service[103652]: DEBUG placement.objects.research_context [req-e0f9f497-262e-434e-91b8-e8d3b3511db5 req-6cbef177-3c27-4f0c-b341-db88a472e716 service placement] found 2 providers after filtering by previous result {{(pid=103652) get_provider_ids_matching /opt/stack/placement/placement/objects/research_context.py:580}}
Feb 11 05:46:22.574738 n-d-713499-38 devstack@placement-api.service[103652]: DEBUG placement.objects.research_context [req-e0f9f497-262e-434e-91b8-e8d3b3511db5 req-6cbef177-3c27-4f0c-b341-db88a472e716 service placement] found 2 providers with available 1 VCPU {{(pid=103652) get_provider_ids_matching /opt/stack/placement/placement/objects/research_context.py:549}}
Feb 11 05:46:22.575227 n-d-713499-38 devstack@placement-api.service[103652]: DEBUG placement.objects.research_context [req-e0f9f497-262e-434e-91b8-e8d3b3511db5 req-6cbef177-3c27-4f0c-b341-db88a472e716 service placement] found 2 providers after filtering by previous result {{(pid=103652) get_provider_ids_matching /opt/stack/placement/placement/objects/research_context.py:580}}
Feb 11 05:46:22.588882 n-d-713499-38 devstack@placement-api.service[103652]: DEBUG placement.objects.allocation_candidate [req-e0f9f497-262e-434e-91b8-e8d3b3511db5 req-6cbef177-3c27-4f0c-b341-db88a472e716 service placement] RequestGroup(use_same_provider=False, resources={DISK_GB:1, MEMORY_MB:1024, VCPU:1}, traits=[], aggregates=[]) (suffix '') returned 2 matches {{(pid=103652) _get_by_requests /opt/stack/placement/placement/objects/allocation_candidate.py:145}}
Feb 11 05:46:22.589523 n-d-713499-38 devstack@placement-api.service[103652]: DEBUG placement.objects.allocation_candidate [req-e0f9f497-262e-434e-91b8-e8d3b3511db5 req-6cbef177-3c27-4f0c-b341-db88a472e716 service placement] Merging candidates yields 2 allocation requests and 2 provider summaries {{(pid=103652) _merge_candidates /opt/stack/placement/placement/objects/allocation_candidate.py:783}}
Feb 11 05:46:22.591085 n-d-713499-38 devstack@placement-api.service[103652]: INFO placement.requestlog [req-e0f9f497-262e-434e-91b8-e8d3b3511db5 req-6cbef177-3c27-4f0c-b341-db88a472e716 service placement] 10.222.0.87 "GET /placement/allocation_candidates?limit=1000&resources=DISK_GB%3A1%2CMEMORY_MB%3A1024%2CVCPU%3A1&root_required=%21COMPUTE_STATUS_DISABLED" status: 200 len: 1306 microversion: 1.36
Feb 11 05:46:22.591706 n-d-713499-38 devstack@placement-api.service[103652]: [pid: 103652|app: 0|req: 570/1135] 10.222.0.87 () {60 vars in 1506 bytes} [Fri Feb 11 05:46:22 2022] GET /placement/allocation_candidates?limit=1000&resources=DISK_GB%3A1%2CMEMORY_MB%3A1024%2CVCPU%3A1&root_required=%21COMPUTE_STATUS_DISABLED => generated 1306 bytes in 107 msecs (HTTP/1.1 200) 8 headers in 297 bytes (1 switches on core 0)
Feb 11 05:46:22.654356 n-d-713499-38 devstack@placement-api.service[103653]: DEBUG placement.requestlog [req-e0f9f497-262e-434e-91b8-e8d3b3511db5 req-7d9870c3-8a94-4566-82bc-7c6d31f969a0 None None] Starting request: 10.222.0.87 "GET /placement/allocations/7bf6159d-8226-4ba1-aa09-6ebc0600e9cc" {{(pid=103653) __call__ /opt/stack/placement/placement/requestlog.py:55}}
Feb 11 05:46:22.669649 n-d-713499-38 devstack@placement-api.service[103653]: INFO placement.requestlog [req-e0f9f497-262e-434e-91b8-e8d3b3511db5 req-7d9870c3-8a94-4566-82bc-7c6d31f969a0 service placement] 10.222.0.87 "GET /placement/allocations/7bf6159d-8226-4ba1-aa09-6ebc0600e9cc" status: 200 len: 19 microversion: 1.28
Feb 11 05:46:22.669888 n-d-713499-38 devstack@placement-api.service[103653]: [pid: 103653|app: 0|req: 566/1136] 10.222.0.87 () {60 vars in 1380 bytes} [Fri Feb 11 05:46:22 2022] GET /placement/allocations/7bf6159d-8226-4ba1-aa09-6ebc0600e9cc => generated 19 bytes in 16 msecs (HTTP/1.1 200) 8 headers in 295 bytes (1 switches on core 0)
Feb 11 05:46:22.677284 n-d-713499-38 devstack@placement-api.service[103652]: DEBUG placement.requestlog [req-e0f9f497-262e-434e-91b8-e8d3b3511db5 req-44d38eb5-3fab-4fc3-8f57-f51de68c6bbe None None] Starting request: 10.222.0.87 "PUT /placement/allocations/7bf6159d-8226-4ba1-aa09-6ebc0600e9cc" {{(pid=103652) __call__ /opt/stack/placement/placement/requestlog.py:55}}
Feb 11 05:46:22.744926 n-d-713499-38 devstack@placement-api.service[103652]: DEBUG placement.handlers.allocation [req-e0f9f497-262e-434e-91b8-e8d3b3511db5 req-44d38eb5-3fab-4fc3-8f57-f51de68c6bbe service placement] Successfully wrote allocations [, , ] {{(pid=103652) _update_consumers_and_create_allocations /opt/stack/placement/placement/handlers/allocation.py:462}}
Feb 11 05:46:22.750522 n-d-713499-38 devstack@placement-api.service[103652]: INFO placement.requestlog [req-e0f9f497-262e-434e-91b8-e8d3b3511db5 req-44d38eb5-3fab-4fc3-8f57-f51de68c6bbe service placement] 10.222.0.87 "PUT /placement/allocations/7bf6159d-8226-4ba1-aa09-6ebc0600e9cc" status: 204 len: 0 microversion: 1.36
Feb 11 05:46:22.751183 n-d-713499-38 devstack@placement-api.service[103652]: [pid: 103652|app: 0|req: 571/1137] 10.222.0.87 () {64 vars in 1433 bytes} [Fri Feb 11 05:46:22 2022] PUT /placement/allocations/7bf6159d-8226-4ba1-aa09-6ebc0600e9cc => generated 0 bytes in 74 msecs (HTTP/1.1 204) 5 headers in 199 bytes (1 switches on core 0)
Feb 11 05:46:23.179521 n-d-713499-38 devstack@placement-api.service[103653]: DEBUG placement.requestlog [req-e0f9f497-262e-434e-91b8-e8d3b3511db5 req-ba0f2423-b894-4a7f-b7a5-cf58dfd03acc None None] Starting request: 10.222.0.88 "GET /placement/allocations/7bf6159d-8226-4ba1-aa09-6ebc0600e9cc" {{(pid=103653) __call__ /opt/stack/placement/placement/requestlog.py:55}}
Feb 11 05:46:23.205942 n-d-713499-38 devstack@placement-api.service[103653]: INFO placement.requestlog [req-e0f9f497-262e-434e-91b8-e8d3b3511db5 req-ba0f2423-b894-4a7f-b7a5-cf58dfd03acc service placement] 10.222.0.88 "GET /placement/allocations/7bf6159d-8226-4ba1-aa09-6ebc0600e9cc" status: 200 len: 260 microversion: 1.28
Feb 11 05:46:23.206441 n-d-713499-38 devstack@placement-api.service[103653]: [pid: 103653|app: 0|req: 567/1138] 10.222.0.88 () {60 vars in 1377 bytes} [Fri Feb 11 05:46:23 2022] GET /placement/allocations/7bf6159d-8226-4ba1-aa09-6ebc0600e9cc => generated 260 bytes in 27 msecs (HTTP/1.1 200) 8 headers in 296 bytes (1 switches on core 0)
Feb 11 05:46:25.844213 n-d-713499-38 devstack@placement-api.service[103652]: DEBUG placement.requestlog [req-33e7d822-0ab7-4210-bc53-11644e54a8b2 req-ca685c3c-8792-4d0a-9188-063b4435cb5c None None] Starting request: 10.222.0.73 "DELETE /placement/allocations/5b0041c8-f976-4501-8aea-15b2ecd4743f" {{(pid=103652) __call__ /opt/stack/placement/placement/requestlog.py:55}}
Feb 11 05:46:25.900572 n-d-713499-38 devstack@placement-api.service[103652]: DEBUG placement.handlers.allocation [req-33e7d822-0ab7-4210-bc53-11644e54a8b2 req-ca685c3c-8792-4d0a-9188-063b4435cb5c service placement] Successfully deleted allocations [, , ] {{(pid=103652) delete_allocations /opt/stack/placement/placement/handlers/allocation.py:627}}
Feb 11 05:46:25.901141 n-d-713499-38 devstack@placement-api.service[103652]: INFO placement.requestlog [req-33e7d822-0ab7-4210-bc53-11644e54a8b2 req-ca685c3c-8792-4d0a-9188-063b4435cb5c service placement] 10.222.0.73 "DELETE /placement/allocations/5b0041c8-f976-4501-8aea-15b2ecd4743f" status: 204 len: 0 microversion: 1.0
Feb 11 05:46:25.903055 n-d-713499-38 devstack@placement-api.service[103652]: [pid: 103652|app: 0|req: 572/1139] 10.222.0.73 () {60 vars in 1355 bytes} [Fri Feb 11 05:46:25 2022] DELETE /placement/allocations/5b0041c8-f976-4501-8aea-15b2ecd4743f => generated 0 bytes in 60 msecs (HTTP/1.1 204) 5 headers in 198 bytes (1 switches on core 0)
Feb 11 05:46:29.443583 n-d-713499-38 devstack@placement-api.service[103653]: DEBUG placement.requestlog [req-53d7eab8-9230-49d8-a820-6ce57933c76d req-2dd0ee20-7583-4e70-9f47-74c0a62439d3 None None] Starting request: 10.222.0.88 "GET /placement/resource_providers/f8bf66c5-51e3-4ad2-83ee-04ba4e26761f/allocations" {{(pid=103653) __call__ /opt/stack/placement/placement/requestlog.py:55}}
Feb 11 05:46:29.462127 n-d-713499-38 devstack@placement-api.service[103653]: INFO placement.requestlog [req-53d7eab8-9230-49d8-a820-6ce57933c76d req-2dd0ee20-7583-4e70-9f47-74c0a62439d3 service placement] 10.222.0.88 "GET /placement/resource_providers/f8bf66c5-51e3-4ad2-83ee-04ba4e26761f/allocations" status: 200 len: 155 microversion: 1.0
Feb 11 05:46:29.462471 n-d-713499-38 devstack@placement-api.service[103653]: [pid: 103653|app: 0|req: 568/1140] 10.222.0.88 () {58 vars in 1390 bytes} [Fri Feb 11 05:46:29 2022] GET /placement/resource_providers/f8bf66c5-51e3-4ad2-83ee-04ba4e26761f/allocations => generated 155 bytes in 19 msecs (HTTP/1.1 200) 6 headers in 224 bytes (1 switches on core 0)
Feb 11 05:47:13.331792 n-d-713499-38 devstack@placement-api.service[103652]: DEBUG placement.requestlog [req-79c2b409-8a2f-494d-b39e-2ebd9326192d req-322e0dd0-6ae3-4cf0-b83b-2bcc4b16fa42 None None] Starting request: 10.222.0.88 "GET /placement/allocations/7bf6159d-8226-4ba1-aa09-6ebc0600e9cc" {{(pid=103652) __call__ /opt/stack/placement/placement/requestlog.py:55}}
Feb 11 05:47:13.347158 n-d-713499-38 devstack@placement-api.service[103652]: INFO placement.requestlog [req-79c2b409-8a2f-494d-b39e-2ebd9326192d req-322e0dd0-6ae3-4cf0-b83b-2bcc4b16fa42 service placement] 10.222.0.88 "GET /placement/allocations/7bf6159d-8226-4ba1-aa09-6ebc0600e9cc" status: 200 len: 260 microversion: 1.28
Feb 11 05:47:13.347543 n-d-713499-38 devstack@placement-api.service[103652]: [pid: 103652|app: 0|req: 573/1141] 10.222.0.88 () {60 vars in 1377 bytes} [Fri Feb 11 05:47:13 2022] GET /placement/allocations/7bf6159d-8226-4ba1-aa09-6ebc0600e9cc => generated 260 bytes in 16 msecs (HTTP/1.1 200) 8 headers in 296 bytes (1 switches on core 0)
Feb 11 05:47:18.160150 n-d-713499-38 devstack@placement-api.service[103653]: DEBUG placement.requestlog [req-2d5f0d47-fd31-455e-8792-9e05c86764b0 req-2b9ebc6a-abc3-459d-8905-b88c097fc61b None None] Starting request: 10.222.0.73 "GET /placement/resource_providers/da7cd39f-b737-4c47-aaf0-4f4e5244aee7/allocations" {{(pid=103653) __call__ /opt/stack/placement/placement/requestlog.py:55}}
Feb 11 05:47:18.176255 n-d-713499-38 devstack@placement-api.service[103653]: INFO placement.requestlog [req-2d5f0d47-fd31-455e-8792-9e05c86764b0 req-2b9ebc6a-abc3-459d-8905-b88c097fc61b service placement] 10.222.0.73 "GET /placement/resource_providers/da7cd39f-b737-4c47-aaf0-4f4e5244aee7/allocations" status: 200 len: 56 microversion: 1.0
Feb 11 05:47:18.176608 n-d-713499-38 devstack@placement-api.service[103653]: [pid: 103653|app: 0|req: 569/1142] 10.222.0.73 () {58 vars in 1390 bytes} [Fri Feb 11 05:47:18 2022] GET /placement/resource_providers/da7cd39f-b737-4c47-aaf0-4f4e5244aee7/allocations => generated 56 bytes in 17 msecs (HTTP/1.1 200) 6 headers in 223 bytes (1 switches on core 0)
Feb 11 05:47:30.409729 n-d-713499-38 devstack@placement-api.service[103652]: DEBUG placement.requestlog [req-ed771473-13bf-421e-a985-120df5ddba29 req-94a4ae76-76e3-45dc-963a-f1815fe751a0 None None] Starting request: 10.222.0.88 "GET /placement/resource_providers/f8bf66c5-51e3-4ad2-83ee-04ba4e26761f/allocations" {{(pid=103652) __call__ /opt/stack/placement/placement/requestlog.py:55}}
Feb 11 05:47:30.429830 n-d-713499-38 devstack@placement-api.service[103652]: INFO placement.requestlog [req-ed771473-13bf-421e-a985-120df5ddba29 req-94a4ae76-76e3-45dc-963a-f1815fe751a0 service placement] 10.222.0.88 "GET /placement/resource_providers/f8bf66c5-51e3-4ad2-83ee-04ba4e26761f/allocations" status: 200 len: 155 microversion: 1.0
Feb 11 05:47:30.430206 n-d-713499-38 devstack@placement-api.service[103652]: [pid: 103652|app: 0|req: 574/1143] 10.222.0.88 () {58 vars in 1390 bytes} [Fri Feb 11 05:47:30 2022] GET /placement/resource_providers/f8bf66c5-51e3-4ad2-83ee-04ba4e26761f/allocations => generated 155 bytes in 21 msecs (HTTP/1.1 200) 6 headers in 224 bytes (1 switches on core 0)
Feb 11 05:47:36.847058 n-d-713499-38 devstack@placement-api.service[103653]: DEBUG placement.requestlog [req-73be540a-6e26-4270-9bb3-77a3f0e04552 req-5d0141c2-9fd2-4ebf-b73b-5bd038495701 None None] Starting request: 10.222.0.87 "GET /placement/allocation_candidates?limit=1000&resources=DISK_GB%3A1%2CMEMORY_MB%3A1024%2CVCPU%3A1&root_required=%21COMPUTE_STATUS_DISABLED" {{(pid=103653) __call__ /opt/stack/placement/placement/requestlog.py:55}}
Feb 11 05:47:37.029632 n-d-713499-38 devstack@placement-api.service[103653]: DEBUG placement.objects.research_context [req-73be540a-6e26-4270-9bb3-77a3f0e04552 req-5d0141c2-9fd2-4ebf-b73b-5bd038495701 service placement] getting providers with 1 DISK_GB {{(pid=103653) __init__ /opt/stack/placement/placement/objects/research_context.py:126}}
Feb 11 05:47:37.034847 n-d-713499-38 devstack@placement-api.service[103653]: DEBUG placement.objects.research_context [req-73be540a-6e26-4270-9bb3-77a3f0e04552 req-5d0141c2-9fd2-4ebf-b73b-5bd038495701 service placement] getting providers with 1024 MEMORY_MB {{(pid=103653) __init__ /opt/stack/placement/placement/objects/research_context.py:126}}
Feb 11 05:47:37.040373 n-d-713499-38 devstack@placement-api.service[103653]: DEBUG placement.objects.research_context [req-73be540a-6e26-4270-9bb3-77a3f0e04552 req-5d0141c2-9fd2-4ebf-b73b-5bd038495701 service placement] getting providers with 1 VCPU {{(pid=103653) __init__ /opt/stack/placement/placement/objects/research_context.py:126}}
Feb 11 05:47:37.046165 n-d-713499-38 devstack@placement-api.service[103653]: DEBUG placement.objects.research_context [req-73be540a-6e26-4270-9bb3-77a3f0e04552 req-5d0141c2-9fd2-4ebf-b73b-5bd038495701 service placement] found 2 providers with available 1 DISK_GB {{(pid=103653) get_provider_ids_matching /opt/stack/placement/placement/objects/research_context.py:549}}
Feb 11 05:47:37.046435 n-d-713499-38 devstack@placement-api.service[103653]: DEBUG placement.objects.research_context [req-73be540a-6e26-4270-9bb3-77a3f0e04552 req-5d0141c2-9fd2-4ebf-b73b-5bd038495701 service placement] found 2 providers with available 1024 MEMORY_MB {{(pid=103653) get_provider_ids_matching /opt/stack/placement/placement/objects/research_context.py:549}}
Feb 11 05:47:37.046707 n-d-713499-38 devstack@placement-api.service[103653]: DEBUG placement.objects.research_context [req-73be540a-6e26-4270-9bb3-77a3f0e04552 req-5d0141c2-9fd2-4ebf-b73b-5bd038495701 service placement] found 2 providers after filtering by previous result {{(pid=103653) get_provider_ids_matching /opt/stack/placement/placement/objects/research_context.py:580}}
Feb 11 05:47:37.046964 n-d-713499-38 devstack@placement-api.service[103653]: DEBUG placement.objects.research_context [req-73be540a-6e26-4270-9bb3-77a3f0e04552 req-5d0141c2-9fd2-4ebf-b73b-5bd038495701 service placement] found 2 providers with available 1 VCPU {{(pid=103653) get_provider_ids_matching /opt/stack/placement/placement/objects/research_context.py:549}}
Feb 11 05:47:37.047224 n-d-713499-38 devstack@placement-api.service[103653]: DEBUG placement.objects.research_context [req-73be540a-6e26-4270-9bb3-77a3f0e04552 req-5d0141c2-9fd2-4ebf-b73b-5bd038495701 service placement] found 2 providers after filtering by previous result {{(pid=103653) get_provider_ids_matching /opt/stack/placement/placement/objects/research_context.py:580}}
Feb 11 05:47:37.058003 n-d-713499-38 devstack@placement-api.service[103653]: DEBUG placement.objects.allocation_candidate [req-73be540a-6e26-4270-9bb3-77a3f0e04552 req-5d0141c2-9fd2-4ebf-b73b-5bd038495701 service placement] RequestGroup(use_same_provider=False, resources={DISK_GB:1, MEMORY_MB:1024, VCPU:1}, traits=[], aggregates=[]) (suffix '') returned 2 matches {{(pid=103653) _get_by_requests /opt/stack/placement/placement/objects/allocation_candidate.py:145}}
Feb 11 05:47:37.058372 n-d-713499-38 devstack@placement-api.service[103653]: DEBUG placement.objects.allocation_candidate [req-73be540a-6e26-4270-9bb3-77a3f0e04552 req-5d0141c2-9fd2-4ebf-b73b-5bd038495701 service placement] Merging candidates yields 2 allocation requests and 2 provider summaries {{(pid=103653) _merge_candidates /opt/stack/placement/placement/objects/allocation_candidate.py:783}}
Feb 11 05:47:37.059960 n-d-713499-38 devstack@placement-api.service[103653]: INFO placement.requestlog [req-73be540a-6e26-4270-9bb3-77a3f0e04552 req-5d0141c2-9fd2-4ebf-b73b-5bd038495701 service placement] 10.222.0.87 "GET /placement/allocation_candidates?limit=1000&resources=DISK_GB%3A1%2CMEMORY_MB%3A1024%2CVCPU%3A1&root_required=%21COMPUTE_STATUS_DISABLED" status: 200 len: 1306 microversion: 1.36
Feb 11 05:47:37.060331 n-d-713499-38 devstack@placement-api.service[103653]: [pid: 103653|app: 0|req: 570/1144] 10.222.0.87 () {60 vars in 1506 bytes} [Fri Feb 11 05:47:36 2022] GET /placement/allocation_candidates?limit=1000&resources=DISK_GB%3A1%2CMEMORY_MB%3A1024%2CVCPU%3A1&root_required=%21COMPUTE_STATUS_DISABLED => generated 1306 bytes in 214 msecs (HTTP/1.1 200) 8 headers in 297 bytes (1 switches on core 0)
Feb 11 05:47:37.106632 n-d-713499-38 devstack@placement-api.service[103652]: DEBUG placement.requestlog [req-73be540a-6e26-4270-9bb3-77a3f0e04552 req-9c965c96-d249-4d24-97ac-d468513c8105 None None] Starting request: 10.222.0.87 "GET /placement/allocations/7521412c-b69a-485a-85ac-a15afbb03073" {{(pid=103652) __call__ /opt/stack/placement/placement/requestlog.py:55}}
Feb 11 05:47:37.117411 n-d-713499-38 devstack@placement-api.service[103652]: INFO placement.requestlog [req-73be540a-6e26-4270-9bb3-77a3f0e04552 req-9c965c96-d249-4d24-97ac-d468513c8105 service placement] 10.222.0.87 "GET /placement/allocations/7521412c-b69a-485a-85ac-a15afbb03073" status: 200 len: 19 microversion: 1.28
Feb 11 05:47:37.117753 n-d-713499-38 devstack@placement-api.service[103652]: [pid: 103652|app: 0|req: 575/1145] 10.222.0.87 () {60 vars in 1380 bytes} [Fri Feb 11 05:47:37 2022] GET /placement/allocations/7521412c-b69a-485a-85ac-a15afbb03073 => generated 19 bytes in 12 msecs (HTTP/1.1 200) 8 headers in 295 bytes (1 switches on core 0)
Feb 11 05:47:37.123581 n-d-713499-38 devstack@placement-api.service[103653]: DEBUG placement.requestlog [req-73be540a-6e26-4270-9bb3-77a3f0e04552 req-cd34e219-d0b6-4b0a-b9e7-5044250874ae None None] Starting request: 10.222.0.87 "PUT /placement/allocations/7521412c-b69a-485a-85ac-a15afbb03073" {{(pid=103653) __call__ /opt/stack/placement/placement/requestlog.py:55}}
Feb 11 05:47:37.180758 n-d-713499-38 devstack@placement-api.service[103653]: DEBUG placement.handlers.allocation [req-73be540a-6e26-4270-9bb3-77a3f0e04552 req-cd34e219-d0b6-4b0a-b9e7-5044250874ae service placement] Successfully wrote allocations [, , ] {{(pid=103653) _update_consumers_and_create_allocations /opt/stack/placement/placement/handlers/allocation.py:462}}
Feb 11 05:47:37.184224 n-d-713499-38 devstack@placement-api.service[103653]: INFO placement.requestlog [req-73be540a-6e26-4270-9bb3-77a3f0e04552 req-cd34e219-d0b6-4b0a-b9e7-5044250874ae service placement] 10.222.0.87 "PUT /placement/allocations/7521412c-b69a-485a-85ac-a15afbb03073" status: 204 len: 0 microversion: 1.36
Feb 11 05:47:37.184620 n-d-713499-38 devstack@placement-api.service[103653]: [pid: 103653|app: 0|req: 571/1146] 10.222.0.87 () {64 vars in 1433 bytes} [Fri Feb 11 05:47:37 2022] PUT /placement/allocations/7521412c-b69a-485a-85ac-a15afbb03073 => generated 0 bytes in 61 msecs (HTTP/1.1 204) 5 headers in 199 bytes (2 switches on core 0)
Feb 11 05:47:37.439331 n-d-713499-38 devstack@placement-api.service[103652]: DEBUG placement.requestlog [req-73be540a-6e26-4270-9bb3-77a3f0e04552 req-966caab7-d461-45da-b837-64e06306751f None None] Starting request: 10.222.0.73 "GET /placement/allocations/7521412c-b69a-485a-85ac-a15afbb03073" {{(pid=103652) __call__ /opt/stack/placement/placement/requestlog.py:55}}
Feb 11 05:47:37.454807 n-d-713499-38 devstack@placement-api.service[103652]: INFO placement.requestlog [req-73be540a-6e26-4270-9bb3-77a3f0e04552 req-966caab7-d461-45da-b837-64e06306751f service placement] 10.222.0.73 "GET /placement/allocations/7521412c-b69a-485a-85ac-a15afbb03073" status: 200 len: 260 microversion: 1.28
Feb 11 05:47:37.455136 n-d-713499-38 devstack@placement-api.service[103652]: [pid: 103652|app: 0|req: 576/1147] 10.222.0.73 () {60 vars in 1377 bytes} [Fri Feb 11 05:47:37 2022] GET /placement/allocations/7521412c-b69a-485a-85ac-a15afbb03073 => generated 260 bytes in 16 msecs (HTTP/1.1 200) 8 headers in 296 bytes (1 switches on core 0)
Feb 11 05:48:08.737356 n-d-713499-38 devstack@placement-api.service[103653]: DEBUG placement.requestlog [req-6af54240-b870-4b83-81f8-a106dd3da8c7 req-68d4db95-0e43-49b5-a00c-8d08935cee74 None None] Starting request: 10.222.0.88 "DELETE /placement/allocations/7bf6159d-8226-4ba1-aa09-6ebc0600e9cc" {{(pid=103653) __call__ /opt/stack/placement/placement/requestlog.py:55}}
Feb 11 05:48:08.767151 n-d-713499-38 devstack@placement-api.service[103653]: DEBUG placement.handlers.allocation [req-6af54240-b870-4b83-81f8-a106dd3da8c7 req-68d4db95-0e43-49b5-a00c-8d08935cee74 service placement] Successfully deleted allocations [, , ] {{(pid=103653) delete_allocations /opt/stack/placement/placement/handlers/allocation.py:627}}
Feb 11 05:48:08.768647 n-d-713499-38 devstack@placement-api.service[103653]: INFO placement.requestlog [req-6af54240-b870-4b83-81f8-a106dd3da8c7 req-68d4db95-0e43-49b5-a00c-8d08935cee74 service placement] 10.222.0.88 "DELETE /placement/allocations/7bf6159d-8226-4ba1-aa09-6ebc0600e9cc" status: 204 len: 0 microversion: 1.0
Feb 11 05:48:08.769217 n-d-713499-38 devstack@placement-api.service[103653]: [pid: 103653|app: 0|req: 572/1148] 10.222.0.88 () {60 vars in 1355 bytes} [Fri Feb 11 05:48:08 2022] DELETE /placement/allocations/7bf6159d-8226-4ba1-aa09-6ebc0600e9cc => generated 0 bytes in 32 msecs (HTTP/1.1 204) 5 headers in 198 bytes (2 switches on core 0)
Feb 11 05:48:18.177628 n-d-713499-38 devstack@placement-api.service[103652]: DEBUG placement.requestlog [req-ca5667c2-9834-4689-b3f8-a2d10dd2fa59 req-ee025c2a-d548-4548-b754-21220f9235c8 None None] Starting request: 10.222.0.73 "GET /placement/resource_providers/da7cd39f-b737-4c47-aaf0-4f4e5244aee7/allocations" {{(pid=103652) __call__ /opt/stack/placement/placement/requestlog.py:55}}
Feb 11 05:48:18.214019 n-d-713499-38 devstack@placement-api.service[103652]: INFO placement.requestlog [req-ca5667c2-9834-4689-b3f8-a2d10dd2fa59 req-ee025c2a-d548-4548-b754-21220f9235c8 service placement] 10.222.0.73 "GET /placement/resource_providers/da7cd39f-b737-4c47-aaf0-4f4e5244aee7/allocations" status: 200 len: 155 microversion: 1.0
Feb 11 05:48:18.214671 n-d-713499-38 devstack@placement-api.service[103652]: [pid: 103652|app: 0|req: 577/1149] 10.222.0.73 () {58 vars in 1390 bytes} [Fri Feb 11 05:48:18 2022] GET /placement/resource_providers/da7cd39f-b737-4c47-aaf0-4f4e5244aee7/allocations => generated 155 bytes in 37 msecs (HTTP/1.1 200) 6 headers in 224 bytes (1 switches on core 0)
Feb 11 05:48:21.844768 n-d-713499-38 devstack@placement-api.service[103653]: DEBUG placement.requestlog [req-d8927937-d50b-4c64-b9f2-3adaa0919c59 req-e4feb78a-1338-4e37-88ca-477a17488edb None None] Starting request: 10.222.0.87 "GET /placement/allocation_candidates?limit=1000&resources=DISK_GB%3A1%2CMEMORY_MB%3A1024%2CVCPU%3A1&root_required=%21COMPUTE_STATUS_DISABLED" {{(pid=103653) __call__ /opt/stack/placement/placement/requestlog.py:55}}
Feb 11 05:48:21.889147 n-d-713499-38 devstack@placement-api.service[103653]: DEBUG placement.objects.research_context [req-d8927937-d50b-4c64-b9f2-3adaa0919c59 req-e4feb78a-1338-4e37-88ca-477a17488edb service placement] getting providers with 1 DISK_GB {{(pid=103653) __init__ /opt/stack/placement/placement/objects/research_context.py:126}}
Feb 11 05:48:21.895219 n-d-713499-38 devstack@placement-api.service[103653]: DEBUG placement.objects.research_context [req-d8927937-d50b-4c64-b9f2-3adaa0919c59 req-e4feb78a-1338-4e37-88ca-477a17488edb service placement] getting providers with 1024 MEMORY_MB {{(pid=103653) __init__ /opt/stack/placement/placement/objects/research_context.py:126}}
Feb 11 05:48:21.903607 n-d-713499-38 devstack@placement-api.service[103653]: DEBUG placement.objects.research_context [req-d8927937-d50b-4c64-b9f2-3adaa0919c59 req-e4feb78a-1338-4e37-88ca-477a17488edb service placement] getting providers with 1 VCPU {{(pid=103653) __init__ /opt/stack/placement/placement/objects/research_context.py:126}}
Feb 11 05:48:21.910582 n-d-713499-38 devstack@placement-api.service[103653]: DEBUG placement.objects.research_context [req-d8927937-d50b-4c64-b9f2-3adaa0919c59 req-e4feb78a-1338-4e37-88ca-477a17488edb service placement] found 2 providers with available 1 DISK_GB {{(pid=103653) get_provider_ids_matching /opt/stack/placement/placement/objects/research_context.py:549}}
Feb 11 05:48:21.910981 n-d-713499-38 devstack@placement-api.service[103653]: DEBUG placement.objects.research_context [req-d8927937-d50b-4c64-b9f2-3adaa0919c59 req-e4feb78a-1338-4e37-88ca-477a17488edb service placement] found 2 providers with available 1024 MEMORY_MB {{(pid=103653) get_provider_ids_matching /opt/stack/placement/placement/objects/research_context.py:549}}
Feb 11 05:48:21.911379 n-d-713499-38 devstack@placement-api.service[103653]: DEBUG placement.objects.research_context [req-d8927937-d50b-4c64-b9f2-3adaa0919c59 req-e4feb78a-1338-4e37-88ca-477a17488edb service placement] found 2 providers after filtering by previous result {{(pid=103653) get_provider_ids_matching /opt/stack/placement/placement/objects/research_context.py:580}}
Feb 11 05:48:21.911764 n-d-713499-38 devstack@placement-api.service[103653]: DEBUG placement.objects.research_context [req-d8927937-d50b-4c64-b9f2-3adaa0919c59 req-e4feb78a-1338-4e37-88ca-477a17488edb service placement] found 2 providers with available 1 VCPU {{(pid=103653) get_provider_ids_matching /opt/stack/placement/placement/objects/research_context.py:549}}
Feb 11 05:48:21.912118 n-d-713499-38 devstack@placement-api.service[103653]: DEBUG placement.objects.research_context [req-d8927937-d50b-4c64-b9f2-3adaa0919c59 req-e4feb78a-1338-4e37-88ca-477a17488edb service placement] found 2 providers after filtering by previous result {{(pid=103653) get_provider_ids_matching /opt/stack/placement/placement/objects/research_context.py:580}}
Feb 11 05:48:21.923570 n-d-713499-38 devstack@placement-api.service[103653]: DEBUG placement.objects.allocation_candidate [req-d8927937-d50b-4c64-b9f2-3adaa0919c59 req-e4feb78a-1338-4e37-88ca-477a17488edb service placement] RequestGroup(use_same_provider=False, resources={DISK_GB:1, MEMORY_MB:1024, VCPU:1}, traits=[], aggregates=[]) (suffix '') returned 2 matches {{(pid=103653) _get_by_requests /opt/stack/placement/placement/objects/allocation_candidate.py:145}}
Feb 11 05:48:21.923935 n-d-713499-38 devstack@placement-api.service[103653]: DEBUG placement.objects.allocation_candidate [req-d8927937-d50b-4c64-b9f2-3adaa0919c59 req-e4feb78a-1338-4e37-88ca-477a17488edb service placement] Merging candidates yields 2 allocation requests and 2 provider summaries {{(pid=103653) _merge_candidates /opt/stack/placement/placement/objects/allocation_candidate.py:783}}
Feb 11 05:48:21.925444 n-d-713499-38 devstack@placement-api.service[103653]: INFO placement.requestlog [req-d8927937-d50b-4c64-b9f2-3adaa0919c59 req-e4feb78a-1338-4e37-88ca-477a17488edb service placement] 10.222.0.87 "GET /placement/allocation_candidates?limit=1000&resources=DISK_GB%3A1%2CMEMORY_MB%3A1024%2CVCPU%3A1&root_required=%21COMPUTE_STATUS_DISABLED" status: 200 len: 1306 microversion: 1.36
Feb 11 05:48:21.925826 n-d-713499-38 devstack@placement-api.service[103653]: [pid: 103653|app: 0|req: 573/1150] 10.222.0.87 () {60 vars in 1506 bytes} [Fri Feb 11 05:48:21 2022] GET /placement/allocation_candidates?limit=1000&resources=DISK_GB%3A1%2CMEMORY_MB%3A1024%2CVCPU%3A1&root_required=%21COMPUTE_STATUS_DISABLED => generated 1306 bytes in 81 msecs (HTTP/1.1 200) 8 headers in 297 bytes (1 switches on core 0)
Feb 11 05:48:21.973436 n-d-713499-38 devstack@placement-api.service[103652]: DEBUG placement.requestlog [req-d8927937-d50b-4c64-b9f2-3adaa0919c59 req-56b57c03-32f2-4d60-824f-776a8a7a0a1b None None] Starting request: 10.222.0.87 "GET /placement/allocations/ebb5265e-0b7f-4191-b3c4-e679383a02f1" {{(pid=103652) __call__ /opt/stack/placement/placement/requestlog.py:55}}
Feb 11 05:48:21.984035 n-d-713499-38 devstack@placement-api.service[103652]: INFO placement.requestlog [req-d8927937-d50b-4c64-b9f2-3adaa0919c59 req-56b57c03-32f2-4d60-824f-776a8a7a0a1b service placement] 10.222.0.87 "GET /placement/allocations/ebb5265e-0b7f-4191-b3c4-e679383a02f1" status: 200 len: 19 microversion: 1.28
Feb 11 05:48:21.984385 n-d-713499-38 devstack@placement-api.service[103652]: [pid: 103652|app: 0|req: 578/1151] 10.222.0.87 () {60 vars in 1380 bytes} [Fri Feb 11 05:48:21 2022] GET /placement/allocations/ebb5265e-0b7f-4191-b3c4-e679383a02f1 => generated 19 bytes in 11 msecs (HTTP/1.1 200) 8 headers in 295 bytes (1 switches on core 0)
Feb 11 05:48:21.990661 n-d-713499-38 devstack@placement-api.service[103653]: DEBUG placement.requestlog [req-d8927937-d50b-4c64-b9f2-3adaa0919c59 req-729ed1c5-1564-4855-a17e-6533b1d09dd6 None None] Starting request: 10.222.0.87 "PUT /placement/allocations/ebb5265e-0b7f-4191-b3c4-e679383a02f1" {{(pid=103653) __call__ /opt/stack/placement/placement/requestlog.py:55}}
Feb 11 05:48:22.048214 n-d-713499-38 devstack@placement-api.service[103653]: DEBUG placement.handlers.allocation [req-d8927937-d50b-4c64-b9f2-3adaa0919c59 req-729ed1c5-1564-4855-a17e-6533b1d09dd6 service placement] Successfully wrote allocations [, , ] {{(pid=103653) _update_consumers_and_create_allocations /opt/stack/placement/placement/handlers/allocation.py:462}}
Feb 11 05:48:22.052137 n-d-713499-38 devstack@placement-api.service[103653]: INFO placement.requestlog [req-d8927937-d50b-4c64-b9f2-3adaa0919c59 req-729ed1c5-1564-4855-a17e-6533b1d09dd6 service placement] 10.222.0.87 "PUT /placement/allocations/ebb5265e-0b7f-4191-b3c4-e679383a02f1" status: 204 len: 0 microversion: 1.36
Feb 11 05:48:22.052509 n-d-713499-38 devstack@placement-api.service[103653]: [pid: 103653|app: 0|req: 574/1152] 10.222.0.87 () {64 vars in 1433 bytes} [Fri Feb 11 05:48:21 2022] PUT /placement/allocations/ebb5265e-0b7f-4191-b3c4-e679383a02f1 => generated 0 bytes in 62 msecs (HTTP/1.1 204) 5 headers in 199 bytes (1 switches on core 0)
Feb 11 05:48:22.329904 n-d-713499-38 devstack@placement-api.service[103652]: DEBUG placement.requestlog [req-d8927937-d50b-4c64-b9f2-3adaa0919c59 req-dca50c5f-feec-4c26-86fe-a2222bf7cbe2 None None] Starting request: 10.222.0.88 "GET /placement/allocations/ebb5265e-0b7f-4191-b3c4-e679383a02f1" {{(pid=103652) __call__ /opt/stack/placement/placement/requestlog.py:55}}
Feb 11 05:48:22.345475 n-d-713499-38 devstack@placement-api.service[103652]: INFO placement.requestlog [req-d8927937-d50b-4c64-b9f2-3adaa0919c59 req-dca50c5f-feec-4c26-86fe-a2222bf7cbe2 service placement] 10.222.0.88 "GET /placement/allocations/ebb5265e-0b7f-4191-b3c4-e679383a02f1" status: 200 len: 260 microversion: 1.28
Feb 11 05:48:22.345917 n-d-713499-38 devstack@placement-api.service[103652]: [pid: 103652|app: 0|req: 579/1153] 10.222.0.88 () {60 vars in 1377 bytes} [Fri Feb 11 05:48:22 2022] GET /placement/allocations/ebb5265e-0b7f-4191-b3c4-e679383a02f1 => generated 260 bytes in 16 msecs (HTTP/1.1 200) 8 headers in 296 bytes (1 switches on core 0)
Feb 11 05:48:30.417103 n-d-713499-38 devstack@placement-api.service[103653]: DEBUG placement.requestlog [req-c6ff37fd-0c93-47ee-8a3f-bbed240d6b63 req-f6bee423-6a93-47e1-b309-b390a5b9abfe None None] Starting request: 10.222.0.88 "GET /placement/resource_providers/f8bf66c5-51e3-4ad2-83ee-04ba4e26761f/allocations" {{(pid=103653) __call__ /opt/stack/placement/placement/requestlog.py:55}}
Feb 11 05:48:30.437685 n-d-713499-38 devstack@placement-api.service[103653]: INFO placement.requestlog [req-c6ff37fd-0c93-47ee-8a3f-bbed240d6b63 req-f6bee423-6a93-47e1-b309-b390a5b9abfe service placement] 10.222.0.88 "GET /placement/resource_providers/f8bf66c5-51e3-4ad2-83ee-04ba4e26761f/allocations" status: 200 len: 155 microversion: 1.0
Feb 11 05:48:30.438134 n-d-713499-38 devstack@placement-api.service[103653]: [pid: 103653|app: 0|req: 575/1154] 10.222.0.88 () {58 vars in 1390 bytes} [Fri Feb 11 05:48:30 2022] GET /placement/resource_providers/f8bf66c5-51e3-4ad2-83ee-04ba4e26761f/allocations => generated 155 bytes in 21 msecs (HTTP/1.1 200) 6 headers in 224 bytes (1 switches on core 0)
Feb 11 05:48:43.284612 n-d-713499-38 devstack@placement-api.service[103652]: DEBUG placement.requestlog [req-ed569e09-8bf3-4661-902e-490d814beb79 req-7cf2c76d-dcab-4784-9780-9d9247835b0b None None] Starting request: 10.222.0.88 "DELETE /placement/allocations/ebb5265e-0b7f-4191-b3c4-e679383a02f1" {{(pid=103652) __call__ /opt/stack/placement/placement/requestlog.py:55}}
Feb 11 05:48:43.311801 n-d-713499-38 devstack@placement-api.service[103652]: DEBUG placement.handlers.allocation [req-ed569e09-8bf3-4661-902e-490d814beb79 req-7cf2c76d-dcab-4784-9780-9d9247835b0b service placement] Successfully deleted allocations [, , ] {{(pid=103652) delete_allocations /opt/stack/placement/placement/handlers/allocation.py:627}}
Feb 11 05:48:43.312404 n-d-713499-38 devstack@placement-api.service[103652]: INFO placement.requestlog [req-ed569e09-8bf3-4661-902e-490d814beb79 req-7cf2c76d-dcab-4784-9780-9d9247835b0b service placement] 10.222.0.88 "DELETE /placement/allocations/ebb5265e-0b7f-4191-b3c4-e679383a02f1" status: 204 len: 0 microversion: 1.0
Feb 11 05:48:43.312849 n-d-713499-38 devstack@placement-api.service[103652]: [pid: 103652|app: 0|req: 580/1155] 10.222.0.88 () {60 vars in 1355 bytes} [Fri Feb 11 05:48:43 2022] DELETE /placement/allocations/ebb5265e-0b7f-4191-b3c4-e679383a02f1 => generated 0 bytes in 29 msecs (HTTP/1.1 204) 5 headers in 198 bytes (1 switches on core 0)
Feb 11 05:49:18.291148 n-d-713499-38 devstack@placement-api.service[103653]: DEBUG placement.requestlog [req-b93a7848-3e14-4685-b429-cfe4cb850815 req-ca3c5c61-56e3-4c4d-a469-7da25477e399 None None] Starting request: 10.222.0.73 "GET /placement/resource_providers/da7cd39f-b737-4c47-aaf0-4f4e5244aee7/allocations" {{(pid=103653) __call__ /opt/stack/placement/placement/requestlog.py:55}}
Feb 11 05:49:18.489675 n-d-713499-38 devstack@placement-api.service[103653]: INFO placement.requestlog [req-b93a7848-3e14-4685-b429-cfe4cb850815 req-ca3c5c61-56e3-4c4d-a469-7da25477e399 service placement] 10.222.0.73 "GET /placement/resource_providers/da7cd39f-b737-4c47-aaf0-4f4e5244aee7/allocations" status: 200 len: 155 microversion: 1.0
Feb 11 05:49:18.490035 n-d-713499-38 devstack@placement-api.service[103653]: [pid: 103653|app: 0|req: 576/1156] 10.222.0.73 () {58 vars in 1390 bytes} [Fri Feb 11 05:49:18 2022] GET /placement/resource_providers/da7cd39f-b737-4c47-aaf0-4f4e5244aee7/allocations => generated 155 bytes in 200 msecs (HTTP/1.1 200) 6 headers in 224 bytes (1 switches on core 0)
Feb 11 05:49:18.501915 n-d-713499-38 devstack@placement-api.service[103652]: DEBUG placement.requestlog [req-b93a7848-3e14-4685-b429-cfe4cb850815 req-635d8f50-8caf-49c2-9369-d55e53b876d0 None None] Starting request: 10.222.0.73 "GET /placement/resource_providers?in_tree=da7cd39f-b737-4c47-aaf0-4f4e5244aee7" {{(pid=103652) __call__ /opt/stack/placement/placement/requestlog.py:55}}
Feb 11 05:49:18.517019 n-d-713499-38 devstack@placement-api.service[103652]: INFO placement.requestlog [req-b93a7848-3e14-4685-b429-cfe4cb850815 req-635d8f50-8caf-49c2-9369-d55e53b876d0 service placement] 10.222.0.73 "GET /placement/resource_providers?in_tree=da7cd39f-b737-4c47-aaf0-4f4e5244aee7" status: 200 len: 865 microversion: 1.14
Feb 11 05:49:18.517368 n-d-713499-38 devstack@placement-api.service[103652]: [pid: 103652|app: 0|req: 581/1157] 10.222.0.73 () {60 vars in 1376 bytes} [Fri Feb 11 05:49:18 2022] GET /placement/resource_providers?in_tree=da7cd39f-b737-4c47-aaf0-4f4e5244aee7 => generated 865 bytes in 16 msecs (HTTP/1.1 200) 6 headers in 225 bytes (1 switches on core 0)
Feb 11 05:49:18.525832 n-d-713499-38 devstack@placement-api.service[103653]: DEBUG placement.requestlog [req-b93a7848-3e14-4685-b429-cfe4cb850815 req-dead92f7-1e19-4b5a-9109-0ad2bbb1ab9d None None] Starting request: 10.222.0.73 "GET /placement/resource_providers/da7cd39f-b737-4c47-aaf0-4f4e5244aee7/inventories" {{(pid=103653) __call__ /opt/stack/placement/placement/requestlog.py:55}}
Feb 11 05:49:18.543118 n-d-713499-38 devstack@placement-api.service[103653]: INFO placement.requestlog [req-b93a7848-3e14-4685-b429-cfe4cb850815 req-dead92f7-1e19-4b5a-9109-0ad2bbb1ab9d service placement] 10.222.0.73 "GET /placement/resource_providers/da7cd39f-b737-4c47-aaf0-4f4e5244aee7/inventories" status: 200 len: 399 microversion: 1.0
Feb 11 05:49:18.543561 n-d-713499-38 devstack@placement-api.service[103653]: [pid: 103653|app: 0|req: 577/1158] 10.222.0.73 () {58 vars in 1390 bytes} [Fri Feb 11 05:49:18 2022] GET /placement/resource_providers/da7cd39f-b737-4c47-aaf0-4f4e5244aee7/inventories => generated 399 bytes in 19 msecs (HTTP/1.1 200) 6 headers in 224 bytes (1 switches on core 0)
Feb 11 05:49:18.551110 n-d-713499-38 devstack@placement-api.service[103652]: DEBUG placement.requestlog [req-b93a7848-3e14-4685-b429-cfe4cb850815 req-30be2bed-73de-4602-8253-899fc68351e7 None None] Starting request: 10.222.0.73 "GET /placement/resource_providers/da7cd39f-b737-4c47-aaf0-4f4e5244aee7/aggregates" {{(pid=103652) __call__ /opt/stack/placement/placement/requestlog.py:55}}
Feb 11 05:49:18.564059 n-d-713499-38 devstack@placement-api.service[103652]: INFO placement.requestlog [req-b93a7848-3e14-4685-b429-cfe4cb850815 req-30be2bed-73de-4602-8253-899fc68351e7 service placement] 10.222.0.73 "GET /placement/resource_providers/da7cd39f-b737-4c47-aaf0-4f4e5244aee7/aggregates" status: 200 len: 55 microversion: 1.19
Feb 11 05:49:18.564423 n-d-713499-38 devstack@placement-api.service[103652]: [pid: 103652|app: 0|req: 582/1159] 10.222.0.73 () {60 vars in 1431 bytes} [Fri Feb 11 05:49:18 2022] GET /placement/resource_providers/da7cd39f-b737-4c47-aaf0-4f4e5244aee7/aggregates => generated 55 bytes in 14 msecs (HTTP/1.1 200) 8 headers in 295 bytes (1 switches on core 0)
Feb 11 05:49:18.573467 n-d-713499-38 devstack@placement-api.service[103653]: DEBUG placement.requestlog [req-b93a7848-3e14-4685-b429-cfe4cb850815 req-5628c390-5f99-42b7-9618-3b5878582637 None None] Starting request: 10.222.0.73 "GET /placement/resource_providers/da7cd39f-b737-4c47-aaf0-4f4e5244aee7/traits" {{(pid=103653) __call__ /opt/stack/placement/placement/requestlog.py:55}}
Feb 11 05:49:18.602464 n-d-713499-38 devstack@placement-api.service[103653]: INFO placement.requestlog [req-b93a7848-3e14-4685-b429-cfe4cb850815 req-5628c390-5f99-42b7-9618-3b5878582637 service placement] 10.222.0.73 "GET /placement/resource_providers/da7cd39f-b737-4c47-aaf0-4f4e5244aee7/traits" status: 200 len: 213 microversion: 1.6
Feb 11 05:49:18.602845 n-d-713499-38 devstack@placement-api.service[103653]: [pid: 103653|app: 0|req: 578/1160] 10.222.0.73 () {60 vars in 1418 bytes} [Fri Feb 11 05:49:18 2022] GET /placement/resource_providers/da7cd39f-b737-4c47-aaf0-4f4e5244aee7/traits => generated 213 bytes in 30 msecs (HTTP/1.1 200) 6 headers in 224 bytes (2 switches on core 0)
Feb 11 05:49:21.810507 n-d-713499-38 devstack@placement-api.service[103652]: DEBUG placement.requestlog [req-bb59094b-019a-44ea-82cd-310cd6b37c8b req-87c67053-1440-483f-b888-450f4a610f6d None None] Starting request: 10.222.0.73 "DELETE /placement/allocations/7521412c-b69a-485a-85ac-a15afbb03073" {{(pid=103652) __call__ /opt/stack/placement/placement/requestlog.py:55}}
Feb 11 05:49:21.845033 n-d-713499-38 devstack@placement-api.service[103652]: DEBUG placement.handlers.allocation [req-bb59094b-019a-44ea-82cd-310cd6b37c8b req-87c67053-1440-483f-b888-450f4a610f6d service placement] Successfully deleted allocations [, , ] {{(pid=103652) delete_allocations /opt/stack/placement/placement/handlers/allocation.py:627}}
Feb 11 05:49:21.846041 n-d-713499-38 devstack@placement-api.service[103652]: INFO placement.requestlog [req-bb59094b-019a-44ea-82cd-310cd6b37c8b req-87c67053-1440-483f-b888-450f4a610f6d service placement] 10.222.0.73 "DELETE /placement/allocations/7521412c-b69a-485a-85ac-a15afbb03073" status: 204 len: 0 microversion: 1.0
Feb 11 05:49:21.846869 n-d-713499-38 devstack@placement-api.service[103652]: [pid: 103652|app: 0|req: 583/1161] 10.222.0.73 () {60 vars in 1355 bytes} [Fri Feb 11 05:49:21 2022] DELETE /placement/allocations/7521412c-b69a-485a-85ac-a15afbb03073 => generated 0 bytes in 36 msecs (HTTP/1.1 204) 5 headers in 198 bytes (2 switches on core 0)
Feb 11 05:49:31.438179 n-d-713499-38 devstack@placement-api.service[103653]: DEBUG placement.requestlog [req-dd708471-02ba-44e4-80f1-8f4bfa705f25 req-9b10f210-b535-4ba2-baf5-e5011292d607 None None] Starting request: 10.222.0.88 "GET /placement/resource_providers/f8bf66c5-51e3-4ad2-83ee-04ba4e26761f/allocations" {{(pid=103653) __call__ /opt/stack/placement/placement/requestlog.py:55}}
Feb 11 05:49:31.517642 n-d-713499-38 devstack@placement-api.service[103653]: INFO placement.requestlog [req-dd708471-02ba-44e4-80f1-8f4bfa705f25 req-9b10f210-b535-4ba2-baf5-e5011292d607 service placement] 10.222.0.88 "GET /placement/resource_providers/f8bf66c5-51e3-4ad2-83ee-04ba4e26761f/allocations" status: 200 len: 56 microversion: 1.0
Feb 11 05:49:31.517985 n-d-713499-38 devstack@placement-api.service[103653]: [pid: 103653|app: 0|req: 579/1162] 10.222.0.88 () {58 vars in 1390 bytes} [Fri Feb 11 05:49:31 2022] GET /placement/resource_providers/f8bf66c5-51e3-4ad2-83ee-04ba4e26761f/allocations => generated 56 bytes in 80 msecs (HTTP/1.1 200) 6 headers in 223 bytes (1 switches on core 0)
Feb 11 05:49:31.572292 n-d-713499-38 devstack@placement-api.service[103652]: DEBUG placement.requestlog [req-dd708471-02ba-44e4-80f1-8f4bfa705f25 req-e9f65e6c-35b7-43cb-b805-c46bd476f481 None None] Starting request: 10.222.0.88 "GET /placement/resource_providers?in_tree=f8bf66c5-51e3-4ad2-83ee-04ba4e26761f" {{(pid=103652) __call__ /opt/stack/placement/placement/requestlog.py:55}}
Feb 11 05:49:31.587601 n-d-713499-38 devstack@placement-api.service[103652]: INFO placement.requestlog [req-dd708471-02ba-44e4-80f1-8f4bfa705f25 req-e9f65e6c-35b7-43cb-b805-c46bd476f481 service placement] 10.222.0.88 "GET /placement/resource_providers?in_tree=f8bf66c5-51e3-4ad2-83ee-04ba4e26761f" status: 200 len: 865 microversion: 1.14
Feb 11 05:49:31.588049 n-d-713499-38 devstack@placement-api.service[103652]: [pid: 103652|app: 0|req: 584/1163] 10.222.0.88 () {60 vars in 1376 bytes} [Fri Feb 11 05:49:31 2022] GET /placement/resource_providers?in_tree=f8bf66c5-51e3-4ad2-83ee-04ba4e26761f => generated 865 bytes in 17 msecs (HTTP/1.1 200) 6 headers in 225 bytes (1 switches on core 0)
Feb 11 05:49:31.599809 n-d-713499-38 devstack@placement-api.service[103653]: DEBUG placement.requestlog [req-dd708471-02ba-44e4-80f1-8f4bfa705f25 req-65ad0714-78b0-42f5-8ae1-793903c40829 None None] Starting request: 10.222.0.88 "GET /placement/resource_providers/f8bf66c5-51e3-4ad2-83ee-04ba4e26761f/inventories" {{(pid=103653) __call__ /opt/stack/placement/placement/requestlog.py:55}}
Feb 11 05:49:31.617474 n-d-713499-38 devstack@placement-api.service[103653]: INFO placement.requestlog [req-dd708471-02ba-44e4-80f1-8f4bfa705f25 req-65ad0714-78b0-42f5-8ae1-793903c40829 service placement] 10.222.0.88 "GET /placement/resource_providers/f8bf66c5-51e3-4ad2-83ee-04ba4e26761f/inventories" status: 200 len: 399 microversion: 1.0
Feb 11 05:49:31.617844 n-d-713499-38 devstack@placement-api.service[103653]: [pid: 103653|app: 0|req: 580/1164] 10.222.0.88 () {58 vars in 1390 bytes} [Fri Feb 11 05:49:31 2022] GET /placement/resource_providers/f8bf66c5-51e3-4ad2-83ee-04ba4e26761f/inventories => generated 399 bytes in 18 msecs (HTTP/1.1 200) 6 headers in 224 bytes (1 switches on core 0)
Feb 11 05:49:31.627051 n-d-713499-38 devstack@placement-api.service[103652]: DEBUG placement.requestlog [req-dd708471-02ba-44e4-80f1-8f4bfa705f25 req-e24348cd-7f5e-4079-ab34-833c9796ba13 None None] Starting request: 10.222.0.88 "GET /placement/resource_providers/f8bf66c5-51e3-4ad2-83ee-04ba4e26761f/aggregates" {{(pid=103652) __call__ /opt/stack/placement/placement/requestlog.py:55}}
Feb 11 05:49:31.641181 n-d-713499-38 devstack@placement-api.service[103652]: INFO placement.requestlog [req-dd708471-02ba-44e4-80f1-8f4bfa705f25 req-e24348cd-7f5e-4079-ab34-833c9796ba13 service placement] 10.222.0.88 "GET /placement/resource_providers/f8bf66c5-51e3-4ad2-83ee-04ba4e26761f/aggregates" status: 200 len: 55 microversion: 1.19
Feb 11 05:49:31.641560 n-d-713499-38 devstack@placement-api.service[103652]: [pid: 103652|app: 0|req: 585/1165] 10.222.0.88 () {60 vars in 1431 bytes} [Fri Feb 11 05:49:31 2022] GET /placement/resource_providers/f8bf66c5-51e3-4ad2-83ee-04ba4e26761f/aggregates => generated 55 bytes in 15 msecs (HTTP/1.1 200) 8 headers in 295 bytes (1 switches on core 0)
Feb 11 05:49:31.655075 n-d-713499-38 devstack@placement-api.service[103653]: DEBUG placement.requestlog [req-dd708471-02ba-44e4-80f1-8f4bfa705f25 req-e35d62fc-c3c7-4bc0-9dcf-28a46b50b1cb None None] Starting request: 10.222.0.88 "GET /placement/resource_providers/f8bf66c5-51e3-4ad2-83ee-04ba4e26761f/traits" {{(pid=103653) __call__ /opt/stack/placement/placement/requestlog.py:55}}
Feb 11 05:49:31.683036 n-d-713499-38 devstack@placement-api.service[103653]: INFO placement.requestlog [req-dd708471-02ba-44e4-80f1-8f4bfa705f25 req-e35d62fc-c3c7-4bc0-9dcf-28a46b50b1cb service placement] 10.222.0.88 "GET /placement/resource_providers/f8bf66c5-51e3-4ad2-83ee-04ba4e26761f/traits" status: 200 len: 213 microversion: 1.6
Feb 11 05:49:31.683444 n-d-713499-38 devstack@placement-api.service[103653]: [pid: 103653|app: 0|req: 581/1166] 10.222.0.88 () {60 vars in 1418 bytes} [Fri Feb 11 05:49:31 2022] GET /placement/resource_providers/f8bf66c5-51e3-4ad2-83ee-04ba4e26761f/traits => generated 213 bytes in 29 msecs (HTTP/1.1 200) 6 headers in 224 bytes (2 switches on core 0)
Feb 11 05:50:20.128787 n-d-713499-38 devstack@placement-api.service[103652]: DEBUG placement.requestlog [req-ec71ac66-3a13-41a2-9529-ea8c8b2dbab1 req-de07f801-61bc-4b55-aa9a-8a5fd4189b1c None None] Starting request: 10.222.0.73 "GET /placement/resource_providers/da7cd39f-b737-4c47-aaf0-4f4e5244aee7/allocations" {{(pid=103652) __call__ /opt/stack/placement/placement/requestlog.py:55}}
Feb 11 05:50:20.147979 n-d-713499-38 devstack@placement-api.service[103652]: INFO placement.requestlog [req-ec71ac66-3a13-41a2-9529-ea8c8b2dbab1 req-de07f801-61bc-4b55-aa9a-8a5fd4189b1c service placement] 10.222.0.73 "GET /placement/resource_providers/da7cd39f-b737-4c47-aaf0-4f4e5244aee7/allocations" status: 200 len: 56 microversion: 1.0
Feb 11 05:50:20.149339 n-d-713499-38 devstack@placement-api.service[103652]: [pid: 103652|app: 0|req: 586/1167] 10.222.0.73 () {58 vars in 1390 bytes} [Fri Feb 11 05:50:20 2022] GET /placement/resource_providers/da7cd39f-b737-4c47-aaf0-4f4e5244aee7/allocations => generated 56 bytes in 21 msecs (HTTP/1.1 200) 6 headers in 223 bytes (1 switches on core 0)
Feb 11 05:50:33.418804 n-d-713499-38 devstack@placement-api.service[103653]: DEBUG placement.requestlog [req-6080488d-7f22-4a47-9d44-d80cfd3c7830 req-dfb781ad-6b7f-4b3f-9f31-1d0652d85157 None None] Starting request: 10.222.0.88 "GET /placement/resource_providers/f8bf66c5-51e3-4ad2-83ee-04ba4e26761f/allocations" {{(pid=103653) __call__ /opt/stack/placement/placement/requestlog.py:55}}
Feb 11 05:50:33.435305 n-d-713499-38 devstack@placement-api.service[103653]: INFO placement.requestlog [req-6080488d-7f22-4a47-9d44-d80cfd3c7830 req-dfb781ad-6b7f-4b3f-9f31-1d0652d85157 service placement] 10.222.0.88 "GET /placement/resource_providers/f8bf66c5-51e3-4ad2-83ee-04ba4e26761f/allocations" status: 200 len: 56 microversion: 1.0
Feb 11 05:50:33.435697 n-d-713499-38 devstack@placement-api.service[103653]: [pid: 103653|app: 0|req: 582/1168] 10.222.0.88 () {58 vars in 1390 bytes} [Fri Feb 11 05:50:33 2022] GET /placement/resource_providers/f8bf66c5-51e3-4ad2-83ee-04ba4e26761f/allocations => generated 56 bytes in 17 msecs (HTTP/1.1 200) 6 headers in 223 bytes (1 switches on core 0)
Feb 11 05:51:20.064946 n-d-713499-38 devstack@placement-api.service[103652]: DEBUG placement.requestlog [req-0a4ca256-537c-4d19-a170-99c695579a52 req-98557452-d82b-421c-bb88-d43916963542 None None] Starting request: 10.222.0.73 "GET /placement/resource_providers/da7cd39f-b737-4c47-aaf0-4f4e5244aee7/allocations" {{(pid=103652) __call__ /opt/stack/placement/placement/requestlog.py:55}}
Feb 11 05:51:20.093829 n-d-713499-38 devstack@placement-api.service[103652]: INFO placement.requestlog [req-0a4ca256-537c-4d19-a170-99c695579a52 req-98557452-d82b-421c-bb88-d43916963542 service placement] 10.222.0.73 "GET /placement/resource_providers/da7cd39f-b737-4c47-aaf0-4f4e5244aee7/allocations" status: 200 len: 56 microversion: 1.0
Feb 11 05:51:20.094864 n-d-713499-38 devstack@placement-api.service[103652]: [pid: 103652|app: 0|req: 587/1169] 10.222.0.73 () {58 vars in 1390 bytes} [Fri Feb 11 05:51:20 2022] GET /placement/resource_providers/da7cd39f-b737-4c47-aaf0-4f4e5244aee7/allocations => generated 56 bytes in 30 msecs (HTTP/1.1 200) 6 headers in 223 bytes (1 switches on core 0)
Feb 11 05:51:34.432192 n-d-713499-38 devstack@placement-api.service[103653]: DEBUG placement.requestlog [req-49a7386a-950f-46fd-9d65-f8e03a532a59 req-1a5dff57-a638-480e-bc71-524fdc7bf216 None None] Starting request: 10.222.0.88 "GET /placement/resource_providers/f8bf66c5-51e3-4ad2-83ee-04ba4e26761f/allocations" {{(pid=103653) __call__ /opt/stack/placement/placement/requestlog.py:55}}
Feb 11 05:51:34.448534 n-d-713499-38 devstack@placement-api.service[103653]: INFO placement.requestlog [req-49a7386a-950f-46fd-9d65-f8e03a532a59 req-1a5dff57-a638-480e-bc71-524fdc7bf216 service placement] 10.222.0.88 "GET /placement/resource_providers/f8bf66c5-51e3-4ad2-83ee-04ba4e26761f/allocations" status: 200 len: 56 microversion: 1.0
