Nov 12 03:13:54.672754 n-d-713499-30 neutron-server[102606]: INFO neutron.wsgi [req-4d980fa3-3c0c-47cf-af29-9966c2a01134 req-250504b3-8eff-405a-b749-a110cca6410e tempest-DeleteServersAdminTestJSON-674875483 tempest-DeleteServersAdminTestJSON-674875483-project] 10.222.0.93 "GET /v2.0/ports?device_id=87f21c6f-5171-4cee-b155-1459ed913443 HTTP/1.1" status: 200 len: 947 time: 0.1293151
Nov 12 03:13:54.696174 n-d-713499-30 neutron-server[102606]: DEBUG neutron.wsgi [-] (102606) accepted ('10.222.0.93', 59024) {{(pid=102606) server /usr/local/lib/python3.8/dist-packages/eventlet/wsgi.py:982}}
Nov 12 03:13:54.710724 n-d-713499-30 neutron-server[102606]: DEBUG neutron_lib.callbacks.manager [None req-85097499-cae3-4fc2-a5f3-5c53f6df8119 admin admin] Publish callbacks ['neutron.plugins.ml2.ovo_rpc._ObjectChangeHandler.handle_event-1640923'] for security_group, after_delete {{(pid=102606) _notify_loop /usr/local/lib/python3.8/dist-packages/neutron_lib/callbacks/manager.py:175}}
Nov 12 03:13:54.713823 n-d-713499-30 neutron-server[102606]: DEBUG neutron_lib.callbacks.manager [None req-85097499-cae3-4fc2-a5f3-5c53f6df8119 admin admin] Publish callbacks [] for security_group, before_response {{(pid=102606) _notify_loop /usr/local/lib/python3.8/dist-packages/neutron_lib/callbacks/manager.py:175}}
Nov 12 03:13:54.714927 n-d-713499-30 neutron-server[102606]: INFO neutron.wsgi [None req-85097499-cae3-4fc2-a5f3-5c53f6df8119 admin admin] 10.222.0.93 "DELETE /v2.0/security-groups/dc4a230f-b508-4d0b-ad74-1eaaf7090c7a HTTP/1.1" status: 204 len: 168 time: 0.2235796
Nov 12 03:13:54.735374 n-d-713499-30 neutron-server[102606]: DEBUG neutron.api.rpc.handlers.resources_rpc [None req-85097499-cae3-4fc2-a5f3-5c53f6df8119 admin admin] Pushing event deleted for resources: {'SecurityGroup': ['ID=dc4a230f-b508-4d0b-ad74-1eaaf7090c7a,revision_number=None']} {{(pid=102606) push /opt/stack/neutron/neutron/api/rpc/handlers/resources_rpc.py:237}}
Nov 12 03:13:54.775491 n-d-713499-30 neutron-server[102606]: INFO neutron.wsgi [req-4d980fa3-3c0c-47cf-af29-9966c2a01134 req-6ef2de0f-64fc-430a-9079-8a4e8469aa88 tempest-DeleteServersAdminTestJSON-674875483 tempest-DeleteServersAdminTestJSON-674875483-project] 10.222.0.93 "GET /v2.0/security-groups?id=13321056-2fbf-40b5-8166-a1ac484a2152&fields=id&fields=name HTTP/1.1" status: 200 len: 286 time: 0.0808096
Nov 12 03:13:54.813826 n-d-713499-30 neutron-server[102605]: INFO neutron.wsgi [req-2ca850c5-6d9f-440c-b66e-558edef63137 req-71eeb980-2587-4467-88a8-53ec4a268175 service neutron] 10.222.0.98 "GET /v2.0/networks/382829c3-4004-4489-a9da-9cc06262a5d5?fields=segments HTTP/1.1" status: 200 len: 212 time: 0.1958487
Nov 12 03:13:54.885493 n-d-713499-30 neutron-server[102606]: DEBUG neutron.api.v2.base [None req-610efb83-cdc2-4fad-9db8-1bfce3c6b7c9 admin admin] Request body: {'network': {'name': 'tempest-InstanceActionsV221TestJSON-1981857194-network', 'tenant_id': '65ca4bf7625c4c82acc2c44ac5b02796'}} {{(pid=102606) prepare_request_body /opt/stack/neutron/neutron/api/v2/base.py:729}}
Nov 12 03:13:54.965686 n-d-713499-30 neutron-server[102606]: DEBUG neutron.pecan_wsgi.hooks.quota_enforcement [None req-610efb83-cdc2-4fad-9db8-1bfce3c6b7c9 admin admin] Made reservation on behalf of 65ca4bf7625c4c82acc2c44ac5b02796 for: {'network': 1} {{(pid=102606) before /opt/stack/neutron/neutron/pecan_wsgi/hooks/quota_enforcement.py:53}}
Nov 12 03:13:54.968407 n-d-713499-30 neutron-server[102606]: DEBUG neutron_lib.callbacks.manager [None req-610efb83-cdc2-4fad-9db8-1bfce3c6b7c9 admin admin] Publish callbacks ['neutron.plugins.ml2.plugin.SecurityGroupDbMixin._ensure_default_security_group_handler-529779'] for network, before_create {{(pid=102606) _notify_loop /usr/local/lib/python3.8/dist-packages/neutron_lib/callbacks/manager.py:175}}
Nov 12 03:13:54.977320 n-d-713499-30 neutron-server[102605]: INFO neutron.wsgi [req-2ca850c5-6d9f-440c-b66e-558edef63137 req-6f719fd4-994c-404a-90e7-f8176a252b0c service neutron] 10.222.0.98 "GET /v2.0/networks/382829c3-4004-4489-a9da-9cc06262a5d5?fields=provider%3Aphysical_network&fields=provider%3Anetwork_type HTTP/1.1" status: 200 len: 281 time: 0.1557734
Nov 12 03:13:54.980625 n-d-713499-30 neutron-server[102606]: DEBUG neutron_lib.callbacks.manager [None req-610efb83-cdc2-4fad-9db8-1bfce3c6b7c9 admin admin] Publish callbacks [] for security_group, before_create {{(pid=102606) _notify_loop /usr/local/lib/python3.8/dist-packages/neutron_lib/callbacks/manager.py:175}}
Nov 12 03:13:55.003929 n-d-713499-30 neutron-server[102606]: DEBUG neutron.pecan_wsgi.hooks.policy_enforcement [req-b5ba6445-3562-4ac8-8e64-c3d65915fc9e req-8e832bde-e3b0-4c0c-854c-45c1d169b4c2 tempest-LiveMigrationNegativeTest-217831585 tempest-LiveMigrationNegativeTest-217831585-project] Attributes excluded by policy engine: ['standard_attr_id', 'binding:profile', 'binding:host_id', 'binding:vif_type', 'binding:vif_details'] {{(pid=102606) _exclude_attributes_by_policy /opt/stack/neutron/neutron/pecan_wsgi/hooks/policy_enforcement.py:255}}
Nov 12 03:13:55.013458 n-d-713499-30 neutron-server[102606]: INFO neutron.wsgi [req-b5ba6445-3562-4ac8-8e64-c3d65915fc9e req-8e832bde-e3b0-4c0c-854c-45c1d169b4c2 tempest-LiveMigrationNegativeTest-217831585 tempest-LiveMigrationNegativeTest-217831585-project] 10.222.0.93 "GET /v2.0/ports?device_id=c1d7df53-cdb8-45a6-afc3-6ebd871136da HTTP/1.1" status: 200 len: 950 time: 0.1136189
Nov 12 03:13:55.096859 n-d-713499-30 neutron-server[102605]: DEBUG neutron.pecan_wsgi.hooks.policy_enforcement [req-a7cb3f98-bbfa-462d-92f4-9518748f9fb5 req-67e6f443-b20d-44d4-a5f8-e34106e6d631 service neutron] Attributes excluded by policy engine: ['standard_attr_id'] {{(pid=102605) _exclude_attributes_by_policy /opt/stack/neutron/neutron/pecan_wsgi/hooks/policy_enforcement.py:255}}
Nov 12 03:13:55.100008 n-d-713499-30 neutron-server[102605]: INFO neutron.wsgi [req-a7cb3f98-bbfa-462d-92f4-9518748f9fb5 req-67e6f443-b20d-44d4-a5f8-e34106e6d631 service neutron] 10.222.0.98 "GET /v2.0/ports?tenant_id=0f1118c3131a41eab169fc4c41e75686&device_id=87f21c6f-5171-4cee-b155-1459ed913443 HTTP/1.1" status: 200 len: 1099 time: 0.0597241
Nov 12 03:13:55.133307 n-d-713499-30 neutron-server[102606]: INFO neutron.wsgi [req-b5ba6445-3562-4ac8-8e64-c3d65915fc9e req-2b561192-8e45-4823-8947-0bdea62acbea tempest-LiveMigrationNegativeTest-217831585 tempest-LiveMigrationNegativeTest-217831585-project] 10.222.0.93 "GET /v2.0/security-groups?id=e9b7d17e-fd21-4b66-96bb-2aeba5c543bd&fields=id&fields=name HTTP/1.1" status: 200 len: 286 time: 0.1186860
Nov 12 03:13:55.190809 n-d-713499-30 neutron-server[102606]: DEBUG neutron_lib.callbacks.manager [None req-610efb83-cdc2-4fad-9db8-1bfce3c6b7c9 admin admin] Publish callbacks [] for security_group, precommit_create {{(pid=102606) _notify_loop /usr/local/lib/python3.8/dist-packages/neutron_lib/callbacks/manager.py:175}}
Nov 12 03:13:55.209796 n-d-713499-30 neutron-server[102606]: DEBUG neutron_lib.callbacks.manager [None req-610efb83-cdc2-4fad-9db8-1bfce3c6b7c9 admin admin] Publish callbacks ['neutron.plugins.ml2.ovo_rpc._ObjectChangeHandler.handle_event-1640923'] for security_group, after_create {{(pid=102606) _notify_loop /usr/local/lib/python3.8/dist-packages/neutron_lib/callbacks/manager.py:175}}
Nov 12 03:13:55.268548 n-d-713499-30 neutron-server[102606]: DEBUG neutron.plugins.ml2.drivers.helpers [None req-610efb83-cdc2-4fad-9db8-1bfce3c6b7c9 admin admin] vlan segment allocate from pool success with {'physical_network': 'physnet1', 'vlan_id': 1242} {{(pid=102606) allocate_partially_specified_segment /opt/stack/neutron/neutron/plugins/ml2/drivers/helpers.py:153}}
Nov 12 03:13:55.280382 n-d-713499-30 neutron-server[102605]: DEBUG neutron.pecan_wsgi.hooks.policy_enforcement [req-a7cb3f98-bbfa-462d-92f4-9518748f9fb5 req-f45f1645-d806-45c5-91af-4b6a0bcdb89d service neutron] Attributes excluded by policy engine: ['standard_attr_id', 'vlan_transparent'] {{(pid=102605) _exclude_attributes_by_policy /opt/stack/neutron/neutron/pecan_wsgi/hooks/policy_enforcement.py:255}}
Nov 12 03:13:55.282074 n-d-713499-30 neutron-server[102605]: INFO neutron.wsgi [req-a7cb3f98-bbfa-462d-92f4-9518748f9fb5 req-f45f1645-d806-45c5-91af-4b6a0bcdb89d service neutron] 10.222.0.98 "GET /v2.0/networks?id=382829c3-4004-4489-a9da-9cc06262a5d5 HTTP/1.1" status: 200 len: 871 time: 0.1739023
Nov 12 03:13:55.288644 n-d-713499-30 neutron-server[102606]: DEBUG neutron.api.rpc.handlers.resources_rpc [None req-610efb83-cdc2-4fad-9db8-1bfce3c6b7c9 admin admin] Pushing event updated for resources: {'SecurityGroup': ['ID=f1d61bc6-4a62-4eb8-8484-06dcce45726a,revision_number=1']} {{(pid=102606) push /opt/stack/neutron/neutron/api/rpc/handlers/resources_rpc.py:237}}
Nov 12 03:13:55.309355 n-d-713499-30 neutron-server[102606]: DEBUG neutron.pecan_wsgi.hooks.policy_enforcement [req-6683ad72-493f-4cc1-b1db-4f097970757b req-32eb3d2f-19a4-4fd6-befd-5dd3cc2b0bf5 tempest-MigrationsAdminTest-985208750 tempest-MigrationsAdminTest-985208750-project] Attributes excluded by policy engine: ['standard_attr_id', 'binding:profile', 'binding:host_id', 'binding:vif_type', 'binding:vif_details'] {{(pid=102606) _exclude_attributes_by_policy /opt/stack/neutron/neutron/pecan_wsgi/hooks/policy_enforcement.py:255}}
Nov 12 03:13:55.310837 n-d-713499-30 neutron-server[102606]: INFO neutron.wsgi [req-6683ad72-493f-4cc1-b1db-4f097970757b req-32eb3d2f-19a4-4fd6-befd-5dd3cc2b0bf5 tempest-MigrationsAdminTest-985208750 tempest-MigrationsAdminTest-985208750-project] 10.222.0.93 "GET /v2.0/ports?device_id=0dd29c43-75cc-4289-be19-1d7252d38ba1 HTTP/1.1" status: 200 len: 949 time: 0.1169107
Nov 12 03:13:55.326017 n-d-713499-30 neutron-server[102606]: DEBUG neutron_lib.callbacks.manager [None req-610efb83-cdc2-4fad-9db8-1bfce3c6b7c9 admin admin] Publish callbacks ['neutron.plugins.ml2.plugin.Ml2Plugin._handle_segment_change-1432287'] for segment, precommit_create {{(pid=102606) _notify_loop /usr/local/lib/python3.8/dist-packages/neutron_lib/callbacks/manager.py:175}}
Nov 12 03:13:55.326360 n-d-713499-30 neutron-server[102606]: INFO neutron.db.segments_db [None req-610efb83-cdc2-4fad-9db8-1bfce3c6b7c9 admin admin] Added segment 675c500c-58d8-4d0d-9a61-73c76c93c806 of type vlan for network 23834db6-0f06-4994-b17a-128e9ce8a385
Nov 12 03:13:55.348009 n-d-713499-30 neutron-server[102605]: INFO neutron.wsgi [req-a7cb3f98-bbfa-462d-92f4-9518748f9fb5 req-1c1011fc-939e-4585-807b-dd3b1e02abbc service neutron] 10.222.0.98 "GET /v2.0/floatingips?fixed_ip_address=192.168.233.99&port_id=78df32ef-917f-4b92-99db-7c4dc26fe621 HTTP/1.1" status: 200 len: 217 time: 0.0563939
Nov 12 03:13:55.390806 n-d-713499-30 neutron-server[102606]: DEBUG neutron_lib.callbacks.manager [None req-610efb83-cdc2-4fad-9db8-1bfce3c6b7c9 admin admin] Publish callbacks ['neutron.services.auto_allocate.db._ensure_external_network_default_value_callback-8781426114030'] for network, precommit_create {{(pid=102606) _notify_loop /usr/local/lib/python3.8/dist-packages/neutron_lib/callbacks/manager.py:175}}
Nov 12 03:13:55.412705 n-d-713499-30 neutron-server[102605]: DEBUG neutron.pecan_wsgi.hooks.policy_enforcement [req-a7cb3f98-bbfa-462d-92f4-9518748f9fb5 req-7c26edf4-1dd1-468f-b25b-d3f70ad653be service neutron] Attributes excluded by policy engine: ['standard_attr_id', 'shared'] {{(pid=102605) _exclude_attributes_by_policy /opt/stack/neutron/neutron/pecan_wsgi/hooks/policy_enforcement.py:255}}
Nov 12 03:13:55.414501 n-d-713499-30 neutron-server[102605]: INFO neutron.wsgi [req-a7cb3f98-bbfa-462d-92f4-9518748f9fb5 req-7c26edf4-1dd1-468f-b25b-d3f70ad653be service neutron] 10.222.0.98 "GET /v2.0/subnets?id=1397e8f6-e175-442a-932a-ef9fd9c605c2 HTTP/1.1" status: 200 len: 843 time: 0.0581167
Nov 12 03:13:55.423085 n-d-713499-30 neutron-server[102606]: DEBUG neutron.pecan_wsgi.hooks.policy_enforcement [req-fc6ce48c-97e9-44a1-bd17-09be592d4baa req-88e8064a-073c-43bf-aa3c-fd6ccfb923b8 tempest-LiveMigrationNegativeTest-356756220 tempest-LiveMigrationNegativeTest-356756220-project-admin] Attributes excluded by policy engine: ['standard_attr_id'] {{(pid=102606) _exclude_attributes_by_policy /opt/stack/neutron/neutron/pecan_wsgi/hooks/policy_enforcement.py:255}}
Nov 12 03:13:55.425008 n-d-713499-30 neutron-server[102606]: INFO neutron.wsgi [req-fc6ce48c-97e9-44a1-bd17-09be592d4baa req-88e8064a-073c-43bf-aa3c-fd6ccfb923b8 tempest-LiveMigrationNegativeTest-356756220 tempest-LiveMigrationNegativeTest-356756220-project-admin] 10.222.0.93 "GET /v2.0/ports?device_id=c1d7df53-cdb8-45a6-afc3-6ebd871136da HTTP/1.1" status: 200 len: 1102 time: 0.1608548
Nov 12 03:13:55.463622 n-d-713499-30 neutron-server[102606]: INFO neutron.wsgi [req-6683ad72-493f-4cc1-b1db-4f097970757b req-e8bdd13f-67a4-4a31-a613-cf6549150970 tempest-MigrationsAdminTest-985208750 tempest-MigrationsAdminTest-985208750-project] 10.222.0.93 "GET /v2.0/security-groups?id=8e7bf169-7492-452a-957d-63b82ca365f1&fields=id&fields=name HTTP/1.1" status: 200 len: 286 time: 0.1311991
Nov 12 03:13:55.481846 n-d-713499-30 neutron-server[102605]: DEBUG neutron.pecan_wsgi.hooks.policy_enforcement [req-a7cb3f98-bbfa-462d-92f4-9518748f9fb5 req-4c4d989d-1e86-42bd-b92b-6a0072cd6bb1 service neutron] Attributes excluded by policy engine: ['standard_attr_id'] {{(pid=102605) _exclude_attributes_by_policy /opt/stack/neutron/neutron/pecan_wsgi/hooks/policy_enforcement.py:255}}
Nov 12 03:13:55.483987 n-d-713499-30 neutron-server[102605]: INFO neutron.wsgi [req-a7cb3f98-bbfa-462d-92f4-9518748f9fb5 req-4c4d989d-1e86-42bd-b92b-6a0072cd6bb1 service neutron] 10.222.0.98 "GET /v2.0/ports?network_id=382829c3-4004-4489-a9da-9cc06262a5d5&device_owner=network%3Adhcp HTTP/1.1" status: 200 len: 1167 time: 0.0619006
Nov 12 03:13:55.487117 n-d-713499-30 neutron-server[102606]: DEBUG neutron_lib.callbacks.manager [None req-610efb83-cdc2-4fad-9db8-1bfce3c6b7c9 admin admin] Publish callbacks ['neutron.plugins.ml2.ovo_rpc._ObjectChangeHandler.handle_event-1643620', 'neutron.api.rpc.agentnotifiers.dhcp_rpc_agent_api.DhcpAgentNotifyAPI._native_event_send_dhcp_notification-1611412'] for network, after_create {{(pid=102606) _notify_loop /usr/local/lib/python3.8/dist-packages/neutron_lib/callbacks/manager.py:175}}
Nov 12 03:13:55.488228 n-d-713499-30 neutron-server[102606]: DEBUG neutron.pecan_wsgi.hooks.policy_enforcement [None req-610efb83-cdc2-4fad-9db8-1bfce3c6b7c9 admin admin] Attributes excluded by policy engine: ['standard_attr_id', 'vlan_transparent'] {{(pid=102606) _exclude_attributes_by_policy /opt/stack/neutron/neutron/pecan_wsgi/hooks/policy_enforcement.py:255}}
Nov 12 03:13:55.488950 n-d-713499-30 neutron-server[102606]: DEBUG neutron_lib.callbacks.manager [None req-610efb83-cdc2-4fad-9db8-1bfce3c6b7c9 admin admin] Publish callbacks ['neutron.api.rpc.agentnotifiers.dhcp_rpc_agent_api.DhcpAgentNotifyAPI._send_dhcp_notification-1611394'] for network, before_response {{(pid=102606) _notify_loop /usr/local/lib/python3.8/dist-packages/neutron_lib/callbacks/manager.py:175}}
Nov 12 03:13:55.497164 n-d-713499-30 neutron-server[102606]: DEBUG neutron_lib.callbacks.manager [req-fc6ce48c-97e9-44a1-bd17-09be592d4baa req-859d90bd-1fb3-44a1-aea8-29af762d1ad9 tempest-LiveMigrationNegativeTest-356756220 tempest-LiveMigrationNegativeTest-356756220-project-admin] Publish callbacks [] for security_group, before_create {{(pid=102606) _notify_loop /usr/local/lib/python3.8/dist-packages/neutron_lib/callbacks/manager.py:175}}
Nov 12 03:13:55.546323 n-d-713499-30 neutron-server[102606]: INFO neutron.wsgi [None req-610efb83-cdc2-4fad-9db8-1bfce3c6b7c9 admin admin] 10.222.0.93 "POST /v2.0/networks HTTP/1.1" status: 201 len: 892 time: 0.8487246
Nov 12 03:13:55.558364 n-d-713499-30 neutron-server[102605]: DEBUG neutron.wsgi [-] (102605) accepted ('10.222.0.93', 59076) {{(pid=102605) server /usr/local/lib/python3.8/dist-packages/eventlet/wsgi.py:982}}
Nov 12 03:13:55.564712 n-d-713499-30 neutron-server[102605]: DEBUG neutron.api.v2.base [None req-1699624f-9925-4838-9b4a-3ed0fb0a955b admin admin] Request body: {'subnet': {'network_id': '23834db6-0f06-4994-b17a-128e9ce8a385', 'cidr': '172.20.0.0/28', 'name': 'tempest-InstanceActionsV221TestJSON-1981857194-subnet', 'tenant_id': '65ca4bf7625c4c82acc2c44ac5b02796', 'enable_dhcp': False, 'ip_version': 4}} {{(pid=102605) prepare_request_body /opt/stack/neutron/neutron/api/v2/base.py:729}}
Nov 12 03:13:55.593804 n-d-713499-30 neutron-server[102606]: DEBUG neutron.api.rpc.handlers.resources_rpc [None req-610efb83-cdc2-4fad-9db8-1bfce3c6b7c9 admin admin] Pushing event updated for resources: {'Network': ['ID=23834db6-0f06-4994-b17a-128e9ce8a385,revision_number=1']} {{(pid=102606) push /opt/stack/neutron/neutron/api/rpc/handlers/resources_rpc.py:237}}
Nov 12 03:13:55.605996 n-d-713499-30 neutron-server[102605]: DEBUG neutron.pecan_wsgi.hooks.quota_enforcement [None req-1699624f-9925-4838-9b4a-3ed0fb0a955b admin admin] Made reservation on behalf of 65ca4bf7625c4c82acc2c44ac5b02796 for: {'subnet': 1} {{(pid=102605) before /opt/stack/neutron/neutron/pecan_wsgi/hooks/quota_enforcement.py:53}}
Nov 12 03:13:55.608371 n-d-713499-30 neutron-server[102605]: DEBUG neutron_lib.callbacks.manager [None req-1699624f-9925-4838-9b4a-3ed0fb0a955b admin admin] Publish callbacks [] for subnet, before_create {{(pid=102605) _notify_loop /usr/local/lib/python3.8/dist-packages/neutron_lib/callbacks/manager.py:175}}
Nov 12 03:13:55.613139 n-d-713499-30 neutron-server[102607]: DEBUG neutron.plugins.ml2.rpc [None req-85eeca59-bdaa-4f6c-97fc-c95220281440 None None] Network 23834db6-0f06-4994-b17a-128e9ce8a385 details requested by agent ovs-agent-n-d-713499-30 with host n-d-713499-30 {{(pid=102607) get_network_details /opt/stack/neutron/neutron/plugins/ml2/rpc.py:248}}
Nov 12 03:13:55.625412 n-d-713499-30 neutron-server[102605]: INFO neutron.wsgi [req-a7cb3f98-bbfa-462d-92f4-9518748f9fb5 req-0eef8e57-e277-45d1-a6d5-f8ad76b96d4f service neutron] 10.222.0.98 "GET /v2.0/networks/382829c3-4004-4489-a9da-9cc06262a5d5?fields=segments HTTP/1.1" status: 200 len: 212 time: 0.1338239
Nov 12 03:13:55.707565 n-d-713499-30 neutron-server[102606]: DEBUG neutron_lib.callbacks.manager [req-fc6ce48c-97e9-44a1-bd17-09be592d4baa req-859d90bd-1fb3-44a1-aea8-29af762d1ad9 tempest-LiveMigrationNegativeTest-356756220 tempest-LiveMigrationNegativeTest-356756220-project-admin] Publish callbacks [] for security_group, precommit_create {{(pid=102606) _notify_loop /usr/local/lib/python3.8/dist-packages/neutron_lib/callbacks/manager.py:175}}
Nov 12 03:13:55.717702 n-d-713499-30 neutron-server[102606]: DEBUG neutron_lib.callbacks.manager [req-fc6ce48c-97e9-44a1-bd17-09be592d4baa req-859d90bd-1fb3-44a1-aea8-29af762d1ad9 tempest-LiveMigrationNegativeTest-356756220 tempest-LiveMigrationNegativeTest-356756220-project-admin] Publish callbacks ['neutron.plugins.ml2.ovo_rpc._ObjectChangeHandler.handle_event-1640923'] for security_group, after_create {{(pid=102606) _notify_loop /usr/local/lib/python3.8/dist-packages/neutron_lib/callbacks/manager.py:175}}
Nov 12 03:13:55.726108 n-d-713499-30 neutron-server[102606]: DEBUG neutron.wsgi [-] (102606) accepted ('10.222.0.93', 59080) {{(pid=102606) server /usr/local/lib/python3.8/dist-packages/eventlet/wsgi.py:982}}
Nov 12 03:13:55.738876 n-d-713499-30 neutron-server[102605]: INFO neutron.wsgi [req-a7cb3f98-bbfa-462d-92f4-9518748f9fb5 req-4aa99f3b-1286-42f1-aa0e-e5c2808fb8e5 service neutron] 10.222.0.98 "GET /v2.0/networks/382829c3-4004-4489-a9da-9cc06262a5d5?fields=provider%3Aphysical_network&fields=provider%3Anetwork_type HTTP/1.1" status: 200 len: 281 time: 0.1035211
Nov 12 03:13:55.786644 n-d-713499-30 neutron-server[102606]: INFO neutron.wsgi [req-fc6ce48c-97e9-44a1-bd17-09be592d4baa req-859d90bd-1fb3-44a1-aea8-29af762d1ad9 tempest-LiveMigrationNegativeTest-356756220 tempest-LiveMigrationNegativeTest-356756220-project-admin] 10.222.0.93 "GET /v2.0/security-groups?id=e9b7d17e-fd21-4b66-96bb-2aeba5c543bd&fields=id&fields=name HTTP/1.1" status: 200 len: 286 time: 0.3476908
Nov 12 03:13:55.787842 n-d-713499-30 neutron-server[102606]: DEBUG neutron.api.rpc.handlers.resources_rpc [None req-859d90bd-1fb3-44a1-aea8-29af762d1ad9 tempest-LiveMigrationNegativeTest-356756220 tempest-LiveMigrationNegativeTest-356756220-project-admin] Pushing event updated for resources: {'SecurityGroup': ['ID=0bc554ff-bfa3-45e1-89b9-3ec1b680c715,revision_number=1']} {{(pid=102606) push /opt/stack/neutron/neutron/api/rpc/handlers/resources_rpc.py:237}}
Nov 12 03:13:55.928756 n-d-713499-30 neutron-server[102606]: DEBUG neutron_lib.callbacks.manager [None req-89c8420b-997d-4e7c-8107-87df6977203b admin admin] Publish callbacks [] for security_group, before_create {{(pid=102606) _notify_loop /usr/local/lib/python3.8/dist-packages/neutron_lib/callbacks/manager.py:175}}
Nov 12 03:13:55.956808 n-d-713499-30 neutron-server[102605]: DEBUG neutron_lib.callbacks.manager [None req-1699624f-9925-4838-9b4a-3ed0fb0a955b admin admin] Publish callbacks ['neutron.plugins.ml2.ovo_rpc._ObjectChangeHandler.handle_event-1683229', 'neutron.api.rpc.agentnotifiers.dhcp_rpc_agent_api.DhcpAgentNotifyAPI._native_event_send_dhcp_notification-1611412'] for subnet, after_create {{(pid=102605) _notify_loop /usr/local/lib/python3.8/dist-packages/neutron_lib/callbacks/manager.py:175}}
Nov 12 03:13:56.032869 n-d-713499-30 neutron-server[102605]: DEBUG neutron.api.rpc.handlers.resources_rpc [None req-1699624f-9925-4838-9b4a-3ed0fb0a955b admin admin] Pushing event updated for resources: {'Subnet': ['ID=480748ed-b986-4df0-97d3-c779adc7b046,revision_number=0']} {{(pid=102605) push /opt/stack/neutron/neutron/api/rpc/handlers/resources_rpc.py:237}}
Nov 12 03:13:56.035854 n-d-713499-30 neutron-server[102606]: DEBUG neutron.pecan_wsgi.hooks.policy_enforcement [req-c25e10fd-b39a-4daa-8897-ca8e342088b3 req-6875ea20-d65d-4fb6-be6a-51e61bdd4359 tempest-DeleteServersAdminTestJSON-674875483 tempest-DeleteServersAdminTestJSON-674875483-project] Attributes excluded by policy engine: ['standard_attr_id', 'binding:profile', 'binding:host_id', 'binding:vif_type', 'binding:vif_details'] {{(pid=102606) _exclude_attributes_by_policy /opt/stack/neutron/neutron/pecan_wsgi/hooks/policy_enforcement.py:255}}
Nov 12 03:13:56.037939 n-d-713499-30 neutron-server[102605]: DEBUG neutron.plugins.ml2.drivers.mech_agent [None req-1699624f-9925-4838-9b4a-3ed0fb0a955b admin admin] Checking segment: {'id': '675c500c-58d8-4d0d-9a61-73c76c93c806', 'network_type': 'vlan', 'physical_network': 'physnet1', 'segmentation_id': 1242, 'network_id': '23834db6-0f06-4994-b17a-128e9ce8a385'} for mappings: {'physnet1': 'br-data'} with network types: ['local', 'flat', 'vlan'] {{(pid=102605) check_segment_for_agent /opt/stack/neutron/neutron/plugins/ml2/drivers/mech_agent.py:371}}
Nov 12 03:13:56.038315 n-d-713499-30 neutron-server[102605]: DEBUG neutron.scheduler.dhcp_agent_scheduler [None req-1699624f-9925-4838-9b4a-3ed0fb0a955b admin admin] Network hostable DHCP agents. Network: 23834db6-0f06-4994-b17a-128e9ce8a385, hostable agents: ['159926b3-0b3e-4125-8805-534d201a0504'], hosted agents: [] {{(pid=102605) _get_network_hostable_dhcp_agents /opt/stack/neutron/neutron/scheduler/dhcp_agent_scheduler.py:329}}
Nov 12 03:13:56.044236 n-d-713499-30 neutron-server[102606]: INFO neutron.wsgi [req-c25e10fd-b39a-4daa-8897-ca8e342088b3 req-6875ea20-d65d-4fb6-be6a-51e61bdd4359 tempest-DeleteServersAdminTestJSON-674875483 tempest-DeleteServersAdminTestJSON-674875483-project] 10.222.0.93 "GET /v2.0/ports?device_id=87f21c6f-5171-4cee-b155-1459ed913443 HTTP/1.1" status: 200 len: 947 time: 0.1222174
Nov 12 03:13:56.063464 n-d-713499-30 neutron-server[102605]: DEBUG neutron.scheduler.dhcp_agent_scheduler [None req-1699624f-9925-4838-9b4a-3ed0fb0a955b admin admin] Network 23834db6-0f06-4994-b17a-128e9ce8a385 is scheduled to be hosted by DHCP agent 159926b3-0b3e-4125-8805-534d201a0504 with binding_index 1 {{(pid=102605) bind /opt/stack/neutron/neutron/scheduler/dhcp_agent_scheduler.py:227}}
Nov 12 03:13:56.078015 n-d-713499-30 neutron-server[102605]: DEBUG neutron.scheduler.base_scheduler [None req-1699624f-9925-4838-9b4a-3ed0fb0a955b admin admin] Resources bound (agent type, host, resource id): (DHCP agent, n-d-713499-30, 23834db6-0f06-4994-b17a-128e9ce8a385) {{(pid=102605) schedule /opt/stack/neutron/neutron/scheduler/base_scheduler.py:57}}
Nov 12 03:13:56.084507 n-d-713499-30 neutron-server[102605]: DEBUG neutron.pecan_wsgi.hooks.policy_enforcement [None req-1699624f-9925-4838-9b4a-3ed0fb0a955b admin admin] Attributes excluded by policy engine: ['standard_attr_id', 'shared', 'network'] {{(pid=102605) _exclude_attributes_by_policy /opt/stack/neutron/neutron/pecan_wsgi/hooks/policy_enforcement.py:255}}
Nov 12 03:13:56.085397 n-d-713499-30 neutron-server[102605]: DEBUG neutron_lib.callbacks.manager [None req-1699624f-9925-4838-9b4a-3ed0fb0a955b admin admin] Publish callbacks ['neutron.api.rpc.agentnotifiers.dhcp_rpc_agent_api.DhcpAgentNotifyAPI._send_dhcp_notification-1611394'] for subnet, before_response {{(pid=102605) _notify_loop /usr/local/lib/python3.8/dist-packages/neutron_lib/callbacks/manager.py:175}}
Nov 12 03:13:56.089333 n-d-713499-30 neutron-server[102607]: DEBUG neutron.api.rpc.handlers.dhcp_rpc [None req-ceb36fc2-d51a-444c-84c1-1c1b68b0960c None None] Network 23834db6-0f06-4994-b17a-128e9ce8a385 requested from n-d-713499-30 {{(pid=102607) get_network_info /opt/stack/neutron/neutron/api/rpc/handlers/dhcp_rpc.py:218}}
Nov 12 03:13:56.120170 n-d-713499-30 neutron-server[102605]: INFO neutron.wsgi [None req-1699624f-9925-4838-9b4a-3ed0fb0a955b admin admin] 10.222.0.93 "POST /v2.0/subnets HTTP/1.1" status: 201 len: 855 time: 0.5526278
Nov 12 03:13:56.131491 n-d-713499-30 neutron-server[102605]: DEBUG neutron.wsgi [-] (102605) accepted ('10.222.0.93', 59108) {{(pid=102605) server /usr/local/lib/python3.8/dist-packages/eventlet/wsgi.py:982}}
Nov 12 03:13:56.147040 n-d-713499-30 neutron-server[102606]: INFO neutron.wsgi [req-c25e10fd-b39a-4daa-8897-ca8e342088b3 req-940b90c5-c92e-4358-b831-3257478b6e61 tempest-DeleteServersAdminTestJSON-674875483 tempest-DeleteServersAdminTestJSON-674875483-project] 10.222.0.93 "GET /v2.0/security-groups?id=13321056-2fbf-40b5-8166-a1ac484a2152&fields=id&fields=name HTTP/1.1" status: 200 len: 286 time: 0.0969813
Nov 12 03:13:56.176109 n-d-713499-30 neutron-server[102606]: DEBUG neutron_lib.callbacks.manager [None req-89c8420b-997d-4e7c-8107-87df6977203b admin admin] Publish callbacks [] for security_group, precommit_create {{(pid=102606) _notify_loop /usr/local/lib/python3.8/dist-packages/neutron_lib/callbacks/manager.py:175}}
Nov 12 03:13:56.186187 n-d-713499-30 neutron-server[102606]: DEBUG neutron_lib.callbacks.manager [None req-89c8420b-997d-4e7c-8107-87df6977203b admin admin] Publish callbacks ['neutron.plugins.ml2.ovo_rpc._ObjectChangeHandler.handle_event-1640923'] for security_group, after_create {{(pid=102606) _notify_loop /usr/local/lib/python3.8/dist-packages/neutron_lib/callbacks/manager.py:175}}
Nov 12 03:13:56.237667 n-d-713499-30 neutron-server[102606]: DEBUG neutron.api.rpc.handlers.resources_rpc [None req-89c8420b-997d-4e7c-8107-87df6977203b admin admin] Pushing event updated for resources: {'SecurityGroup': ['ID=84d573cc-aa28-47cf-95ab-33e7854c045c,revision_number=1']} {{(pid=102606) push /opt/stack/neutron/neutron/api/rpc/handlers/resources_rpc.py:237}}
Nov 12 03:13:56.254954 n-d-713499-30 neutron-server[102605]: DEBUG neutron.wsgi [-] (102605) accepted ('10.222.0.93', 59114) {{(pid=102605) server /usr/local/lib/python3.8/dist-packages/eventlet/wsgi.py:982}}
Nov 12 03:13:56.263706 n-d-713499-30 neutron-server[102606]: INFO neutron.wsgi [None req-89c8420b-997d-4e7c-8107-87df6977203b admin admin] 10.222.0.93 "GET /v2.0/security-groups?tenant_id=0be4a505d7cd4e2584983b1ec30d413b&name=default HTTP/1.1" status: 200 len: 2996 time: 0.5341918
Nov 12 03:13:56.315154 n-d-713499-30 neutron-server[102605]: DEBUG neutron_lib.callbacks.manager [None req-e7fe3cc4-4d5c-46dc-a6f5-28fc58241aad admin admin] Publish callbacks [] for security_group, before_delete {{(pid=102605) _notify_loop /usr/local/lib/python3.8/dist-packages/neutron_lib/callbacks/manager.py:175}}
Nov 12 03:13:56.315330 n-d-713499-30 neutron-server[102607]: DEBUG neutron.api.rpc.handlers.dhcp_rpc [None req-48d474b7-851a-444e-8a2b-14a9afa73197 None None] Network 23834db6-0f06-4994-b17a-128e9ce8a385 requested from n-d-713499-30 {{(pid=102607) get_network_info /opt/stack/neutron/neutron/api/rpc/handlers/dhcp_rpc.py:218}}
Nov 12 03:13:56.340835 n-d-713499-30 neutron-server[102605]: DEBUG neutron_lib.callbacks.manager [None req-e7fe3cc4-4d5c-46dc-a6f5-28fc58241aad admin admin] Publish callbacks [] for security_group, precommit_delete {{(pid=102605) _notify_loop /usr/local/lib/python3.8/dist-packages/neutron_lib/callbacks/manager.py:175}}
Nov 12 03:13:56.417838 n-d-713499-30 neutron-server[102605]: DEBUG neutron_lib.callbacks.manager [None req-e7fe3cc4-4d5c-46dc-a6f5-28fc58241aad admin admin] Publish callbacks ['neutron.plugins.ml2.ovo_rpc._ObjectChangeHandler.handle_event-1640923'] for security_group, after_delete {{(pid=102605) _notify_loop /usr/local/lib/python3.8/dist-packages/neutron_lib/callbacks/manager.py:175}}
Nov 12 03:13:56.421939 n-d-713499-30 neutron-server[102605]: DEBUG neutron_lib.callbacks.manager [None req-e7fe3cc4-4d5c-46dc-a6f5-28fc58241aad admin admin] Publish callbacks [] for security_group, before_response {{(pid=102605) _notify_loop /usr/local/lib/python3.8/dist-packages/neutron_lib/callbacks/manager.py:175}}
Nov 12 03:13:56.426506 n-d-713499-30 neutron-server[102605]: INFO neutron.wsgi [None req-e7fe3cc4-4d5c-46dc-a6f5-28fc58241aad admin admin] 10.222.0.93 "DELETE /v2.0/security-groups/84d573cc-aa28-47cf-95ab-33e7854c045c HTTP/1.1" status: 204 len: 168 time: 0.1705742
Nov 12 03:13:56.436351 n-d-713499-30 neutron-server[102605]: DEBUG neutron.api.rpc.handlers.resources_rpc [None req-e7fe3cc4-4d5c-46dc-a6f5-28fc58241aad admin admin] Pushing event deleted for resources: {'SecurityGroup': ['ID=84d573cc-aa28-47cf-95ab-33e7854c045c,revision_number=None']} {{(pid=102605) push /opt/stack/neutron/neutron/api/rpc/handlers/resources_rpc.py:237}}
Nov 12 03:13:56.456928 n-d-713499-30 neutron-server[102605]: DEBUG neutron.api.v2.base [None req-9e5200eb-c8d0-4c15-9d41-c73e780a7740 admin admin] Request body: {'network': {'name': 'tempest-LiveMigrationTest-634797037-network', 'tenant_id': 'b20d046ed9964f7f98dd062f193b45e8'}} {{(pid=102605) prepare_request_body /opt/stack/neutron/neutron/api/v2/base.py:729}}
Nov 12 03:13:56.490410 n-d-713499-30 neutron-server[102605]: DEBUG neutron.pecan_wsgi.hooks.quota_enforcement [None req-9e5200eb-c8d0-4c15-9d41-c73e780a7740 admin admin] Made reservation on behalf of b20d046ed9964f7f98dd062f193b45e8 for: {'network': 1} {{(pid=102605) before /opt/stack/neutron/neutron/pecan_wsgi/hooks/quota_enforcement.py:53}}
Nov 12 03:13:56.498425 n-d-713499-30 neutron-server[102605]: DEBUG neutron_lib.callbacks.manager [None req-9e5200eb-c8d0-4c15-9d41-c73e780a7740 admin admin] Publish callbacks ['neutron.plugins.ml2.plugin.SecurityGroupDbMixin._ensure_default_security_group_handler-529779'] for network, before_create {{(pid=102605) _notify_loop /usr/local/lib/python3.8/dist-packages/neutron_lib/callbacks/manager.py:175}}
Nov 12 03:13:56.503706 n-d-713499-30 neutron-server[102606]: INFO neutron.wsgi [req-920b32b0-da01-44dc-93a9-5d18f66158ec req-b102886e-7d71-4994-87d3-cb13daf2b9dd tempest-ServerDiagnosticsNegativeTest-49624892 tempest-ServerDiagnosticsNegativeTest-49624892-project] 10.222.0.93 "GET /v2.0/networks?tenant_id=8687f1646ec643979ab59f46793b77ef&shared=False HTTP/1.1" status: 200 len: 213 time: 0.0342951
Nov 12 03:13:56.510095 n-d-713499-30 neutron-server[102605]: DEBUG neutron_lib.callbacks.manager [None req-9e5200eb-c8d0-4c15-9d41-c73e780a7740 admin admin] Publish callbacks [] for security_group, before_create {{(pid=102605) _notify_loop /usr/local/lib/python3.8/dist-packages/neutron_lib/callbacks/manager.py:175}}
Nov 12 03:13:56.638382 n-d-713499-30 neutron-server[102605]: DEBUG neutron_lib.callbacks.manager [None req-9e5200eb-c8d0-4c15-9d41-c73e780a7740 admin admin] Publish callbacks [] for security_group, precommit_create {{(pid=102605) _notify_loop /usr/local/lib/python3.8/dist-packages/neutron_lib/callbacks/manager.py:175}}
Nov 12 03:13:56.643704 n-d-713499-30 neutron-server[102605]: DEBUG neutron_lib.callbacks.manager [None req-9e5200eb-c8d0-4c15-9d41-c73e780a7740 admin admin] Publish callbacks ['neutron.plugins.ml2.ovo_rpc._ObjectChangeHandler.handle_event-1640923'] for security_group, after_create {{(pid=102605) _notify_loop /usr/local/lib/python3.8/dist-packages/neutron_lib/callbacks/manager.py:175}}
Nov 12 03:13:56.663099 n-d-713499-30 neutron-server[102606]: DEBUG neutron.pecan_wsgi.hooks.policy_enforcement [req-920b32b0-da01-44dc-93a9-5d18f66158ec req-1f19985d-86d3-4e50-b19f-a1069fbb423d tempest-ServerDiagnosticsNegativeTest-49624892 tempest-ServerDiagnosticsNegativeTest-49624892-project] Attributes excluded by policy engine: ['standard_attr_id', 'vlan_transparent', 'provider:network_type', 'provider:physical_network', 'provider:segmentation_id'] {{(pid=102606) _exclude_attributes_by_policy /opt/stack/neutron/neutron/pecan_wsgi/hooks/policy_enforcement.py:255}}
Nov 12 03:13:56.665708 n-d-713499-30 neutron-server[102605]: DEBUG neutron.plugins.ml2.drivers.helpers [None req-9e5200eb-c8d0-4c15-9d41-c73e780a7740 admin admin] vlan segment allocate from pool success with {'physical_network': 'physnet1', 'vlan_id': 1244} {{(pid=102605) allocate_partially_specified_segment /opt/stack/neutron/neutron/plugins/ml2/drivers/helpers.py:153}}
Nov 12 03:13:56.666322 n-d-713499-30 neutron-server[102606]: INFO neutron.wsgi [req-920b32b0-da01-44dc-93a9-5d18f66158ec req-1f19985d-86d3-4e50-b19f-a1069fbb423d tempest-ServerDiagnosticsNegativeTest-49624892 tempest-ServerDiagnosticsNegativeTest-49624892-project] 10.222.0.93 "GET /v2.0/networks?shared=True HTTP/1.1" status: 200 len: 769 time: 0.1547623
Nov 12 03:13:56.685693 n-d-713499-30 neutron-server[102605]: DEBUG neutron_lib.callbacks.manager [None req-9e5200eb-c8d0-4c15-9d41-c73e780a7740 admin admin] Publish callbacks ['neutron.plugins.ml2.plugin.Ml2Plugin._handle_segment_change-1432287'] for segment, precommit_create {{(pid=102605) _notify_loop /usr/local/lib/python3.8/dist-packages/neutron_lib/callbacks/manager.py:175}}
Nov 12 03:13:56.685927 n-d-713499-30 neutron-server[102606]: INFO neutron.wsgi [req-920b32b0-da01-44dc-93a9-5d18f66158ec req-9d0cca01-74e9-4c0a-8831-38fc2b2bf42f tempest-ServerDiagnosticsNegativeTest-49624892 tempest-ServerDiagnosticsNegativeTest-49624892-project] 10.222.0.93 "GET /v2.0/quotas/8687f1646ec643979ab59f46793b77ef HTTP/1.1" status: 200 len: 375 time: 0.0125854
Nov 12 03:13:56.686442 n-d-713499-30 neutron-server[102605]: INFO neutron.db.segments_db [None req-9e5200eb-c8d0-4c15-9d41-c73e780a7740 admin admin] Added segment 33973516-551f-45df-a2c4-9a1910c9f51e of type vlan for network 67758fb8-82ec-4996-a007-6f28630f429e
Nov 12 03:13:56.687871 n-d-713499-30 neutron-server[102605]: DEBUG neutron.api.rpc.handlers.resources_rpc [None req-9e5200eb-c8d0-4c15-9d41-c73e780a7740 admin admin] Pushing event updated for resources: {'SecurityGroup': ['ID=f42e435f-257a-4cf1-b30b-420dd9573241,revision_number=1']} {{(pid=102605) push /opt/stack/neutron/neutron/api/rpc/handlers/resources_rpc.py:237}}
Nov 12 03:13:56.726234 n-d-713499-30 neutron-server[102606]: INFO neutron.wsgi [req-920b32b0-da01-44dc-93a9-5d18f66158ec req-55b8aac4-1a45-4930-9959-94308338cc62 tempest-ServerDiagnosticsNegativeTest-49624892 tempest-ServerDiagnosticsNegativeTest-49624892-project] 10.222.0.93 "GET /v2.0/ports?tenant_id=8687f1646ec643979ab59f46793b77ef&fields=id HTTP/1.1" status: 200 len: 210 time: 0.0327554
Nov 12 03:13:56.737940 n-d-713499-30 neutron-server[102605]: DEBUG neutron_lib.callbacks.manager [None req-9e5200eb-c8d0-4c15-9d41-c73e780a7740 admin admin] Publish callbacks ['neutron.services.auto_allocate.db._ensure_external_network_default_value_callback-8781426114030'] for network, precommit_create {{(pid=102605) _notify_loop /usr/local/lib/python3.8/dist-packages/neutron_lib/callbacks/manager.py:175}}
Nov 12 03:13:56.773408 n-d-713499-30 neutron-server[102605]: DEBUG neutron_lib.callbacks.manager [None req-9e5200eb-c8d0-4c15-9d41-c73e780a7740 admin admin] Publish callbacks ['neutron.plugins.ml2.ovo_rpc._ObjectChangeHandler.handle_event-1643620', 'neutron.api.rpc.agentnotifiers.dhcp_rpc_agent_api.DhcpAgentNotifyAPI._native_event_send_dhcp_notification-1611412'] for network, after_create {{(pid=102605) _notify_loop /usr/local/lib/python3.8/dist-packages/neutron_lib/callbacks/manager.py:175}}
Nov 12 03:13:56.774985 n-d-713499-30 neutron-server[102605]: DEBUG neutron.pecan_wsgi.hooks.policy_enforcement [None req-9e5200eb-c8d0-4c15-9d41-c73e780a7740 admin admin] Attributes excluded by policy engine: ['standard_attr_id', 'vlan_transparent'] {{(pid=102605) _exclude_attributes_by_policy /opt/stack/neutron/neutron/pecan_wsgi/hooks/policy_enforcement.py:255}}
Nov 12 03:13:56.776103 n-d-713499-30 neutron-server[102605]: DEBUG neutron_lib.callbacks.manager [None req-9e5200eb-c8d0-4c15-9d41-c73e780a7740 admin admin] Publish callbacks ['neutron.api.rpc.agentnotifiers.dhcp_rpc_agent_api.DhcpAgentNotifyAPI._send_dhcp_notification-1611394'] for network, before_response {{(pid=102605) _notify_loop /usr/local/lib/python3.8/dist-packages/neutron_lib/callbacks/manager.py:175}}
Nov 12 03:13:56.841491 n-d-713499-30 neutron-server[102605]: INFO neutron.wsgi [None req-9e5200eb-c8d0-4c15-9d41-c73e780a7740 admin admin] 10.222.0.93 "POST /v2.0/networks HTTP/1.1" status: 201 len: 881 time: 0.7088616
Nov 12 03:13:56.844465 n-d-713499-30 neutron-server[102606]: DEBUG neutron.wsgi [-] (102606) accepted ('10.222.0.93', 59146) {{(pid=102606) server /usr/local/lib/python3.8/dist-packages/eventlet/wsgi.py:982}}
Nov 12 03:13:56.847640 n-d-713499-30 neutron-server[102605]: DEBUG neutron.api.rpc.handlers.resources_rpc [None req-9e5200eb-c8d0-4c15-9d41-c73e780a7740 admin admin] Pushing event updated for resources: {'Network': ['ID=67758fb8-82ec-4996-a007-6f28630f429e,revision_number=1']} {{(pid=102605) push /opt/stack/neutron/neutron/api/rpc/handlers/resources_rpc.py:237}}
Nov 12 03:13:56.850366 n-d-713499-30 neutron-server[102606]: DEBUG neutron.api.v2.base [None req-9d79a6c1-58d4-436c-8fee-30576958290b admin admin] Request body: {'subnet': {'network_id': '67758fb8-82ec-4996-a007-6f28630f429e', 'cidr': '172.20.0.0/28', 'name': 'tempest-LiveMigrationTest-634797037-subnet', 'tenant_id': 'b20d046ed9964f7f98dd062f193b45e8', 'enable_dhcp': False, 'ip_version': 4}} {{(pid=102606) prepare_request_body /opt/stack/neutron/neutron/api/v2/base.py:729}}
Nov 12 03:13:56.859346 n-d-713499-30 neutron-server[102607]: DEBUG neutron.plugins.ml2.rpc [None req-85eeca59-bdaa-4f6c-97fc-c95220281440 None None] Network 67758fb8-82ec-4996-a007-6f28630f429e details requested by agent ovs-agent-n-d-713499-30 with host n-d-713499-30 {{(pid=102607) get_network_details /opt/stack/neutron/neutron/plugins/ml2/rpc.py:248}}
Nov 12 03:13:56.890840 n-d-713499-30 neutron-server[102605]: DEBUG neutron.wsgi [-] (102605) accepted ('10.222.0.93', 59150) {{(pid=102605) server /usr/local/lib/python3.8/dist-packages/eventlet/wsgi.py:982}}
Nov 12 03:13:56.907338 n-d-713499-30 neutron-server[102605]: DEBUG neutron_lib.callbacks.manager [None req-b584bde8-2b81-4530-8f3c-ae57ab3f6257 admin admin] Publish callbacks [] for security_group, before_create {{(pid=102605) _notify_loop /usr/local/lib/python3.8/dist-packages/neutron_lib/callbacks/manager.py:175}}
Nov 12 03:13:56.950498 n-d-713499-30 neutron-server[102606]: DEBUG neutron.pecan_wsgi.hooks.quota_enforcement [None req-9d79a6c1-58d4-436c-8fee-30576958290b admin admin] Made reservation on behalf of b20d046ed9964f7f98dd062f193b45e8 for: {'subnet': 1} {{(pid=102606) before /opt/stack/neutron/neutron/pecan_wsgi/hooks/quota_enforcement.py:53}}
Nov 12 03:13:56.953441 n-d-713499-30 neutron-server[102606]: DEBUG neutron_lib.callbacks.manager [None req-9d79a6c1-58d4-436c-8fee-30576958290b admin admin] Publish callbacks [] for subnet, before_create {{(pid=102606) _notify_loop /usr/local/lib/python3.8/dist-packages/neutron_lib/callbacks/manager.py:175}}
Nov 12 03:13:57.045843 n-d-713499-30 neutron-server[102605]: DEBUG neutron_lib.callbacks.manager [None req-b584bde8-2b81-4530-8f3c-ae57ab3f6257 admin admin] Publish callbacks [] for security_group, precommit_create {{(pid=102605) _notify_loop /usr/local/lib/python3.8/dist-packages/neutron_lib/callbacks/manager.py:175}}
Nov 12 03:13:57.050856 n-d-713499-30 neutron-server[102605]: DEBUG neutron_lib.callbacks.manager [None req-b584bde8-2b81-4530-8f3c-ae57ab3f6257 admin admin] Publish callbacks ['neutron.plugins.ml2.ovo_rpc._ObjectChangeHandler.handle_event-1640923'] for security_group, after_create {{(pid=102605) _notify_loop /usr/local/lib/python3.8/dist-packages/neutron_lib/callbacks/manager.py:175}}
Nov 12 03:13:57.062980 n-d-713499-30 neutron-server[102606]: DEBUG neutron.pecan_wsgi.hooks.policy_enforcement [req-329072a6-d5f7-4309-8630-488a25d86fd4 req-efcfdeb6-3e4f-421e-aa58-6812aa6c2f5a tempest-InstanceActionsV221TestJSON-1980725054 tempest-InstanceActionsV221TestJSON-1980725054-project] Attributes excluded by policy engine: ['standard_attr_id', 'vlan_transparent', 'provider:network_type', 'provider:physical_network', 'provider:segmentation_id'] {{(pid=102606) _exclude_attributes_by_policy /opt/stack/neutron/neutron/pecan_wsgi/hooks/policy_enforcement.py:255}}
Nov 12 03:13:57.064452 n-d-713499-30 neutron-server[102606]: INFO neutron.wsgi [req-329072a6-d5f7-4309-8630-488a25d86fd4 req-efcfdeb6-3e4f-421e-aa58-6812aa6c2f5a tempest-InstanceActionsV221TestJSON-1980725054 tempest-InstanceActionsV221TestJSON-1980725054-project] 10.222.0.93 "GET /v2.0/networks?id=23834db6-0f06-4994-b17a-128e9ce8a385 HTTP/1.1" status: 200 len: 818 time: 0.2017684
Nov 12 03:13:57.109910 n-d-713499-30 neutron-server[102605]: DEBUG neutron.api.rpc.handlers.resources_rpc [None req-b584bde8-2b81-4530-8f3c-ae57ab3f6257 admin admin] Pushing event updated for resources: {'SecurityGroup': ['ID=d3213fbb-f7e2-4b99-b48a-a821d6185d3a,revision_number=1']} {{(pid=102605) push /opt/stack/neutron/neutron/api/rpc/handlers/resources_rpc.py:237}}
Nov 12 03:13:57.115181 n-d-713499-30 neutron-server[102606]: INFO neutron.wsgi [req-329072a6-d5f7-4309-8630-488a25d86fd4 req-ebf33b13-3e8f-4e20-b3c6-5f27e97ce34b tempest-InstanceActionsV221TestJSON-1980725054 tempest-InstanceActionsV221TestJSON-1980725054-project] 10.222.0.93 "GET /v2.0/quotas/65ca4bf7625c4c82acc2c44ac5b02796 HTTP/1.1" status: 200 len: 375 time: 0.0281167
Nov 12 03:13:57.120399 n-d-713499-30 neutron-server[102605]: INFO neutron.wsgi [None req-b584bde8-2b81-4530-8f3c-ae57ab3f6257 admin admin] 10.222.0.93 "GET /v2.0/security-groups?tenant_id=242e9b69cc044c568ef8eb4dedb899b8&name=default HTTP/1.1" status: 200 len: 2996 time: 0.2281978
Nov 12 03:13:57.123896 n-d-713499-30 neutron-server[102605]: DEBUG neutron.wsgi [-] (102605) accepted ('10.222.0.93', 59160) {{(pid=102605) server /usr/local/lib/python3.8/dist-packages/eventlet/wsgi.py:982}}
Nov 12 03:13:57.134652 n-d-713499-30 neutron-server[102606]: DEBUG neutron.pecan_wsgi.hooks.policy_enforcement [req-7318d35b-61f7-4fea-8da2-3ca2d12248a4 req-fbfef38c-4197-4597-a6ac-10a9b935f6be tempest-MigrationsAdminTest-985208750 tempest-MigrationsAdminTest-985208750-project] Attributes excluded by policy engine: ['standard_attr_id', 'binding:profile', 'binding:host_id', 'binding:vif_type', 'binding:vif_details'] {{(pid=102606) _exclude_attributes_by_policy /opt/stack/neutron/neutron/pecan_wsgi/hooks/policy_enforcement.py:255}}
Nov 12 03:13:57.136188 n-d-713499-30 neutron-server[102606]: INFO neutron.wsgi [req-7318d35b-61f7-4fea-8da2-3ca2d12248a4 req-fbfef38c-4197-4597-a6ac-10a9b935f6be tempest-MigrationsAdminTest-985208750 tempest-MigrationsAdminTest-985208750-project] 10.222.0.93 "GET /v2.0/ports?device_id=0dd29c43-75cc-4289-be19-1d7252d38ba1 HTTP/1.1" status: 200 len: 949 time: 0.1010206
Nov 12 03:13:57.174466 n-d-713499-30 neutron-server[102606]: INFO neutron.wsgi [req-329072a6-d5f7-4309-8630-488a25d86fd4 req-1ed2a1f9-e223-4f63-a8ef-563b03aa99cc tempest-InstanceActionsV221TestJSON-1980725054 tempest-InstanceActionsV221TestJSON-1980725054-project] 10.222.0.93 "GET /v2.0/ports?tenant_id=65ca4bf7625c4c82acc2c44ac5b02796&fields=id HTTP/1.1" status: 200 len: 210 time: 0.0498772
Nov 12 03:13:57.210741 n-d-713499-30 neutron-server[102605]: DEBUG neutron_lib.callbacks.manager [None req-a7a9b4d9-5dce-446d-9c97-5e1c1679af79 admin admin] Publish callbacks [] for security_group, before_delete {{(pid=102605) _notify_loop /usr/local/lib/python3.8/dist-packages/neutron_lib/callbacks/manager.py:175}}
Nov 12 03:13:57.247303 n-d-713499-30 neutron-server[102605]: DEBUG neutron_lib.callbacks.manager [None req-a7a9b4d9-5dce-446d-9c97-5e1c1679af79 admin admin] Publish callbacks [] for security_group, precommit_delete {{(pid=102605) _notify_loop /usr/local/lib/python3.8/dist-packages/neutron_lib/callbacks/manager.py:175}}
Nov 12 03:13:57.317172 n-d-713499-30 neutron-server[102605]: DEBUG neutron_lib.callbacks.manager [None req-a7a9b4d9-5dce-446d-9c97-5e1c1679af79 admin admin] Publish callbacks ['neutron.plugins.ml2.ovo_rpc._ObjectChangeHandler.handle_event-1640923'] for security_group, after_delete {{(pid=102605) _notify_loop /usr/local/lib/python3.8/dist-packages/neutron_lib/callbacks/manager.py:175}}
Nov 12 03:13:57.321869 n-d-713499-30 neutron-server[102605]: DEBUG neutron_lib.callbacks.manager [None req-a7a9b4d9-5dce-446d-9c97-5e1c1679af79 admin admin] Publish callbacks [] for security_group, before_response {{(pid=102605) _notify_loop /usr/local/lib/python3.8/dist-packages/neutron_lib/callbacks/manager.py:175}}
Nov 12 03:13:57.327771 n-d-713499-30 neutron-server[102605]: INFO neutron.wsgi [None req-a7a9b4d9-5dce-446d-9c97-5e1c1679af79 admin admin] 10.222.0.93 "DELETE /v2.0/security-groups/d3213fbb-f7e2-4b99-b48a-a821d6185d3a HTTP/1.1" status: 204 len: 168 time: 0.2022839
Nov 12 03:13:57.342007 n-d-713499-30 neutron-server[102605]: DEBUG neutron.api.rpc.handlers.resources_rpc [None req-a7a9b4d9-5dce-446d-9c97-5e1c1679af79 admin admin] Pushing event deleted for resources: {'SecurityGroup': ['ID=d3213fbb-f7e2-4b99-b48a-a821d6185d3a,revision_number=None']} {{(pid=102605) push /opt/stack/neutron/neutron/api/rpc/handlers/resources_rpc.py:237}}
Nov 12 03:13:57.367760 n-d-713499-30 neutron-server[102606]: INFO neutron.wsgi [req-7318d35b-61f7-4fea-8da2-3ca2d12248a4 req-dd6f9743-88dd-4758-b921-3b0ac5242a15 tempest-MigrationsAdminTest-985208750 tempest-MigrationsAdminTest-985208750-project] 10.222.0.93 "GET /v2.0/security-groups?id=8e7bf169-7492-452a-957d-63b82ca365f1&fields=id&fields=name HTTP/1.1" status: 200 len: 286 time: 0.2052414
Nov 12 03:13:57.394343 n-d-713499-30 neutron-server[102606]: INFO neutron.wsgi [req-329072a6-d5f7-4309-8630-488a25d86fd4 req-a7f63d16-7204-49e5-a820-882eb787531c service neutron] 10.222.0.93 "GET /v2.0/networks/23834db6-0f06-4994-b17a-128e9ce8a385?fields=segments HTTP/1.1" status: 200 len: 212 time: 0.2188926
Nov 12 03:13:57.402184 n-d-713499-30 neutron-server[102606]: DEBUG neutron_lib.callbacks.manager [None req-9d79a6c1-58d4-436c-8fee-30576958290b admin admin] Publish callbacks ['neutron.plugins.ml2.ovo_rpc._ObjectChangeHandler.handle_event-1683229', 'neutron.api.rpc.agentnotifiers.dhcp_rpc_agent_api.DhcpAgentNotifyAPI._native_event_send_dhcp_notification-1611412'] for subnet, after_create {{(pid=102606) _notify_loop /usr/local/lib/python3.8/dist-packages/neutron_lib/callbacks/manager.py:175}}
Nov 12 03:13:57.567220 n-d-713499-30 neutron-server[102606]: DEBUG neutron.api.rpc.handlers.resources_rpc [None req-9d79a6c1-58d4-436c-8fee-30576958290b admin admin] Pushing event updated for resources: {'Subnet': ['ID=c0d4493a-916b-4499-b748-9f7afb2fac08,revision_number=0']} {{(pid=102606) push /opt/stack/neutron/neutron/api/rpc/handlers/resources_rpc.py:237}}
Nov 12 03:13:57.588858 n-d-713499-30 neutron-server[102606]: INFO neutron.wsgi [req-329072a6-d5f7-4309-8630-488a25d86fd4 req-c9a70f70-453b-4d50-a8e5-7e5b12058bdd service neutron] 10.222.0.93 "GET /v2.0/networks/23834db6-0f06-4994-b17a-128e9ce8a385?fields=provider%3Aphysical_network&fields=provider%3Anetwork_type HTTP/1.1" status: 200 len: 281 time: 0.1832995
Nov 12 03:13:57.595628 n-d-713499-30 neutron-server[102606]: DEBUG neutron.plugins.ml2.drivers.mech_agent [None req-9d79a6c1-58d4-436c-8fee-30576958290b admin admin] Checking segment: {'id': '33973516-551f-45df-a2c4-9a1910c9f51e', 'network_type': 'vlan', 'physical_network': 'physnet1', 'segmentation_id': 1244, 'network_id': '67758fb8-82ec-4996-a007-6f28630f429e'} for mappings: {'physnet1': 'br-data'} with network types: ['local', 'flat', 'vlan'] {{(pid=102606) check_segment_for_agent /opt/stack/neutron/neutron/plugins/ml2/drivers/mech_agent.py:371}}
Nov 12 03:13:57.596023 n-d-713499-30 neutron-server[102606]: DEBUG neutron.scheduler.dhcp_agent_scheduler [None req-9d79a6c1-58d4-436c-8fee-30576958290b admin admin] Network hostable DHCP agents. Network: 67758fb8-82ec-4996-a007-6f28630f429e, hostable agents: ['159926b3-0b3e-4125-8805-534d201a0504'], hosted agents: [] {{(pid=102606) _get_network_hostable_dhcp_agents /opt/stack/neutron/neutron/scheduler/dhcp_agent_scheduler.py:329}}
Nov 12 03:13:57.615468 n-d-713499-30 neutron-server[102606]: DEBUG neutron.pecan_wsgi.hooks.policy_enforcement [req-095903a7-9012-4d19-81fb-3c5df21b417c req-8eef6749-52ee-466d-b61d-d8153297c395 tempest-LiveMigrationNegativeTest-217831585 tempest-LiveMigrationNegativeTest-217831585-project] Attributes excluded by policy engine: ['standard_attr_id', 'binding:profile', 'binding:host_id', 'binding:vif_type', 'binding:vif_details'] {{(pid=102606) _exclude_attributes_by_policy /opt/stack/neutron/neutron/pecan_wsgi/hooks/policy_enforcement.py:255}}
