Oct 19 00:32:19.448523 n-d-713499-29 devstack@placement-api.service[107679]: DEBUG placement.objects.research_context [req-aa5213a2-6e93-45a5-919c-0d59bac1e473 req-b9590e53-fd70-48bd-8a6c-6c4b0345c8d0 service placement] found 2 providers with available 1 VCPU {{(pid=107679) get_provider_ids_matching /opt/stack/placement/placement/objects/research_context.py:549}}
Oct 19 00:32:19.448709 n-d-713499-29 devstack@placement-api.service[107679]: DEBUG placement.objects.research_context [req-aa5213a2-6e93-45a5-919c-0d59bac1e473 req-b9590e53-fd70-48bd-8a6c-6c4b0345c8d0 service placement] found 2 providers after filtering by previous result {{(pid=107679) get_provider_ids_matching /opt/stack/placement/placement/objects/research_context.py:580}}
Oct 19 00:32:19.460225 n-d-713499-29 devstack@placement-api.service[107679]: DEBUG placement.objects.allocation_candidate [req-aa5213a2-6e93-45a5-919c-0d59bac1e473 req-b9590e53-fd70-48bd-8a6c-6c4b0345c8d0 service placement] RequestGroup(use_same_provider=False, resources={DISK_GB:1, MEMORY_MB:1024, VCPU:1}, traits=[], aggregates=[]) (suffix '') returned 2 matches {{(pid=107679) _get_by_requests /opt/stack/placement/placement/objects/allocation_candidate.py:145}}
Oct 19 00:32:19.461003 n-d-713499-29 devstack@placement-api.service[107679]: DEBUG placement.objects.allocation_candidate [req-aa5213a2-6e93-45a5-919c-0d59bac1e473 req-b9590e53-fd70-48bd-8a6c-6c4b0345c8d0 service placement] Merging candidates yields 2 allocation requests and 2 provider summaries {{(pid=107679) _merge_candidates /opt/stack/placement/placement/objects/allocation_candidate.py:783}}
Oct 19 00:32:19.462844 n-d-713499-29 devstack@placement-api.service[107679]: INFO placement.requestlog [req-aa5213a2-6e93-45a5-919c-0d59bac1e473 req-b9590e53-fd70-48bd-8a6c-6c4b0345c8d0 service placement] 10.222.0.60 "GET /placement/allocation_candidates?limit=1000&resources=DISK_GB%3A1%2CMEMORY_MB%3A1024%2CVCPU%3A1&root_required=%21COMPUTE_STATUS_DISABLED" status: 200 len: 1309 microversion: 1.36
Oct 19 00:32:19.463953 n-d-713499-29 devstack@placement-api.service[107679]: [pid: 107679|app: 0|req: 107/212] 10.222.0.60 () {60 vars in 1506 bytes} [Tue Oct 19 00:32:19 2021] GET /placement/allocation_candidates?limit=1000&resources=DISK_GB%3A1%2CMEMORY_MB%3A1024%2CVCPU%3A1&root_required=%21COMPUTE_STATUS_DISABLED => generated 1309 bytes in 112 msecs (HTTP/1.1 200) 8 headers in 297 bytes (1 switches on core 0)
Oct 19 00:32:19.521459 n-d-713499-29 devstack@placement-api.service[107680]: DEBUG placement.requestlog [req-aa5213a2-6e93-45a5-919c-0d59bac1e473 req-b8261eb0-8988-4b60-8565-58ae160fa2e9 None None] Starting request: 10.222.0.60 "GET /placement/allocations/33f081ce-5bc5-48a9-8efa-7b6633451ab3" {{(pid=107680) __call__ /opt/stack/placement/placement/requestlog.py:55}}
Oct 19 00:32:19.532392 n-d-713499-29 devstack@placement-api.service[107680]: INFO placement.requestlog [req-aa5213a2-6e93-45a5-919c-0d59bac1e473 req-b8261eb0-8988-4b60-8565-58ae160fa2e9 service placement] 10.222.0.60 "GET /placement/allocations/33f081ce-5bc5-48a9-8efa-7b6633451ab3" status: 200 len: 19 microversion: 1.28
Oct 19 00:32:19.532557 n-d-713499-29 devstack@placement-api.service[107680]: [pid: 107680|app: 0|req: 106/213] 10.222.0.60 () {60 vars in 1380 bytes} [Tue Oct 19 00:32:19 2021] GET /placement/allocations/33f081ce-5bc5-48a9-8efa-7b6633451ab3 => generated 19 bytes in 11 msecs (HTTP/1.1 200) 8 headers in 295 bytes (1 switches on core 0)
Oct 19 00:32:19.539563 n-d-713499-29 devstack@placement-api.service[107679]: DEBUG placement.requestlog [req-aa5213a2-6e93-45a5-919c-0d59bac1e473 req-e4d7c627-2d71-415c-85ca-158a0d96afef None None] Starting request: 10.222.0.60 "PUT /placement/allocations/33f081ce-5bc5-48a9-8efa-7b6633451ab3" {{(pid=107679) __call__ /opt/stack/placement/placement/requestlog.py:55}}
Oct 19 00:32:19.604800 n-d-713499-29 devstack@placement-api.service[107679]: DEBUG placement.handlers.allocation [req-aa5213a2-6e93-45a5-919c-0d59bac1e473 req-e4d7c627-2d71-415c-85ca-158a0d96afef service placement] Successfully wrote allocations [, , ] {{(pid=107679) _update_consumers_and_create_allocations /opt/stack/placement/placement/handlers/allocation.py:462}}
Oct 19 00:32:19.610660 n-d-713499-29 devstack@placement-api.service[107679]: INFO placement.requestlog [req-aa5213a2-6e93-45a5-919c-0d59bac1e473 req-e4d7c627-2d71-415c-85ca-158a0d96afef service placement] 10.222.0.60 "PUT /placement/allocations/33f081ce-5bc5-48a9-8efa-7b6633451ab3" status: 204 len: 0 microversion: 1.36
Oct 19 00:32:19.611545 n-d-713499-29 devstack@placement-api.service[107679]: [pid: 107679|app: 0|req: 108/214] 10.222.0.60 () {64 vars in 1433 bytes} [Tue Oct 19 00:32:19 2021] PUT /placement/allocations/33f081ce-5bc5-48a9-8efa-7b6633451ab3 => generated 0 bytes in 73 msecs (HTTP/1.1 204) 5 headers in 199 bytes (1 switches on core 0)
Oct 19 00:32:19.917296 n-d-713499-29 devstack@placement-api.service[107680]: DEBUG placement.requestlog [req-aa5213a2-6e93-45a5-919c-0d59bac1e473 req-7aa0803a-dc7c-4673-9903-8c6d44dd8fbe None None] Starting request: 10.222.0.61 "GET /placement/allocations/33f081ce-5bc5-48a9-8efa-7b6633451ab3" {{(pid=107680) __call__ /opt/stack/placement/placement/requestlog.py:55}}
Oct 19 00:32:19.932716 n-d-713499-29 devstack@placement-api.service[107680]: INFO placement.requestlog [req-aa5213a2-6e93-45a5-919c-0d59bac1e473 req-7aa0803a-dc7c-4673-9903-8c6d44dd8fbe service placement] 10.222.0.61 "GET /placement/allocations/33f081ce-5bc5-48a9-8efa-7b6633451ab3" status: 200 len: 259 microversion: 1.28
Oct 19 00:32:19.933078 n-d-713499-29 devstack@placement-api.service[107680]: [pid: 107680|app: 0|req: 107/215] 10.222.0.61 () {60 vars in 1377 bytes} [Tue Oct 19 00:32:19 2021] GET /placement/allocations/33f081ce-5bc5-48a9-8efa-7b6633451ab3 => generated 259 bytes in 16 msecs (HTTP/1.1 200) 8 headers in 296 bytes (1 switches on core 0)
Oct 19 00:32:26.511435 n-d-713499-29 devstack@placement-api.service[107679]: DEBUG placement.requestlog [req-22ca9946-36c8-465f-933c-13689615622d req-c58ddb97-53c3-4798-88a4-9a0191d38462 None None] Starting request: 10.222.0.60 "GET /placement/allocation_candidates?limit=1000&resources=DISK_GB%3A1%2CMEMORY_MB%3A1024%2CVCPU%3A1&root_required=%21COMPUTE_STATUS_DISABLED" {{(pid=107679) __call__ /opt/stack/placement/placement/requestlog.py:55}}
Oct 19 00:32:26.542682 n-d-713499-29 devstack@placement-api.service[107679]: DEBUG placement.objects.research_context [req-22ca9946-36c8-465f-933c-13689615622d req-c58ddb97-53c3-4798-88a4-9a0191d38462 service placement] getting providers with 1 DISK_GB {{(pid=107679) __init__ /opt/stack/placement/placement/objects/research_context.py:126}}
Oct 19 00:32:26.548614 n-d-713499-29 devstack@placement-api.service[107679]: DEBUG placement.objects.research_context [req-22ca9946-36c8-465f-933c-13689615622d req-c58ddb97-53c3-4798-88a4-9a0191d38462 service placement] getting providers with 1024 MEMORY_MB {{(pid=107679) __init__ /opt/stack/placement/placement/objects/research_context.py:126}}
Oct 19 00:32:26.556067 n-d-713499-29 devstack@placement-api.service[107680]: DEBUG placement.requestlog [req-c4758e97-f6e8-458c-a2cc-37fb8f85619f req-93ceb78a-9ab0-4934-b61b-b57bb82938ea None None] Starting request: 10.222.0.61 "GET /placement/resource_providers/61b713a5-09f2-4cee-a17e-5398c7acc914/allocations" {{(pid=107680) __call__ /opt/stack/placement/placement/requestlog.py:55}}
Oct 19 00:32:26.570051 n-d-713499-29 devstack@placement-api.service[107679]: DEBUG placement.objects.research_context [req-22ca9946-36c8-465f-933c-13689615622d req-c58ddb97-53c3-4798-88a4-9a0191d38462 service placement] getting providers with 1 VCPU {{(pid=107679) __init__ /opt/stack/placement/placement/objects/research_context.py:126}}
Oct 19 00:32:26.577711 n-d-713499-29 devstack@placement-api.service[107679]: DEBUG placement.objects.research_context [req-22ca9946-36c8-465f-933c-13689615622d req-c58ddb97-53c3-4798-88a4-9a0191d38462 service placement] found 2 providers with available 1 DISK_GB {{(pid=107679) get_provider_ids_matching /opt/stack/placement/placement/objects/research_context.py:549}}
Oct 19 00:32:26.578010 n-d-713499-29 devstack@placement-api.service[107679]: DEBUG placement.objects.research_context [req-22ca9946-36c8-465f-933c-13689615622d req-c58ddb97-53c3-4798-88a4-9a0191d38462 service placement] found 2 providers with available 1024 MEMORY_MB {{(pid=107679) get_provider_ids_matching /opt/stack/placement/placement/objects/research_context.py:549}}
Oct 19 00:32:26.578284 n-d-713499-29 devstack@placement-api.service[107679]: DEBUG placement.objects.research_context [req-22ca9946-36c8-465f-933c-13689615622d req-c58ddb97-53c3-4798-88a4-9a0191d38462 service placement] found 2 providers after filtering by previous result {{(pid=107679) get_provider_ids_matching /opt/stack/placement/placement/objects/research_context.py:580}}
Oct 19 00:32:26.578568 n-d-713499-29 devstack@placement-api.service[107679]: DEBUG placement.objects.research_context [req-22ca9946-36c8-465f-933c-13689615622d req-c58ddb97-53c3-4798-88a4-9a0191d38462 service placement] found 2 providers with available 1 VCPU {{(pid=107679) get_provider_ids_matching /opt/stack/placement/placement/objects/research_context.py:549}}
Oct 19 00:32:26.578834 n-d-713499-29 devstack@placement-api.service[107679]: DEBUG placement.objects.research_context [req-22ca9946-36c8-465f-933c-13689615622d req-c58ddb97-53c3-4798-88a4-9a0191d38462 service placement] found 2 providers after filtering by previous result {{(pid=107679) get_provider_ids_matching /opt/stack/placement/placement/objects/research_context.py:580}}
Oct 19 00:32:26.593096 n-d-713499-29 devstack@placement-api.service[107680]: INFO placement.requestlog [req-c4758e97-f6e8-458c-a2cc-37fb8f85619f req-93ceb78a-9ab0-4934-b61b-b57bb82938ea service placement] 10.222.0.61 "GET /placement/resource_providers/61b713a5-09f2-4cee-a17e-5398c7acc914/allocations" status: 200 len: 557 microversion: 1.0
Oct 19 00:32:26.593443 n-d-713499-29 devstack@placement-api.service[107680]: [pid: 107680|app: 0|req: 108/216] 10.222.0.61 () {58 vars in 1390 bytes} [Tue Oct 19 00:32:26 2021] GET /placement/resource_providers/61b713a5-09f2-4cee-a17e-5398c7acc914/allocations => generated 557 bytes in 38 msecs (HTTP/1.1 200) 6 headers in 224 bytes (2 switches on core 0)
Oct 19 00:32:26.595591 n-d-713499-29 devstack@placement-api.service[107679]: DEBUG placement.objects.allocation_candidate [req-22ca9946-36c8-465f-933c-13689615622d req-c58ddb97-53c3-4798-88a4-9a0191d38462 service placement] RequestGroup(use_same_provider=False, resources={DISK_GB:1, MEMORY_MB:1024, VCPU:1}, traits=[], aggregates=[]) (suffix '') returned 2 matches {{(pid=107679) _get_by_requests /opt/stack/placement/placement/objects/allocation_candidate.py:145}}
Oct 19 00:32:26.596109 n-d-713499-29 devstack@placement-api.service[107679]: DEBUG placement.objects.allocation_candidate [req-22ca9946-36c8-465f-933c-13689615622d req-c58ddb97-53c3-4798-88a4-9a0191d38462 service placement] Merging candidates yields 2 allocation requests and 2 provider summaries {{(pid=107679) _merge_candidates /opt/stack/placement/placement/objects/allocation_candidate.py:783}}
Oct 19 00:32:26.597882 n-d-713499-29 devstack@placement-api.service[107679]: INFO placement.requestlog [req-22ca9946-36c8-465f-933c-13689615622d req-c58ddb97-53c3-4798-88a4-9a0191d38462 service placement] 10.222.0.60 "GET /placement/allocation_candidates?limit=1000&resources=DISK_GB%3A1%2CMEMORY_MB%3A1024%2CVCPU%3A1&root_required=%21COMPUTE_STATUS_DISABLED" status: 200 len: 1309 microversion: 1.36
Oct 19 00:32:26.612874 n-d-713499-29 devstack@placement-api.service[107679]: [pid: 107679|app: 0|req: 109/217] 10.222.0.60 () {60 vars in 1506 bytes} [Tue Oct 19 00:32:26 2021] GET /placement/allocation_candidates?limit=1000&resources=DISK_GB%3A1%2CMEMORY_MB%3A1024%2CVCPU%3A1&root_required=%21COMPUTE_STATUS_DISABLED => generated 1309 bytes in 101 msecs (HTTP/1.1 200) 8 headers in 297 bytes (1 switches on core 0)
Oct 19 00:32:26.647877 n-d-713499-29 devstack@placement-api.service[107680]: DEBUG placement.requestlog [req-22ca9946-36c8-465f-933c-13689615622d req-4f4be34c-78cd-478e-9c7d-119e01765d89 None None] Starting request: 10.222.0.60 "GET /placement/allocations/69dc9939-be36-49d5-8b40-6768580d6252" {{(pid=107680) __call__ /opt/stack/placement/placement/requestlog.py:55}}
Oct 19 00:32:26.666111 n-d-713499-29 devstack@placement-api.service[107680]: INFO placement.requestlog [req-22ca9946-36c8-465f-933c-13689615622d req-4f4be34c-78cd-478e-9c7d-119e01765d89 service placement] 10.222.0.60 "GET /placement/allocations/69dc9939-be36-49d5-8b40-6768580d6252" status: 200 len: 19 microversion: 1.28
Oct 19 00:32:26.667222 n-d-713499-29 devstack@placement-api.service[107680]: [pid: 107680|app: 0|req: 109/218] 10.222.0.60 () {60 vars in 1380 bytes} [Tue Oct 19 00:32:26 2021] GET /placement/allocations/69dc9939-be36-49d5-8b40-6768580d6252 => generated 19 bytes in 19 msecs (HTTP/1.1 200) 8 headers in 295 bytes (1 switches on core 0)
Oct 19 00:32:26.684398 n-d-713499-29 devstack@placement-api.service[107679]: DEBUG placement.requestlog [req-22ca9946-36c8-465f-933c-13689615622d req-861880b4-28c8-4519-a721-5bd547a875bf None None] Starting request: 10.222.0.60 "PUT /placement/allocations/69dc9939-be36-49d5-8b40-6768580d6252" {{(pid=107679) __call__ /opt/stack/placement/placement/requestlog.py:55}}
Oct 19 00:32:26.797946 n-d-713499-29 devstack@placement-api.service[107679]: DEBUG placement.handlers.allocation [req-22ca9946-36c8-465f-933c-13689615622d req-861880b4-28c8-4519-a721-5bd547a875bf service placement] Successfully wrote allocations [, , ] {{(pid=107679) _update_consumers_and_create_allocations /opt/stack/placement/placement/handlers/allocation.py:462}}
Oct 19 00:32:26.806035 n-d-713499-29 devstack@placement-api.service[107679]: INFO placement.requestlog [req-22ca9946-36c8-465f-933c-13689615622d req-861880b4-28c8-4519-a721-5bd547a875bf service placement] 10.222.0.60 "PUT /placement/allocations/69dc9939-be36-49d5-8b40-6768580d6252" status: 204 len: 0 microversion: 1.36
Oct 19 00:32:26.807274 n-d-713499-29 devstack@placement-api.service[107679]: [pid: 107679|app: 0|req: 110/219] 10.222.0.60 () {64 vars in 1433 bytes} [Tue Oct 19 00:32:26 2021] PUT /placement/allocations/69dc9939-be36-49d5-8b40-6768580d6252 => generated 0 bytes in 123 msecs (HTTP/1.1 204) 5 headers in 199 bytes (1 switches on core 0)
Oct 19 00:32:26.984543 n-d-713499-29 devstack@placement-api.service[107680]: DEBUG placement.requestlog [req-c4758e97-f6e8-458c-a2cc-37fb8f85619f req-347d572f-b86c-4fd4-893d-e1ca3c17e660 None None] Starting request: 10.222.0.61 "GET /placement/allocations/a189dbc6-6ea5-4658-b562-919c206f0cc5" {{(pid=107680) __call__ /opt/stack/placement/placement/requestlog.py:55}}
Oct 19 00:32:27.013448 n-d-713499-29 devstack@placement-api.service[107680]: INFO placement.requestlog [req-c4758e97-f6e8-458c-a2cc-37fb8f85619f req-347d572f-b86c-4fd4-893d-e1ca3c17e660 service placement] 10.222.0.61 "GET /placement/allocations/a189dbc6-6ea5-4658-b562-919c206f0cc5" status: 200 len: 259 microversion: 1.28
Oct 19 00:32:27.014218 n-d-713499-29 devstack@placement-api.service[107680]: [pid: 107680|app: 0|req: 110/220] 10.222.0.61 () {60 vars in 1377 bytes} [Tue Oct 19 00:32:26 2021] GET /placement/allocations/a189dbc6-6ea5-4658-b562-919c206f0cc5 => generated 259 bytes in 30 msecs (HTTP/1.1 200) 8 headers in 296 bytes (1 switches on core 0)
Oct 19 00:32:27.024173 n-d-713499-29 devstack@placement-api.service[107679]: DEBUG placement.requestlog [req-c4758e97-f6e8-458c-a2cc-37fb8f85619f req-0f92dcb4-7213-4069-848e-5e46c4ed97e6 None None] Starting request: 10.222.0.61 "PUT /placement/allocations/a189dbc6-6ea5-4658-b562-919c206f0cc5" {{(pid=107679) __call__ /opt/stack/placement/placement/requestlog.py:55}}
Oct 19 00:32:27.091274 n-d-713499-29 devstack@placement-api.service[107679]: DEBUG placement.handlers.allocation [req-c4758e97-f6e8-458c-a2cc-37fb8f85619f req-0f92dcb4-7213-4069-848e-5e46c4ed97e6 service placement] Successfully wrote allocations [, , ] {{(pid=107679) _update_consumers_and_create_allocations /opt/stack/placement/placement/handlers/allocation.py:462}}
Oct 19 00:32:27.100629 n-d-713499-29 devstack@placement-api.service[107679]: INFO placement.requestlog [req-c4758e97-f6e8-458c-a2cc-37fb8f85619f req-0f92dcb4-7213-4069-848e-5e46c4ed97e6 service placement] 10.222.0.61 "PUT /placement/allocations/a189dbc6-6ea5-4658-b562-919c206f0cc5" status: 204 len: 0 microversion: 1.28
Oct 19 00:32:27.102551 n-d-713499-29 devstack@placement-api.service[107679]: [pid: 107679|app: 0|req: 111/221] 10.222.0.61 () {64 vars in 1430 bytes} [Tue Oct 19 00:32:27 2021] PUT /placement/allocations/a189dbc6-6ea5-4658-b562-919c206f0cc5 => generated 0 bytes in 79 msecs (HTTP/1.1 204) 5 headers in 199 bytes (2 switches on core 0)
Oct 19 00:32:27.164817 n-d-713499-29 devstack@placement-api.service[107680]: DEBUG placement.requestlog [req-22ca9946-36c8-465f-933c-13689615622d req-3e950ade-e8d4-402a-9cd1-b2bace9799c7 None None] Starting request: 10.222.0.61 "GET /placement/allocations/69dc9939-be36-49d5-8b40-6768580d6252" {{(pid=107680) __call__ /opt/stack/placement/placement/requestlog.py:55}}
Oct 19 00:32:27.192618 n-d-713499-29 devstack@placement-api.service[107680]: INFO placement.requestlog [req-22ca9946-36c8-465f-933c-13689615622d req-3e950ade-e8d4-402a-9cd1-b2bace9799c7 service placement] 10.222.0.61 "GET /placement/allocations/69dc9939-be36-49d5-8b40-6768580d6252" status: 200 len: 259 microversion: 1.28
Oct 19 00:32:27.192871 n-d-713499-29 devstack@placement-api.service[107680]: [pid: 107680|app: 0|req: 111/222] 10.222.0.61 () {60 vars in 1377 bytes} [Tue Oct 19 00:32:27 2021] GET /placement/allocations/69dc9939-be36-49d5-8b40-6768580d6252 => generated 259 bytes in 28 msecs (HTTP/1.1 200) 8 headers in 296 bytes (1 switches on core 0)
Oct 19 00:32:27.558051 n-d-713499-29 devstack@placement-api.service[107679]: DEBUG placement.requestlog [req-3fa441d8-8022-465d-b325-2c9ec8afdbd7 req-035e7e63-adeb-4700-bfaa-4af5a488edf0 None None] Starting request: 10.222.0.37 "DELETE /placement/allocations/c8486f20-8453-4ce1-a2d8-4340f81fd8c3" {{(pid=107679) __call__ /opt/stack/placement/placement/requestlog.py:55}}
Oct 19 00:32:27.591823 n-d-713499-29 devstack@placement-api.service[107679]: DEBUG placement.handlers.allocation [req-3fa441d8-8022-465d-b325-2c9ec8afdbd7 req-035e7e63-adeb-4700-bfaa-4af5a488edf0 service placement] Successfully deleted allocations [, , ] {{(pid=107679) delete_allocations /opt/stack/placement/placement/handlers/allocation.py:627}}
Oct 19 00:32:27.592387 n-d-713499-29 devstack@placement-api.service[107679]: INFO placement.requestlog [req-3fa441d8-8022-465d-b325-2c9ec8afdbd7 req-035e7e63-adeb-4700-bfaa-4af5a488edf0 service placement] 10.222.0.37 "DELETE /placement/allocations/c8486f20-8453-4ce1-a2d8-4340f81fd8c3" status: 204 len: 0 microversion: 1.0
Oct 19 00:32:27.593670 n-d-713499-29 devstack@placement-api.service[107679]: [pid: 107679|app: 0|req: 112/223] 10.222.0.37 () {60 vars in 1355 bytes} [Tue Oct 19 00:32:27 2021] DELETE /placement/allocations/c8486f20-8453-4ce1-a2d8-4340f81fd8c3 => generated 0 bytes in 35 msecs (HTTP/1.1 204) 5 headers in 198 bytes (1 switches on core 0)
Oct 19 00:32:27.948694 n-d-713499-29 devstack@placement-api.service[107680]: DEBUG placement.requestlog [req-2d930408-1ef5-4564-98a4-3f8a898ec1c5 req-5f12a1ec-1185-4d78-bcf0-27f7783ca0c2 None None] Starting request: 10.222.0.60 "GET /placement/allocation_candidates?limit=1000&resources=DISK_GB%3A1%2CMEMORY_MB%3A1024%2CVCPU%3A1&root_required=%21COMPUTE_STATUS_DISABLED" {{(pid=107680) __call__ /opt/stack/placement/placement/requestlog.py:55}}
Oct 19 00:32:27.984400 n-d-713499-29 devstack@placement-api.service[107680]: DEBUG placement.objects.research_context [req-2d930408-1ef5-4564-98a4-3f8a898ec1c5 req-5f12a1ec-1185-4d78-bcf0-27f7783ca0c2 service placement] getting providers with 1 DISK_GB {{(pid=107680) __init__ /opt/stack/placement/placement/objects/research_context.py:126}}
Oct 19 00:32:27.990933 n-d-713499-29 devstack@placement-api.service[107680]: DEBUG placement.objects.research_context [req-2d930408-1ef5-4564-98a4-3f8a898ec1c5 req-5f12a1ec-1185-4d78-bcf0-27f7783ca0c2 service placement] getting providers with 1024 MEMORY_MB {{(pid=107680) __init__ /opt/stack/placement/placement/objects/research_context.py:126}}
Oct 19 00:32:27.996618 n-d-713499-29 devstack@placement-api.service[107680]: DEBUG placement.objects.research_context [req-2d930408-1ef5-4564-98a4-3f8a898ec1c5 req-5f12a1ec-1185-4d78-bcf0-27f7783ca0c2 service placement] getting providers with 1 VCPU {{(pid=107680) __init__ /opt/stack/placement/placement/objects/research_context.py:126}}
Oct 19 00:32:28.002227 n-d-713499-29 devstack@placement-api.service[107680]: DEBUG placement.objects.research_context [req-2d930408-1ef5-4564-98a4-3f8a898ec1c5 req-5f12a1ec-1185-4d78-bcf0-27f7783ca0c2 service placement] found 2 providers with available 1 DISK_GB {{(pid=107680) get_provider_ids_matching /opt/stack/placement/placement/objects/research_context.py:549}}
Oct 19 00:32:28.002528 n-d-713499-29 devstack@placement-api.service[107680]: DEBUG placement.objects.research_context [req-2d930408-1ef5-4564-98a4-3f8a898ec1c5 req-5f12a1ec-1185-4d78-bcf0-27f7783ca0c2 service placement] found 2 providers with available 1024 MEMORY_MB {{(pid=107680) get_provider_ids_matching /opt/stack/placement/placement/objects/research_context.py:549}}
Oct 19 00:32:28.002799 n-d-713499-29 devstack@placement-api.service[107680]: DEBUG placement.objects.research_context [req-2d930408-1ef5-4564-98a4-3f8a898ec1c5 req-5f12a1ec-1185-4d78-bcf0-27f7783ca0c2 service placement] found 2 providers after filtering by previous result {{(pid=107680) get_provider_ids_matching /opt/stack/placement/placement/objects/research_context.py:580}}
Oct 19 00:32:28.003054 n-d-713499-29 devstack@placement-api.service[107680]: DEBUG placement.objects.research_context [req-2d930408-1ef5-4564-98a4-3f8a898ec1c5 req-5f12a1ec-1185-4d78-bcf0-27f7783ca0c2 service placement] found 2 providers with available 1 VCPU {{(pid=107680) get_provider_ids_matching /opt/stack/placement/placement/objects/research_context.py:549}}
Oct 19 00:32:28.003408 n-d-713499-29 devstack@placement-api.service[107680]: DEBUG placement.objects.research_context [req-2d930408-1ef5-4564-98a4-3f8a898ec1c5 req-5f12a1ec-1185-4d78-bcf0-27f7783ca0c2 service placement] found 2 providers after filtering by previous result {{(pid=107680) get_provider_ids_matching /opt/stack/placement/placement/objects/research_context.py:580}}
Oct 19 00:32:28.016078 n-d-713499-29 devstack@placement-api.service[107680]: DEBUG placement.objects.allocation_candidate [req-2d930408-1ef5-4564-98a4-3f8a898ec1c5 req-5f12a1ec-1185-4d78-bcf0-27f7783ca0c2 service placement] RequestGroup(use_same_provider=False, resources={DISK_GB:1, MEMORY_MB:1024, VCPU:1}, traits=[], aggregates=[]) (suffix '') returned 2 matches {{(pid=107680) _get_by_requests /opt/stack/placement/placement/objects/allocation_candidate.py:145}}
Oct 19 00:32:28.016444 n-d-713499-29 devstack@placement-api.service[107680]: DEBUG placement.objects.allocation_candidate [req-2d930408-1ef5-4564-98a4-3f8a898ec1c5 req-5f12a1ec-1185-4d78-bcf0-27f7783ca0c2 service placement] Merging candidates yields 2 allocation requests and 2 provider summaries {{(pid=107680) _merge_candidates /opt/stack/placement/placement/objects/allocation_candidate.py:783}}
Oct 19 00:32:28.018119 n-d-713499-29 devstack@placement-api.service[107680]: INFO placement.requestlog [req-2d930408-1ef5-4564-98a4-3f8a898ec1c5 req-5f12a1ec-1185-4d78-bcf0-27f7783ca0c2 service placement] 10.222.0.60 "GET /placement/allocation_candidates?limit=1000&resources=DISK_GB%3A1%2CMEMORY_MB%3A1024%2CVCPU%3A1&root_required=%21COMPUTE_STATUS_DISABLED" status: 200 len: 1309 microversion: 1.36
Oct 19 00:32:28.018821 n-d-713499-29 devstack@placement-api.service[107680]: [pid: 107680|app: 0|req: 112/224] 10.222.0.60 () {60 vars in 1506 bytes} [Tue Oct 19 00:32:27 2021] GET /placement/allocation_candidates?limit=1000&resources=DISK_GB%3A1%2CMEMORY_MB%3A1024%2CVCPU%3A1&root_required=%21COMPUTE_STATUS_DISABLED => generated 1309 bytes in 70 msecs (HTTP/1.1 200) 8 headers in 297 bytes (1 switches on core 0)
Oct 19 00:32:28.077559 n-d-713499-29 devstack@placement-api.service[107679]: DEBUG placement.requestlog [req-2d930408-1ef5-4564-98a4-3f8a898ec1c5 req-b168e759-69f3-40f2-986d-4ee2f7598dff None None] Starting request: 10.222.0.60 "GET /placement/allocations/7b637944-3178-453b-afdc-3cee0d31429a" {{(pid=107679) __call__ /opt/stack/placement/placement/requestlog.py:55}}
Oct 19 00:32:28.093015 n-d-713499-29 devstack@placement-api.service[107679]: INFO placement.requestlog [req-2d930408-1ef5-4564-98a4-3f8a898ec1c5 req-b168e759-69f3-40f2-986d-4ee2f7598dff service placement] 10.222.0.60 "GET /placement/allocations/7b637944-3178-453b-afdc-3cee0d31429a" status: 200 len: 19 microversion: 1.28
Oct 19 00:32:28.093577 n-d-713499-29 devstack@placement-api.service[107679]: [pid: 107679|app: 0|req: 113/225] 10.222.0.60 () {60 vars in 1380 bytes} [Tue Oct 19 00:32:28 2021] GET /placement/allocations/7b637944-3178-453b-afdc-3cee0d31429a => generated 19 bytes in 16 msecs (HTTP/1.1 200) 8 headers in 295 bytes (1 switches on core 0)
Oct 19 00:32:28.100889 n-d-713499-29 devstack@placement-api.service[107680]: DEBUG placement.requestlog [req-2d930408-1ef5-4564-98a4-3f8a898ec1c5 req-3a76e75c-6204-40d3-8c31-72c9d33e695e None None] Starting request: 10.222.0.60 "PUT /placement/allocations/7b637944-3178-453b-afdc-3cee0d31429a" {{(pid=107680) __call__ /opt/stack/placement/placement/requestlog.py:55}}
Oct 19 00:32:28.171066 n-d-713499-29 devstack@placement-api.service[107680]: DEBUG placement.handlers.allocation [req-2d930408-1ef5-4564-98a4-3f8a898ec1c5 req-3a76e75c-6204-40d3-8c31-72c9d33e695e service placement] Successfully wrote allocations [, , ] {{(pid=107680) _update_consumers_and_create_allocations /opt/stack/placement/placement/handlers/allocation.py:462}}
Oct 19 00:32:28.176134 n-d-713499-29 devstack@placement-api.service[107680]: INFO placement.requestlog [req-2d930408-1ef5-4564-98a4-3f8a898ec1c5 req-3a76e75c-6204-40d3-8c31-72c9d33e695e service placement] 10.222.0.60 "PUT /placement/allocations/7b637944-3178-453b-afdc-3cee0d31429a" status: 204 len: 0 microversion: 1.36
Oct 19 00:32:28.177024 n-d-713499-29 devstack@placement-api.service[107680]: [pid: 107680|app: 0|req: 113/226] 10.222.0.60 () {64 vars in 1433 bytes} [Tue Oct 19 00:32:28 2021] PUT /placement/allocations/7b637944-3178-453b-afdc-3cee0d31429a => generated 0 bytes in 76 msecs (HTTP/1.1 204) 5 headers in 199 bytes (2 switches on core 0)
Oct 19 00:32:28.555961 n-d-713499-29 devstack@placement-api.service[107679]: DEBUG placement.requestlog [req-2d930408-1ef5-4564-98a4-3f8a898ec1c5 req-5e535331-0ab5-4e4f-b172-b3c415816aaf None None] Starting request: 10.222.0.37 "GET /placement/allocations/7b637944-3178-453b-afdc-3cee0d31429a" {{(pid=107679) __call__ /opt/stack/placement/placement/requestlog.py:55}}
Oct 19 00:32:28.576052 n-d-713499-29 devstack@placement-api.service[107679]: INFO placement.requestlog [req-2d930408-1ef5-4564-98a4-3f8a898ec1c5 req-5e535331-0ab5-4e4f-b172-b3c415816aaf service placement] 10.222.0.37 "GET /placement/allocations/7b637944-3178-453b-afdc-3cee0d31429a" status: 200 len: 259 microversion: 1.28
Oct 19 00:32:28.576724 n-d-713499-29 devstack@placement-api.service[107679]: [pid: 107679|app: 0|req: 114/227] 10.222.0.37 () {60 vars in 1377 bytes} [Tue Oct 19 00:32:28 2021] GET /placement/allocations/7b637944-3178-453b-afdc-3cee0d31429a => generated 259 bytes in 21 msecs (HTTP/1.1 200) 8 headers in 296 bytes (1 switches on core 0)
Oct 19 00:32:31.964302 n-d-713499-29 devstack@placement-api.service[107680]: DEBUG placement.requestlog [req-74c63e0a-7796-420d-8d40-1d77c1e62aeb req-249f140f-ca02-48c5-8b14-d46c9aab9e1c None None] Starting request: 10.222.0.60 "GET /placement/allocation_candidates?limit=1000&resources=DISK_GB%3A1%2CMEMORY_MB%3A1024%2CVCPU%3A1&root_required=%21COMPUTE_STATUS_DISABLED" {{(pid=107680) __call__ /opt/stack/placement/placement/requestlog.py:55}}
Oct 19 00:32:32.003387 n-d-713499-29 devstack@placement-api.service[107680]: DEBUG placement.objects.research_context [req-74c63e0a-7796-420d-8d40-1d77c1e62aeb req-249f140f-ca02-48c5-8b14-d46c9aab9e1c service placement] getting providers with 1 DISK_GB {{(pid=107680) __init__ /opt/stack/placement/placement/objects/research_context.py:126}}
Oct 19 00:32:32.010151 n-d-713499-29 devstack@placement-api.service[107680]: DEBUG placement.objects.research_context [req-74c63e0a-7796-420d-8d40-1d77c1e62aeb req-249f140f-ca02-48c5-8b14-d46c9aab9e1c service placement] getting providers with 1024 MEMORY_MB {{(pid=107680) __init__ /opt/stack/placement/placement/objects/research_context.py:126}}
Oct 19 00:32:32.016619 n-d-713499-29 devstack@placement-api.service[107680]: DEBUG placement.objects.research_context [req-74c63e0a-7796-420d-8d40-1d77c1e62aeb req-249f140f-ca02-48c5-8b14-d46c9aab9e1c service placement] getting providers with 1 VCPU {{(pid=107680) __init__ /opt/stack/placement/placement/objects/research_context.py:126}}
Oct 19 00:32:32.022230 n-d-713499-29 devstack@placement-api.service[107680]: DEBUG placement.objects.research_context [req-74c63e0a-7796-420d-8d40-1d77c1e62aeb req-249f140f-ca02-48c5-8b14-d46c9aab9e1c service placement] found 2 providers with available 1 DISK_GB {{(pid=107680) get_provider_ids_matching /opt/stack/placement/placement/objects/research_context.py:549}}
Oct 19 00:32:32.030593 n-d-713499-29 devstack@placement-api.service[107680]: DEBUG placement.objects.research_context [req-74c63e0a-7796-420d-8d40-1d77c1e62aeb req-249f140f-ca02-48c5-8b14-d46c9aab9e1c service placement] found 2 providers with available 1024 MEMORY_MB {{(pid=107680) get_provider_ids_matching /opt/stack/placement/placement/objects/research_context.py:549}}
Oct 19 00:32:32.030915 n-d-713499-29 devstack@placement-api.service[107680]: DEBUG placement.objects.research_context [req-74c63e0a-7796-420d-8d40-1d77c1e62aeb req-249f140f-ca02-48c5-8b14-d46c9aab9e1c service placement] found 2 providers after filtering by previous result {{(pid=107680) get_provider_ids_matching /opt/stack/placement/placement/objects/research_context.py:580}}
Oct 19 00:32:32.031208 n-d-713499-29 devstack@placement-api.service[107680]: DEBUG placement.objects.research_context [req-74c63e0a-7796-420d-8d40-1d77c1e62aeb req-249f140f-ca02-48c5-8b14-d46c9aab9e1c service placement] found 2 providers with available 1 VCPU {{(pid=107680) get_provider_ids_matching /opt/stack/placement/placement/objects/research_context.py:549}}
Oct 19 00:32:32.031480 n-d-713499-29 devstack@placement-api.service[107680]: DEBUG placement.objects.research_context [req-74c63e0a-7796-420d-8d40-1d77c1e62aeb req-249f140f-ca02-48c5-8b14-d46c9aab9e1c service placement] found 2 providers after filtering by previous result {{(pid=107680) get_provider_ids_matching /opt/stack/placement/placement/objects/research_context.py:580}}
Oct 19 00:32:32.046697 n-d-713499-29 devstack@placement-api.service[107680]: DEBUG placement.objects.allocation_candidate [req-74c63e0a-7796-420d-8d40-1d77c1e62aeb req-249f140f-ca02-48c5-8b14-d46c9aab9e1c service placement] RequestGroup(use_same_provider=False, resources={DISK_GB:1, MEMORY_MB:1024, VCPU:1}, traits=[], aggregates=[]) (suffix '') returned 2 matches {{(pid=107680) _get_by_requests /opt/stack/placement/placement/objects/allocation_candidate.py:145}}
Oct 19 00:32:32.047072 n-d-713499-29 devstack@placement-api.service[107680]: DEBUG placement.objects.allocation_candidate [req-74c63e0a-7796-420d-8d40-1d77c1e62aeb req-249f140f-ca02-48c5-8b14-d46c9aab9e1c service placement] Merging candidates yields 2 allocation requests and 2 provider summaries {{(pid=107680) _merge_candidates /opt/stack/placement/placement/objects/allocation_candidate.py:783}}
Oct 19 00:32:32.048745 n-d-713499-29 devstack@placement-api.service[107680]: INFO placement.requestlog [req-74c63e0a-7796-420d-8d40-1d77c1e62aeb req-249f140f-ca02-48c5-8b14-d46c9aab9e1c service placement] 10.222.0.60 "GET /placement/allocation_candidates?limit=1000&resources=DISK_GB%3A1%2CMEMORY_MB%3A1024%2CVCPU%3A1&root_required=%21COMPUTE_STATUS_DISABLED" status: 200 len: 1309 microversion: 1.36
Oct 19 00:32:32.049302 n-d-713499-29 devstack@placement-api.service[107680]: [pid: 107680|app: 0|req: 114/228] 10.222.0.60 () {60 vars in 1506 bytes} [Tue Oct 19 00:32:31 2021] GET /placement/allocation_candidates?limit=1000&resources=DISK_GB%3A1%2CMEMORY_MB%3A1024%2CVCPU%3A1&root_required=%21COMPUTE_STATUS_DISABLED => generated 1309 bytes in 85 msecs (HTTP/1.1 200) 8 headers in 297 bytes (1 switches on core 0)
Oct 19 00:32:32.106418 n-d-713499-29 devstack@placement-api.service[107679]: DEBUG placement.requestlog [req-74c63e0a-7796-420d-8d40-1d77c1e62aeb req-2a10af7a-281d-4e12-8dc5-e3f7c9396215 None None] Starting request: 10.222.0.60 "GET /placement/allocations/3e46e9fa-cb44-481e-a793-985685a6620d" {{(pid=107679) __call__ /opt/stack/placement/placement/requestlog.py:55}}
Oct 19 00:32:32.116887 n-d-713499-29 devstack@placement-api.service[107679]: INFO placement.requestlog [req-74c63e0a-7796-420d-8d40-1d77c1e62aeb req-2a10af7a-281d-4e12-8dc5-e3f7c9396215 service placement] 10.222.0.60 "GET /placement/allocations/3e46e9fa-cb44-481e-a793-985685a6620d" status: 200 len: 19 microversion: 1.28
Oct 19 00:32:32.117237 n-d-713499-29 devstack@placement-api.service[107679]: [pid: 107679|app: 0|req: 115/229] 10.222.0.60 () {60 vars in 1380 bytes} [Tue Oct 19 00:32:32 2021] GET /placement/allocations/3e46e9fa-cb44-481e-a793-985685a6620d => generated 19 bytes in 11 msecs (HTTP/1.1 200) 8 headers in 295 bytes (1 switches on core 0)
Oct 19 00:32:32.123852 n-d-713499-29 devstack@placement-api.service[107680]: DEBUG placement.requestlog [req-74c63e0a-7796-420d-8d40-1d77c1e62aeb req-b223983e-e17e-4dad-8ffb-9f047091c615 None None] Starting request: 10.222.0.60 "PUT /placement/allocations/3e46e9fa-cb44-481e-a793-985685a6620d" {{(pid=107680) __call__ /opt/stack/placement/placement/requestlog.py:55}}
Oct 19 00:32:32.200878 n-d-713499-29 devstack@placement-api.service[107680]: DEBUG placement.handlers.allocation [req-74c63e0a-7796-420d-8d40-1d77c1e62aeb req-b223983e-e17e-4dad-8ffb-9f047091c615 service placement] Successfully wrote allocations [, , ] {{(pid=107680) _update_consumers_and_create_allocations /opt/stack/placement/placement/handlers/allocation.py:462}}
Oct 19 00:32:32.211152 n-d-713499-29 devstack@placement-api.service[107680]: INFO placement.requestlog [req-74c63e0a-7796-420d-8d40-1d77c1e62aeb req-b223983e-e17e-4dad-8ffb-9f047091c615 service placement] 10.222.0.60 "PUT /placement/allocations/3e46e9fa-cb44-481e-a793-985685a6620d" status: 204 len: 0 microversion: 1.36
Oct 19 00:32:32.211943 n-d-713499-29 devstack@placement-api.service[107680]: [pid: 107680|app: 0|req: 115/230] 10.222.0.60 () {64 vars in 1433 bytes} [Tue Oct 19 00:32:32 2021] PUT /placement/allocations/3e46e9fa-cb44-481e-a793-985685a6620d => generated 0 bytes in 88 msecs (HTTP/1.1 204) 5 headers in 199 bytes (1 switches on core 0)
Oct 19 00:32:32.297908 n-d-713499-29 devstack@placement-api.service[107679]: DEBUG placement.requestlog [req-543bf120-ea44-49af-b0ca-08de6b465e56 req-ed1eda81-01a9-471e-a2ec-34b74a92da72 None None] Starting request: 10.222.0.61 "GET /placement/allocations/b1a5db12-66a4-4db2-90cf-ea7733eb402a" {{(pid=107679) __call__ /opt/stack/placement/placement/requestlog.py:55}}
Oct 19 00:32:32.314989 n-d-713499-29 devstack@placement-api.service[107679]: INFO placement.requestlog [req-543bf120-ea44-49af-b0ca-08de6b465e56 req-ed1eda81-01a9-471e-a2ec-34b74a92da72 service placement] 10.222.0.61 "GET /placement/allocations/b1a5db12-66a4-4db2-90cf-ea7733eb402a" status: 200 len: 258 microversion: 1.28
Oct 19 00:32:32.315938 n-d-713499-29 devstack@placement-api.service[107679]: [pid: 107679|app: 0|req: 116/231] 10.222.0.61 () {60 vars in 1377 bytes} [Tue Oct 19 00:32:32 2021] GET /placement/allocations/b1a5db12-66a4-4db2-90cf-ea7733eb402a => generated 258 bytes in 18 msecs (HTTP/1.1 200) 8 headers in 296 bytes (1 switches on core 0)
Oct 19 00:32:32.544688 n-d-713499-29 devstack@placement-api.service[107680]: DEBUG placement.requestlog [req-74c63e0a-7796-420d-8d40-1d77c1e62aeb req-81ec154c-9260-4e34-80eb-e23602c5dbd4 None None] Starting request: 10.222.0.61 "GET /placement/allocations/3e46e9fa-cb44-481e-a793-985685a6620d" {{(pid=107680) __call__ /opt/stack/placement/placement/requestlog.py:55}}
Oct 19 00:32:32.561204 n-d-713499-29 devstack@placement-api.service[107680]: INFO placement.requestlog [req-74c63e0a-7796-420d-8d40-1d77c1e62aeb req-81ec154c-9260-4e34-80eb-e23602c5dbd4 service placement] 10.222.0.61 "GET /placement/allocations/3e46e9fa-cb44-481e-a793-985685a6620d" status: 200 len: 259 microversion: 1.28
Oct 19 00:32:32.561710 n-d-713499-29 devstack@placement-api.service[107680]: [pid: 107680|app: 0|req: 116/232] 10.222.0.61 () {60 vars in 1377 bytes} [Tue Oct 19 00:32:32 2021] GET /placement/allocations/3e46e9fa-cb44-481e-a793-985685a6620d => generated 259 bytes in 18 msecs (HTTP/1.1 200) 8 headers in 296 bytes (1 switches on core 0)
Oct 19 00:32:38.911191 n-d-713499-29 devstack@placement-api.service[107679]: DEBUG placement.requestlog [req-b7928963-2b0c-424c-bfca-79de621eb111 req-95f0285e-69f2-44be-8b80-a94182a0f1a3 None None] Starting request: 10.222.0.37 "GET /placement/allocations/866295df-409c-4e58-914c-427f72fc8c29" {{(pid=107679) __call__ /opt/stack/placement/placement/requestlog.py:55}}
Oct 19 00:32:38.930056 n-d-713499-29 devstack@placement-api.service[107679]: INFO placement.requestlog [req-b7928963-2b0c-424c-bfca-79de621eb111 req-95f0285e-69f2-44be-8b80-a94182a0f1a3 service placement] 10.222.0.37 "GET /placement/allocations/866295df-409c-4e58-914c-427f72fc8c29" status: 200 len: 259 microversion: 1.28
Oct 19 00:32:38.931113 n-d-713499-29 devstack@placement-api.service[107679]: [pid: 107679|app: 0|req: 117/233] 10.222.0.37 () {60 vars in 1377 bytes} [Tue Oct 19 00:32:38 2021] GET /placement/allocations/866295df-409c-4e58-914c-427f72fc8c29 => generated 259 bytes in 20 msecs (HTTP/1.1 200) 8 headers in 296 bytes (1 switches on core 0)
Oct 19 00:32:38.955629 n-d-713499-29 devstack@placement-api.service[107680]: DEBUG placement.requestlog [req-b7928963-2b0c-424c-bfca-79de621eb111 req-2366af2a-2e25-41d1-87a3-34b40be3845d None None] Starting request: 10.222.0.37 "GET /placement/allocations/866295df-409c-4e58-914c-427f72fc8c29" {{(pid=107680) __call__ /opt/stack/placement/placement/requestlog.py:55}}
Oct 19 00:32:38.973002 n-d-713499-29 devstack@placement-api.service[107680]: INFO placement.requestlog [req-b7928963-2b0c-424c-bfca-79de621eb111 req-2366af2a-2e25-41d1-87a3-34b40be3845d service placement] 10.222.0.37 "GET /placement/allocations/866295df-409c-4e58-914c-427f72fc8c29" status: 200 len: 259 microversion: 1.28
Oct 19 00:32:38.973529 n-d-713499-29 devstack@placement-api.service[107680]: [pid: 107680|app: 0|req: 117/234] 10.222.0.37 () {60 vars in 1377 bytes} [Tue Oct 19 00:32:38 2021] GET /placement/allocations/866295df-409c-4e58-914c-427f72fc8c29 => generated 259 bytes in 18 msecs (HTTP/1.1 200) 8 headers in 296 bytes (1 switches on core 0)
Oct 19 00:32:39.015925 n-d-713499-29 devstack@placement-api.service[107679]: DEBUG placement.requestlog [req-b7928963-2b0c-424c-bfca-79de621eb111 req-697b3ec5-d5ed-405c-b393-fe077d092a77 None None] Starting request: 10.222.0.37 "GET /placement/allocations/b1a5db12-66a4-4db2-90cf-ea7733eb402a" {{(pid=107679) __call__ /opt/stack/placement/placement/requestlog.py:55}}
Oct 19 00:32:39.033292 n-d-713499-29 devstack@placement-api.service[107679]: INFO placement.requestlog [req-b7928963-2b0c-424c-bfca-79de621eb111 req-697b3ec5-d5ed-405c-b393-fe077d092a77 service placement] 10.222.0.37 "GET /placement/allocations/b1a5db12-66a4-4db2-90cf-ea7733eb402a" status: 200 len: 258 microversion: 1.28
Oct 19 00:32:39.034103 n-d-713499-29 devstack@placement-api.service[107679]: [pid: 107679|app: 0|req: 118/235] 10.222.0.37 () {60 vars in 1377 bytes} [Tue Oct 19 00:32:39 2021] GET /placement/allocations/b1a5db12-66a4-4db2-90cf-ea7733eb402a => generated 258 bytes in 18 msecs (HTTP/1.1 200) 8 headers in 296 bytes (1 switches on core 0)
Oct 19 00:32:39.043828 n-d-713499-29 devstack@placement-api.service[107680]: DEBUG placement.requestlog [req-b7928963-2b0c-424c-bfca-79de621eb111 req-fccfc635-ddd5-4eaf-9830-eb76ac57a0b2 None None] Starting request: 10.222.0.37 "POST /placement/allocations" {{(pid=107680) __call__ /opt/stack/placement/placement/requestlog.py:55}}
Oct 19 00:32:39.126621 n-d-713499-29 devstack@placement-api.service[107680]: DEBUG placement.handlers.allocation [req-b7928963-2b0c-424c-bfca-79de621eb111 req-fccfc635-ddd5-4eaf-9830-eb76ac57a0b2 service placement] Successfully wrote allocations [, , , , , ] {{(pid=107680) _update_consumers_and_create_allocations /opt/stack/placement/placement/handlers/allocation.py:572}}
Oct 19 00:32:39.132888 n-d-713499-29 devstack@placement-api.service[107680]: INFO placement.requestlog [req-b7928963-2b0c-424c-bfca-79de621eb111 req-fccfc635-ddd5-4eaf-9830-eb76ac57a0b2 service placement] 10.222.0.37 "POST /placement/allocations" status: 204 len: 0 microversion: 1.28
Oct 19 00:32:39.134287 n-d-713499-29 devstack@placement-api.service[107680]: [pid: 107680|app: 0|req: 118/236] 10.222.0.37 () {64 vars in 1320 bytes} [Tue Oct 19 00:32:39 2021] POST /placement/allocations => generated 0 bytes in 90 msecs (HTTP/1.1 204) 5 headers in 199 bytes (1 switches on core 0)
Oct 19 00:32:42.323456 n-d-713499-29 devstack@placement-api.service[107679]: DEBUG placement.requestlog [req-4cfa4356-bbac-4e36-a074-5a8fb65e869b req-f6a06c8c-537d-4004-869d-c3f1c750e125 None None] Starting request: 10.222.0.60 "GET /placement/allocation_candidates?limit=1000&resources=DISK_GB%3A1%2CMEMORY_MB%3A1024%2CVCPU%3A1&root_required=%21COMPUTE_STATUS_DISABLED" {{(pid=107679) __call__ /opt/stack/placement/placement/requestlog.py:55}}
Oct 19 00:32:42.381772 n-d-713499-29 devstack@placement-api.service[107679]: DEBUG placement.objects.research_context [req-4cfa4356-bbac-4e36-a074-5a8fb65e869b req-f6a06c8c-537d-4004-869d-c3f1c750e125 service placement] getting providers with 1 DISK_GB {{(pid=107679) __init__ /opt/stack/placement/placement/objects/research_context.py:126}}
Oct 19 00:32:42.386231 n-d-713499-29 devstack@placement-api.service[107679]: DEBUG placement.objects.research_context [req-4cfa4356-bbac-4e36-a074-5a8fb65e869b req-f6a06c8c-537d-4004-869d-c3f1c750e125 service placement] getting providers with 1024 MEMORY_MB {{(pid=107679) __init__ /opt/stack/placement/placement/objects/research_context.py:126}}
Oct 19 00:32:42.392335 n-d-713499-29 devstack@placement-api.service[107679]: DEBUG placement.objects.research_context [req-4cfa4356-bbac-4e36-a074-5a8fb65e869b req-f6a06c8c-537d-4004-869d-c3f1c750e125 service placement] getting providers with 1 VCPU {{(pid=107679) __init__ /opt/stack/placement/placement/objects/research_context.py:126}}
Oct 19 00:32:42.400025 n-d-713499-29 devstack@placement-api.service[107679]: DEBUG placement.objects.research_context [req-4cfa4356-bbac-4e36-a074-5a8fb65e869b req-f6a06c8c-537d-4004-869d-c3f1c750e125 service placement] found 2 providers with available 1 DISK_GB {{(pid=107679) get_provider_ids_matching /opt/stack/placement/placement/objects/research_context.py:549}}
Oct 19 00:32:42.400817 n-d-713499-29 devstack@placement-api.service[107679]: DEBUG placement.objects.research_context [req-4cfa4356-bbac-4e36-a074-5a8fb65e869b req-f6a06c8c-537d-4004-869d-c3f1c750e125 service placement] found 2 providers with available 1024 MEMORY_MB {{(pid=107679) get_provider_ids_matching /opt/stack/placement/placement/objects/research_context.py:549}}
Oct 19 00:32:42.401271 n-d-713499-29 devstack@placement-api.service[107679]: DEBUG placement.objects.research_context [req-4cfa4356-bbac-4e36-a074-5a8fb65e869b req-f6a06c8c-537d-4004-869d-c3f1c750e125 service placement] found 2 providers after filtering by previous result {{(pid=107679) get_provider_ids_matching /opt/stack/placement/placement/objects/research_context.py:580}}
Oct 19 00:32:42.401783 n-d-713499-29 devstack@placement-api.service[107679]: DEBUG placement.objects.research_context [req-4cfa4356-bbac-4e36-a074-5a8fb65e869b req-f6a06c8c-537d-4004-869d-c3f1c750e125 service placement] found 2 providers with available 1 VCPU {{(pid=107679) get_provider_ids_matching /opt/stack/placement/placement/objects/research_context.py:549}}
Oct 19 00:32:42.402242 n-d-713499-29 devstack@placement-api.service[107679]: DEBUG placement.objects.research_context [req-4cfa4356-bbac-4e36-a074-5a8fb65e869b req-f6a06c8c-537d-4004-869d-c3f1c750e125 service placement] found 2 providers after filtering by previous result {{(pid=107679) get_provider_ids_matching /opt/stack/placement/placement/objects/research_context.py:580}}
Oct 19 00:32:42.416954 n-d-713499-29 devstack@placement-api.service[107679]: DEBUG placement.objects.allocation_candidate [req-4cfa4356-bbac-4e36-a074-5a8fb65e869b req-f6a06c8c-537d-4004-869d-c3f1c750e125 service placement] RequestGroup(use_same_provider=False, resources={DISK_GB:1, MEMORY_MB:1024, VCPU:1}, traits=[], aggregates=[]) (suffix '') returned 2 matches {{(pid=107679) _get_by_requests /opt/stack/placement/placement/objects/allocation_candidate.py:145}}
Oct 19 00:32:42.417516 n-d-713499-29 devstack@placement-api.service[107679]: DEBUG placement.objects.allocation_candidate [req-4cfa4356-bbac-4e36-a074-5a8fb65e869b req-f6a06c8c-537d-4004-869d-c3f1c750e125 service placement] Merging candidates yields 2 allocation requests and 2 provider summaries {{(pid=107679) _merge_candidates /opt/stack/placement/placement/objects/allocation_candidate.py:783}}
Oct 19 00:32:42.420826 n-d-713499-29 devstack@placement-api.service[107679]: INFO placement.requestlog [req-4cfa4356-bbac-4e36-a074-5a8fb65e869b req-f6a06c8c-537d-4004-869d-c3f1c750e125 service placement] 10.222.0.60 "GET /placement/allocation_candidates?limit=1000&resources=DISK_GB%3A1%2CMEMORY_MB%3A1024%2CVCPU%3A1&root_required=%21COMPUTE_STATUS_DISABLED" status: 200 len: 1309 microversion: 1.36
Oct 19 00:32:42.433988 n-d-713499-29 devstack@placement-api.service[107679]: [pid: 107679|app: 0|req: 119/237] 10.222.0.60 () {60 vars in 1506 bytes} [Tue Oct 19 00:32:42 2021] GET /placement/allocation_candidates?limit=1000&resources=DISK_GB%3A1%2CMEMORY_MB%3A1024%2CVCPU%3A1&root_required=%21COMPUTE_STATUS_DISABLED => generated 1309 bytes in 108 msecs (HTTP/1.1 200) 8 headers in 297 bytes (1 switches on core 0)
Oct 19 00:32:42.469668 n-d-713499-29 devstack@placement-api.service[107680]: DEBUG placement.requestlog [req-4cfa4356-bbac-4e36-a074-5a8fb65e869b req-75839660-1f50-44bf-a20a-222c8ac7c6b5 None None] Starting request: 10.222.0.60 "GET /placement/allocations/eaaaf7fe-86ab-41ad-a861-0533e995194d" {{(pid=107680) __call__ /opt/stack/placement/placement/requestlog.py:55}}
Oct 19 00:32:42.481364 n-d-713499-29 devstack@placement-api.service[107680]: INFO placement.requestlog [req-4cfa4356-bbac-4e36-a074-5a8fb65e869b req-75839660-1f50-44bf-a20a-222c8ac7c6b5 service placement] 10.222.0.60 "GET /placement/allocations/eaaaf7fe-86ab-41ad-a861-0533e995194d" status: 200 len: 19 microversion: 1.28
Oct 19 00:32:42.481869 n-d-713499-29 devstack@placement-api.service[107680]: [pid: 107680|app: 0|req: 119/238] 10.222.0.60 () {60 vars in 1380 bytes} [Tue Oct 19 00:32:42 2021] GET /placement/allocations/eaaaf7fe-86ab-41ad-a861-0533e995194d => generated 19 bytes in 12 msecs (HTTP/1.1 200) 8 headers in 295 bytes (1 switches on core 0)
Oct 19 00:32:42.488723 n-d-713499-29 devstack@placement-api.service[107679]: DEBUG placement.requestlog [req-4cfa4356-bbac-4e36-a074-5a8fb65e869b req-30dc9a7c-0462-4c55-9840-4b4fb91846de None None] Starting request: 10.222.0.60 "PUT /placement/allocations/eaaaf7fe-86ab-41ad-a861-0533e995194d" {{(pid=107679) __call__ /opt/stack/placement/placement/requestlog.py:55}}
Oct 19 00:32:42.547961 n-d-713499-29 devstack@placement-api.service[107679]: DEBUG placement.handlers.allocation [req-4cfa4356-bbac-4e36-a074-5a8fb65e869b req-30dc9a7c-0462-4c55-9840-4b4fb91846de service placement] Successfully wrote allocations [, , ] {{(pid=107679) _update_consumers_and_create_allocations /opt/stack/placement/placement/handlers/allocation.py:462}}
Oct 19 00:32:42.553414 n-d-713499-29 devstack@placement-api.service[107679]: INFO placement.requestlog [req-4cfa4356-bbac-4e36-a074-5a8fb65e869b req-30dc9a7c-0462-4c55-9840-4b4fb91846de service placement] 10.222.0.60 "PUT /placement/allocations/eaaaf7fe-86ab-41ad-a861-0533e995194d" status: 204 len: 0 microversion: 1.36
Oct 19 00:32:42.553668 n-d-713499-29 devstack@placement-api.service[107679]: [pid: 107679|app: 0|req: 120/239] 10.222.0.60 () {64 vars in 1433 bytes} [Tue Oct 19 00:32:42 2021] PUT /placement/allocations/eaaaf7fe-86ab-41ad-a861-0533e995194d => generated 0 bytes in 65 msecs (HTTP/1.1 204) 5 headers in 199 bytes (2 switches on core 0)
Oct 19 00:32:42.874380 n-d-713499-29 devstack@placement-api.service[107680]: DEBUG placement.requestlog [req-4cfa4356-bbac-4e36-a074-5a8fb65e869b req-7bc69e7d-1b3f-4eab-a0d3-2839e027c20b None None] Starting request: 10.222.0.37 "GET /placement/allocations/eaaaf7fe-86ab-41ad-a861-0533e995194d" {{(pid=107680) __call__ /opt/stack/placement/placement/requestlog.py:55}}
Oct 19 00:32:42.889288 n-d-713499-29 devstack@placement-api.service[107680]: INFO placement.requestlog [req-4cfa4356-bbac-4e36-a074-5a8fb65e869b req-7bc69e7d-1b3f-4eab-a0d3-2839e027c20b service placement] 10.222.0.37 "GET /placement/allocations/eaaaf7fe-86ab-41ad-a861-0533e995194d" status: 200 len: 259 microversion: 1.28
