Oct 19 00:32:59.989338 n-d-713499-29 devstack@placement-api.service[107679]: DEBUG placement.requestlog [req-4169fbd3-47e2-4c11-b2c9-fa794957b273 req-b2375024-a112-44e8-b6c6-0ff6d8449d2d None None] Starting request: 10.222.0.60 "PUT /placement/allocations/a6030666-5651-448a-ad0f-732fff2a081b" {{(pid=107679) __call__ /opt/stack/placement/placement/requestlog.py:55}}
Oct 19 00:33:00.015881 n-d-713499-29 devstack@placement-api.service[107680]: DEBUG placement.requestlog [req-424bd13b-c85b-4f20-a565-961c895d6601 req-1e677025-a773-4196-b8c1-5699e1a82dfb None None] Starting request: 10.222.0.37 "PUT /placement/allocations/66e0406c-f4fb-4269-bd69-9d6e17983f72" {{(pid=107680) __call__ /opt/stack/placement/placement/requestlog.py:55}}
Oct 19 00:33:00.088368 n-d-713499-29 devstack@placement-api.service[107679]: DEBUG placement.handlers.allocation [req-4169fbd3-47e2-4c11-b2c9-fa794957b273 req-b2375024-a112-44e8-b6c6-0ff6d8449d2d service placement] Successfully wrote allocations [, , ] {{(pid=107679) _update_consumers_and_create_allocations /opt/stack/placement/placement/handlers/allocation.py:462}}
Oct 19 00:33:00.094010 n-d-713499-29 devstack@placement-api.service[107679]: INFO placement.requestlog [req-4169fbd3-47e2-4c11-b2c9-fa794957b273 req-b2375024-a112-44e8-b6c6-0ff6d8449d2d service placement] 10.222.0.60 "PUT /placement/allocations/a6030666-5651-448a-ad0f-732fff2a081b" status: 204 len: 0 microversion: 1.36
Oct 19 00:33:00.095050 n-d-713499-29 devstack@placement-api.service[107679]: [pid: 107679|app: 0|req: 136/271] 10.222.0.60 () {64 vars in 1433 bytes} [Tue Oct 19 00:32:59 2021] PUT /placement/allocations/a6030666-5651-448a-ad0f-732fff2a081b => generated 0 bytes in 106 msecs (HTTP/1.1 204) 5 headers in 199 bytes (1 switches on core 0)
Oct 19 00:33:00.097779 n-d-713499-29 devstack@placement-api.service[107680]: DEBUG placement.objects.allocation [req-424bd13b-c85b-4f20-a565-961c895d6601 req-1e677025-a773-4196-b8c1-5699e1a82dfb service placement] Retrying allocations write on resource provider generation conflict {{(pid=107680) replace_all /opt/stack/placement/placement/objects/allocation.py:507}}
Oct 19 00:33:00.148049 n-d-713499-29 devstack@placement-api.service[107680]: DEBUG placement.handlers.allocation [req-424bd13b-c85b-4f20-a565-961c895d6601 req-1e677025-a773-4196-b8c1-5699e1a82dfb service placement] Successfully wrote allocations [, , ] {{(pid=107680) _update_consumers_and_create_allocations /opt/stack/placement/placement/handlers/allocation.py:462}}
Oct 19 00:33:00.173408 n-d-713499-29 devstack@placement-api.service[107680]: INFO placement.requestlog [req-424bd13b-c85b-4f20-a565-961c895d6601 req-1e677025-a773-4196-b8c1-5699e1a82dfb service placement] 10.222.0.37 "PUT /placement/allocations/66e0406c-f4fb-4269-bd69-9d6e17983f72" status: 204 len: 0 microversion: 1.28
Oct 19 00:33:00.174360 n-d-713499-29 devstack@placement-api.service[107680]: [pid: 107680|app: 0|req: 136/272] 10.222.0.37 () {64 vars in 1430 bytes} [Tue Oct 19 00:33:00 2021] PUT /placement/allocations/66e0406c-f4fb-4269-bd69-9d6e17983f72 => generated 0 bytes in 162 msecs (HTTP/1.1 204) 5 headers in 199 bytes (1 switches on core 0)
Oct 19 00:33:00.405748 n-d-713499-29 devstack@placement-api.service[107679]: DEBUG placement.requestlog [req-4169fbd3-47e2-4c11-b2c9-fa794957b273 req-bcdb18aa-edac-44fd-a53e-34138c203ea8 None None] Starting request: 10.222.0.37 "GET /placement/allocations/a6030666-5651-448a-ad0f-732fff2a081b" {{(pid=107679) __call__ /opt/stack/placement/placement/requestlog.py:55}}
Oct 19 00:33:00.420354 n-d-713499-29 devstack@placement-api.service[107679]: INFO placement.requestlog [req-4169fbd3-47e2-4c11-b2c9-fa794957b273 req-bcdb18aa-edac-44fd-a53e-34138c203ea8 service placement] 10.222.0.37 "GET /placement/allocations/a6030666-5651-448a-ad0f-732fff2a081b" status: 200 len: 259 microversion: 1.28
Oct 19 00:33:00.420889 n-d-713499-29 devstack@placement-api.service[107679]: [pid: 107679|app: 0|req: 137/273] 10.222.0.37 () {60 vars in 1377 bytes} [Tue Oct 19 00:33:00 2021] GET /placement/allocations/a6030666-5651-448a-ad0f-732fff2a081b => generated 259 bytes in 16 msecs (HTTP/1.1 200) 8 headers in 296 bytes (2 switches on core 0)
Oct 19 00:33:01.842173 n-d-713499-29 devstack@placement-api.service[107680]: DEBUG placement.requestlog [None req-97cca843-259e-4a9d-9333-f025ec7ce6e8 None None] Starting request: 10.222.0.60 "GET /placement/" {{(pid=107680) __call__ /opt/stack/placement/placement/requestlog.py:55}}
Oct 19 00:33:01.843330 n-d-713499-29 devstack@placement-api.service[107680]: INFO placement.requestlog [None req-97cca843-259e-4a9d-9333-f025ec7ce6e8 None None] 10.222.0.60 "GET /placement/" status: 200 len: 136 microversion: 1.0
Oct 19 00:33:01.843749 n-d-713499-29 devstack@placement-api.service[107680]: [pid: 107680|app: 0|req: 137/274] 10.222.0.60 () {54 vars in 907 bytes} [Tue Oct 19 00:33:01 2021] GET /placement => generated 136 bytes in 2 msecs (HTTP/1.1 200) 6 headers in 224 bytes (2 switches on core 0)
Oct 19 00:33:01.853487 n-d-713499-29 devstack@placement-api.service[107679]: DEBUG placement.requestlog [req-7f657691-6b33-4fe6-9cf0-80970495d837 req-eeeea856-b425-4adc-b65d-eea4c51ef387 None None] Starting request: 10.222.0.60 "GET /placement/resource_providers/61b713a5-09f2-4cee-a17e-5398c7acc914/traits" {{(pid=107679) __call__ /opt/stack/placement/placement/requestlog.py:55}}
Oct 19 00:33:01.938362 n-d-713499-29 devstack@placement-api.service[107679]: INFO placement.requestlog [req-7f657691-6b33-4fe6-9cf0-80970495d837 req-eeeea856-b425-4adc-b65d-eea4c51ef387 service placement] 10.222.0.60 "GET /placement/resource_providers/61b713a5-09f2-4cee-a17e-5398c7acc914/traits" status: 200 len: 212 microversion: 1.6
Oct 19 00:33:01.939004 n-d-713499-29 devstack@placement-api.service[107679]: [pid: 107679|app: 0|req: 138/275] 10.222.0.60 () {60 vars in 1412 bytes} [Tue Oct 19 00:33:01 2021] GET /placement/resource_providers/61b713a5-09f2-4cee-a17e-5398c7acc914/traits => generated 212 bytes in 86 msecs (HTTP/1.1 200) 6 headers in 224 bytes (1 switches on core 0)
Oct 19 00:33:02.298058 n-d-713499-29 devstack@placement-api.service[107680]: DEBUG placement.requestlog [None req-a6cc4e48-b0aa-46e0-828a-9d86cade2178 None None] Starting request: 10.222.0.60 "GET /placement/" {{(pid=107680) __call__ /opt/stack/placement/placement/requestlog.py:55}}
Oct 19 00:33:02.299076 n-d-713499-29 devstack@placement-api.service[107680]: INFO placement.requestlog [None req-a6cc4e48-b0aa-46e0-828a-9d86cade2178 None None] 10.222.0.60 "GET /placement/" status: 200 len: 136 microversion: 1.0
Oct 19 00:33:02.299526 n-d-713499-29 devstack@placement-api.service[107680]: [pid: 107680|app: 0|req: 138/276] 10.222.0.60 () {54 vars in 916 bytes} [Tue Oct 19 00:33:02 2021] GET /placement => generated 136 bytes in 2 msecs (HTTP/1.1 200) 6 headers in 224 bytes (1 switches on core 0)
Oct 19 00:33:02.308664 n-d-713499-29 devstack@placement-api.service[107679]: DEBUG placement.requestlog [req-7f657691-6b33-4fe6-9cf0-80970495d837 req-48a099b5-1bf5-412b-8806-39eacbc661a0 None None] Starting request: 10.222.0.60 "GET /placement/allocations/7cd73d0f-cb35-4048-a1c7-d3254e6db187" {{(pid=107679) __call__ /opt/stack/placement/placement/requestlog.py:55}}
Oct 19 00:33:02.383415 n-d-713499-29 devstack@placement-api.service[107679]: INFO placement.requestlog [req-7f657691-6b33-4fe6-9cf0-80970495d837 req-48a099b5-1bf5-412b-8806-39eacbc661a0 service placement] 10.222.0.60 "GET /placement/allocations/7cd73d0f-cb35-4048-a1c7-d3254e6db187" status: 200 len: 259 microversion: 1.28
Oct 19 00:33:02.384257 n-d-713499-29 devstack@placement-api.service[107679]: [pid: 107679|app: 0|req: 139/277] 10.222.0.60 () {60 vars in 1380 bytes} [Tue Oct 19 00:33:02 2021] GET /placement/allocations/7cd73d0f-cb35-4048-a1c7-d3254e6db187 => generated 259 bytes in 76 msecs (HTTP/1.1 200) 8 headers in 296 bytes (1 switches on core 0)
Oct 19 00:33:02.391697 n-d-713499-29 devstack@placement-api.service[107680]: DEBUG placement.requestlog [req-7f657691-6b33-4fe6-9cf0-80970495d837 req-0362e212-1146-460e-a128-32777245d7ec None None] Starting request: 10.222.0.60 "GET /placement/allocations/7cd73d0f-cb35-4048-a1c7-d3254e6db187" {{(pid=107680) __call__ /opt/stack/placement/placement/requestlog.py:55}}
Oct 19 00:33:02.411745 n-d-713499-29 devstack@placement-api.service[107680]: INFO placement.requestlog [req-7f657691-6b33-4fe6-9cf0-80970495d837 req-0362e212-1146-460e-a128-32777245d7ec service placement] 10.222.0.60 "GET /placement/allocations/7cd73d0f-cb35-4048-a1c7-d3254e6db187" status: 200 len: 259 microversion: 1.28
Oct 19 00:33:02.413106 n-d-713499-29 devstack@placement-api.service[107680]: [pid: 107680|app: 0|req: 139/278] 10.222.0.60 () {60 vars in 1380 bytes} [Tue Oct 19 00:33:02 2021] GET /placement/allocations/7cd73d0f-cb35-4048-a1c7-d3254e6db187 => generated 259 bytes in 21 msecs (HTTP/1.1 200) 8 headers in 296 bytes (1 switches on core 0)
Oct 19 00:33:02.421493 n-d-713499-29 devstack@placement-api.service[107679]: DEBUG placement.requestlog [req-7f657691-6b33-4fe6-9cf0-80970495d837 req-7512f7b2-7346-4017-8234-5ff82be20d4a None None] Starting request: 10.222.0.60 "GET /placement/allocations/7525f19b-bc2c-479b-bda3-5395e955493e" {{(pid=107679) __call__ /opt/stack/placement/placement/requestlog.py:55}}
Oct 19 00:33:02.435850 n-d-713499-29 devstack@placement-api.service[107679]: INFO placement.requestlog [req-7f657691-6b33-4fe6-9cf0-80970495d837 req-7512f7b2-7346-4017-8234-5ff82be20d4a service placement] 10.222.0.60 "GET /placement/allocations/7525f19b-bc2c-479b-bda3-5395e955493e" status: 200 len: 19 microversion: 1.28
Oct 19 00:33:02.443636 n-d-713499-29 devstack@placement-api.service[107679]: [pid: 107679|app: 0|req: 140/279] 10.222.0.60 () {60 vars in 1380 bytes} [Tue Oct 19 00:33:02 2021] GET /placement/allocations/7525f19b-bc2c-479b-bda3-5395e955493e => generated 19 bytes in 21 msecs (HTTP/1.1 200) 8 headers in 295 bytes (2 switches on core 0)
Oct 19 00:33:02.444536 n-d-713499-29 devstack@placement-api.service[107680]: DEBUG placement.requestlog [req-7f657691-6b33-4fe6-9cf0-80970495d837 req-a4ac4a0e-3d08-4b9b-aec2-86fd8a32f641 None None] Starting request: 10.222.0.60 "POST /placement/allocations" {{(pid=107680) __call__ /opt/stack/placement/placement/requestlog.py:55}}
Oct 19 00:33:02.550680 n-d-713499-29 devstack@placement-api.service[107680]: DEBUG placement.handlers.allocation [req-7f657691-6b33-4fe6-9cf0-80970495d837 req-a4ac4a0e-3d08-4b9b-aec2-86fd8a32f641 service placement] Successfully wrote allocations [, , , , , ] {{(pid=107680) _update_consumers_and_create_allocations /opt/stack/placement/placement/handlers/allocation.py:572}}
Oct 19 00:33:02.555612 n-d-713499-29 devstack@placement-api.service[107680]: INFO placement.requestlog [req-7f657691-6b33-4fe6-9cf0-80970495d837 req-a4ac4a0e-3d08-4b9b-aec2-86fd8a32f641 service placement] 10.222.0.60 "POST /placement/allocations" status: 204 len: 0 microversion: 1.28
Oct 19 00:33:02.556309 n-d-713499-29 devstack@placement-api.service[107680]: [pid: 107680|app: 0|req: 140/280] 10.222.0.60 () {64 vars in 1323 bytes} [Tue Oct 19 00:33:02 2021] POST /placement/allocations => generated 0 bytes in 113 msecs (HTTP/1.1 204) 5 headers in 199 bytes (1 switches on core 0)
Oct 19 00:33:02.582289 n-d-713499-29 devstack@placement-api.service[107679]: DEBUG placement.requestlog [req-7f657691-6b33-4fe6-9cf0-80970495d837 req-a9b00dc3-0f85-45f4-8632-291b962d670d None None] Starting request: 10.222.0.60 "GET /placement/allocation_candidates?limit=1000&resources=DISK_GB%3A1%2CMEMORY_MB%3A1024%2CVCPU%3A1&root_required=%21COMPUTE_STATUS_DISABLED" {{(pid=107679) __call__ /opt/stack/placement/placement/requestlog.py:55}}
Oct 19 00:33:02.613995 n-d-713499-29 devstack@placement-api.service[107679]: DEBUG placement.objects.research_context [req-7f657691-6b33-4fe6-9cf0-80970495d837 req-a9b00dc3-0f85-45f4-8632-291b962d670d service placement] getting providers with 1 DISK_GB {{(pid=107679) __init__ /opt/stack/placement/placement/objects/research_context.py:126}}
Oct 19 00:33:02.621060 n-d-713499-29 devstack@placement-api.service[107679]: DEBUG placement.objects.research_context [req-7f657691-6b33-4fe6-9cf0-80970495d837 req-a9b00dc3-0f85-45f4-8632-291b962d670d service placement] getting providers with 1024 MEMORY_MB {{(pid=107679) __init__ /opt/stack/placement/placement/objects/research_context.py:126}}
Oct 19 00:33:02.627137 n-d-713499-29 devstack@placement-api.service[107679]: DEBUG placement.objects.research_context [req-7f657691-6b33-4fe6-9cf0-80970495d837 req-a9b00dc3-0f85-45f4-8632-291b962d670d service placement] getting providers with 1 VCPU {{(pid=107679) __init__ /opt/stack/placement/placement/objects/research_context.py:126}}
Oct 19 00:33:02.636516 n-d-713499-29 devstack@placement-api.service[107679]: DEBUG placement.objects.research_context [req-7f657691-6b33-4fe6-9cf0-80970495d837 req-a9b00dc3-0f85-45f4-8632-291b962d670d service placement] found 2 providers with available 1 DISK_GB {{(pid=107679) get_provider_ids_matching /opt/stack/placement/placement/objects/research_context.py:549}}
Oct 19 00:33:02.636886 n-d-713499-29 devstack@placement-api.service[107679]: DEBUG placement.objects.research_context [req-7f657691-6b33-4fe6-9cf0-80970495d837 req-a9b00dc3-0f85-45f4-8632-291b962d670d service placement] found 2 providers with available 1024 MEMORY_MB {{(pid=107679) get_provider_ids_matching /opt/stack/placement/placement/objects/research_context.py:549}}
Oct 19 00:33:02.637258 n-d-713499-29 devstack@placement-api.service[107679]: DEBUG placement.objects.research_context [req-7f657691-6b33-4fe6-9cf0-80970495d837 req-a9b00dc3-0f85-45f4-8632-291b962d670d service placement] found 2 providers after filtering by previous result {{(pid=107679) get_provider_ids_matching /opt/stack/placement/placement/objects/research_context.py:580}}
Oct 19 00:33:02.637602 n-d-713499-29 devstack@placement-api.service[107679]: DEBUG placement.objects.research_context [req-7f657691-6b33-4fe6-9cf0-80970495d837 req-a9b00dc3-0f85-45f4-8632-291b962d670d service placement] found 2 providers with available 1 VCPU {{(pid=107679) get_provider_ids_matching /opt/stack/placement/placement/objects/research_context.py:549}}
Oct 19 00:33:02.638304 n-d-713499-29 devstack@placement-api.service[107679]: DEBUG placement.objects.research_context [req-7f657691-6b33-4fe6-9cf0-80970495d837 req-a9b00dc3-0f85-45f4-8632-291b962d670d service placement] found 2 providers after filtering by previous result {{(pid=107679) get_provider_ids_matching /opt/stack/placement/placement/objects/research_context.py:580}}
Oct 19 00:33:02.651515 n-d-713499-29 devstack@placement-api.service[107679]: DEBUG placement.objects.allocation_candidate [req-7f657691-6b33-4fe6-9cf0-80970495d837 req-a9b00dc3-0f85-45f4-8632-291b962d670d service placement] RequestGroup(use_same_provider=False, resources={DISK_GB:1, MEMORY_MB:1024, VCPU:1}, traits=[], aggregates=[]) (suffix '') returned 2 matches {{(pid=107679) _get_by_requests /opt/stack/placement/placement/objects/allocation_candidate.py:145}}
Oct 19 00:33:02.652374 n-d-713499-29 devstack@placement-api.service[107679]: DEBUG placement.objects.allocation_candidate [req-7f657691-6b33-4fe6-9cf0-80970495d837 req-a9b00dc3-0f85-45f4-8632-291b962d670d service placement] Merging candidates yields 2 allocation requests and 2 provider summaries {{(pid=107679) _merge_candidates /opt/stack/placement/placement/objects/allocation_candidate.py:783}}
Oct 19 00:33:02.654127 n-d-713499-29 devstack@placement-api.service[107679]: INFO placement.requestlog [req-7f657691-6b33-4fe6-9cf0-80970495d837 req-a9b00dc3-0f85-45f4-8632-291b962d670d service placement] 10.222.0.60 "GET /placement/allocation_candidates?limit=1000&resources=DISK_GB%3A1%2CMEMORY_MB%3A1024%2CVCPU%3A1&root_required=%21COMPUTE_STATUS_DISABLED" status: 200 len: 1309 microversion: 1.36
Oct 19 00:33:02.654883 n-d-713499-29 devstack@placement-api.service[107679]: [pid: 107679|app: 0|req: 141/281] 10.222.0.60 () {60 vars in 1506 bytes} [Tue Oct 19 00:33:02 2021] GET /placement/allocation_candidates?limit=1000&resources=DISK_GB%3A1%2CMEMORY_MB%3A1024%2CVCPU%3A1&root_required=%21COMPUTE_STATUS_DISABLED => generated 1309 bytes in 73 msecs (HTTP/1.1 200) 8 headers in 297 bytes (1 switches on core 0)
Oct 19 00:33:02.701044 n-d-713499-29 devstack@placement-api.service[107680]: DEBUG placement.requestlog [req-7f657691-6b33-4fe6-9cf0-80970495d837 req-c9ee6269-9c43-4395-be2f-7d301cd2aaf1 None None] Starting request: 10.222.0.60 "GET /placement/allocations/7cd73d0f-cb35-4048-a1c7-d3254e6db187" {{(pid=107680) __call__ /opt/stack/placement/placement/requestlog.py:55}}
Oct 19 00:33:02.716861 n-d-713499-29 devstack@placement-api.service[107680]: INFO placement.requestlog [req-7f657691-6b33-4fe6-9cf0-80970495d837 req-c9ee6269-9c43-4395-be2f-7d301cd2aaf1 service placement] 10.222.0.60 "GET /placement/allocations/7cd73d0f-cb35-4048-a1c7-d3254e6db187" status: 200 len: 19 microversion: 1.28
Oct 19 00:33:02.722489 n-d-713499-29 devstack@placement-api.service[107680]: [pid: 107680|app: 0|req: 141/282] 10.222.0.60 () {60 vars in 1380 bytes} [Tue Oct 19 00:33:02 2021] GET /placement/allocations/7cd73d0f-cb35-4048-a1c7-d3254e6db187 => generated 19 bytes in 22 msecs (HTTP/1.1 200) 8 headers in 295 bytes (1 switches on core 0)
Oct 19 00:33:02.723359 n-d-713499-29 devstack@placement-api.service[107679]: DEBUG placement.requestlog [req-7f657691-6b33-4fe6-9cf0-80970495d837 req-e998e4c3-7d3b-4b28-9a6b-40564b7cbce2 None None] Starting request: 10.222.0.60 "PUT /placement/allocations/7cd73d0f-cb35-4048-a1c7-d3254e6db187" {{(pid=107679) __call__ /opt/stack/placement/placement/requestlog.py:55}}
Oct 19 00:33:02.780168 n-d-713499-29 devstack@placement-api.service[107679]: DEBUG placement.handlers.allocation [req-7f657691-6b33-4fe6-9cf0-80970495d837 req-e998e4c3-7d3b-4b28-9a6b-40564b7cbce2 service placement] Successfully wrote allocations [, , ] {{(pid=107679) _update_consumers_and_create_allocations /opt/stack/placement/placement/handlers/allocation.py:462}}
Oct 19 00:33:02.784268 n-d-713499-29 devstack@placement-api.service[107679]: INFO placement.requestlog [req-7f657691-6b33-4fe6-9cf0-80970495d837 req-e998e4c3-7d3b-4b28-9a6b-40564b7cbce2 service placement] 10.222.0.60 "PUT /placement/allocations/7cd73d0f-cb35-4048-a1c7-d3254e6db187" status: 204 len: 0 microversion: 1.36
Oct 19 00:33:02.784827 n-d-713499-29 devstack@placement-api.service[107679]: [pid: 107679|app: 0|req: 142/283] 10.222.0.60 () {64 vars in 1433 bytes} [Tue Oct 19 00:33:02 2021] PUT /placement/allocations/7cd73d0f-cb35-4048-a1c7-d3254e6db187 => generated 0 bytes in 62 msecs (HTTP/1.1 204) 5 headers in 199 bytes (1 switches on core 0)
Oct 19 00:33:02.935284 n-d-713499-29 devstack@placement-api.service[107680]: DEBUG placement.requestlog [req-7f657691-6b33-4fe6-9cf0-80970495d837 req-d1982247-09e8-40c0-8179-df2d2edbbc1d None None] Starting request: 10.222.0.37 "GET /placement/allocations/7cd73d0f-cb35-4048-a1c7-d3254e6db187" {{(pid=107680) __call__ /opt/stack/placement/placement/requestlog.py:55}}
Oct 19 00:33:02.950719 n-d-713499-29 devstack@placement-api.service[107680]: INFO placement.requestlog [req-7f657691-6b33-4fe6-9cf0-80970495d837 req-d1982247-09e8-40c0-8179-df2d2edbbc1d service placement] 10.222.0.37 "GET /placement/allocations/7cd73d0f-cb35-4048-a1c7-d3254e6db187" status: 200 len: 259 microversion: 1.28
Oct 19 00:33:02.951227 n-d-713499-29 devstack@placement-api.service[107680]: [pid: 107680|app: 0|req: 142/284] 10.222.0.37 () {60 vars in 1377 bytes} [Tue Oct 19 00:33:02 2021] GET /placement/allocations/7cd73d0f-cb35-4048-a1c7-d3254e6db187 => generated 259 bytes in 16 msecs (HTTP/1.1 200) 8 headers in 296 bytes (1 switches on core 0)
Oct 19 00:33:18.846966 n-d-713499-29 devstack@placement-api.service[107679]: DEBUG placement.requestlog [req-3f7866a4-8555-49d3-9414-0feb25c08af6 req-54afcebd-3bd9-4a83-bf72-bc08b8580dd0 None None] Starting request: 10.222.0.61 "DELETE /placement/allocations/24e76ceb-b45d-4307-aba7-cd5be428f350" {{(pid=107679) __call__ /opt/stack/placement/placement/requestlog.py:55}}
Oct 19 00:33:18.857330 n-d-713499-29 devstack@placement-api.service[107679]: DEBUG placement.handlers.allocation [req-3f7866a4-8555-49d3-9414-0feb25c08af6 req-54afcebd-3bd9-4a83-bf72-bc08b8580dd0 service placement] Successfully deleted allocations [, , ] {{(pid=107679) delete_allocations /opt/stack/placement/placement/handlers/allocation.py:627}}
Oct 19 00:33:18.857822 n-d-713499-29 devstack@placement-api.service[107679]: INFO placement.requestlog [req-3f7866a4-8555-49d3-9414-0feb25c08af6 req-54afcebd-3bd9-4a83-bf72-bc08b8580dd0 service placement] 10.222.0.61 "DELETE /placement/allocations/24e76ceb-b45d-4307-aba7-cd5be428f350" status: 204 len: 0 microversion: 1.0
Oct 19 00:33:18.858058 n-d-713499-29 devstack@placement-api.service[107679]: [pid: 107679|app: 0|req: 143/285] 10.222.0.61 () {60 vars in 1355 bytes} [Tue Oct 19 00:33:18 2021] DELETE /placement/allocations/24e76ceb-b45d-4307-aba7-cd5be428f350 => generated 0 bytes in 33 msecs (HTTP/1.1 204) 5 headers in 198 bytes (1 switches on core 0)
Oct 19 00:33:23.773723 n-d-713499-29 devstack@placement-api.service[107680]: DEBUG placement.requestlog [req-a433cd06-4fba-462e-8c36-580dda0ffd89 req-11f92bc5-471b-4f43-ac01-e6eef810ed82 None None] Starting request: 10.222.0.61 "DELETE /placement/allocations/13f3d0b3-d6e3-4b00-860e-db549b710cc8" {{(pid=107680) __call__ /opt/stack/placement/placement/requestlog.py:55}}
Oct 19 00:33:23.828787 n-d-713499-29 devstack@placement-api.service[107680]: DEBUG placement.handlers.allocation [req-a433cd06-4fba-462e-8c36-580dda0ffd89 req-11f92bc5-471b-4f43-ac01-e6eef810ed82 service placement] Successfully deleted allocations [, , ] {{(pid=107680) delete_allocations /opt/stack/placement/placement/handlers/allocation.py:627}}
Oct 19 00:33:23.829608 n-d-713499-29 devstack@placement-api.service[107680]: INFO placement.requestlog [req-a433cd06-4fba-462e-8c36-580dda0ffd89 req-11f92bc5-471b-4f43-ac01-e6eef810ed82 service placement] 10.222.0.61 "DELETE /placement/allocations/13f3d0b3-d6e3-4b00-860e-db549b710cc8" status: 204 len: 0 microversion: 1.0
Oct 19 00:33:23.830010 n-d-713499-29 devstack@placement-api.service[107680]: [pid: 107680|app: 0|req: 143/286] 10.222.0.61 () {60 vars in 1355 bytes} [Tue Oct 19 00:33:23 2021] DELETE /placement/allocations/13f3d0b3-d6e3-4b00-860e-db549b710cc8 => generated 0 bytes in 57 msecs (HTTP/1.1 204) 5 headers in 198 bytes (2 switches on core 0)
Oct 19 00:33:25.916504 n-d-713499-29 devstack@placement-api.service[107679]: DEBUG placement.requestlog [req-cde640d3-7c34-44d3-b8de-146febf4545c req-8cd47887-7577-4036-bdb8-90802cd925ad None None] Starting request: 10.222.0.60 "GET /placement/allocation_candidates?limit=1000&resources=DISK_GB%3A1%2CMEMORY_MB%3A1024%2CVCPU%3A1&root_required=%21COMPUTE_STATUS_DISABLED" {{(pid=107679) __call__ /opt/stack/placement/placement/requestlog.py:55}}
Oct 19 00:33:25.988662 n-d-713499-29 devstack@placement-api.service[107679]: DEBUG placement.objects.research_context [req-cde640d3-7c34-44d3-b8de-146febf4545c req-8cd47887-7577-4036-bdb8-90802cd925ad service placement] getting providers with 1 DISK_GB {{(pid=107679) __init__ /opt/stack/placement/placement/objects/research_context.py:126}}
Oct 19 00:33:26.001405 n-d-713499-29 devstack@placement-api.service[107679]: DEBUG placement.objects.research_context [req-cde640d3-7c34-44d3-b8de-146febf4545c req-8cd47887-7577-4036-bdb8-90802cd925ad service placement] getting providers with 1024 MEMORY_MB {{(pid=107679) __init__ /opt/stack/placement/placement/objects/research_context.py:126}}
Oct 19 00:33:26.011588 n-d-713499-29 devstack@placement-api.service[107679]: DEBUG placement.objects.research_context [req-cde640d3-7c34-44d3-b8de-146febf4545c req-8cd47887-7577-4036-bdb8-90802cd925ad service placement] getting providers with 1 VCPU {{(pid=107679) __init__ /opt/stack/placement/placement/objects/research_context.py:126}}
Oct 19 00:33:26.017739 n-d-713499-29 devstack@placement-api.service[107679]: DEBUG placement.objects.research_context [req-cde640d3-7c34-44d3-b8de-146febf4545c req-8cd47887-7577-4036-bdb8-90802cd925ad service placement] found 2 providers with available 1 DISK_GB {{(pid=107679) get_provider_ids_matching /opt/stack/placement/placement/objects/research_context.py:549}}
Oct 19 00:33:26.018008 n-d-713499-29 devstack@placement-api.service[107679]: DEBUG placement.objects.research_context [req-cde640d3-7c34-44d3-b8de-146febf4545c req-8cd47887-7577-4036-bdb8-90802cd925ad service placement] found 2 providers with available 1024 MEMORY_MB {{(pid=107679) get_provider_ids_matching /opt/stack/placement/placement/objects/research_context.py:549}}
Oct 19 00:33:26.018674 n-d-713499-29 devstack@placement-api.service[107679]: DEBUG placement.objects.research_context [req-cde640d3-7c34-44d3-b8de-146febf4545c req-8cd47887-7577-4036-bdb8-90802cd925ad service placement] found 2 providers after filtering by previous result {{(pid=107679) get_provider_ids_matching /opt/stack/placement/placement/objects/research_context.py:580}}
Oct 19 00:33:26.019071 n-d-713499-29 devstack@placement-api.service[107679]: DEBUG placement.objects.research_context [req-cde640d3-7c34-44d3-b8de-146febf4545c req-8cd47887-7577-4036-bdb8-90802cd925ad service placement] found 2 providers with available 1 VCPU {{(pid=107679) get_provider_ids_matching /opt/stack/placement/placement/objects/research_context.py:549}}
Oct 19 00:33:26.019363 n-d-713499-29 devstack@placement-api.service[107679]: DEBUG placement.objects.research_context [req-cde640d3-7c34-44d3-b8de-146febf4545c req-8cd47887-7577-4036-bdb8-90802cd925ad service placement] found 2 providers after filtering by previous result {{(pid=107679) get_provider_ids_matching /opt/stack/placement/placement/objects/research_context.py:580}}
Oct 19 00:33:26.032140 n-d-713499-29 devstack@placement-api.service[107679]: DEBUG placement.objects.allocation_candidate [req-cde640d3-7c34-44d3-b8de-146febf4545c req-8cd47887-7577-4036-bdb8-90802cd925ad service placement] RequestGroup(use_same_provider=False, resources={DISK_GB:1, MEMORY_MB:1024, VCPU:1}, traits=[], aggregates=[]) (suffix '') returned 2 matches {{(pid=107679) _get_by_requests /opt/stack/placement/placement/objects/allocation_candidate.py:145}}
Oct 19 00:33:26.032759 n-d-713499-29 devstack@placement-api.service[107679]: DEBUG placement.objects.allocation_candidate [req-cde640d3-7c34-44d3-b8de-146febf4545c req-8cd47887-7577-4036-bdb8-90802cd925ad service placement] Merging candidates yields 2 allocation requests and 2 provider summaries {{(pid=107679) _merge_candidates /opt/stack/placement/placement/objects/allocation_candidate.py:783}}
Oct 19 00:33:26.035216 n-d-713499-29 devstack@placement-api.service[107679]: INFO placement.requestlog [req-cde640d3-7c34-44d3-b8de-146febf4545c req-8cd47887-7577-4036-bdb8-90802cd925ad service placement] 10.222.0.60 "GET /placement/allocation_candidates?limit=1000&resources=DISK_GB%3A1%2CMEMORY_MB%3A1024%2CVCPU%3A1&root_required=%21COMPUTE_STATUS_DISABLED" status: 200 len: 1309 microversion: 1.36
Oct 19 00:33:26.036661 n-d-713499-29 devstack@placement-api.service[107679]: [pid: 107679|app: 0|req: 144/287] 10.222.0.60 () {60 vars in 1506 bytes} [Tue Oct 19 00:33:25 2021] GET /placement/allocation_candidates?limit=1000&resources=DISK_GB%3A1%2CMEMORY_MB%3A1024%2CVCPU%3A1&root_required=%21COMPUTE_STATUS_DISABLED => generated 1309 bytes in 119 msecs (HTTP/1.1 200) 8 headers in 297 bytes (1 switches on core 0)
Oct 19 00:33:26.086786 n-d-713499-29 devstack@placement-api.service[107680]: DEBUG placement.requestlog [req-cde640d3-7c34-44d3-b8de-146febf4545c req-2d8a871c-0204-4a8a-8b86-f8f4d574f3ec None None] Starting request: 10.222.0.60 "GET /placement/allocations/13f3d0b3-d6e3-4b00-860e-db549b710cc8" {{(pid=107680) __call__ /opt/stack/placement/placement/requestlog.py:55}}
Oct 19 00:33:26.099981 n-d-713499-29 devstack@placement-api.service[107680]: INFO placement.requestlog [req-cde640d3-7c34-44d3-b8de-146febf4545c req-2d8a871c-0204-4a8a-8b86-f8f4d574f3ec service placement] 10.222.0.60 "GET /placement/allocations/13f3d0b3-d6e3-4b00-860e-db549b710cc8" status: 200 len: 19 microversion: 1.28
Oct 19 00:33:26.100390 n-d-713499-29 devstack@placement-api.service[107680]: [pid: 107680|app: 0|req: 144/288] 10.222.0.60 () {60 vars in 1380 bytes} [Tue Oct 19 00:33:26 2021] GET /placement/allocations/13f3d0b3-d6e3-4b00-860e-db549b710cc8 => generated 19 bytes in 14 msecs (HTTP/1.1 200) 8 headers in 295 bytes (2 switches on core 0)
Oct 19 00:33:26.106717 n-d-713499-29 devstack@placement-api.service[107679]: DEBUG placement.requestlog [req-cde640d3-7c34-44d3-b8de-146febf4545c req-31d22d0e-3368-41c5-b06f-70417e9031bf None None] Starting request: 10.222.0.60 "PUT /placement/allocations/13f3d0b3-d6e3-4b00-860e-db549b710cc8" {{(pid=107679) __call__ /opt/stack/placement/placement/requestlog.py:55}}
Oct 19 00:33:26.161961 n-d-713499-29 devstack@placement-api.service[107679]: DEBUG placement.handlers.allocation [req-cde640d3-7c34-44d3-b8de-146febf4545c req-31d22d0e-3368-41c5-b06f-70417e9031bf service placement] Successfully wrote allocations [, , ] {{(pid=107679) _update_consumers_and_create_allocations /opt/stack/placement/placement/handlers/allocation.py:462}}
Oct 19 00:33:26.165502 n-d-713499-29 devstack@placement-api.service[107679]: INFO placement.requestlog [req-cde640d3-7c34-44d3-b8de-146febf4545c req-31d22d0e-3368-41c5-b06f-70417e9031bf service placement] 10.222.0.60 "PUT /placement/allocations/13f3d0b3-d6e3-4b00-860e-db549b710cc8" status: 204 len: 0 microversion: 1.36
Oct 19 00:33:26.166060 n-d-713499-29 devstack@placement-api.service[107679]: [pid: 107679|app: 0|req: 145/289] 10.222.0.60 () {64 vars in 1433 bytes} [Tue Oct 19 00:33:26 2021] PUT /placement/allocations/13f3d0b3-d6e3-4b00-860e-db549b710cc8 => generated 0 bytes in 60 msecs (HTTP/1.1 204) 5 headers in 199 bytes (1 switches on core 0)
Oct 19 00:33:26.373743 n-d-713499-29 devstack@placement-api.service[107680]: DEBUG placement.requestlog [req-cde640d3-7c34-44d3-b8de-146febf4545c req-fcf45999-b925-4e01-8dcc-06ec8c6e8d0b None None] Starting request: 10.222.0.61 "GET /placement/allocations/13f3d0b3-d6e3-4b00-860e-db549b710cc8" {{(pid=107680) __call__ /opt/stack/placement/placement/requestlog.py:55}}
Oct 19 00:33:26.388688 n-d-713499-29 devstack@placement-api.service[107680]: INFO placement.requestlog [req-cde640d3-7c34-44d3-b8de-146febf4545c req-fcf45999-b925-4e01-8dcc-06ec8c6e8d0b service placement] 10.222.0.61 "GET /placement/allocations/13f3d0b3-d6e3-4b00-860e-db549b710cc8" status: 200 len: 259 microversion: 1.28
Oct 19 00:33:26.388900 n-d-713499-29 devstack@placement-api.service[107680]: [pid: 107680|app: 0|req: 145/290] 10.222.0.61 () {60 vars in 1377 bytes} [Tue Oct 19 00:33:26 2021] GET /placement/allocations/13f3d0b3-d6e3-4b00-860e-db549b710cc8 => generated 259 bytes in 15 msecs (HTTP/1.1 200) 8 headers in 296 bytes (1 switches on core 0)
Oct 19 00:33:28.122037 n-d-713499-29 devstack@placement-api.service[107679]: DEBUG placement.requestlog [req-f67a2ba8-43cc-4312-acb9-747123c230d9 req-301a8efc-7c16-430d-bf1d-a07812da58c5 None None] Starting request: 10.222.0.60 "GET /placement/allocation_candidates?limit=1000&resources=DISK_GB%3A1%2CMEMORY_MB%3A1024%2CVCPU%3A1&root_required=%21COMPUTE_STATUS_DISABLED" {{(pid=107679) __call__ /opt/stack/placement/placement/requestlog.py:55}}
Oct 19 00:33:28.185072 n-d-713499-29 devstack@placement-api.service[107679]: DEBUG placement.objects.research_context [req-f67a2ba8-43cc-4312-acb9-747123c230d9 req-301a8efc-7c16-430d-bf1d-a07812da58c5 service placement] getting providers with 1 DISK_GB {{(pid=107679) __init__ /opt/stack/placement/placement/objects/research_context.py:126}}
Oct 19 00:33:28.202544 n-d-713499-29 devstack@placement-api.service[107679]: DEBUG placement.objects.research_context [req-f67a2ba8-43cc-4312-acb9-747123c230d9 req-301a8efc-7c16-430d-bf1d-a07812da58c5 service placement] getting providers with 1024 MEMORY_MB {{(pid=107679) __init__ /opt/stack/placement/placement/objects/research_context.py:126}}
Oct 19 00:33:28.215968 n-d-713499-29 devstack@placement-api.service[107679]: DEBUG placement.objects.research_context [req-f67a2ba8-43cc-4312-acb9-747123c230d9 req-301a8efc-7c16-430d-bf1d-a07812da58c5 service placement] getting providers with 1 VCPU {{(pid=107679) __init__ /opt/stack/placement/placement/objects/research_context.py:126}}
Oct 19 00:33:28.228014 n-d-713499-29 devstack@placement-api.service[107679]: DEBUG placement.objects.research_context [req-f67a2ba8-43cc-4312-acb9-747123c230d9 req-301a8efc-7c16-430d-bf1d-a07812da58c5 service placement] found 2 providers with available 1 DISK_GB {{(pid=107679) get_provider_ids_matching /opt/stack/placement/placement/objects/research_context.py:549}}
Oct 19 00:33:28.228515 n-d-713499-29 devstack@placement-api.service[107679]: DEBUG placement.objects.research_context [req-f67a2ba8-43cc-4312-acb9-747123c230d9 req-301a8efc-7c16-430d-bf1d-a07812da58c5 service placement] found 2 providers with available 1024 MEMORY_MB {{(pid=107679) get_provider_ids_matching /opt/stack/placement/placement/objects/research_context.py:549}}
Oct 19 00:33:28.229015 n-d-713499-29 devstack@placement-api.service[107679]: DEBUG placement.objects.research_context [req-f67a2ba8-43cc-4312-acb9-747123c230d9 req-301a8efc-7c16-430d-bf1d-a07812da58c5 service placement] found 2 providers after filtering by previous result {{(pid=107679) get_provider_ids_matching /opt/stack/placement/placement/objects/research_context.py:580}}
Oct 19 00:33:28.229495 n-d-713499-29 devstack@placement-api.service[107679]: DEBUG placement.objects.research_context [req-f67a2ba8-43cc-4312-acb9-747123c230d9 req-301a8efc-7c16-430d-bf1d-a07812da58c5 service placement] found 2 providers with available 1 VCPU {{(pid=107679) get_provider_ids_matching /opt/stack/placement/placement/objects/research_context.py:549}}
Oct 19 00:33:28.229975 n-d-713499-29 devstack@placement-api.service[107679]: DEBUG placement.objects.research_context [req-f67a2ba8-43cc-4312-acb9-747123c230d9 req-301a8efc-7c16-430d-bf1d-a07812da58c5 service placement] found 2 providers after filtering by previous result {{(pid=107679) get_provider_ids_matching /opt/stack/placement/placement/objects/research_context.py:580}}
Oct 19 00:33:28.259657 n-d-713499-29 devstack@placement-api.service[107679]: DEBUG placement.objects.allocation_candidate [req-f67a2ba8-43cc-4312-acb9-747123c230d9 req-301a8efc-7c16-430d-bf1d-a07812da58c5 service placement] RequestGroup(use_same_provider=False, resources={DISK_GB:1, MEMORY_MB:1024, VCPU:1}, traits=[], aggregates=[]) (suffix '') returned 2 matches {{(pid=107679) _get_by_requests /opt/stack/placement/placement/objects/allocation_candidate.py:145}}
Oct 19 00:33:28.260508 n-d-713499-29 devstack@placement-api.service[107679]: DEBUG placement.objects.allocation_candidate [req-f67a2ba8-43cc-4312-acb9-747123c230d9 req-301a8efc-7c16-430d-bf1d-a07812da58c5 service placement] Merging candidates yields 2 allocation requests and 2 provider summaries {{(pid=107679) _merge_candidates /opt/stack/placement/placement/objects/allocation_candidate.py:783}}
Oct 19 00:33:28.263069 n-d-713499-29 devstack@placement-api.service[107679]: INFO placement.requestlog [req-f67a2ba8-43cc-4312-acb9-747123c230d9 req-301a8efc-7c16-430d-bf1d-a07812da58c5 service placement] 10.222.0.60 "GET /placement/allocation_candidates?limit=1000&resources=DISK_GB%3A1%2CMEMORY_MB%3A1024%2CVCPU%3A1&root_required=%21COMPUTE_STATUS_DISABLED" status: 200 len: 1309 microversion: 1.36
Oct 19 00:33:28.263983 n-d-713499-29 devstack@placement-api.service[107679]: [pid: 107679|app: 0|req: 146/291] 10.222.0.60 () {60 vars in 1506 bytes} [Tue Oct 19 00:33:28 2021] GET /placement/allocation_candidates?limit=1000&resources=DISK_GB%3A1%2CMEMORY_MB%3A1024%2CVCPU%3A1&root_required=%21COMPUTE_STATUS_DISABLED => generated 1309 bytes in 142 msecs (HTTP/1.1 200) 8 headers in 297 bytes (1 switches on core 0)
Oct 19 00:33:28.413990 n-d-713499-29 devstack@placement-api.service[107680]: DEBUG placement.requestlog [req-f67a2ba8-43cc-4312-acb9-747123c230d9 req-332718b1-4f90-4cba-b56e-dfab3169e329 None None] Starting request: 10.222.0.60 "GET /placement/allocations/33f6481e-4e43-481a-a655-7b6fa8b5ea70" {{(pid=107680) __call__ /opt/stack/placement/placement/requestlog.py:55}}
Oct 19 00:33:28.430697 n-d-713499-29 devstack@placement-api.service[107680]: INFO placement.requestlog [req-f67a2ba8-43cc-4312-acb9-747123c230d9 req-332718b1-4f90-4cba-b56e-dfab3169e329 service placement] 10.222.0.60 "GET /placement/allocations/33f6481e-4e43-481a-a655-7b6fa8b5ea70" status: 200 len: 19 microversion: 1.28
Oct 19 00:33:28.436487 n-d-713499-29 devstack@placement-api.service[107680]: [pid: 107680|app: 0|req: 146/292] 10.222.0.60 () {60 vars in 1380 bytes} [Tue Oct 19 00:33:28 2021] GET /placement/allocations/33f6481e-4e43-481a-a655-7b6fa8b5ea70 => generated 19 bytes in 23 msecs (HTTP/1.1 200) 8 headers in 295 bytes (1 switches on core 0)
Oct 19 00:33:28.438852 n-d-713499-29 devstack@placement-api.service[107679]: DEBUG placement.requestlog [req-f67a2ba8-43cc-4312-acb9-747123c230d9 req-2c00ed84-8cb2-484f-a603-a41c22cb5b97 None None] Starting request: 10.222.0.60 "PUT /placement/allocations/33f6481e-4e43-481a-a655-7b6fa8b5ea70" {{(pid=107679) __call__ /opt/stack/placement/placement/requestlog.py:55}}
Oct 19 00:33:28.591420 n-d-713499-29 devstack@placement-api.service[107679]: DEBUG placement.handlers.allocation [req-f67a2ba8-43cc-4312-acb9-747123c230d9 req-2c00ed84-8cb2-484f-a603-a41c22cb5b97 service placement] Successfully wrote allocations [, , ] {{(pid=107679) _update_consumers_and_create_allocations /opt/stack/placement/placement/handlers/allocation.py:462}}
Oct 19 00:33:28.597899 n-d-713499-29 devstack@placement-api.service[107679]: INFO placement.requestlog [req-f67a2ba8-43cc-4312-acb9-747123c230d9 req-2c00ed84-8cb2-484f-a603-a41c22cb5b97 service placement] 10.222.0.60 "PUT /placement/allocations/33f6481e-4e43-481a-a655-7b6fa8b5ea70" status: 204 len: 0 microversion: 1.36
Oct 19 00:33:28.614602 n-d-713499-29 devstack@placement-api.service[107679]: [pid: 107679|app: 0|req: 147/293] 10.222.0.60 () {64 vars in 1433 bytes} [Tue Oct 19 00:33:28 2021] PUT /placement/allocations/33f6481e-4e43-481a-a655-7b6fa8b5ea70 => generated 0 bytes in 161 msecs (HTTP/1.1 204) 5 headers in 199 bytes (2 switches on core 0)
Oct 19 00:33:29.043652 n-d-713499-29 devstack@placement-api.service[107680]: DEBUG placement.requestlog [req-25c897bb-aaa9-493b-bc5d-72a789aa432b req-de7695f4-4402-4f57-834a-d559c389f1dc None None] Starting request: 10.222.0.60 "GET /placement/allocation_candidates?limit=1000&resources=DISK_GB%3A1%2CMEMORY_MB%3A1024%2CVCPU%3A1&root_required=%21COMPUTE_STATUS_DISABLED" {{(pid=107680) __call__ /opt/stack/placement/placement/requestlog.py:55}}
Oct 19 00:33:29.119379 n-d-713499-29 devstack@placement-api.service[107680]: DEBUG placement.objects.research_context [req-25c897bb-aaa9-493b-bc5d-72a789aa432b req-de7695f4-4402-4f57-834a-d559c389f1dc service placement] getting providers with 1 DISK_GB {{(pid=107680) __init__ /opt/stack/placement/placement/objects/research_context.py:126}}
Oct 19 00:33:29.127195 n-d-713499-29 devstack@placement-api.service[107680]: DEBUG placement.objects.research_context [req-25c897bb-aaa9-493b-bc5d-72a789aa432b req-de7695f4-4402-4f57-834a-d559c389f1dc service placement] getting providers with 1024 MEMORY_MB {{(pid=107680) __init__ /opt/stack/placement/placement/objects/research_context.py:126}}
Oct 19 00:33:29.136113 n-d-713499-29 devstack@placement-api.service[107680]: DEBUG placement.objects.research_context [req-25c897bb-aaa9-493b-bc5d-72a789aa432b req-de7695f4-4402-4f57-834a-d559c389f1dc service placement] getting providers with 1 VCPU {{(pid=107680) __init__ /opt/stack/placement/placement/objects/research_context.py:126}}
Oct 19 00:33:29.154760 n-d-713499-29 devstack@placement-api.service[107680]: DEBUG placement.objects.research_context [req-25c897bb-aaa9-493b-bc5d-72a789aa432b req-de7695f4-4402-4f57-834a-d559c389f1dc service placement] found 2 providers with available 1 DISK_GB {{(pid=107680) get_provider_ids_matching /opt/stack/placement/placement/objects/research_context.py:549}}
Oct 19 00:33:29.155116 n-d-713499-29 devstack@placement-api.service[107680]: DEBUG placement.objects.research_context [req-25c897bb-aaa9-493b-bc5d-72a789aa432b req-de7695f4-4402-4f57-834a-d559c389f1dc service placement] found 2 providers with available 1024 MEMORY_MB {{(pid=107680) get_provider_ids_matching /opt/stack/placement/placement/objects/research_context.py:549}}
Oct 19 00:33:29.155492 n-d-713499-29 devstack@placement-api.service[107680]: DEBUG placement.objects.research_context [req-25c897bb-aaa9-493b-bc5d-72a789aa432b req-de7695f4-4402-4f57-834a-d559c389f1dc service placement] found 2 providers after filtering by previous result {{(pid=107680) get_provider_ids_matching /opt/stack/placement/placement/objects/research_context.py:580}}
Oct 19 00:33:29.155851 n-d-713499-29 devstack@placement-api.service[107680]: DEBUG placement.objects.research_context [req-25c897bb-aaa9-493b-bc5d-72a789aa432b req-de7695f4-4402-4f57-834a-d559c389f1dc service placement] found 2 providers with available 1 VCPU {{(pid=107680) get_provider_ids_matching /opt/stack/placement/placement/objects/research_context.py:549}}
Oct 19 00:33:29.156089 n-d-713499-29 devstack@placement-api.service[107680]: DEBUG placement.objects.research_context [req-25c897bb-aaa9-493b-bc5d-72a789aa432b req-de7695f4-4402-4f57-834a-d559c389f1dc service placement] found 2 providers after filtering by previous result {{(pid=107680) get_provider_ids_matching /opt/stack/placement/placement/objects/research_context.py:580}}
Oct 19 00:33:29.178824 n-d-713499-29 devstack@placement-api.service[107680]: DEBUG placement.objects.allocation_candidate [req-25c897bb-aaa9-493b-bc5d-72a789aa432b req-de7695f4-4402-4f57-834a-d559c389f1dc service placement] RequestGroup(use_same_provider=False, resources={DISK_GB:1, MEMORY_MB:1024, VCPU:1}, traits=[], aggregates=[]) (suffix '') returned 2 matches {{(pid=107680) _get_by_requests /opt/stack/placement/placement/objects/allocation_candidate.py:145}}
Oct 19 00:33:29.180029 n-d-713499-29 devstack@placement-api.service[107680]: DEBUG placement.objects.allocation_candidate [req-25c897bb-aaa9-493b-bc5d-72a789aa432b req-de7695f4-4402-4f57-834a-d559c389f1dc service placement] Merging candidates yields 2 allocation requests and 2 provider summaries {{(pid=107680) _merge_candidates /opt/stack/placement/placement/objects/allocation_candidate.py:783}}
Oct 19 00:33:29.182410 n-d-713499-29 devstack@placement-api.service[107680]: INFO placement.requestlog [req-25c897bb-aaa9-493b-bc5d-72a789aa432b req-de7695f4-4402-4f57-834a-d559c389f1dc service placement] 10.222.0.60 "GET /placement/allocation_candidates?limit=1000&resources=DISK_GB%3A1%2CMEMORY_MB%3A1024%2CVCPU%3A1&root_required=%21COMPUTE_STATUS_DISABLED" status: 200 len: 1309 microversion: 1.36
Oct 19 00:33:29.183190 n-d-713499-29 devstack@placement-api.service[107680]: [pid: 107680|app: 0|req: 147/294] 10.222.0.60 () {60 vars in 1506 bytes} [Tue Oct 19 00:33:29 2021] GET /placement/allocation_candidates?limit=1000&resources=DISK_GB%3A1%2CMEMORY_MB%3A1024%2CVCPU%3A1&root_required=%21COMPUTE_STATUS_DISABLED => generated 1309 bytes in 140 msecs (HTTP/1.1 200) 8 headers in 297 bytes (1 switches on core 0)
Oct 19 00:33:29.327039 n-d-713499-29 devstack@placement-api.service[107679]: DEBUG placement.requestlog [req-25c897bb-aaa9-493b-bc5d-72a789aa432b req-e863153b-79cc-45d1-83ec-48781c47ca77 None None] Starting request: 10.222.0.60 "GET /placement/allocations/3fd0825f-d0a2-430c-9b5d-b6d7222cb587" {{(pid=107679) __call__ /opt/stack/placement/placement/requestlog.py:55}}
Oct 19 00:33:29.347527 n-d-713499-29 devstack@placement-api.service[107679]: INFO placement.requestlog [req-25c897bb-aaa9-493b-bc5d-72a789aa432b req-e863153b-79cc-45d1-83ec-48781c47ca77 service placement] 10.222.0.60 "GET /placement/allocations/3fd0825f-d0a2-430c-9b5d-b6d7222cb587" status: 200 len: 19 microversion: 1.28
Oct 19 00:33:29.353053 n-d-713499-29 devstack@placement-api.service[107679]: [pid: 107679|app: 0|req: 148/295] 10.222.0.60 () {60 vars in 1380 bytes} [Tue Oct 19 00:33:29 2021] GET /placement/allocations/3fd0825f-d0a2-430c-9b5d-b6d7222cb587 => generated 19 bytes in 26 msecs (HTTP/1.1 200) 8 headers in 295 bytes (2 switches on core 0)
Oct 19 00:33:29.354317 n-d-713499-29 devstack@placement-api.service[107680]: DEBUG placement.requestlog [req-25c897bb-aaa9-493b-bc5d-72a789aa432b req-4ef9ee5e-874c-40be-91bf-f7cd16d5f3cd None None] Starting request: 10.222.0.60 "PUT /placement/allocations/3fd0825f-d0a2-430c-9b5d-b6d7222cb587" {{(pid=107680) __call__ /opt/stack/placement/placement/requestlog.py:55}}
Oct 19 00:33:29.431301 n-d-713499-29 devstack@placement-api.service[107680]: DEBUG placement.handlers.allocation [req-25c897bb-aaa9-493b-bc5d-72a789aa432b req-4ef9ee5e-874c-40be-91bf-f7cd16d5f3cd service placement] Successfully wrote allocations [, , ] {{(pid=107680) _update_consumers_and_create_allocations /opt/stack/placement/placement/handlers/allocation.py:462}}
Oct 19 00:33:29.443106 n-d-713499-29 devstack@placement-api.service[107680]: INFO placement.requestlog [req-25c897bb-aaa9-493b-bc5d-72a789aa432b req-4ef9ee5e-874c-40be-91bf-f7cd16d5f3cd service placement] 10.222.0.60 "PUT /placement/allocations/3fd0825f-d0a2-430c-9b5d-b6d7222cb587" status: 204 len: 0 microversion: 1.36
Oct 19 00:33:29.443866 n-d-713499-29 devstack@placement-api.service[107680]: [pid: 107680|app: 0|req: 148/296] 10.222.0.60 () {64 vars in 1433 bytes} [Tue Oct 19 00:33:29 2021] PUT /placement/allocations/3fd0825f-d0a2-430c-9b5d-b6d7222cb587 => generated 0 bytes in 90 msecs (HTTP/1.1 204) 5 headers in 199 bytes (1 switches on core 0)
Oct 19 00:33:39.922512 n-d-713499-29 devstack@placement-api.service[107679]: DEBUG placement.requestlog [req-25c897bb-aaa9-493b-bc5d-72a789aa432b req-fac57893-8523-406f-9ba8-2a467da16af4 None None] Starting request: 10.222.0.61 "GET /placement/allocations/3fd0825f-d0a2-430c-9b5d-b6d7222cb587" {{(pid=107679) __call__ /opt/stack/placement/placement/requestlog.py:55}}
Oct 19 00:33:39.923418 n-d-713499-29 devstack@placement-api.service[107680]: DEBUG placement.requestlog [req-f67a2ba8-43cc-4312-acb9-747123c230d9 req-bcdb0c86-26b7-44c9-8a23-82c37afab59d None None] Starting request: 10.222.0.61 "GET /placement/allocations/33f6481e-4e43-481a-a655-7b6fa8b5ea70" {{(pid=107680) __call__ /opt/stack/placement/placement/requestlog.py:55}}
Oct 19 00:33:39.940850 n-d-713499-29 devstack@placement-api.service[107680]: INFO placement.requestlog [req-f67a2ba8-43cc-4312-acb9-747123c230d9 req-bcdb0c86-26b7-44c9-8a23-82c37afab59d service placement] 10.222.0.61 "GET /placement/allocations/33f6481e-4e43-481a-a655-7b6fa8b5ea70" status: 200 len: 259 microversion: 1.28
Oct 19 00:33:39.941967 n-d-713499-29 devstack@placement-api.service[107680]: [pid: 107680|app: 0|req: 149/297] 10.222.0.61 () {60 vars in 1377 bytes} [Tue Oct 19 00:33:39 2021] GET /placement/allocations/33f6481e-4e43-481a-a655-7b6fa8b5ea70 => generated 259 bytes in 19 msecs (HTTP/1.1 200) 8 headers in 296 bytes (1 switches on core 0)
Oct 19 00:33:39.945756 n-d-713499-29 devstack@placement-api.service[107679]: INFO placement.requestlog [req-25c897bb-aaa9-493b-bc5d-72a789aa432b req-fac57893-8523-406f-9ba8-2a467da16af4 service placement] 10.222.0.61 "GET /placement/allocations/3fd0825f-d0a2-430c-9b5d-b6d7222cb587" status: 200 len: 259 microversion: 1.28
Oct 19 00:33:39.946410 n-d-713499-29 devstack@placement-api.service[107679]: [pid: 107679|app: 0|req: 149/298] 10.222.0.61 () {60 vars in 1377 bytes} [Tue Oct 19 00:33:39 2021] GET /placement/allocations/3fd0825f-d0a2-430c-9b5d-b6d7222cb587 => generated 259 bytes in 24 msecs (HTTP/1.1 200) 8 headers in 296 bytes (2 switches on core 0)
Oct 19 00:33:40.625395 n-d-713499-29 devstack@placement-api.service[107680]: DEBUG placement.requestlog [None req-9b986d3a-95d3-4aa2-9384-4c5e3767c614 None None] Starting request: 10.222.0.60 "GET /placement/" {{(pid=107680) __call__ /opt/stack/placement/placement/requestlog.py:55}}
Oct 19 00:33:40.627477 n-d-713499-29 devstack@placement-api.service[107680]: INFO placement.requestlog [None req-9b986d3a-95d3-4aa2-9384-4c5e3767c614 None None] 10.222.0.60 "GET /placement/" status: 200 len: 136 microversion: 1.0
Oct 19 00:33:40.628550 n-d-713499-29 devstack@placement-api.service[107680]: [pid: 107680|app: 0|req: 150/299] 10.222.0.60 () {54 vars in 916 bytes} [Tue Oct 19 00:33:40 2021] GET /placement => generated 136 bytes in 3 msecs (HTTP/1.1 200) 6 headers in 224 bytes (1 switches on core 0)
Oct 19 00:33:40.642904 n-d-713499-29 devstack@placement-api.service[107679]: DEBUG placement.requestlog [req-91f5bd0d-5cbc-4b22-8db3-d354b159c7af req-f7c4a674-36fb-4a51-bab4-fb8282fb17d5 None None] Starting request: 10.222.0.60 "GET /placement/allocations/a6030666-5651-448a-ad0f-732fff2a081b" {{(pid=107679) __call__ /opt/stack/placement/placement/requestlog.py:55}}
Oct 19 00:33:40.740702 n-d-713499-29 devstack@placement-api.service[107679]: INFO placement.requestlog [req-91f5bd0d-5cbc-4b22-8db3-d354b159c7af req-f7c4a674-36fb-4a51-bab4-fb8282fb17d5 service placement] 10.222.0.60 "GET /placement/allocations/a6030666-5651-448a-ad0f-732fff2a081b" status: 200 len: 259 microversion: 1.28
Oct 19 00:33:40.740918 n-d-713499-29 devstack@placement-api.service[107679]: [pid: 107679|app: 0|req: 150/300] 10.222.0.60 () {60 vars in 1380 bytes} [Tue Oct 19 00:33:40 2021] GET /placement/allocations/a6030666-5651-448a-ad0f-732fff2a081b => generated 259 bytes in 98 msecs (HTTP/1.1 200) 8 headers in 296 bytes (1 switches on core 0)
