Aug 29 17:35:04.352712 n-d-713499-15 devstack@placement-api.service[95278]: INFO placement.requestlog [req-af64733b-6573-4fc9-9e1d-2f1907fa4dc8 req-7ea38ea2-dc9a-4267-ae69-a9c867284f11 service placement] 10.222.0.44 "GET /placement/allocations/2a0057d6-5d89-4ac8-a18d-b7fca462e591" status: 200 len: 260 microversion: 1.28
Aug 29 17:35:04.353312 n-d-713499-15 devstack@placement-api.service[95278]: [pid: 95278|app: 0|req: 422/845] 10.222.0.44 () {60 vars in 1378 bytes} [Sun Aug 29 17:35:04 2021] GET /placement/allocations/2a0057d6-5d89-4ac8-a18d-b7fca462e591 => generated 260 bytes in 45 msecs (HTTP/1.1 200) 8 headers in 296 bytes (1 switches on core 0)
Aug 29 17:35:08.330704 n-d-713499-15 devstack@placement-api.service[95279]: DEBUG placement.requestlog [req-e2803735-2b6f-4891-9709-70445d5d94ec req-04b68208-8b8c-4175-af8e-8e6317027d54 None None] Starting request: 10.222.0.44 "GET /placement/resource_providers/3c46f5ac-0655-4e6e-a8df-32abc9eb4593/allocations" {{(pid=95279) __call__ /opt/stack/placement/placement/requestlog.py:55}}
Aug 29 17:35:08.367641 n-d-713499-15 devstack@placement-api.service[95279]: INFO placement.requestlog [req-e2803735-2b6f-4891-9709-70445d5d94ec req-04b68208-8b8c-4175-af8e-8e6317027d54 service placement] 10.222.0.44 "GET /placement/resource_providers/3c46f5ac-0655-4e6e-a8df-32abc9eb4593/allocations" status: 200 len: 343 microversion: 1.0
Aug 29 17:35:08.369276 n-d-713499-15 devstack@placement-api.service[95279]: [pid: 95279|app: 0|req: 424/846] 10.222.0.44 () {58 vars in 1391 bytes} [Sun Aug 29 17:35:08 2021] GET /placement/resource_providers/3c46f5ac-0655-4e6e-a8df-32abc9eb4593/allocations => generated 343 bytes in 39 msecs (HTTP/1.1 200) 6 headers in 224 bytes (2 switches on core 0)
Aug 29 17:35:14.607882 n-d-713499-15 devstack@placement-api.service[95278]: DEBUG placement.requestlog [req-7b19f50d-1701-4a84-8cc9-bb8322272b25 req-45b5e820-923f-4f71-a7a4-933685532238 None None] Starting request: 10.222.0.41 "GET /placement/allocation_candidates?limit=1000&resources=DISK_GB%3A1%2CMEMORY_MB%3A1024%2CVCPU%3A1&root_required=%21COMPUTE_STATUS_DISABLED" {{(pid=95278) __call__ /opt/stack/placement/placement/requestlog.py:55}}
Aug 29 17:35:14.671088 n-d-713499-15 devstack@placement-api.service[95278]: DEBUG placement.objects.research_context [req-7b19f50d-1701-4a84-8cc9-bb8322272b25 req-45b5e820-923f-4f71-a7a4-933685532238 service placement] getting providers with 1 DISK_GB {{(pid=95278) __init__ /opt/stack/placement/placement/objects/research_context.py:126}}
Aug 29 17:35:14.683140 n-d-713499-15 devstack@placement-api.service[95278]: DEBUG placement.objects.research_context [req-7b19f50d-1701-4a84-8cc9-bb8322272b25 req-45b5e820-923f-4f71-a7a4-933685532238 service placement] getting providers with 1024 MEMORY_MB {{(pid=95278) __init__ /opt/stack/placement/placement/objects/research_context.py:126}}
Aug 29 17:35:14.699180 n-d-713499-15 devstack@placement-api.service[95278]: DEBUG placement.objects.research_context [req-7b19f50d-1701-4a84-8cc9-bb8322272b25 req-45b5e820-923f-4f71-a7a4-933685532238 service placement] getting providers with 1 VCPU {{(pid=95278) __init__ /opt/stack/placement/placement/objects/research_context.py:126}}
Aug 29 17:35:14.707530 n-d-713499-15 devstack@placement-api.service[95278]: DEBUG placement.objects.research_context [req-7b19f50d-1701-4a84-8cc9-bb8322272b25 req-45b5e820-923f-4f71-a7a4-933685532238 service placement] found 2 providers with available 1 DISK_GB {{(pid=95278) get_provider_ids_matching /opt/stack/placement/placement/objects/research_context.py:549}}
Aug 29 17:35:14.707972 n-d-713499-15 devstack@placement-api.service[95278]: DEBUG placement.objects.research_context [req-7b19f50d-1701-4a84-8cc9-bb8322272b25 req-45b5e820-923f-4f71-a7a4-933685532238 service placement] found 2 providers with available 1024 MEMORY_MB {{(pid=95278) get_provider_ids_matching /opt/stack/placement/placement/objects/research_context.py:549}}
Aug 29 17:35:14.708560 n-d-713499-15 devstack@placement-api.service[95278]: DEBUG placement.objects.research_context [req-7b19f50d-1701-4a84-8cc9-bb8322272b25 req-45b5e820-923f-4f71-a7a4-933685532238 service placement] found 2 providers after filtering by previous result {{(pid=95278) get_provider_ids_matching /opt/stack/placement/placement/objects/research_context.py:580}}
Aug 29 17:35:14.709025 n-d-713499-15 devstack@placement-api.service[95278]: DEBUG placement.objects.research_context [req-7b19f50d-1701-4a84-8cc9-bb8322272b25 req-45b5e820-923f-4f71-a7a4-933685532238 service placement] found 2 providers with available 1 VCPU {{(pid=95278) get_provider_ids_matching /opt/stack/placement/placement/objects/research_context.py:549}}
Aug 29 17:35:14.709437 n-d-713499-15 devstack@placement-api.service[95278]: DEBUG placement.objects.research_context [req-7b19f50d-1701-4a84-8cc9-bb8322272b25 req-45b5e820-923f-4f71-a7a4-933685532238 service placement] found 2 providers after filtering by previous result {{(pid=95278) get_provider_ids_matching /opt/stack/placement/placement/objects/research_context.py:580}}
Aug 29 17:35:14.720995 n-d-713499-15 devstack@placement-api.service[95278]: DEBUG placement.objects.allocation_candidate [req-7b19f50d-1701-4a84-8cc9-bb8322272b25 req-45b5e820-923f-4f71-a7a4-933685532238 service placement] RequestGroup(use_same_provider=False, resources={DISK_GB:1, MEMORY_MB:1024, VCPU:1}, traits=[], aggregates=[]) (suffix '') returned 2 matches {{(pid=95278) _get_by_requests /opt/stack/placement/placement/objects/allocation_candidate.py:145}}
Aug 29 17:35:14.721756 n-d-713499-15 devstack@placement-api.service[95278]: DEBUG placement.objects.allocation_candidate [req-7b19f50d-1701-4a84-8cc9-bb8322272b25 req-45b5e820-923f-4f71-a7a4-933685532238 service placement] Merging candidates yields 2 allocation requests and 2 provider summaries {{(pid=95278) _merge_candidates /opt/stack/placement/placement/objects/allocation_candidate.py:783}}
Aug 29 17:35:14.723786 n-d-713499-15 devstack@placement-api.service[95278]: INFO placement.requestlog [req-7b19f50d-1701-4a84-8cc9-bb8322272b25 req-45b5e820-923f-4f71-a7a4-933685532238 service placement] 10.222.0.41 "GET /placement/allocation_candidates?limit=1000&resources=DISK_GB%3A1%2CMEMORY_MB%3A1024%2CVCPU%3A1&root_required=%21COMPUTE_STATUS_DISABLED" status: 200 len: 1309 microversion: 1.35
Aug 29 17:35:14.724531 n-d-713499-15 devstack@placement-api.service[95278]: [pid: 95278|app: 0|req: 423/847] 10.222.0.41 () {60 vars in 1507 bytes} [Sun Aug 29 17:35:14 2021] GET /placement/allocation_candidates?limit=1000&resources=DISK_GB%3A1%2CMEMORY_MB%3A1024%2CVCPU%3A1&root_required=%21COMPUTE_STATUS_DISABLED => generated 1309 bytes in 118 msecs (HTTP/1.1 200) 8 headers in 297 bytes (1 switches on core 0)
Aug 29 17:35:14.786890 n-d-713499-15 devstack@placement-api.service[95279]: DEBUG placement.requestlog [req-7b19f50d-1701-4a84-8cc9-bb8322272b25 req-24e3ee2b-eb46-43f1-ac0b-8baf9731ddff None None] Starting request: 10.222.0.41 "GET /placement/allocations/80208612-3d51-4572-b869-18cfc3ad9f60" {{(pid=95279) __call__ /opt/stack/placement/placement/requestlog.py:55}}
Aug 29 17:35:14.798093 n-d-713499-15 devstack@placement-api.service[95279]: INFO placement.requestlog [req-7b19f50d-1701-4a84-8cc9-bb8322272b25 req-24e3ee2b-eb46-43f1-ac0b-8baf9731ddff service placement] 10.222.0.41 "GET /placement/allocations/80208612-3d51-4572-b869-18cfc3ad9f60" status: 200 len: 19 microversion: 1.28
Aug 29 17:35:14.798861 n-d-713499-15 devstack@placement-api.service[95279]: [pid: 95279|app: 0|req: 425/848] 10.222.0.41 () {60 vars in 1381 bytes} [Sun Aug 29 17:35:14 2021] GET /placement/allocations/80208612-3d51-4572-b869-18cfc3ad9f60 => generated 19 bytes in 12 msecs (HTTP/1.1 200) 8 headers in 295 bytes (1 switches on core 0)
Aug 29 17:35:14.805831 n-d-713499-15 devstack@placement-api.service[95278]: DEBUG placement.requestlog [req-7b19f50d-1701-4a84-8cc9-bb8322272b25 req-ab22b2a3-0cfc-42bf-86f8-781ca3cc0750 None None] Starting request: 10.222.0.41 "PUT /placement/allocations/80208612-3d51-4572-b869-18cfc3ad9f60" {{(pid=95278) __call__ /opt/stack/placement/placement/requestlog.py:55}}
Aug 29 17:35:14.851727 n-d-713499-15 devstack@placement-api.service[95278]: DEBUG placement.handlers.allocation [req-7b19f50d-1701-4a84-8cc9-bb8322272b25 req-ab22b2a3-0cfc-42bf-86f8-781ca3cc0750 service placement] Successfully wrote allocations [, , ] {{(pid=95278) _create_allocations /opt/stack/placement/placement/handlers/allocation.py:461}}
Aug 29 17:35:14.858825 n-d-713499-15 devstack@placement-api.service[95278]: INFO placement.requestlog [req-7b19f50d-1701-4a84-8cc9-bb8322272b25 req-ab22b2a3-0cfc-42bf-86f8-781ca3cc0750 service placement] 10.222.0.41 "PUT /placement/allocations/80208612-3d51-4572-b869-18cfc3ad9f60" status: 204 len: 0 microversion: 1.35
Aug 29 17:35:14.859343 n-d-713499-15 devstack@placement-api.service[95278]: [pid: 95278|app: 0|req: 424/849] 10.222.0.41 () {64 vars in 1434 bytes} [Sun Aug 29 17:35:14 2021] PUT /placement/allocations/80208612-3d51-4572-b869-18cfc3ad9f60 => generated 0 bytes in 54 msecs (HTTP/1.1 204) 5 headers in 199 bytes (1 switches on core 0)
Aug 29 17:35:14.871114 n-d-713499-15 devstack@placement-api.service[95279]: DEBUG placement.requestlog [req-7b19f50d-1701-4a84-8cc9-bb8322272b25 req-73e3bc4a-3db6-4e74-950d-95abb8129735 None None] Starting request: 10.222.0.41 "GET /placement/allocations/91e5554e-79ac-4c25-b232-7738f3f385ed" {{(pid=95279) __call__ /opt/stack/placement/placement/requestlog.py:55}}
Aug 29 17:35:14.888390 n-d-713499-15 devstack@placement-api.service[95279]: INFO placement.requestlog [req-7b19f50d-1701-4a84-8cc9-bb8322272b25 req-73e3bc4a-3db6-4e74-950d-95abb8129735 service placement] 10.222.0.41 "GET /placement/allocations/91e5554e-79ac-4c25-b232-7738f3f385ed" status: 200 len: 19 microversion: 1.28
Aug 29 17:35:14.888796 n-d-713499-15 devstack@placement-api.service[95279]: [pid: 95279|app: 0|req: 426/850] 10.222.0.41 () {60 vars in 1381 bytes} [Sun Aug 29 17:35:14 2021] GET /placement/allocations/91e5554e-79ac-4c25-b232-7738f3f385ed => generated 19 bytes in 18 msecs (HTTP/1.1 200) 8 headers in 295 bytes (1 switches on core 0)
Aug 29 17:35:14.896558 n-d-713499-15 devstack@placement-api.service[95278]: DEBUG placement.requestlog [req-7b19f50d-1701-4a84-8cc9-bb8322272b25 req-36d7e2f0-c1aa-4ec0-be2d-e025b829ae98 None None] Starting request: 10.222.0.41 "PUT /placement/allocations/91e5554e-79ac-4c25-b232-7738f3f385ed" {{(pid=95278) __call__ /opt/stack/placement/placement/requestlog.py:55}}
Aug 29 17:35:15.012043 n-d-713499-15 devstack@placement-api.service[95278]: DEBUG placement.handlers.allocation [req-7b19f50d-1701-4a84-8cc9-bb8322272b25 req-36d7e2f0-c1aa-4ec0-be2d-e025b829ae98 service placement] Successfully wrote allocations [, , ] {{(pid=95278) _create_allocations /opt/stack/placement/placement/handlers/allocation.py:461}}
Aug 29 17:35:15.018412 n-d-713499-15 devstack@placement-api.service[95278]: INFO placement.requestlog [req-7b19f50d-1701-4a84-8cc9-bb8322272b25 req-36d7e2f0-c1aa-4ec0-be2d-e025b829ae98 service placement] 10.222.0.41 "PUT /placement/allocations/91e5554e-79ac-4c25-b232-7738f3f385ed" status: 204 len: 0 microversion: 1.35
Aug 29 17:35:15.019230 n-d-713499-15 devstack@placement-api.service[95278]: [pid: 95278|app: 0|req: 425/851] 10.222.0.41 () {64 vars in 1434 bytes} [Sun Aug 29 17:35:14 2021] PUT /placement/allocations/91e5554e-79ac-4c25-b232-7738f3f385ed => generated 0 bytes in 123 msecs (HTTP/1.1 204) 5 headers in 199 bytes (1 switches on core 0)
Aug 29 17:35:16.070435 n-d-713499-15 devstack@placement-api.service[95279]: DEBUG placement.requestlog [req-7b19f50d-1701-4a84-8cc9-bb8322272b25 req-7887789f-f167-4209-b13a-31c4f9c48853 None None] Starting request: 10.222.0.43 "GET /placement/allocations/80208612-3d51-4572-b869-18cfc3ad9f60" {{(pid=95279) __call__ /opt/stack/placement/placement/requestlog.py:55}}
Aug 29 17:35:16.128188 n-d-713499-15 devstack@placement-api.service[95279]: INFO placement.requestlog [req-7b19f50d-1701-4a84-8cc9-bb8322272b25 req-7887789f-f167-4209-b13a-31c4f9c48853 service placement] 10.222.0.43 "GET /placement/allocations/80208612-3d51-4572-b869-18cfc3ad9f60" status: 200 len: 260 microversion: 1.28
Aug 29 17:35:16.128520 n-d-713499-15 devstack@placement-api.service[95279]: [pid: 95279|app: 0|req: 427/852] 10.222.0.43 () {60 vars in 1378 bytes} [Sun Aug 29 17:35:16 2021] GET /placement/allocations/80208612-3d51-4572-b869-18cfc3ad9f60 => generated 260 bytes in 62 msecs (HTTP/1.1 200) 8 headers in 296 bytes (2 switches on core 0)
Aug 29 17:35:16.166149 n-d-713499-15 devstack@placement-api.service[95278]: DEBUG placement.requestlog [req-7b19f50d-1701-4a84-8cc9-bb8322272b25 req-b5374dd7-ac0e-46ef-9380-bef9ae7ba7c6 None None] Starting request: 10.222.0.43 "GET /placement/allocations/91e5554e-79ac-4c25-b232-7738f3f385ed" {{(pid=95278) __call__ /opt/stack/placement/placement/requestlog.py:55}}
Aug 29 17:35:16.202380 n-d-713499-15 devstack@placement-api.service[95278]: INFO placement.requestlog [req-7b19f50d-1701-4a84-8cc9-bb8322272b25 req-b5374dd7-ac0e-46ef-9380-bef9ae7ba7c6 service placement] 10.222.0.43 "GET /placement/allocations/91e5554e-79ac-4c25-b232-7738f3f385ed" status: 200 len: 260 microversion: 1.28
Aug 29 17:35:16.203032 n-d-713499-15 devstack@placement-api.service[95278]: [pid: 95278|app: 0|req: 426/853] 10.222.0.43 () {60 vars in 1378 bytes} [Sun Aug 29 17:35:16 2021] GET /placement/allocations/91e5554e-79ac-4c25-b232-7738f3f385ed => generated 260 bytes in 37 msecs (HTTP/1.1 200) 8 headers in 296 bytes (1 switches on core 0)
Aug 29 17:35:22.520526 n-d-713499-15 devstack@placement-api.service[95279]: DEBUG placement.requestlog [req-06681309-f798-40fa-8ae6-7bb429bdf359 req-1c310dcb-2196-45c9-903f-6f418192341b None None] Starting request: 10.222.0.41 "GET /placement/allocation_candidates?limit=1000&resources=DISK_GB%3A1%2CMEMORY_MB%3A1024%2CVCPU%3A1&root_required=%21COMPUTE_STATUS_DISABLED" {{(pid=95279) __call__ /opt/stack/placement/placement/requestlog.py:55}}
Aug 29 17:35:22.599546 n-d-713499-15 devstack@placement-api.service[95279]: DEBUG placement.objects.research_context [req-06681309-f798-40fa-8ae6-7bb429bdf359 req-1c310dcb-2196-45c9-903f-6f418192341b service placement] getting providers with 1 DISK_GB {{(pid=95279) __init__ /opt/stack/placement/placement/objects/research_context.py:126}}
Aug 29 17:35:22.620377 n-d-713499-15 devstack@placement-api.service[95279]: DEBUG placement.objects.research_context [req-06681309-f798-40fa-8ae6-7bb429bdf359 req-1c310dcb-2196-45c9-903f-6f418192341b service placement] getting providers with 1024 MEMORY_MB {{(pid=95279) __init__ /opt/stack/placement/placement/objects/research_context.py:126}}
Aug 29 17:35:22.635401 n-d-713499-15 devstack@placement-api.service[95279]: DEBUG placement.objects.research_context [req-06681309-f798-40fa-8ae6-7bb429bdf359 req-1c310dcb-2196-45c9-903f-6f418192341b service placement] getting providers with 1 VCPU {{(pid=95279) __init__ /opt/stack/placement/placement/objects/research_context.py:126}}
Aug 29 17:35:22.649199 n-d-713499-15 devstack@placement-api.service[95279]: DEBUG placement.objects.research_context [req-06681309-f798-40fa-8ae6-7bb429bdf359 req-1c310dcb-2196-45c9-903f-6f418192341b service placement] found 2 providers with available 1 DISK_GB {{(pid=95279) get_provider_ids_matching /opt/stack/placement/placement/objects/research_context.py:549}}
Aug 29 17:35:22.649695 n-d-713499-15 devstack@placement-api.service[95279]: DEBUG placement.objects.research_context [req-06681309-f798-40fa-8ae6-7bb429bdf359 req-1c310dcb-2196-45c9-903f-6f418192341b service placement] found 2 providers with available 1024 MEMORY_MB {{(pid=95279) get_provider_ids_matching /opt/stack/placement/placement/objects/research_context.py:549}}
Aug 29 17:35:22.650132 n-d-713499-15 devstack@placement-api.service[95279]: DEBUG placement.objects.research_context [req-06681309-f798-40fa-8ae6-7bb429bdf359 req-1c310dcb-2196-45c9-903f-6f418192341b service placement] found 2 providers after filtering by previous result {{(pid=95279) get_provider_ids_matching /opt/stack/placement/placement/objects/research_context.py:580}}
Aug 29 17:35:22.661530 n-d-713499-15 devstack@placement-api.service[95279]: DEBUG placement.objects.research_context [req-06681309-f798-40fa-8ae6-7bb429bdf359 req-1c310dcb-2196-45c9-903f-6f418192341b service placement] found 2 providers with available 1 VCPU {{(pid=95279) get_provider_ids_matching /opt/stack/placement/placement/objects/research_context.py:549}}
Aug 29 17:35:22.663060 n-d-713499-15 devstack@placement-api.service[95279]: DEBUG placement.objects.research_context [req-06681309-f798-40fa-8ae6-7bb429bdf359 req-1c310dcb-2196-45c9-903f-6f418192341b service placement] found 2 providers after filtering by previous result {{(pid=95279) get_provider_ids_matching /opt/stack/placement/placement/objects/research_context.py:580}}
Aug 29 17:35:22.700240 n-d-713499-15 devstack@placement-api.service[95279]: DEBUG placement.objects.allocation_candidate [req-06681309-f798-40fa-8ae6-7bb429bdf359 req-1c310dcb-2196-45c9-903f-6f418192341b service placement] RequestGroup(use_same_provider=False, resources={DISK_GB:1, MEMORY_MB:1024, VCPU:1}, traits=[], aggregates=[]) (suffix '') returned 2 matches {{(pid=95279) _get_by_requests /opt/stack/placement/placement/objects/allocation_candidate.py:145}}
Aug 29 17:35:22.704762 n-d-713499-15 devstack@placement-api.service[95279]: DEBUG placement.objects.allocation_candidate [req-06681309-f798-40fa-8ae6-7bb429bdf359 req-1c310dcb-2196-45c9-903f-6f418192341b service placement] Merging candidates yields 2 allocation requests and 2 provider summaries {{(pid=95279) _merge_candidates /opt/stack/placement/placement/objects/allocation_candidate.py:783}}
Aug 29 17:35:22.707934 n-d-713499-15 devstack@placement-api.service[95279]: INFO placement.requestlog [req-06681309-f798-40fa-8ae6-7bb429bdf359 req-1c310dcb-2196-45c9-903f-6f418192341b service placement] 10.222.0.41 "GET /placement/allocation_candidates?limit=1000&resources=DISK_GB%3A1%2CMEMORY_MB%3A1024%2CVCPU%3A1&root_required=%21COMPUTE_STATUS_DISABLED" status: 200 len: 1309 microversion: 1.35
Aug 29 17:35:22.711391 n-d-713499-15 devstack@placement-api.service[95279]: [pid: 95279|app: 0|req: 428/854] 10.222.0.41 () {60 vars in 1507 bytes} [Sun Aug 29 17:35:22 2021] GET /placement/allocation_candidates?limit=1000&resources=DISK_GB%3A1%2CMEMORY_MB%3A1024%2CVCPU%3A1&root_required=%21COMPUTE_STATUS_DISABLED => generated 1309 bytes in 192 msecs (HTTP/1.1 200) 8 headers in 297 bytes (1 switches on core 0)
Aug 29 17:35:22.845850 n-d-713499-15 devstack@placement-api.service[95278]: DEBUG placement.requestlog [req-06681309-f798-40fa-8ae6-7bb429bdf359 req-e2d4ac00-7d68-4404-9c24-35735e5b0cae None None] Starting request: 10.222.0.41 "GET /placement/allocations/e1ce93b1-a3d2-49f7-a800-a08a613211ce" {{(pid=95278) __call__ /opt/stack/placement/placement/requestlog.py:55}}
Aug 29 17:35:22.865130 n-d-713499-15 devstack@placement-api.service[95278]: INFO placement.requestlog [req-06681309-f798-40fa-8ae6-7bb429bdf359 req-e2d4ac00-7d68-4404-9c24-35735e5b0cae service placement] 10.222.0.41 "GET /placement/allocations/e1ce93b1-a3d2-49f7-a800-a08a613211ce" status: 200 len: 19 microversion: 1.28
Aug 29 17:35:22.866902 n-d-713499-15 devstack@placement-api.service[95278]: [pid: 95278|app: 0|req: 427/855] 10.222.0.41 () {60 vars in 1381 bytes} [Sun Aug 29 17:35:22 2021] GET /placement/allocations/e1ce93b1-a3d2-49f7-a800-a08a613211ce => generated 19 bytes in 20 msecs (HTTP/1.1 200) 8 headers in 295 bytes (1 switches on core 0)
Aug 29 17:35:22.872503 n-d-713499-15 devstack@placement-api.service[95279]: DEBUG placement.requestlog [req-06681309-f798-40fa-8ae6-7bb429bdf359 req-8772e5f8-87ef-472f-a31c-b1f4f626c194 None None] Starting request: 10.222.0.41 "PUT /placement/allocations/e1ce93b1-a3d2-49f7-a800-a08a613211ce" {{(pid=95279) __call__ /opt/stack/placement/placement/requestlog.py:55}}
Aug 29 17:35:22.932512 n-d-713499-15 devstack@placement-api.service[95279]: DEBUG placement.handlers.allocation [req-06681309-f798-40fa-8ae6-7bb429bdf359 req-8772e5f8-87ef-472f-a31c-b1f4f626c194 service placement] Successfully wrote allocations [, , ] {{(pid=95279) _create_allocations /opt/stack/placement/placement/handlers/allocation.py:461}}
Aug 29 17:35:22.944980 n-d-713499-15 devstack@placement-api.service[95279]: INFO placement.requestlog [req-06681309-f798-40fa-8ae6-7bb429bdf359 req-8772e5f8-87ef-472f-a31c-b1f4f626c194 service placement] 10.222.0.41 "PUT /placement/allocations/e1ce93b1-a3d2-49f7-a800-a08a613211ce" status: 204 len: 0 microversion: 1.35
Aug 29 17:35:22.945424 n-d-713499-15 devstack@placement-api.service[95279]: [pid: 95279|app: 0|req: 429/856] 10.222.0.41 () {64 vars in 1434 bytes} [Sun Aug 29 17:35:22 2021] PUT /placement/allocations/e1ce93b1-a3d2-49f7-a800-a08a613211ce => generated 0 bytes in 73 msecs (HTTP/1.1 204) 5 headers in 199 bytes (1 switches on core 0)
Aug 29 17:35:23.529915 n-d-713499-15 devstack@placement-api.service[95278]: DEBUG placement.requestlog [req-06681309-f798-40fa-8ae6-7bb429bdf359 req-7546ccbb-64f9-4671-a58a-812525b3e98c None None] Starting request: 10.222.0.44 "GET /placement/allocations/e1ce93b1-a3d2-49f7-a800-a08a613211ce" {{(pid=95278) __call__ /opt/stack/placement/placement/requestlog.py:55}}
Aug 29 17:35:23.555748 n-d-713499-15 devstack@placement-api.service[95278]: INFO placement.requestlog [req-06681309-f798-40fa-8ae6-7bb429bdf359 req-7546ccbb-64f9-4671-a58a-812525b3e98c service placement] 10.222.0.44 "GET /placement/allocations/e1ce93b1-a3d2-49f7-a800-a08a613211ce" status: 200 len: 260 microversion: 1.28
Aug 29 17:35:23.556665 n-d-713499-15 devstack@placement-api.service[95278]: [pid: 95278|app: 0|req: 428/857] 10.222.0.44 () {60 vars in 1378 bytes} [Sun Aug 29 17:35:23 2021] GET /placement/allocations/e1ce93b1-a3d2-49f7-a800-a08a613211ce => generated 260 bytes in 27 msecs (HTTP/1.1 200) 8 headers in 296 bytes (1 switches on core 0)
Aug 29 17:35:27.654777 n-d-713499-15 devstack@placement-api.service[95279]: DEBUG placement.requestlog [req-2e841c53-a5f8-4e92-898e-e626c161ca9f req-b9d8a739-7f8b-4e42-82ca-1181a03275ae None None] Starting request: 10.222.0.41 "GET /placement/allocation_candidates?limit=1000&resources=DISK_GB%3A1%2CMEMORY_MB%3A1024%2CVCPU%3A1&root_required=%21COMPUTE_STATUS_DISABLED" {{(pid=95279) __call__ /opt/stack/placement/placement/requestlog.py:55}}
Aug 29 17:35:27.706137 n-d-713499-15 devstack@placement-api.service[95279]: DEBUG placement.objects.research_context [req-2e841c53-a5f8-4e92-898e-e626c161ca9f req-b9d8a739-7f8b-4e42-82ca-1181a03275ae service placement] getting providers with 1 DISK_GB {{(pid=95279) __init__ /opt/stack/placement/placement/objects/research_context.py:126}}
Aug 29 17:35:27.730968 n-d-713499-15 devstack@placement-api.service[95279]: DEBUG placement.objects.research_context [req-2e841c53-a5f8-4e92-898e-e626c161ca9f req-b9d8a739-7f8b-4e42-82ca-1181a03275ae service placement] getting providers with 1024 MEMORY_MB {{(pid=95279) __init__ /opt/stack/placement/placement/objects/research_context.py:126}}
Aug 29 17:35:27.745776 n-d-713499-15 devstack@placement-api.service[95279]: DEBUG placement.objects.research_context [req-2e841c53-a5f8-4e92-898e-e626c161ca9f req-b9d8a739-7f8b-4e42-82ca-1181a03275ae service placement] getting providers with 1 VCPU {{(pid=95279) __init__ /opt/stack/placement/placement/objects/research_context.py:126}}
Aug 29 17:35:27.752202 n-d-713499-15 devstack@placement-api.service[95279]: DEBUG placement.objects.research_context [req-2e841c53-a5f8-4e92-898e-e626c161ca9f req-b9d8a739-7f8b-4e42-82ca-1181a03275ae service placement] found 2 providers with available 1 DISK_GB {{(pid=95279) get_provider_ids_matching /opt/stack/placement/placement/objects/research_context.py:549}}
Aug 29 17:35:27.752478 n-d-713499-15 devstack@placement-api.service[95279]: DEBUG placement.objects.research_context [req-2e841c53-a5f8-4e92-898e-e626c161ca9f req-b9d8a739-7f8b-4e42-82ca-1181a03275ae service placement] found 2 providers with available 1024 MEMORY_MB {{(pid=95279) get_provider_ids_matching /opt/stack/placement/placement/objects/research_context.py:549}}
Aug 29 17:35:27.752746 n-d-713499-15 devstack@placement-api.service[95279]: DEBUG placement.objects.research_context [req-2e841c53-a5f8-4e92-898e-e626c161ca9f req-b9d8a739-7f8b-4e42-82ca-1181a03275ae service placement] found 2 providers after filtering by previous result {{(pid=95279) get_provider_ids_matching /opt/stack/placement/placement/objects/research_context.py:580}}
Aug 29 17:35:27.754354 n-d-713499-15 devstack@placement-api.service[95279]: DEBUG placement.objects.research_context [req-2e841c53-a5f8-4e92-898e-e626c161ca9f req-b9d8a739-7f8b-4e42-82ca-1181a03275ae service placement] found 2 providers with available 1 VCPU {{(pid=95279) get_provider_ids_matching /opt/stack/placement/placement/objects/research_context.py:549}}
Aug 29 17:35:27.754903 n-d-713499-15 devstack@placement-api.service[95279]: DEBUG placement.objects.research_context [req-2e841c53-a5f8-4e92-898e-e626c161ca9f req-b9d8a739-7f8b-4e42-82ca-1181a03275ae service placement] found 2 providers after filtering by previous result {{(pid=95279) get_provider_ids_matching /opt/stack/placement/placement/objects/research_context.py:580}}
Aug 29 17:35:27.783080 n-d-713499-15 devstack@placement-api.service[95279]: DEBUG placement.objects.allocation_candidate [req-2e841c53-a5f8-4e92-898e-e626c161ca9f req-b9d8a739-7f8b-4e42-82ca-1181a03275ae service placement] RequestGroup(use_same_provider=False, resources={DISK_GB:1, MEMORY_MB:1024, VCPU:1}, traits=[], aggregates=[]) (suffix '') returned 2 matches {{(pid=95279) _get_by_requests /opt/stack/placement/placement/objects/allocation_candidate.py:145}}
Aug 29 17:35:27.783457 n-d-713499-15 devstack@placement-api.service[95279]: DEBUG placement.objects.allocation_candidate [req-2e841c53-a5f8-4e92-898e-e626c161ca9f req-b9d8a739-7f8b-4e42-82ca-1181a03275ae service placement] Merging candidates yields 2 allocation requests and 2 provider summaries {{(pid=95279) _merge_candidates /opt/stack/placement/placement/objects/allocation_candidate.py:783}}
Aug 29 17:35:27.785190 n-d-713499-15 devstack@placement-api.service[95279]: INFO placement.requestlog [req-2e841c53-a5f8-4e92-898e-e626c161ca9f req-b9d8a739-7f8b-4e42-82ca-1181a03275ae service placement] 10.222.0.41 "GET /placement/allocation_candidates?limit=1000&resources=DISK_GB%3A1%2CMEMORY_MB%3A1024%2CVCPU%3A1&root_required=%21COMPUTE_STATUS_DISABLED" status: 200 len: 1309 microversion: 1.35
Aug 29 17:35:27.785798 n-d-713499-15 devstack@placement-api.service[95279]: [pid: 95279|app: 0|req: 430/858] 10.222.0.41 () {60 vars in 1507 bytes} [Sun Aug 29 17:35:27 2021] GET /placement/allocation_candidates?limit=1000&resources=DISK_GB%3A1%2CMEMORY_MB%3A1024%2CVCPU%3A1&root_required=%21COMPUTE_STATUS_DISABLED => generated 1309 bytes in 131 msecs (HTTP/1.1 200) 8 headers in 297 bytes (1 switches on core 0)
Aug 29 17:35:27.921547 n-d-713499-15 devstack@placement-api.service[95278]: DEBUG placement.requestlog [req-2e841c53-a5f8-4e92-898e-e626c161ca9f req-322f5a82-703c-430c-a11f-95ef45ead84c None None] Starting request: 10.222.0.41 "GET /placement/allocations/a3376fd9-b415-4a52-8c58-eb2b3417492b" {{(pid=95278) __call__ /opt/stack/placement/placement/requestlog.py:55}}
Aug 29 17:35:27.940951 n-d-713499-15 devstack@placement-api.service[95278]: INFO placement.requestlog [req-2e841c53-a5f8-4e92-898e-e626c161ca9f req-322f5a82-703c-430c-a11f-95ef45ead84c service placement] 10.222.0.41 "GET /placement/allocations/a3376fd9-b415-4a52-8c58-eb2b3417492b" status: 200 len: 19 microversion: 1.28
Aug 29 17:35:27.942232 n-d-713499-15 devstack@placement-api.service[95278]: [pid: 95278|app: 0|req: 429/859] 10.222.0.41 () {60 vars in 1381 bytes} [Sun Aug 29 17:35:27 2021] GET /placement/allocations/a3376fd9-b415-4a52-8c58-eb2b3417492b => generated 19 bytes in 21 msecs (HTTP/1.1 200) 8 headers in 295 bytes (1 switches on core 0)
Aug 29 17:35:27.949033 n-d-713499-15 devstack@placement-api.service[95279]: DEBUG placement.requestlog [req-2e841c53-a5f8-4e92-898e-e626c161ca9f req-ae4f0010-1707-40a0-8a5d-1ececed0be08 None None] Starting request: 10.222.0.41 "PUT /placement/allocations/a3376fd9-b415-4a52-8c58-eb2b3417492b" {{(pid=95279) __call__ /opt/stack/placement/placement/requestlog.py:55}}
Aug 29 17:35:28.030727 n-d-713499-15 devstack@placement-api.service[95279]: DEBUG placement.handlers.allocation [req-2e841c53-a5f8-4e92-898e-e626c161ca9f req-ae4f0010-1707-40a0-8a5d-1ececed0be08 service placement] Successfully wrote allocations [, , ] {{(pid=95279) _create_allocations /opt/stack/placement/placement/handlers/allocation.py:461}}
Aug 29 17:35:28.041104 n-d-713499-15 devstack@placement-api.service[95279]: INFO placement.requestlog [req-2e841c53-a5f8-4e92-898e-e626c161ca9f req-ae4f0010-1707-40a0-8a5d-1ececed0be08 service placement] 10.222.0.41 "PUT /placement/allocations/a3376fd9-b415-4a52-8c58-eb2b3417492b" status: 204 len: 0 microversion: 1.35
Aug 29 17:35:28.041844 n-d-713499-15 devstack@placement-api.service[95279]: [pid: 95279|app: 0|req: 431/860] 10.222.0.41 () {64 vars in 1434 bytes} [Sun Aug 29 17:35:27 2021] PUT /placement/allocations/a3376fd9-b415-4a52-8c58-eb2b3417492b => generated 0 bytes in 93 msecs (HTTP/1.1 204) 5 headers in 199 bytes (1 switches on core 0)
Aug 29 17:35:28.582577 n-d-713499-15 devstack@placement-api.service[95278]: DEBUG placement.requestlog [req-2e841c53-a5f8-4e92-898e-e626c161ca9f req-96be9daa-de68-46b3-a319-ac91b60e8a73 None None] Starting request: 10.222.0.43 "GET /placement/allocations/a3376fd9-b415-4a52-8c58-eb2b3417492b" {{(pid=95278) __call__ /opt/stack/placement/placement/requestlog.py:55}}
Aug 29 17:35:28.603887 n-d-713499-15 devstack@placement-api.service[95278]: INFO placement.requestlog [req-2e841c53-a5f8-4e92-898e-e626c161ca9f req-96be9daa-de68-46b3-a319-ac91b60e8a73 service placement] 10.222.0.43 "GET /placement/allocations/a3376fd9-b415-4a52-8c58-eb2b3417492b" status: 200 len: 260 microversion: 1.28
Aug 29 17:35:28.604688 n-d-713499-15 devstack@placement-api.service[95278]: [pid: 95278|app: 0|req: 430/861] 10.222.0.43 () {60 vars in 1378 bytes} [Sun Aug 29 17:35:28 2021] GET /placement/allocations/a3376fd9-b415-4a52-8c58-eb2b3417492b => generated 260 bytes in 23 msecs (HTTP/1.1 200) 8 headers in 296 bytes (1 switches on core 0)
Aug 29 17:35:37.800865 n-d-713499-15 devstack@placement-api.service[95279]: DEBUG placement.requestlog [req-0bd1c881-2ee0-4e64-b45d-bb9105945c7d req-2d160b2b-86a9-47e9-8000-cf611d4b62ea None None] Starting request: 10.222.0.41 "GET /placement/allocation_candidates?limit=1000&resources=DISK_GB%3A1%2CMEMORY_MB%3A1024%2CVCPU%3A1&root_required=%21COMPUTE_STATUS_DISABLED" {{(pid=95279) __call__ /opt/stack/placement/placement/requestlog.py:55}}
Aug 29 17:35:37.848722 n-d-713499-15 devstack@placement-api.service[95279]: DEBUG placement.objects.research_context [req-0bd1c881-2ee0-4e64-b45d-bb9105945c7d req-2d160b2b-86a9-47e9-8000-cf611d4b62ea service placement] getting providers with 1 DISK_GB {{(pid=95279) __init__ /opt/stack/placement/placement/objects/research_context.py:126}}
Aug 29 17:35:37.855098 n-d-713499-15 devstack@placement-api.service[95279]: DEBUG placement.objects.research_context [req-0bd1c881-2ee0-4e64-b45d-bb9105945c7d req-2d160b2b-86a9-47e9-8000-cf611d4b62ea service placement] getting providers with 1024 MEMORY_MB {{(pid=95279) __init__ /opt/stack/placement/placement/objects/research_context.py:126}}
Aug 29 17:35:37.865979 n-d-713499-15 devstack@placement-api.service[95279]: DEBUG placement.objects.research_context [req-0bd1c881-2ee0-4e64-b45d-bb9105945c7d req-2d160b2b-86a9-47e9-8000-cf611d4b62ea service placement] getting providers with 1 VCPU {{(pid=95279) __init__ /opt/stack/placement/placement/objects/research_context.py:126}}
Aug 29 17:35:37.881327 n-d-713499-15 devstack@placement-api.service[95279]: DEBUG placement.objects.research_context [req-0bd1c881-2ee0-4e64-b45d-bb9105945c7d req-2d160b2b-86a9-47e9-8000-cf611d4b62ea service placement] found 2 providers with available 1 DISK_GB {{(pid=95279) get_provider_ids_matching /opt/stack/placement/placement/objects/research_context.py:549}}
Aug 29 17:35:37.882901 n-d-713499-15 devstack@placement-api.service[95279]: DEBUG placement.objects.research_context [req-0bd1c881-2ee0-4e64-b45d-bb9105945c7d req-2d160b2b-86a9-47e9-8000-cf611d4b62ea service placement] found 2 providers with available 1024 MEMORY_MB {{(pid=95279) get_provider_ids_matching /opt/stack/placement/placement/objects/research_context.py:549}}
Aug 29 17:35:37.883356 n-d-713499-15 devstack@placement-api.service[95279]: DEBUG placement.objects.research_context [req-0bd1c881-2ee0-4e64-b45d-bb9105945c7d req-2d160b2b-86a9-47e9-8000-cf611d4b62ea service placement] found 2 providers after filtering by previous result {{(pid=95279) get_provider_ids_matching /opt/stack/placement/placement/objects/research_context.py:580}}
Aug 29 17:35:37.883764 n-d-713499-15 devstack@placement-api.service[95279]: DEBUG placement.objects.research_context [req-0bd1c881-2ee0-4e64-b45d-bb9105945c7d req-2d160b2b-86a9-47e9-8000-cf611d4b62ea service placement] found 2 providers with available 1 VCPU {{(pid=95279) get_provider_ids_matching /opt/stack/placement/placement/objects/research_context.py:549}}
Aug 29 17:35:37.884780 n-d-713499-15 devstack@placement-api.service[95279]: DEBUG placement.objects.research_context [req-0bd1c881-2ee0-4e64-b45d-bb9105945c7d req-2d160b2b-86a9-47e9-8000-cf611d4b62ea service placement] found 2 providers after filtering by previous result {{(pid=95279) get_provider_ids_matching /opt/stack/placement/placement/objects/research_context.py:580}}
Aug 29 17:35:37.927212 n-d-713499-15 devstack@placement-api.service[95279]: DEBUG placement.objects.allocation_candidate [req-0bd1c881-2ee0-4e64-b45d-bb9105945c7d req-2d160b2b-86a9-47e9-8000-cf611d4b62ea service placement] RequestGroup(use_same_provider=False, resources={DISK_GB:1, MEMORY_MB:1024, VCPU:1}, traits=[], aggregates=[]) (suffix '') returned 2 matches {{(pid=95279) _get_by_requests /opt/stack/placement/placement/objects/allocation_candidate.py:145}}
Aug 29 17:35:37.927582 n-d-713499-15 devstack@placement-api.service[95279]: DEBUG placement.objects.allocation_candidate [req-0bd1c881-2ee0-4e64-b45d-bb9105945c7d req-2d160b2b-86a9-47e9-8000-cf611d4b62ea service placement] Merging candidates yields 2 allocation requests and 2 provider summaries {{(pid=95279) _merge_candidates /opt/stack/placement/placement/objects/allocation_candidate.py:783}}
Aug 29 17:35:37.932155 n-d-713499-15 devstack@placement-api.service[95279]: INFO placement.requestlog [req-0bd1c881-2ee0-4e64-b45d-bb9105945c7d req-2d160b2b-86a9-47e9-8000-cf611d4b62ea service placement] 10.222.0.41 "GET /placement/allocation_candidates?limit=1000&resources=DISK_GB%3A1%2CMEMORY_MB%3A1024%2CVCPU%3A1&root_required=%21COMPUTE_STATUS_DISABLED" status: 200 len: 1309 microversion: 1.35
Aug 29 17:35:37.932393 n-d-713499-15 devstack@placement-api.service[95279]: [pid: 95279|app: 0|req: 432/862] 10.222.0.41 () {60 vars in 1507 bytes} [Sun Aug 29 17:35:37 2021] GET /placement/allocation_candidates?limit=1000&resources=DISK_GB%3A1%2CMEMORY_MB%3A1024%2CVCPU%3A1&root_required=%21COMPUTE_STATUS_DISABLED => generated 1309 bytes in 133 msecs (HTTP/1.1 200) 8 headers in 297 bytes (1 switches on core 0)
Aug 29 17:35:38.043831 n-d-713499-15 devstack@placement-api.service[95278]: DEBUG placement.requestlog [req-0bd1c881-2ee0-4e64-b45d-bb9105945c7d req-6eb9ca29-a86a-4275-a41a-abbfc3455c5e None None] Starting request: 10.222.0.41 "GET /placement/allocations/661f6cc5-1cb7-46c4-8e16-360eee046fbf" {{(pid=95278) __call__ /opt/stack/placement/placement/requestlog.py:55}}
Aug 29 17:35:38.076566 n-d-713499-15 devstack@placement-api.service[95278]: INFO placement.requestlog [req-0bd1c881-2ee0-4e64-b45d-bb9105945c7d req-6eb9ca29-a86a-4275-a41a-abbfc3455c5e service placement] 10.222.0.41 "GET /placement/allocations/661f6cc5-1cb7-46c4-8e16-360eee046fbf" status: 200 len: 19 microversion: 1.28
Aug 29 17:35:38.077438 n-d-713499-15 devstack@placement-api.service[95278]: [pid: 95278|app: 0|req: 431/863] 10.222.0.41 () {60 vars in 1381 bytes} [Sun Aug 29 17:35:38 2021] GET /placement/allocations/661f6cc5-1cb7-46c4-8e16-360eee046fbf => generated 19 bytes in 34 msecs (HTTP/1.1 200) 8 headers in 295 bytes (1 switches on core 0)
Aug 29 17:35:38.084130 n-d-713499-15 devstack@placement-api.service[95279]: DEBUG placement.requestlog [req-0bd1c881-2ee0-4e64-b45d-bb9105945c7d req-f6a6b07f-16e9-4c15-aeb6-0db6594e6388 None None] Starting request: 10.222.0.41 "PUT /placement/allocations/661f6cc5-1cb7-46c4-8e16-360eee046fbf" {{(pid=95279) __call__ /opt/stack/placement/placement/requestlog.py:55}}
Aug 29 17:35:38.206550 n-d-713499-15 devstack@placement-api.service[95279]: DEBUG placement.handlers.allocation [req-0bd1c881-2ee0-4e64-b45d-bb9105945c7d req-f6a6b07f-16e9-4c15-aeb6-0db6594e6388 service placement] Successfully wrote allocations [, , ] {{(pid=95279) _create_allocations /opt/stack/placement/placement/handlers/allocation.py:461}}
Aug 29 17:35:38.224237 n-d-713499-15 devstack@placement-api.service[95279]: INFO placement.requestlog [req-0bd1c881-2ee0-4e64-b45d-bb9105945c7d req-f6a6b07f-16e9-4c15-aeb6-0db6594e6388 service placement] 10.222.0.41 "PUT /placement/allocations/661f6cc5-1cb7-46c4-8e16-360eee046fbf" status: 204 len: 0 microversion: 1.35
Aug 29 17:35:38.224793 n-d-713499-15 devstack@placement-api.service[95279]: [pid: 95279|app: 0|req: 433/864] 10.222.0.41 () {64 vars in 1434 bytes} [Sun Aug 29 17:35:38 2021] PUT /placement/allocations/661f6cc5-1cb7-46c4-8e16-360eee046fbf => generated 0 bytes in 141 msecs (HTTP/1.1 204) 5 headers in 199 bytes (1 switches on core 0)
Aug 29 17:35:38.255090 n-d-713499-15 devstack@placement-api.service[95278]: DEBUG placement.requestlog [req-0bd1c881-2ee0-4e64-b45d-bb9105945c7d req-99219810-2373-49b8-a70c-e7085f4987c7 None None] Starting request: 10.222.0.41 "GET /placement/allocations/f326ef3e-0df5-4b87-a81b-7bca5bc0b71d" {{(pid=95278) __call__ /opt/stack/placement/placement/requestlog.py:55}}
Aug 29 17:35:38.276934 n-d-713499-15 devstack@placement-api.service[95278]: INFO placement.requestlog [req-0bd1c881-2ee0-4e64-b45d-bb9105945c7d req-99219810-2373-49b8-a70c-e7085f4987c7 service placement] 10.222.0.41 "GET /placement/allocations/f326ef3e-0df5-4b87-a81b-7bca5bc0b71d" status: 200 len: 19 microversion: 1.28
Aug 29 17:35:38.285169 n-d-713499-15 devstack@placement-api.service[95279]: DEBUG placement.requestlog [req-0bd1c881-2ee0-4e64-b45d-bb9105945c7d req-caa6475f-5d19-4557-8204-0c608ccb4689 None None] Starting request: 10.222.0.41 "PUT /placement/allocations/f326ef3e-0df5-4b87-a81b-7bca5bc0b71d" {{(pid=95279) __call__ /opt/stack/placement/placement/requestlog.py:55}}
Aug 29 17:35:38.287290 n-d-713499-15 devstack@placement-api.service[95278]: [pid: 95278|app: 0|req: 432/865] 10.222.0.41 () {60 vars in 1381 bytes} [Sun Aug 29 17:35:38 2021] GET /placement/allocations/f326ef3e-0df5-4b87-a81b-7bca5bc0b71d => generated 19 bytes in 30 msecs (HTTP/1.1 200) 8 headers in 295 bytes (1 switches on core 0)
Aug 29 17:35:38.365753 n-d-713499-15 devstack@placement-api.service[95279]: DEBUG placement.handlers.allocation [req-0bd1c881-2ee0-4e64-b45d-bb9105945c7d req-caa6475f-5d19-4557-8204-0c608ccb4689 service placement] Successfully wrote allocations [, , ] {{(pid=95279) _create_allocations /opt/stack/placement/placement/handlers/allocation.py:461}}
Aug 29 17:35:38.372929 n-d-713499-15 devstack@placement-api.service[95279]: INFO placement.requestlog [req-0bd1c881-2ee0-4e64-b45d-bb9105945c7d req-caa6475f-5d19-4557-8204-0c608ccb4689 service placement] 10.222.0.41 "PUT /placement/allocations/f326ef3e-0df5-4b87-a81b-7bca5bc0b71d" status: 204 len: 0 microversion: 1.35
Aug 29 17:35:38.373967 n-d-713499-15 devstack@placement-api.service[95279]: [pid: 95279|app: 0|req: 434/866] 10.222.0.41 () {64 vars in 1434 bytes} [Sun Aug 29 17:35:38 2021] PUT /placement/allocations/f326ef3e-0df5-4b87-a81b-7bca5bc0b71d => generated 0 bytes in 89 msecs (HTTP/1.1 204) 5 headers in 199 bytes (1 switches on core 0)
Aug 29 17:35:39.212790 n-d-713499-15 devstack@placement-api.service[95278]: DEBUG placement.requestlog [req-0bd1c881-2ee0-4e64-b45d-bb9105945c7d req-7e3866fc-8b6d-41ee-baf9-2db56bb20ec0 None None] Starting request: 10.222.0.44 "GET /placement/allocations/661f6cc5-1cb7-46c4-8e16-360eee046fbf" {{(pid=95278) __call__ /opt/stack/placement/placement/requestlog.py:55}}
Aug 29 17:35:39.250117 n-d-713499-15 devstack@placement-api.service[95278]: INFO placement.requestlog [req-0bd1c881-2ee0-4e64-b45d-bb9105945c7d req-7e3866fc-8b6d-41ee-baf9-2db56bb20ec0 service placement] 10.222.0.44 "GET /placement/allocations/661f6cc5-1cb7-46c4-8e16-360eee046fbf" status: 200 len: 260 microversion: 1.28
Aug 29 17:35:39.250297 n-d-713499-15 devstack@placement-api.service[95278]: [pid: 95278|app: 0|req: 433/867] 10.222.0.44 () {60 vars in 1378 bytes} [Sun Aug 29 17:35:39 2021] GET /placement/allocations/661f6cc5-1cb7-46c4-8e16-360eee046fbf => generated 260 bytes in 38 msecs (HTTP/1.1 200) 8 headers in 296 bytes (1 switches on core 0)
Aug 29 17:35:39.325874 n-d-713499-15 devstack@placement-api.service[95279]: DEBUG placement.requestlog [req-0bd1c881-2ee0-4e64-b45d-bb9105945c7d req-4c57aea4-a248-4b75-bfc2-2db972065419 None None] Starting request: 10.222.0.43 "GET /placement/allocations/f326ef3e-0df5-4b87-a81b-7bca5bc0b71d" {{(pid=95279) __call__ /opt/stack/placement/placement/requestlog.py:55}}
Aug 29 17:35:39.331773 n-d-713499-15 devstack@placement-api.service[95278]: DEBUG placement.requestlog [req-a98ef4cc-f405-4f25-85ce-c68ec081f889 req-87593e48-faef-4902-92e3-2d521cc8c210 None None] Starting request: 10.222.0.43 "GET /placement/allocations/91e5554e-79ac-4c25-b232-7738f3f385ed" {{(pid=95278) __call__ /opt/stack/placement/placement/requestlog.py:55}}
Aug 29 17:35:39.366410 n-d-713499-15 devstack@placement-api.service[95278]: INFO placement.requestlog [req-a98ef4cc-f405-4f25-85ce-c68ec081f889 req-87593e48-faef-4902-92e3-2d521cc8c210 service placement] 10.222.0.43 "GET /placement/allocations/91e5554e-79ac-4c25-b232-7738f3f385ed" status: 200 len: 260 microversion: 1.28
Aug 29 17:35:39.366981 n-d-713499-15 devstack@placement-api.service[95278]: [pid: 95278|app: 0|req: 434/868] 10.222.0.43 () {60 vars in 1378 bytes} [Sun Aug 29 17:35:39 2021] GET /placement/allocations/91e5554e-79ac-4c25-b232-7738f3f385ed => generated 260 bytes in 35 msecs (HTTP/1.1 200) 8 headers in 296 bytes (1 switches on core 0)
Aug 29 17:35:39.368124 n-d-713499-15 devstack@placement-api.service[95279]: INFO placement.requestlog [req-0bd1c881-2ee0-4e64-b45d-bb9105945c7d req-4c57aea4-a248-4b75-bfc2-2db972065419 service placement] 10.222.0.43 "GET /placement/allocations/f326ef3e-0df5-4b87-a81b-7bca5bc0b71d" status: 200 len: 260 microversion: 1.28
Aug 29 17:35:39.368724 n-d-713499-15 devstack@placement-api.service[95279]: [pid: 95279|app: 0|req: 435/869] 10.222.0.43 () {60 vars in 1378 bytes} [Sun Aug 29 17:35:39 2021] GET /placement/allocations/f326ef3e-0df5-4b87-a81b-7bca5bc0b71d => generated 260 bytes in 43 msecs (HTTP/1.1 200) 8 headers in 296 bytes (1 switches on core 0)
Aug 29 17:35:39.382883 n-d-713499-15 devstack@placement-api.service[95278]: DEBUG placement.requestlog [req-a98ef4cc-f405-4f25-85ce-c68ec081f889 req-18596bc1-fbbd-4995-843b-994b40992760 None None] Starting request: 10.222.0.43 "PUT /placement/allocations/91e5554e-79ac-4c25-b232-7738f3f385ed" {{(pid=95278) __call__ /opt/stack/placement/placement/requestlog.py:55}}
Aug 29 17:35:39.445369 n-d-713499-15 devstack@placement-api.service[95278]: DEBUG placement.handlers.allocation [req-a98ef4cc-f405-4f25-85ce-c68ec081f889 req-18596bc1-fbbd-4995-843b-994b40992760 service placement] Successfully wrote allocations [, , ] {{(pid=95278) _create_allocations /opt/stack/placement/placement/handlers/allocation.py:461}}
Aug 29 17:35:39.451391 n-d-713499-15 devstack@placement-api.service[95278]: INFO placement.requestlog [req-a98ef4cc-f405-4f25-85ce-c68ec081f889 req-18596bc1-fbbd-4995-843b-994b40992760 service placement] 10.222.0.43 "PUT /placement/allocations/91e5554e-79ac-4c25-b232-7738f3f385ed" status: 204 len: 0 microversion: 1.28
Aug 29 17:35:39.452011 n-d-713499-15 devstack@placement-api.service[95278]: [pid: 95278|app: 0|req: 435/870] 10.222.0.43 () {64 vars in 1431 bytes} [Sun Aug 29 17:35:39 2021] PUT /placement/allocations/91e5554e-79ac-4c25-b232-7738f3f385ed => generated 0 bytes in 71 msecs (HTTP/1.1 204) 5 headers in 199 bytes (1 switches on core 0)
Aug 29 17:35:39.827617 n-d-713499-15 devstack@placement-api.service[95279]: DEBUG placement.requestlog [req-8495bbe6-2ce7-4324-82e8-17469eeb11e7 req-0a8e8484-6376-4fef-a328-e1eb4df9745d None None] Starting request: 10.222.0.43 "GET /placement/allocations/80208612-3d51-4572-b869-18cfc3ad9f60" {{(pid=95279) __call__ /opt/stack/placement/placement/requestlog.py:55}}
Aug 29 17:35:39.873842 n-d-713499-15 devstack@placement-api.service[95279]: INFO placement.requestlog [req-8495bbe6-2ce7-4324-82e8-17469eeb11e7 req-0a8e8484-6376-4fef-a328-e1eb4df9745d service placement] 10.222.0.43 "GET /placement/allocations/80208612-3d51-4572-b869-18cfc3ad9f60" status: 200 len: 260 microversion: 1.28
Aug 29 17:35:39.875591 n-d-713499-15 devstack@placement-api.service[95279]: [pid: 95279|app: 0|req: 436/871] 10.222.0.43 () {60 vars in 1378 bytes} [Sun Aug 29 17:35:39 2021] GET /placement/allocations/80208612-3d51-4572-b869-18cfc3ad9f60 => generated 260 bytes in 48 msecs (HTTP/1.1 200) 8 headers in 296 bytes (1 switches on core 0)
Aug 29 17:35:39.884710 n-d-713499-15 devstack@placement-api.service[95278]: DEBUG placement.requestlog [req-8495bbe6-2ce7-4324-82e8-17469eeb11e7 req-2d24893d-8f86-4ad8-9d9c-14de345597d9 None None] Starting request: 10.222.0.43 "PUT /placement/allocations/80208612-3d51-4572-b869-18cfc3ad9f60" {{(pid=95278) __call__ /opt/stack/placement/placement/requestlog.py:55}}
Aug 29 17:35:39.973556 n-d-713499-15 devstack@placement-api.service[95278]: DEBUG placement.handlers.allocation [req-8495bbe6-2ce7-4324-82e8-17469eeb11e7 req-2d24893d-8f86-4ad8-9d9c-14de345597d9 service placement] Successfully wrote allocations [, , ] {{(pid=95278) _create_allocations /opt/stack/placement/placement/handlers/allocation.py:461}}
Aug 29 17:35:39.982469 n-d-713499-15 devstack@placement-api.service[95278]: INFO placement.requestlog [req-8495bbe6-2ce7-4324-82e8-17469eeb11e7 req-2d24893d-8f86-4ad8-9d9c-14de345597d9 service placement] 10.222.0.43 "PUT /placement/allocations/80208612-3d51-4572-b869-18cfc3ad9f60" status: 204 len: 0 microversion: 1.28
Aug 29 17:35:39.983696 n-d-713499-15 devstack@placement-api.service[95278]: [pid: 95278|app: 0|req: 436/872] 10.222.0.43 () {64 vars in 1431 bytes} [Sun Aug 29 17:35:39 2021] PUT /placement/allocations/80208612-3d51-4572-b869-18cfc3ad9f60 => generated 0 bytes in 99 msecs (HTTP/1.1 204) 5 headers in 199 bytes (2 switches on core 0)
Aug 29 17:35:41.404121 n-d-713499-15 devstack@placement-api.service[95279]: DEBUG placement.requestlog [req-fa40f476-4bc8-4346-b92c-dc44b7642e14 req-5c542227-e671-4ed0-99e0-33e1b53ec2d0 None None] Starting request: 10.222.0.44 "GET /placement/allocations/e1ce93b1-a3d2-49f7-a800-a08a613211ce" {{(pid=95279) __call__ /opt/stack/placement/placement/requestlog.py:55}}
Aug 29 17:35:41.439221 n-d-713499-15 devstack@placement-api.service[95279]: INFO placement.requestlog [req-fa40f476-4bc8-4346-b92c-dc44b7642e14 req-5c542227-e671-4ed0-99e0-33e1b53ec2d0 service placement] 10.222.0.44 "GET /placement/allocations/e1ce93b1-a3d2-49f7-a800-a08a613211ce" status: 200 len: 260 microversion: 1.28
Aug 29 17:35:41.439760 n-d-713499-15 devstack@placement-api.service[95279]: [pid: 95279|app: 0|req: 437/873] 10.222.0.44 () {60 vars in 1378 bytes} [Sun Aug 29 17:35:41 2021] GET /placement/allocations/e1ce93b1-a3d2-49f7-a800-a08a613211ce => generated 260 bytes in 36 msecs (HTTP/1.1 200) 8 headers in 296 bytes (1 switches on core 0)
Aug 29 17:35:41.471523 n-d-713499-15 devstack@placement-api.service[95278]: DEBUG placement.requestlog [req-fa40f476-4bc8-4346-b92c-dc44b7642e14 req-ed144213-94f7-4ab5-bb56-ed1e0a6694dc None None] Starting request: 10.222.0.44 "PUT /placement/allocations/e1ce93b1-a3d2-49f7-a800-a08a613211ce" {{(pid=95278) __call__ /opt/stack/placement/placement/requestlog.py:55}}
Aug 29 17:35:41.605106 n-d-713499-15 devstack@placement-api.service[95278]: DEBUG placement.handlers.allocation [req-fa40f476-4bc8-4346-b92c-dc44b7642e14 req-ed144213-94f7-4ab5-bb56-ed1e0a6694dc service placement] Successfully wrote allocations [, , ] {{(pid=95278) _create_allocations /opt/stack/placement/placement/handlers/allocation.py:461}}
Aug 29 17:35:41.613784 n-d-713499-15 devstack@placement-api.service[95278]: INFO placement.requestlog [req-fa40f476-4bc8-4346-b92c-dc44b7642e14 req-ed144213-94f7-4ab5-bb56-ed1e0a6694dc service placement] 10.222.0.44 "PUT /placement/allocations/e1ce93b1-a3d2-49f7-a800-a08a613211ce" status: 204 len: 0 microversion: 1.28
Aug 29 17:35:41.614405 n-d-713499-15 devstack@placement-api.service[95278]: [pid: 95278|app: 0|req: 437/874] 10.222.0.44 () {64 vars in 1431 bytes} [Sun Aug 29 17:35:41 2021] PUT /placement/allocations/e1ce93b1-a3d2-49f7-a800-a08a613211ce => generated 0 bytes in 143 msecs (HTTP/1.1 204) 5 headers in 199 bytes (1 switches on core 0)
Aug 29 17:35:44.542543 n-d-713499-15 devstack@placement-api.service[95279]: DEBUG placement.requestlog [req-3a815d02-3df5-4e40-97a1-8e4a164bb7c4 req-2971ce42-2bbc-4c49-8c5c-c288be7a5cc2 None None] Starting request: 10.222.0.43 "GET /placement/allocations/a3376fd9-b415-4a52-8c58-eb2b3417492b" {{(pid=95279) __call__ /opt/stack/placement/placement/requestlog.py:55}}
