Aug 11 07:43:22.165732 n-d-713499-12 devstack@n-api.service[116279]: DEBUG oslo_concurrency.lockutils [None req-ebf4a996-5640-4a45-9cf8-229b5cd869c2 tempest-AggregatesAdminTestJSON-1885740945 tempest-AggregatesAdminTestJSON-1885740945-project] Lock "7afbe357-5313-483f-9735-6f86ec2eab81" acquired by "nova.context.set_target_cell..get_or_set_cached_cell_and_set_connections" :: waited 0.000s {{(pid=116279) inner /usr/local/lib/python3.8/dist-packages/oslo_concurrency/lockutils.py:355}}
Aug 11 07:43:22.169766 n-d-713499-12 devstack@n-api.service[116279]: DEBUG oslo_concurrency.lockutils [None req-ebf4a996-5640-4a45-9cf8-229b5cd869c2 tempest-AggregatesAdminTestJSON-1885740945 tempest-AggregatesAdminTestJSON-1885740945-project] Lock "7afbe357-5313-483f-9735-6f86ec2eab81" released by "nova.context.set_target_cell..get_or_set_cached_cell_and_set_connections" :: held 0.002s {{(pid=116279) inner /usr/local/lib/python3.8/dist-packages/oslo_concurrency/lockutils.py:367}}
Aug 11 07:43:22.264422 n-d-713499-12 devstack@n-api.service[116278]: INFO nova.api.openstack.requestlog [None req-eeea4e06-f9c6-4625-99d3-ce03a0722dbc tempest-NetworksTest-1929845750 tempest-NetworksTest-1929845750-project-admin] 10.222.0.50 "GET /compute/v2.1/os-networks" status: 200 len: 1938 microversion: 2.1 time: 0.456213
Aug 11 07:43:22.265286 n-d-713499-12 devstack@n-api.service[116278]: [pid: 116278|app: 0|req: 51/94] 10.222.0.50 () {58 vars in 1137 bytes} [Wed Aug 11 07:43:21 2021] GET /compute/v2.1/os-networks => generated 1938 bytes in 461 msecs (HTTP/1.1 200) 9 headers in 358 bytes (1 switches on core 0)
Aug 11 07:43:22.278924 n-d-713499-12 devstack@n-api.service[116278]: DEBUG nova.api.openstack.wsgi [None req-36973dbe-7fff-4af8-8eaf-7bec52afbddd tempest-FlavorsAdminTestJSON-165763557 tempest-FlavorsAdminTestJSON-165763557-project-admin] Calling method '>' {{(pid=116278) _process_stack /opt/stack/nova/nova/api/openstack/wsgi.py:513}}
Aug 11 07:43:22.421282 n-d-713499-12 devstack@n-api.service[116278]: INFO nova.api.openstack.requestlog [None req-36973dbe-7fff-4af8-8eaf-7bec52afbddd tempest-FlavorsAdminTestJSON-165763557 tempest-FlavorsAdminTestJSON-165763557-project-admin] 10.222.0.50 "GET /compute/v2.1/flavors/detail" status: 200 len: 4991 microversion: 2.1 time: 0.146948
Aug 11 07:43:22.422848 n-d-713499-12 devstack@n-api.service[116278]: [pid: 116278|app: 0|req: 52/95] 10.222.0.50 () {58 vars in 1146 bytes} [Wed Aug 11 07:43:22 2021] GET /compute/v2.1/flavors/detail => generated 4991 bytes in 157 msecs (HTTP/1.1 200) 9 headers in 358 bytes (1 switches on core 0)
Aug 11 07:43:22.470455 n-d-713499-12 devstack@n-api.service[116278]: DEBUG nova.api.openstack.wsgi [None req-132958df-8ff8-4b24-b361-0ee6c3b3ffb8 tempest-FlavorsAdminTestJSON-165763557 tempest-FlavorsAdminTestJSON-165763557-project-admin] Action: 'create', calling method: >, body: {"flavor": {"ram": 512, "vcpus": 1, "disk": 10, "name": "tempest-test_flavor_-1342061009", "id": 1733141624, "swap": 1024, "rxtx_factor": 2, "OS-FLV-EXT-DATA:ephemeral": 10, "os-flavor-access:is_public": "True"}} {{(pid=116278) _process_stack /opt/stack/nova/nova/api/openstack/wsgi.py:511}}
Aug 11 07:43:22.482032 n-d-713499-12 devstack@n-api.service[116278]: /usr/local/lib/python3.8/dist-packages/oslo_policy/policy.py:1064: UserWarning: Policy os_compute_api:os-flavor-manage:create failed scope check. The token used to make the request was project scoped but the policy requires ['system'] scope. This behavior may change in the future where using the intended scope is required
Aug 11 07:43:22.482032 n-d-713499-12 devstack@n-api.service[116278]: warnings.warn(msg)
Aug 11 07:43:22.631171 n-d-713499-12 devstack@n-api.service[116278]: INFO nova.api.openstack.requestlog [None req-132958df-8ff8-4b24-b361-0ee6c3b3ffb8 tempest-FlavorsAdminTestJSON-165763557 tempest-FlavorsAdminTestJSON-165763557-project-admin] 10.222.0.50 "POST /compute/v2.1/flavors" status: 200 len: 417 microversion: 2.1 time: 0.185730
Aug 11 07:43:22.636851 n-d-713499-12 devstack@n-api.service[116278]: [pid: 116278|app: 0|req: 53/96] 10.222.0.50 () {60 vars in 1147 bytes} [Wed Aug 11 07:43:22 2021] POST /compute/v2.1/flavors => generated 417 bytes in 194 msecs (HTTP/1.1 200) 9 headers in 357 bytes (1 switches on core 0)
Aug 11 07:43:22.652424 n-d-713499-12 devstack@n-api.service[116278]: DEBUG nova.api.openstack.wsgi [None req-4828ae41-2ec9-43a0-baf7-d7b3c88b6d56 tempest-FlavorsAdminTestJSON-165763557 tempest-FlavorsAdminTestJSON-165763557-project-admin] Calling method '>' {{(pid=116278) _process_stack /opt/stack/nova/nova/api/openstack/wsgi.py:513}}
Aug 11 07:43:22.680809 n-d-713499-12 devstack@n-api.service[116278]: INFO nova.api.openstack.requestlog [None req-4828ae41-2ec9-43a0-baf7-d7b3c88b6d56 tempest-FlavorsAdminTestJSON-165763557 tempest-FlavorsAdminTestJSON-165763557-project-admin] 10.222.0.50 "GET /compute/v2.1/flavors/detail" status: 200 len: 5398 microversion: 2.1 time: 0.035053
Aug 11 07:43:22.683153 n-d-713499-12 devstack@n-api.service[116278]: [pid: 116278|app: 0|req: 54/97] 10.222.0.50 () {58 vars in 1146 bytes} [Wed Aug 11 07:43:22 2021] GET /compute/v2.1/flavors/detail => generated 5398 bytes in 39 msecs (HTTP/1.1 200) 9 headers in 358 bytes (1 switches on core 0)
Aug 11 07:43:22.714405 n-d-713499-12 devstack@n-api.service[116278]: DEBUG nova.api.openstack.wsgi [None req-b54cbf5a-1439-41b8-b464-15d5442a343c tempest-FlavorsAdminTestJSON-165763557 tempest-FlavorsAdminTestJSON-165763557-project-admin] Calling method '>' {{(pid=116278) _process_stack /opt/stack/nova/nova/api/openstack/wsgi.py:513}}
Aug 11 07:43:22.783570 n-d-713499-12 devstack@n-api.service[116278]: INFO nova.api.openstack.requestlog [None req-b54cbf5a-1439-41b8-b464-15d5442a343c tempest-FlavorsAdminTestJSON-165763557 tempest-FlavorsAdminTestJSON-165763557-project-admin] 10.222.0.50 "DELETE /compute/v2.1/flavors/1733141624" status: 202 len: 0 microversion: 2.1 time: 0.079656
Aug 11 07:43:22.793082 n-d-713499-12 devstack@n-api.service[116278]: [pid: 116278|app: 0|req: 55/98] 10.222.0.50 () {58 vars in 1161 bytes} [Wed Aug 11 07:43:22 2021] DELETE /compute/v2.1/flavors/1733141624 => generated 0 bytes in 90 msecs (HTTP/1.1 202) 9 headers in 361 bytes (1 switches on core 0)
Aug 11 07:43:22.806765 n-d-713499-12 devstack@n-api.service[116278]: DEBUG nova.api.openstack.wsgi [None req-80fde19f-396a-46e7-92d0-28a5e4c71ad0 tempest-DeleteServersAdminTestJSON-1311717815 tempest-DeleteServersAdminTestJSON-1311717815-project] Calling method '>' {{(pid=116278) _process_stack /opt/stack/nova/nova/api/openstack/wsgi.py:513}}
Aug 11 07:43:22.807975 n-d-713499-12 devstack@n-api.service[116278]: DEBUG nova.compute.api [None req-80fde19f-396a-46e7-92d0-28a5e4c71ad0 tempest-DeleteServersAdminTestJSON-1311717815 tempest-DeleteServersAdminTestJSON-1311717815-project] [instance: d3fa715d-9843-4d04-84d2-64acdb4598d9] Fetching instance by UUID {{(pid=116278) get /opt/stack/nova/nova/compute/api.py:2809}}
Aug 11 07:43:22.825193 n-d-713499-12 devstack@n-api.service[116278]: DEBUG oslo_concurrency.lockutils [None req-80fde19f-396a-46e7-92d0-28a5e4c71ad0 tempest-DeleteServersAdminTestJSON-1311717815 tempest-DeleteServersAdminTestJSON-1311717815-project] Lock "7afbe357-5313-483f-9735-6f86ec2eab81" acquired by "nova.context.set_target_cell..get_or_set_cached_cell_and_set_connections" :: waited 0.000s {{(pid=116278) inner /usr/local/lib/python3.8/dist-packages/oslo_concurrency/lockutils.py:355}}
Aug 11 07:43:22.826096 n-d-713499-12 devstack@n-api.service[116278]: DEBUG oslo_concurrency.lockutils [None req-80fde19f-396a-46e7-92d0-28a5e4c71ad0 tempest-DeleteServersAdminTestJSON-1311717815 tempest-DeleteServersAdminTestJSON-1311717815-project] Lock "7afbe357-5313-483f-9735-6f86ec2eab81" released by "nova.context.set_target_cell..get_or_set_cached_cell_and_set_connections" :: held 0.001s {{(pid=116278) inner /usr/local/lib/python3.8/dist-packages/oslo_concurrency/lockutils.py:367}}
Aug 11 07:43:22.835896 n-d-713499-12 devstack@n-api.service[116278]: DEBUG oslo_concurrency.lockutils [None req-80fde19f-396a-46e7-92d0-28a5e4c71ad0 tempest-DeleteServersAdminTestJSON-1311717815 tempest-DeleteServersAdminTestJSON-1311717815-project] Lock "7afbe357-5313-483f-9735-6f86ec2eab81" acquired by "nova.context.set_target_cell..get_or_set_cached_cell_and_set_connections" :: waited 0.000s {{(pid=116278) inner /usr/local/lib/python3.8/dist-packages/oslo_concurrency/lockutils.py:355}}
Aug 11 07:43:22.836756 n-d-713499-12 devstack@n-api.service[116278]: DEBUG oslo_concurrency.lockutils [None req-80fde19f-396a-46e7-92d0-28a5e4c71ad0 tempest-DeleteServersAdminTestJSON-1311717815 tempest-DeleteServersAdminTestJSON-1311717815-project] Lock "7afbe357-5313-483f-9735-6f86ec2eab81" released by "nova.context.set_target_cell..get_or_set_cached_cell_and_set_connections" :: held 0.009s {{(pid=116278) inner /usr/local/lib/python3.8/dist-packages/oslo_concurrency/lockutils.py:367}}
Aug 11 07:43:23.258543 n-d-713499-12 devstack@n-api.service[116278]: DEBUG nova.policy [None req-80fde19f-396a-46e7-92d0-28a5e4c71ad0 tempest-DeleteServersAdminTestJSON-1311717815 tempest-DeleteServersAdminTestJSON-1311717815-project] Policy check for os_compute_api:os-extended-server-attributes failed with credentials {'is_admin': False, 'user_id': '13ef8de555bb42278acb3c5236e97028', 'user_domain_id': 'default', 'system_scope': None, 'domain_id': None, 'project_id': '0a839dd4712c4d1a8f59ecff71a2a1c1', 'project_domain_id': 'default', 'roles': ['member', 'reader'], 'is_admin_project': True, 'service_user_id': None, 'service_user_domain_id': None, 'service_project_id': None, 'service_project_domain_id': None, 'service_roles': []} {{(pid=116278) authorize /opt/stack/nova/nova/policy.py:199}}
Aug 11 07:43:23.278753 n-d-713499-12 devstack@n-api.service[116278]: INFO nova.api.openstack.requestlog [None req-80fde19f-396a-46e7-92d0-28a5e4c71ad0 tempest-DeleteServersAdminTestJSON-1311717815 tempest-DeleteServersAdminTestJSON-1311717815-project] 10.222.0.50 "GET /compute/v2.1/servers/d3fa715d-9843-4d04-84d2-64acdb4598d9" status: 200 len: 1320 microversion: 2.1 time: 0.483437
Aug 11 07:43:23.281760 n-d-713499-12 devstack@n-api.service[116278]: [pid: 116278|app: 0|req: 56/99] 10.222.0.50 () {58 vars in 1236 bytes} [Wed Aug 11 07:43:22 2021] GET /compute/v2.1/servers/d3fa715d-9843-4d04-84d2-64acdb4598d9 => generated 1320 bytes in 488 msecs (HTTP/1.1 200) 9 headers in 358 bytes (1 switches on core 0)
Aug 11 07:43:23.292591 n-d-713499-12 devstack@n-api.service[116278]: DEBUG nova.api.openstack.wsgi [None req-da26386b-5393-4bbf-b9c9-840bf6ce7d4e tempest-FlavorsAdminTestJSON-165763557 tempest-FlavorsAdminTestJSON-165763557-project-admin] Calling method '>' {{(pid=116278) _process_stack /opt/stack/nova/nova/api/openstack/wsgi.py:513}}
Aug 11 07:43:23.332861 n-d-713499-12 devstack@n-api.service[116278]: INFO nova.api.openstack.requestlog [None req-da26386b-5393-4bbf-b9c9-840bf6ce7d4e tempest-FlavorsAdminTestJSON-165763557 tempest-FlavorsAdminTestJSON-165763557-project-admin] 10.222.0.50 "GET /compute/v2.1/flavors/detail" status: 200 len: 4991 microversion: 2.1 time: 0.048105
Aug 11 07:43:23.345553 n-d-713499-12 devstack@n-api.service[116278]: [pid: 116278|app: 0|req: 57/100] 10.222.0.50 () {58 vars in 1146 bytes} [Wed Aug 11 07:43:23 2021] GET /compute/v2.1/flavors/detail => generated 4991 bytes in 63 msecs (HTTP/1.1 200) 9 headers in 358 bytes (1 switches on core 0)
Aug 11 07:43:23.352648 n-d-713499-12 devstack@n-api.service[116278]: DEBUG nova.api.openstack.wsgi [None req-0301712f-0818-4d5d-b69b-6a636fee02fe tempest-FlavorsAdminTestJSON-165763557 tempest-FlavorsAdminTestJSON-165763557-project-admin] Action: 'create', calling method: >, body: {"flavor": {"ram": 512, "vcpus": 1, "disk": 10, "name": "tempest-FlavorsAdminTestJSON-flavor-2138586375", "id": 1098908036, "os-flavor-access:is_public": "True"}} {{(pid=116278) _process_stack /opt/stack/nova/nova/api/openstack/wsgi.py:511}}
Aug 11 07:43:23.354980 n-d-713499-12 devstack@n-api.service[116278]: /usr/local/lib/python3.8/dist-packages/oslo_policy/policy.py:1064: UserWarning: Policy os_compute_api:os-flavor-manage:create failed scope check. The token used to make the request was project scoped but the policy requires ['system'] scope. This behavior may change in the future where using the intended scope is required
Aug 11 07:43:23.354980 n-d-713499-12 devstack@n-api.service[116278]: warnings.warn(msg)
Aug 11 07:43:23.454177 n-d-713499-12 devstack@n-api.service[116278]: INFO nova.api.openstack.requestlog [None req-0301712f-0818-4d5d-b69b-6a636fee02fe tempest-FlavorsAdminTestJSON-165763557 tempest-FlavorsAdminTestJSON-165763557-project-admin] 10.222.0.50 "POST /compute/v2.1/flavors" status: 200 len: 429 microversion: 2.1 time: 0.104398
Aug 11 07:43:23.462664 n-d-713499-12 devstack@n-api.service[116278]: [pid: 116278|app: 0|req: 58/101] 10.222.0.50 () {60 vars in 1147 bytes} [Wed Aug 11 07:43:23 2021] POST /compute/v2.1/flavors => generated 429 bytes in 109 msecs (HTTP/1.1 200) 9 headers in 357 bytes (1 switches on core 0)
Aug 11 07:43:23.484764 n-d-713499-12 devstack@n-api.service[116278]: DEBUG nova.api.openstack.wsgi [None req-f897252e-7a29-4cd3-99dd-535c159c7bb6 tempest-FlavorsAdminTestJSON-165763557 tempest-FlavorsAdminTestJSON-165763557-project-admin] Calling method '>' {{(pid=116278) _process_stack /opt/stack/nova/nova/api/openstack/wsgi.py:513}}
Aug 11 07:43:23.486117 n-d-713499-12 devstack@n-api.service[116278]: /usr/local/lib/python3.8/dist-packages/oslo_policy/policy.py:1064: UserWarning: Policy os_compute_api:os-flavor-manage:delete failed scope check. The token used to make the request was project scoped but the policy requires ['system'] scope. This behavior may change in the future where using the intended scope is required
Aug 11 07:43:23.486117 n-d-713499-12 devstack@n-api.service[116278]: warnings.warn(msg)
Aug 11 07:43:23.520992 n-d-713499-12 devstack@n-api.service[116278]: INFO nova.api.openstack.requestlog [None req-f897252e-7a29-4cd3-99dd-535c159c7bb6 tempest-FlavorsAdminTestJSON-165763557 tempest-FlavorsAdminTestJSON-165763557-project-admin] 10.222.0.50 "DELETE /compute/v2.1/flavors/1098908036" status: 202 len: 0 microversion: 2.1 time: 0.047931
Aug 11 07:43:23.522667 n-d-713499-12 devstack@n-api.service[116278]: [pid: 116278|app: 0|req: 59/102] 10.222.0.50 () {58 vars in 1161 bytes} [Wed Aug 11 07:43:23 2021] DELETE /compute/v2.1/flavors/1098908036 => generated 0 bytes in 55 msecs (HTTP/1.1 202) 9 headers in 361 bytes (1 switches on core 0)
Aug 11 07:43:23.526153 n-d-713499-12 devstack@n-api.service[116279]: DEBUG nova.policy [None req-ebf4a996-5640-4a45-9cf8-229b5cd869c2 tempest-AggregatesAdminTestJSON-1885740945 tempest-AggregatesAdminTestJSON-1885740945-project] Policy check for os_compute_api:os-extended-server-attributes failed with credentials {'is_admin': False, 'user_id': 'ba4820b4c95f4075b464a742452a068d', 'user_domain_id': 'default', 'system_scope': None, 'domain_id': None, 'project_id': '15bbf76b9c424174b483eae1c854e405', 'project_domain_id': 'default', 'roles': ['member', 'reader'], 'is_admin_project': True, 'service_user_id': None, 'service_user_domain_id': None, 'service_project_id': None, 'service_project_domain_id': None, 'service_roles': []} {{(pid=116279) authorize /opt/stack/nova/nova/policy.py:199}}
Aug 11 07:43:23.586117 n-d-713499-12 devstack@n-api.service[116278]: DEBUG nova.api.openstack.wsgi [None req-fe1a594f-f50a-4695-8eea-6331ee836c3e tempest-FlavorsAdminTestJSON-165763557 tempest-FlavorsAdminTestJSON-165763557-project-admin] Calling method '>' {{(pid=116278) _process_stack /opt/stack/nova/nova/api/openstack/wsgi.py:513}}
Aug 11 07:43:23.597295 n-d-713499-12 devstack@n-api.service[116279]: INFO nova.api.openstack.requestlog [None req-ebf4a996-5640-4a45-9cf8-229b5cd869c2 tempest-AggregatesAdminTestJSON-1885740945 tempest-AggregatesAdminTestJSON-1885740945-project] 10.222.0.50 "GET /compute/v2.1/servers/75d1185b-97e8-450b-b0a1-170f61eede44" status: 200 len: 1337 microversion: 2.1 time: 1.509806
Aug 11 07:43:23.607983 n-d-713499-12 devstack@n-api.service[116279]: [pid: 116279|app: 0|req: 44/103] 10.222.0.50 () {58 vars in 1236 bytes} [Wed Aug 11 07:43:22 2021] GET /compute/v2.1/servers/75d1185b-97e8-450b-b0a1-170f61eede44 => generated 1337 bytes in 1522 msecs (HTTP/1.1 200) 9 headers in 358 bytes (1 switches on core 0)
Aug 11 07:43:23.680076 n-d-713499-12 devstack@n-api.service[116278]: INFO nova.api.openstack.requestlog [None req-fe1a594f-f50a-4695-8eea-6331ee836c3e tempest-FlavorsAdminTestJSON-165763557 tempest-FlavorsAdminTestJSON-165763557-project-admin] 10.222.0.50 "GET /compute/v2.1/flavors/detail" status: 200 len: 4991 microversion: 2.1 time: 0.124704
Aug 11 07:43:23.687919 n-d-713499-12 devstack@n-api.service[116278]: [pid: 116278|app: 0|req: 60/104] 10.222.0.50 () {58 vars in 1146 bytes} [Wed Aug 11 07:43:23 2021] GET /compute/v2.1/flavors/detail => generated 4991 bytes in 134 msecs (HTTP/1.1 200) 9 headers in 358 bytes (1 switches on core 0)
Aug 11 07:43:23.718463 n-d-713499-12 devstack@n-api.service[116279]: DEBUG nova.api.openstack.wsgi [None req-e5bf6097-c537-48f5-a2ce-9e3a3fd1f5c2 tempest-FlavorsAdminTestJSON-165763557 tempest-FlavorsAdminTestJSON-165763557-project-admin] Action: 'create', calling method: >, body: {"flavor": {"ram": 512, "vcpus": 1, "disk": 10, "name": "tempest-FlavorsAdminTestJSON-flavor-501912371", "id": null, "os-flavor-access:is_public": "True"}} {{(pid=116279) _process_stack /opt/stack/nova/nova/api/openstack/wsgi.py:511}}
Aug 11 07:43:23.732166 n-d-713499-12 devstack@n-api.service[116279]: /usr/local/lib/python3.8/dist-packages/oslo_policy/policy.py:1064: UserWarning: Policy os_compute_api:os-flavor-manage:create failed scope check. The token used to make the request was project scoped but the policy requires ['system'] scope. This behavior may change in the future where using the intended scope is required
Aug 11 07:43:23.732166 n-d-713499-12 devstack@n-api.service[116279]: warnings.warn(msg)
Aug 11 07:43:23.819056 n-d-713499-12 devstack@n-api.service[116279]: INFO nova.api.openstack.requestlog [None req-e5bf6097-c537-48f5-a2ce-9e3a3fd1f5c2 tempest-FlavorsAdminTestJSON-165763557 tempest-FlavorsAdminTestJSON-165763557-project-admin] 10.222.0.50 "POST /compute/v2.1/flavors" status: 200 len: 506 microversion: 2.1 time: 0.108521
Aug 11 07:43:23.825069 n-d-713499-12 devstack@n-api.service[116279]: [pid: 116279|app: 0|req: 45/105] 10.222.0.50 () {60 vars in 1147 bytes} [Wed Aug 11 07:43:23 2021] POST /compute/v2.1/flavors => generated 506 bytes in 116 msecs (HTTP/1.1 200) 9 headers in 357 bytes (2 switches on core 0)
Aug 11 07:43:23.851454 n-d-713499-12 devstack@n-api.service[116278]: DEBUG nova.api.openstack.wsgi [None req-78b83232-09fc-44b1-b350-1388996b14d0 tempest-FlavorsAdminTestJSON-165763557 tempest-FlavorsAdminTestJSON-165763557-project-admin] Calling method '>' {{(pid=116278) _process_stack /opt/stack/nova/nova/api/openstack/wsgi.py:513}}
Aug 11 07:43:23.954228 n-d-713499-12 devstack@n-api.service[116278]: INFO nova.api.openstack.requestlog [None req-78b83232-09fc-44b1-b350-1388996b14d0 tempest-FlavorsAdminTestJSON-165763557 tempest-FlavorsAdminTestJSON-165763557-project-admin] 10.222.0.50 "DELETE /compute/v2.1/flavors/29c672af-1801-4f8d-a03e-75942a912a39" status: 202 len: 0 microversion: 2.1 time: 0.114034
Aug 11 07:43:23.955111 n-d-713499-12 devstack@n-api.service[116278]: [pid: 116278|app: 0|req: 61/106] 10.222.0.50 () {58 vars in 1239 bytes} [Wed Aug 11 07:43:23 2021] DELETE /compute/v2.1/flavors/29c672af-1801-4f8d-a03e-75942a912a39 => generated 0 bytes in 117 msecs (HTTP/1.1 202) 9 headers in 361 bytes (1 switches on core 0)
Aug 11 07:43:23.967572 n-d-713499-12 devstack@n-api.service[116279]: DEBUG nova.api.openstack.wsgi [None req-e83d52a8-bd2d-4bed-86cc-b19aa48526a2 tempest-FlavorsAdminTestJSON-165763557 tempest-FlavorsAdminTestJSON-165763557-project-admin] Calling method '>' {{(pid=116279) _process_stack /opt/stack/nova/nova/api/openstack/wsgi.py:513}}
Aug 11 07:43:24.106605 n-d-713499-12 devstack@n-api.service[116279]: INFO nova.api.openstack.requestlog [None req-e83d52a8-bd2d-4bed-86cc-b19aa48526a2 tempest-FlavorsAdminTestJSON-165763557 tempest-FlavorsAdminTestJSON-165763557-project-admin] 10.222.0.50 "GET /compute/v2.1/flavors/detail" status: 200 len: 4991 microversion: 2.1 time: 0.146160
Aug 11 07:43:24.114188 n-d-713499-12 devstack@n-api.service[116279]: [pid: 116279|app: 0|req: 46/107] 10.222.0.50 () {58 vars in 1146 bytes} [Wed Aug 11 07:43:23 2021] GET /compute/v2.1/flavors/detail => generated 4991 bytes in 155 msecs (HTTP/1.1 200) 9 headers in 358 bytes (1 switches on core 0)
Aug 11 07:43:24.140785 n-d-713499-12 devstack@n-api.service[116278]: DEBUG nova.api.openstack.wsgi [None req-59d73d65-4ae7-4921-b70d-3ebccb8bbfbf tempest-FlavorsAdminTestJSON-165763557 tempest-FlavorsAdminTestJSON-165763557-project-admin] Action: 'create', calling method: >, body: {"flavor": {"ram": 512, "vcpus": 1, "disk": 10, "name": "tempest-FlavorsAdminTestJSON-flavor-908879537", "id": "6db1dea1-27e9-4a3f-8ad4-0440f6b68a9a", "os-flavor-access:is_public": "True"}} {{(pid=116278) _process_stack /opt/stack/nova/nova/api/openstack/wsgi.py:511}}
Aug 11 07:43:24.195214 n-d-713499-12 devstack@n-api.service[116278]: INFO nova.api.openstack.requestlog [None req-59d73d65-4ae7-4921-b70d-3ebccb8bbfbf tempest-FlavorsAdminTestJSON-165763557 tempest-FlavorsAdminTestJSON-165763557-project-admin] 10.222.0.50 "POST /compute/v2.1/flavors" status: 200 len: 506 microversion: 2.1 time: 0.059662
Aug 11 07:43:24.203926 n-d-713499-12 devstack@n-api.service[116278]: [pid: 116278|app: 0|req: 62/108] 10.222.0.50 () {60 vars in 1147 bytes} [Wed Aug 11 07:43:24 2021] POST /compute/v2.1/flavors => generated 506 bytes in 69 msecs (HTTP/1.1 200) 9 headers in 357 bytes (1 switches on core 0)
Aug 11 07:43:24.213199 n-d-713499-12 devstack@n-api.service[116279]: DEBUG nova.api.openstack.wsgi [None req-d06d26f0-aab2-4324-8fb0-14334c5ecbfa tempest-FlavorsAdminTestJSON-165763557 tempest-FlavorsAdminTestJSON-165763557-project-admin] Calling method '>' {{(pid=116279) _process_stack /opt/stack/nova/nova/api/openstack/wsgi.py:513}}
Aug 11 07:43:24.214875 n-d-713499-12 devstack@n-api.service[116279]: /usr/local/lib/python3.8/dist-packages/oslo_policy/policy.py:1064: UserWarning: Policy os_compute_api:os-flavor-manage:delete failed scope check. The token used to make the request was project scoped but the policy requires ['system'] scope. This behavior may change in the future where using the intended scope is required
Aug 11 07:43:24.214875 n-d-713499-12 devstack@n-api.service[116279]: warnings.warn(msg)
Aug 11 07:43:24.318606 n-d-713499-12 devstack@n-api.service[116278]: DEBUG nova.api.openstack.wsgi [None req-7a50fe87-79c3-43e0-bb4f-012f6da36b15 tempest-DeleteServersAdminTestJSON-1311717815 tempest-DeleteServersAdminTestJSON-1311717815-project] Calling method '>' {{(pid=116278) _process_stack /opt/stack/nova/nova/api/openstack/wsgi.py:513}}
Aug 11 07:43:24.319331 n-d-713499-12 devstack@n-api.service[116278]: DEBUG nova.compute.api [None req-7a50fe87-79c3-43e0-bb4f-012f6da36b15 tempest-DeleteServersAdminTestJSON-1311717815 tempest-DeleteServersAdminTestJSON-1311717815-project] [instance: d3fa715d-9843-4d04-84d2-64acdb4598d9] Fetching instance by UUID {{(pid=116278) get /opt/stack/nova/nova/compute/api.py:2809}}
Aug 11 07:43:24.350637 n-d-713499-12 devstack@n-api.service[116279]: INFO nova.api.openstack.requestlog [None req-d06d26f0-aab2-4324-8fb0-14334c5ecbfa tempest-FlavorsAdminTestJSON-165763557 tempest-FlavorsAdminTestJSON-165763557-project-admin] 10.222.0.50 "DELETE /compute/v2.1/flavors/6db1dea1-27e9-4a3f-8ad4-0440f6b68a9a" status: 202 len: 0 microversion: 2.1 time: 0.142853
Aug 11 07:43:24.354410 n-d-713499-12 devstack@n-api.service[116279]: [pid: 116279|app: 0|req: 47/109] 10.222.0.50 () {58 vars in 1239 bytes} [Wed Aug 11 07:43:24 2021] DELETE /compute/v2.1/flavors/6db1dea1-27e9-4a3f-8ad4-0440f6b68a9a => generated 0 bytes in 151 msecs (HTTP/1.1 202) 9 headers in 361 bytes (1 switches on core 0)
Aug 11 07:43:24.364064 n-d-713499-12 devstack@n-api.service[116278]: DEBUG oslo_concurrency.lockutils [None req-7a50fe87-79c3-43e0-bb4f-012f6da36b15 tempest-DeleteServersAdminTestJSON-1311717815 tempest-DeleteServersAdminTestJSON-1311717815-project] Lock "7afbe357-5313-483f-9735-6f86ec2eab81" acquired by "nova.context.set_target_cell..get_or_set_cached_cell_and_set_connections" :: waited 0.000s {{(pid=116278) inner /usr/local/lib/python3.8/dist-packages/oslo_concurrency/lockutils.py:355}}
Aug 11 07:43:24.364539 n-d-713499-12 devstack@n-api.service[116278]: DEBUG oslo_concurrency.lockutils [None req-7a50fe87-79c3-43e0-bb4f-012f6da36b15 tempest-DeleteServersAdminTestJSON-1311717815 tempest-DeleteServersAdminTestJSON-1311717815-project] Lock "7afbe357-5313-483f-9735-6f86ec2eab81" released by "nova.context.set_target_cell..get_or_set_cached_cell_and_set_connections" :: held 0.001s {{(pid=116278) inner /usr/local/lib/python3.8/dist-packages/oslo_concurrency/lockutils.py:367}}
Aug 11 07:43:24.369714 n-d-713499-12 devstack@n-api.service[116278]: DEBUG oslo_concurrency.lockutils [None req-7a50fe87-79c3-43e0-bb4f-012f6da36b15 tempest-DeleteServersAdminTestJSON-1311717815 tempest-DeleteServersAdminTestJSON-1311717815-project] Lock "7afbe357-5313-483f-9735-6f86ec2eab81" acquired by "nova.context.set_target_cell..get_or_set_cached_cell_and_set_connections" :: waited 0.000s {{(pid=116278) inner /usr/local/lib/python3.8/dist-packages/oslo_concurrency/lockutils.py:355}}
Aug 11 07:43:24.372141 n-d-713499-12 devstack@n-api.service[116278]: DEBUG oslo_concurrency.lockutils [None req-7a50fe87-79c3-43e0-bb4f-012f6da36b15 tempest-DeleteServersAdminTestJSON-1311717815 tempest-DeleteServersAdminTestJSON-1311717815-project] Lock "7afbe357-5313-483f-9735-6f86ec2eab81" released by "nova.context.set_target_cell..get_or_set_cached_cell_and_set_connections" :: held 0.006s {{(pid=116278) inner /usr/local/lib/python3.8/dist-packages/oslo_concurrency/lockutils.py:367}}
Aug 11 07:43:24.384034 n-d-713499-12 devstack@n-api.service[116279]: DEBUG nova.api.openstack.wsgi [None req-a7c1c740-bd34-48bf-9d43-76cceb137d5e tempest-FlavorsAdminTestJSON-165763557 tempest-FlavorsAdminTestJSON-165763557-project-admin] Calling method '>' {{(pid=116279) _process_stack /opt/stack/nova/nova/api/openstack/wsgi.py:513}}
Aug 11 07:43:24.475261 n-d-713499-12 devstack@n-api.service[116279]: INFO nova.api.openstack.requestlog [None req-a7c1c740-bd34-48bf-9d43-76cceb137d5e tempest-FlavorsAdminTestJSON-165763557 tempest-FlavorsAdminTestJSON-165763557-project-admin] 10.222.0.50 "GET /compute/v2.1/flavors/detail" status: 200 len: 4991 microversion: 2.1 time: 0.116122
Aug 11 07:43:24.479553 n-d-713499-12 devstack@n-api.service[116279]: [pid: 116279|app: 0|req: 48/110] 10.222.0.50 () {58 vars in 1146 bytes} [Wed Aug 11 07:43:24 2021] GET /compute/v2.1/flavors/detail => generated 4991 bytes in 121 msecs (HTTP/1.1 200) 9 headers in 358 bytes (1 switches on core 0)
Aug 11 07:43:24.527100 n-d-713499-12 devstack@n-api.service[116279]: DEBUG nova.api.openstack.wsgi [None req-6377d077-ef71-4fa1-85cf-fb0508204c84 tempest-FlavorsAdminTestJSON-165763557 tempest-FlavorsAdminTestJSON-165763557-project-admin] Action: 'create', calling method: >, body: {"flavor": {"ram": 512, "vcpus": 1, "disk": 10, "name": "tempest-test_flavor_-802298261", "id": 336774346, "os-flavor-access:is_public": "True"}} {{(pid=116279) _process_stack /opt/stack/nova/nova/api/openstack/wsgi.py:511}}
Aug 11 07:43:24.583002 n-d-713499-12 devstack@n-api.service[116279]: INFO nova.api.openstack.requestlog [None req-6377d077-ef71-4fa1-85cf-fb0508204c84 tempest-FlavorsAdminTestJSON-165763557 tempest-FlavorsAdminTestJSON-165763557-project-admin] 10.222.0.50 "POST /compute/v2.1/flavors" status: 200 len: 410 microversion: 2.1 time: 0.067010
Aug 11 07:43:24.587365 n-d-713499-12 devstack@n-api.service[116279]: [pid: 116279|app: 0|req: 49/111] 10.222.0.50 () {60 vars in 1147 bytes} [Wed Aug 11 07:43:24 2021] POST /compute/v2.1/flavors => generated 410 bytes in 73 msecs (HTTP/1.1 200) 9 headers in 357 bytes (2 switches on core 0)
Aug 11 07:43:24.616390 n-d-713499-12 devstack@n-api.service[116279]: DEBUG nova.api.openstack.wsgi [None req-af2e4533-918b-48f2-820b-c523fc958922 tempest-FlavorsAdminTestJSON-165763557 tempest-FlavorsAdminTestJSON-165763557-project-admin] Calling method '>' {{(pid=116279) _process_stack /opt/stack/nova/nova/api/openstack/wsgi.py:513}}
Aug 11 07:43:24.689021 n-d-713499-12 devstack@n-api.service[116279]: INFO nova.api.openstack.requestlog [None req-af2e4533-918b-48f2-820b-c523fc958922 tempest-FlavorsAdminTestJSON-165763557 tempest-FlavorsAdminTestJSON-165763557-project-admin] 10.222.0.50 "GET /compute/v2.1/flavors/336774346" status: 200 len: 410 microversion: 2.1 time: 0.086288
Aug 11 07:43:24.693226 n-d-713499-12 devstack@n-api.service[116279]: [pid: 116279|app: 0|req: 50/112] 10.222.0.50 () {58 vars in 1155 bytes} [Wed Aug 11 07:43:24 2021] GET /compute/v2.1/flavors/336774346 => generated 410 bytes in 96 msecs (HTTP/1.1 200) 9 headers in 357 bytes (1 switches on core 0)
Aug 11 07:43:24.712489 n-d-713499-12 devstack@n-api.service[116279]: DEBUG nova.api.openstack.wsgi [None req-6f0bb998-8a6d-4ca9-959f-a3f8fcf44b70 tempest-AggregatesAdminTestJSON-1885740945 tempest-AggregatesAdminTestJSON-1885740945-project] Calling method '>' {{(pid=116279) _process_stack /opt/stack/nova/nova/api/openstack/wsgi.py:513}}
Aug 11 07:43:24.717390 n-d-713499-12 devstack@n-api.service[116279]: DEBUG nova.compute.api [None req-6f0bb998-8a6d-4ca9-959f-a3f8fcf44b70 tempest-AggregatesAdminTestJSON-1885740945 tempest-AggregatesAdminTestJSON-1885740945-project] [instance: 75d1185b-97e8-450b-b0a1-170f61eede44] Fetching instance by UUID {{(pid=116279) get /opt/stack/nova/nova/compute/api.py:2809}}
Aug 11 07:43:24.760339 n-d-713499-12 devstack@n-api.service[116279]: DEBUG oslo_concurrency.lockutils [None req-6f0bb998-8a6d-4ca9-959f-a3f8fcf44b70 tempest-AggregatesAdminTestJSON-1885740945 tempest-AggregatesAdminTestJSON-1885740945-project] Lock "7afbe357-5313-483f-9735-6f86ec2eab81" acquired by "nova.context.set_target_cell..get_or_set_cached_cell_and_set_connections" :: waited 0.000s {{(pid=116279) inner /usr/local/lib/python3.8/dist-packages/oslo_concurrency/lockutils.py:355}}
Aug 11 07:43:24.761346 n-d-713499-12 devstack@n-api.service[116279]: DEBUG oslo_concurrency.lockutils [None req-6f0bb998-8a6d-4ca9-959f-a3f8fcf44b70 tempest-AggregatesAdminTestJSON-1885740945 tempest-AggregatesAdminTestJSON-1885740945-project] Lock "7afbe357-5313-483f-9735-6f86ec2eab81" released by "nova.context.set_target_cell..get_or_set_cached_cell_and_set_connections" :: held 0.004s {{(pid=116279) inner /usr/local/lib/python3.8/dist-packages/oslo_concurrency/lockutils.py:367}}
Aug 11 07:43:24.762909 n-d-713499-12 devstack@n-api.service[116279]: DEBUG oslo_concurrency.lockutils [None req-6f0bb998-8a6d-4ca9-959f-a3f8fcf44b70 tempest-AggregatesAdminTestJSON-1885740945 tempest-AggregatesAdminTestJSON-1885740945-project] Lock "7afbe357-5313-483f-9735-6f86ec2eab81" acquired by "nova.context.set_target_cell..get_or_set_cached_cell_and_set_connections" :: waited 0.000s {{(pid=116279) inner /usr/local/lib/python3.8/dist-packages/oslo_concurrency/lockutils.py:355}}
Aug 11 07:43:24.763679 n-d-713499-12 devstack@n-api.service[116279]: DEBUG oslo_concurrency.lockutils [None req-6f0bb998-8a6d-4ca9-959f-a3f8fcf44b70 tempest-AggregatesAdminTestJSON-1885740945 tempest-AggregatesAdminTestJSON-1885740945-project] Lock "7afbe357-5313-483f-9735-6f86ec2eab81" released by "nova.context.set_target_cell..get_or_set_cached_cell_and_set_connections" :: held 0.001s {{(pid=116279) inner /usr/local/lib/python3.8/dist-packages/oslo_concurrency/lockutils.py:367}}
Aug 11 07:43:25.614849 n-d-713499-12 devstack@n-api.service[116278]: DEBUG nova.policy [None req-7a50fe87-79c3-43e0-bb4f-012f6da36b15 tempest-DeleteServersAdminTestJSON-1311717815 tempest-DeleteServersAdminTestJSON-1311717815-project] Policy check for os_compute_api:os-extended-server-attributes failed with credentials {'is_admin': False, 'user_id': '13ef8de555bb42278acb3c5236e97028', 'user_domain_id': 'default', 'system_scope': None, 'domain_id': None, 'project_id': '0a839dd4712c4d1a8f59ecff71a2a1c1', 'project_domain_id': 'default', 'roles': ['member', 'reader'], 'is_admin_project': True, 'service_user_id': None, 'service_user_domain_id': None, 'service_project_id': None, 'service_project_domain_id': None, 'service_roles': []} {{(pid=116278) authorize /opt/stack/nova/nova/policy.py:199}}
Aug 11 07:43:25.639022 n-d-713499-12 devstack@n-api.service[116278]: INFO nova.api.openstack.requestlog [None req-7a50fe87-79c3-43e0-bb4f-012f6da36b15 tempest-DeleteServersAdminTestJSON-1311717815 tempest-DeleteServersAdminTestJSON-1311717815-project] 10.222.0.50 "GET /compute/v2.1/servers/d3fa715d-9843-4d04-84d2-64acdb4598d9" status: 200 len: 1320 microversion: 2.1 time: 1.336667
Aug 11 07:43:25.642865 n-d-713499-12 devstack@n-api.service[116278]: [pid: 116278|app: 0|req: 63/113] 10.222.0.50 () {58 vars in 1236 bytes} [Wed Aug 11 07:43:24 2021] GET /compute/v2.1/servers/d3fa715d-9843-4d04-84d2-64acdb4598d9 => generated 1320 bytes in 1342 msecs (HTTP/1.1 200) 9 headers in 358 bytes (1 switches on core 0)
Aug 11 07:43:25.836232 n-d-713499-12 devstack@n-api.service[116279]: DEBUG nova.policy [None req-6f0bb998-8a6d-4ca9-959f-a3f8fcf44b70 tempest-AggregatesAdminTestJSON-1885740945 tempest-AggregatesAdminTestJSON-1885740945-project] Policy check for os_compute_api:os-extended-server-attributes failed with credentials {'is_admin': False, 'user_id': 'ba4820b4c95f4075b464a742452a068d', 'user_domain_id': 'default', 'system_scope': None, 'domain_id': None, 'project_id': '15bbf76b9c424174b483eae1c854e405', 'project_domain_id': 'default', 'roles': ['member', 'reader'], 'is_admin_project': True, 'service_user_id': None, 'service_user_domain_id': None, 'service_project_id': None, 'service_project_domain_id': None, 'service_roles': []} {{(pid=116279) authorize /opt/stack/nova/nova/policy.py:199}}
Aug 11 07:43:25.867605 n-d-713499-12 devstack@n-api.service[116279]: INFO nova.api.openstack.requestlog [None req-6f0bb998-8a6d-4ca9-959f-a3f8fcf44b70 tempest-AggregatesAdminTestJSON-1885740945 tempest-AggregatesAdminTestJSON-1885740945-project] 10.222.0.50 "GET /compute/v2.1/servers/75d1185b-97e8-450b-b0a1-170f61eede44" status: 200 len: 1337 microversion: 2.1 time: 1.172271
Aug 11 07:43:25.869539 n-d-713499-12 devstack@n-api.service[116279]: [pid: 116279|app: 0|req: 51/114] 10.222.0.50 () {58 vars in 1236 bytes} [Wed Aug 11 07:43:24 2021] GET /compute/v2.1/servers/75d1185b-97e8-450b-b0a1-170f61eede44 => generated 1337 bytes in 1175 msecs (HTTP/1.1 200) 9 headers in 358 bytes (1 switches on core 0)
Aug 11 07:43:25.890065 n-d-713499-12 devstack@n-api.service[116279]: DEBUG nova.api.openstack.wsgi [req-5ffb29cf-772d-4dd2-951c-2e93ddea3a7d req-9ed1bcdd-a1ab-400d-b8f3-bb43296e0421 service nova] Action: 'create', calling method: >, body: {"events": [{"name": "network-changed", "server_uuid": "75d1185b-97e8-450b-b0a1-170f61eede44", "tag": "d028eed5-b077-4954-adaf-9057cd140265"}]} {{(pid=116279) _process_stack /opt/stack/nova/nova/api/openstack/wsgi.py:511}}
Aug 11 07:43:25.893884 n-d-713499-12 devstack@n-api.service[116279]: /usr/local/lib/python3.8/dist-packages/oslo_policy/policy.py:1064: UserWarning: Policy os_compute_api:os-server-external-events:create failed scope check. The token used to make the request was project scoped but the policy requires ['system'] scope. This behavior may change in the future where using the intended scope is required
Aug 11 07:43:25.893884 n-d-713499-12 devstack@n-api.service[116279]: warnings.warn(msg)
Aug 11 07:43:25.928480 n-d-713499-12 devstack@n-api.service[116279]: DEBUG oslo_concurrency.lockutils [req-5ffb29cf-772d-4dd2-951c-2e93ddea3a7d req-9ed1bcdd-a1ab-400d-b8f3-bb43296e0421 service nova] Lock "7afbe357-5313-483f-9735-6f86ec2eab81" acquired by "nova.context.set_target_cell..get_or_set_cached_cell_and_set_connections" :: waited 0.000s {{(pid=116279) inner /usr/local/lib/python3.8/dist-packages/oslo_concurrency/lockutils.py:355}}
Aug 11 07:43:25.930093 n-d-713499-12 devstack@n-api.service[116279]: DEBUG oslo_concurrency.lockutils [req-5ffb29cf-772d-4dd2-951c-2e93ddea3a7d req-9ed1bcdd-a1ab-400d-b8f3-bb43296e0421 service nova] Lock "7afbe357-5313-483f-9735-6f86ec2eab81" released by "nova.context.set_target_cell..get_or_set_cached_cell_and_set_connections" :: held 0.006s {{(pid=116279) inner /usr/local/lib/python3.8/dist-packages/oslo_concurrency/lockutils.py:367}}
Aug 11 07:43:25.986850 n-d-713499-12 devstack@n-api.service[116279]: INFO nova.api.openstack.compute.server_external_events [req-5ffb29cf-772d-4dd2-951c-2e93ddea3a7d req-9ed1bcdd-a1ab-400d-b8f3-bb43296e0421 service nova] Creating event network-changed:d028eed5-b077-4954-adaf-9057cd140265 for instance 75d1185b-97e8-450b-b0a1-170f61eede44 on n-h1-713499-12
Aug 11 07:43:26.009450 n-d-713499-12 devstack@n-api.service[116279]: INFO nova.api.openstack.requestlog [req-5ffb29cf-772d-4dd2-951c-2e93ddea3a7d req-9ed1bcdd-a1ab-400d-b8f3-bb43296e0421 service nova] 10.222.0.50 "POST /compute/v2.1/os-server-external-events" status: 200 len: 179 microversion: 2.1 time: 0.134419
Aug 11 07:43:26.011718 n-d-713499-12 devstack@n-api.service[116279]: [pid: 116279|app: 0|req: 52/115] 10.222.0.50 () {64 vars in 1318 bytes} [Wed Aug 11 07:43:25 2021] POST /compute/v2.1/os-server-external-events => generated 179 bytes in 141 msecs (HTTP/1.1 200) 9 headers in 357 bytes (1 switches on core 0)
Aug 11 07:43:26.529226 n-d-713499-12 devstack@n-api.service[116278]: DEBUG nova.api.openstack.wsgi [None req-8356f500-b2de-49d9-99bc-9b251ef7ae57 tempest-FlavorsAdminTestJSON-903197453 tempest-FlavorsAdminTestJSON-903197453-project] Calling method '>' {{(pid=116278) _process_stack /opt/stack/nova/nova/api/openstack/wsgi.py:513}}
Aug 11 07:43:26.669163 n-d-713499-12 devstack@n-api.service[116278]: INFO nova.api.openstack.requestlog [None req-8356f500-b2de-49d9-99bc-9b251ef7ae57 tempest-FlavorsAdminTestJSON-903197453 tempest-FlavorsAdminTestJSON-903197453-project] 10.222.0.50 "GET /compute/v2.1/flavors/detail" status: 200 len: 5391 microversion: 2.1 time: 1.024610
Aug 11 07:43:26.678371 n-d-713499-12 devstack@n-api.service[116279]: DEBUG nova.api.openstack.wsgi [None req-5055c567-ec9b-4aeb-a871-8784fa36d158 tempest-DeleteServersAdminTestJSON-1311717815 tempest-DeleteServersAdminTestJSON-1311717815-project] Calling method '>' {{(pid=116279) _process_stack /opt/stack/nova/nova/api/openstack/wsgi.py:513}}
Aug 11 07:43:26.679606 n-d-713499-12 devstack@n-api.service[116279]: DEBUG nova.compute.api [None req-5055c567-ec9b-4aeb-a871-8784fa36d158 tempest-DeleteServersAdminTestJSON-1311717815 tempest-DeleteServersAdminTestJSON-1311717815-project] [instance: d3fa715d-9843-4d04-84d2-64acdb4598d9] Fetching instance by UUID {{(pid=116279) get /opt/stack/nova/nova/compute/api.py:2809}}
Aug 11 07:43:26.694538 n-d-713499-12 devstack@n-api.service[116278]: [pid: 116278|app: 0|req: 64/116] 10.222.0.50 () {58 vars in 1146 bytes} [Wed Aug 11 07:43:25 2021] GET /compute/v2.1/flavors/detail => generated 5391 bytes in 1050 msecs (HTTP/1.1 200) 9 headers in 358 bytes (1 switches on core 0)
Aug 11 07:43:26.702239 n-d-713499-12 devstack@n-api.service[116278]: DEBUG nova.api.openstack.wsgi [None req-236e8e10-5bc9-4793-92b7-e4871326c23c tempest-FlavorsAdminTestJSON-165763557 tempest-FlavorsAdminTestJSON-165763557-project-admin] Calling method '>' {{(pid=116278) _process_stack /opt/stack/nova/nova/api/openstack/wsgi.py:513}}
Aug 11 07:43:26.703672 n-d-713499-12 devstack@n-api.service[116278]: /usr/local/lib/python3.8/dist-packages/oslo_policy/policy.py:1064: UserWarning: Policy os_compute_api:os-flavor-manage:delete failed scope check. The token used to make the request was project scoped but the policy requires ['system'] scope. This behavior may change in the future where using the intended scope is required
Aug 11 07:43:26.703672 n-d-713499-12 devstack@n-api.service[116278]: warnings.warn(msg)
Aug 11 07:43:26.717129 n-d-713499-12 devstack@n-api.service[116279]: DEBUG oslo_concurrency.lockutils [None req-5055c567-ec9b-4aeb-a871-8784fa36d158 tempest-DeleteServersAdminTestJSON-1311717815 tempest-DeleteServersAdminTestJSON-1311717815-project] Lock "7afbe357-5313-483f-9735-6f86ec2eab81" acquired by "nova.context.set_target_cell..get_or_set_cached_cell_and_set_connections" :: waited 0.000s {{(pid=116279) inner /usr/local/lib/python3.8/dist-packages/oslo_concurrency/lockutils.py:355}}
Aug 11 07:43:26.719377 n-d-713499-12 devstack@n-api.service[116279]: DEBUG oslo_concurrency.lockutils [None req-5055c567-ec9b-4aeb-a871-8784fa36d158 tempest-DeleteServersAdminTestJSON-1311717815 tempest-DeleteServersAdminTestJSON-1311717815-project] Lock "7afbe357-5313-483f-9735-6f86ec2eab81" released by "nova.context.set_target_cell..get_or_set_cached_cell_and_set_connections" :: held 0.002s {{(pid=116279) inner /usr/local/lib/python3.8/dist-packages/oslo_concurrency/lockutils.py:367}}
Aug 11 07:43:26.722643 n-d-713499-12 devstack@n-api.service[116279]: DEBUG oslo_concurrency.lockutils [None req-5055c567-ec9b-4aeb-a871-8784fa36d158 tempest-DeleteServersAdminTestJSON-1311717815 tempest-DeleteServersAdminTestJSON-1311717815-project] Lock "7afbe357-5313-483f-9735-6f86ec2eab81" acquired by "nova.context.set_target_cell..get_or_set_cached_cell_and_set_connections" :: waited 0.000s {{(pid=116279) inner /usr/local/lib/python3.8/dist-packages/oslo_concurrency/lockutils.py:355}}
Aug 11 07:43:26.731759 n-d-713499-12 devstack@n-api.service[116279]: DEBUG oslo_concurrency.lockutils [None req-5055c567-ec9b-4aeb-a871-8784fa36d158 tempest-DeleteServersAdminTestJSON-1311717815 tempest-DeleteServersAdminTestJSON-1311717815-project] Lock "7afbe357-5313-483f-9735-6f86ec2eab81" released by "nova.context.set_target_cell..get_or_set_cached_cell_and_set_connections" :: held 0.003s {{(pid=116279) inner /usr/local/lib/python3.8/dist-packages/oslo_concurrency/lockutils.py:367}}
Aug 11 07:43:26.775807 n-d-713499-12 devstack@n-api.service[116278]: INFO nova.api.openstack.requestlog [None req-236e8e10-5bc9-4793-92b7-e4871326c23c tempest-FlavorsAdminTestJSON-165763557 tempest-FlavorsAdminTestJSON-165763557-project-admin] 10.222.0.50 "DELETE /compute/v2.1/flavors/336774346" status: 202 len: 0 microversion: 2.1 time: 0.078937
Aug 11 07:43:26.777384 n-d-713499-12 devstack@n-api.service[116278]: [pid: 116278|app: 0|req: 65/117] 10.222.0.50 () {58 vars in 1158 bytes} [Wed Aug 11 07:43:26 2021] DELETE /compute/v2.1/flavors/336774346 => generated 0 bytes in 82 msecs (HTTP/1.1 202) 9 headers in 361 bytes (1 switches on core 0)
Aug 11 07:43:26.813601 n-d-713499-12 devstack@n-api.service[116278]: DEBUG nova.api.openstack.wsgi [None req-cb19f688-270b-4649-9e1e-63ea96340d01 tempest-FlavorsAdminTestJSON-165763557 tempest-FlavorsAdminTestJSON-165763557-project-admin] Calling method '>' {{(pid=116278) _process_stack /opt/stack/nova/nova/api/openstack/wsgi.py:513}}
Aug 11 07:43:26.885453 n-d-713499-12 devstack@n-api.service[116278]: INFO nova.api.openstack.requestlog [None req-cb19f688-270b-4649-9e1e-63ea96340d01 tempest-FlavorsAdminTestJSON-165763557 tempest-FlavorsAdminTestJSON-165763557-project-admin] 10.222.0.50 "GET /compute/v2.1/flavors/detail" status: 200 len: 4991 microversion: 2.1 time: 0.089898
Aug 11 07:43:26.915088 n-d-713499-12 devstack@n-api.service[116278]: [pid: 116278|app: 0|req: 66/118] 10.222.0.50 () {58 vars in 1146 bytes} [Wed Aug 11 07:43:26 2021] GET /compute/v2.1/flavors/detail => generated 4991 bytes in 128 msecs (HTTP/1.1 200) 9 headers in 358 bytes (1 switches on core 0)
Aug 11 07:43:26.934148 n-d-713499-12 devstack@n-api.service[116278]: DEBUG nova.api.openstack.wsgi [None req-115d37e6-2ac3-4850-9406-1c58cd0f4763 tempest-AggregatesAdminTestJSON-1885740945 tempest-AggregatesAdminTestJSON-1885740945-project] Calling method '>' {{(pid=116278) _process_stack /opt/stack/nova/nova/api/openstack/wsgi.py:513}}
Aug 11 07:43:26.934874 n-d-713499-12 devstack@n-api.service[116278]: DEBUG nova.compute.api [None req-115d37e6-2ac3-4850-9406-1c58cd0f4763 tempest-AggregatesAdminTestJSON-1885740945 tempest-AggregatesAdminTestJSON-1885740945-project] [instance: 75d1185b-97e8-450b-b0a1-170f61eede44] Fetching instance by UUID {{(pid=116278) get /opt/stack/nova/nova/compute/api.py:2809}}
Aug 11 07:43:26.949368 n-d-713499-12 devstack@n-api.service[116278]: DEBUG oslo_concurrency.lockutils [None req-115d37e6-2ac3-4850-9406-1c58cd0f4763 tempest-AggregatesAdminTestJSON-1885740945 tempest-AggregatesAdminTestJSON-1885740945-project] Lock "7afbe357-5313-483f-9735-6f86ec2eab81" acquired by "nova.context.set_target_cell..get_or_set_cached_cell_and_set_connections" :: waited 0.000s {{(pid=116278) inner /usr/local/lib/python3.8/dist-packages/oslo_concurrency/lockutils.py:355}}
Aug 11 07:43:26.949999 n-d-713499-12 devstack@n-api.service[116278]: DEBUG oslo_concurrency.lockutils [None req-115d37e6-2ac3-4850-9406-1c58cd0f4763 tempest-AggregatesAdminTestJSON-1885740945 tempest-AggregatesAdminTestJSON-1885740945-project] Lock "7afbe357-5313-483f-9735-6f86ec2eab81" released by "nova.context.set_target_cell..get_or_set_cached_cell_and_set_connections" :: held 0.001s {{(pid=116278) inner /usr/local/lib/python3.8/dist-packages/oslo_concurrency/lockutils.py:367}}
Aug 11 07:43:26.951153 n-d-713499-12 devstack@n-api.service[116278]: DEBUG oslo_concurrency.lockutils [None req-115d37e6-2ac3-4850-9406-1c58cd0f4763 tempest-AggregatesAdminTestJSON-1885740945 tempest-AggregatesAdminTestJSON-1885740945-project] Lock "7afbe357-5313-483f-9735-6f86ec2eab81" acquired by "nova.context.set_target_cell..get_or_set_cached_cell_and_set_connections" :: waited 0.000s {{(pid=116278) inner /usr/local/lib/python3.8/dist-packages/oslo_concurrency/lockutils.py:355}}
Aug 11 07:43:26.951746 n-d-713499-12 devstack@n-api.service[116278]: DEBUG oslo_concurrency.lockutils [None req-115d37e6-2ac3-4850-9406-1c58cd0f4763 tempest-AggregatesAdminTestJSON-1885740945 tempest-AggregatesAdminTestJSON-1885740945-project] Lock "7afbe357-5313-483f-9735-6f86ec2eab81" released by "nova.context.set_target_cell..get_or_set_cached_cell_and_set_connections" :: held 0.001s {{(pid=116278) inner /usr/local/lib/python3.8/dist-packages/oslo_concurrency/lockutils.py:367}}
Aug 11 07:43:27.281578 n-d-713499-12 devstack@n-api.service[116279]: DEBUG nova.policy [None req-5055c567-ec9b-4aeb-a871-8784fa36d158 tempest-DeleteServersAdminTestJSON-1311717815 tempest-DeleteServersAdminTestJSON-1311717815-project] Policy check for os_compute_api:os-extended-server-attributes failed with credentials {'is_admin': False, 'user_id': '13ef8de555bb42278acb3c5236e97028', 'user_domain_id': 'default', 'system_scope': None, 'domain_id': None, 'project_id': '0a839dd4712c4d1a8f59ecff71a2a1c1', 'project_domain_id': 'default', 'roles': ['member', 'reader'], 'is_admin_project': True, 'service_user_id': None, 'service_user_domain_id': None, 'service_project_id': None, 'service_project_domain_id': None, 'service_roles': []} {{(pid=116279) authorize /opt/stack/nova/nova/policy.py:199}}
Aug 11 07:43:27.302810 n-d-713499-12 devstack@n-api.service[116279]: INFO nova.api.openstack.requestlog [None req-5055c567-ec9b-4aeb-a871-8784fa36d158 tempest-DeleteServersAdminTestJSON-1311717815 tempest-DeleteServersAdminTestJSON-1311717815-project] 10.222.0.50 "GET /compute/v2.1/servers/d3fa715d-9843-4d04-84d2-64acdb4598d9" status: 200 len: 1320 microversion: 2.1 time: 0.634921
Aug 11 07:43:27.312627 n-d-713499-12 devstack@n-api.service[116279]: [pid: 116279|app: 0|req: 53/119] 10.222.0.50 () {58 vars in 1236 bytes} [Wed Aug 11 07:43:26 2021] GET /compute/v2.1/servers/d3fa715d-9843-4d04-84d2-64acdb4598d9 => generated 1320 bytes in 646 msecs (HTTP/1.1 200) 9 headers in 358 bytes (2 switches on core 0)
Aug 11 07:43:27.330275 n-d-713499-12 devstack@n-api.service[116279]: DEBUG nova.api.openstack.wsgi [None req-51249b2b-cbae-4db8-9e60-7e472892be56 tempest-FlavorsAdminTestJSON-165763557 tempest-FlavorsAdminTestJSON-165763557-project-admin] Action: 'create', calling method: >, body: {"flavor": {"ram": 512, "vcpus": 1, "disk": 10, "name": "tempest-FlavorsAdminTestJSON-flavor-681389840", "id": 1765278439, "os-flavor-access:is_public": "False"}} {{(pid=116279) _process_stack /opt/stack/nova/nova/api/openstack/wsgi.py:511}}
Aug 11 07:43:27.332348 n-d-713499-12 devstack@n-api.service[116279]: /usr/local/lib/python3.8/dist-packages/oslo_policy/policy.py:1064: UserWarning: Policy os_compute_api:os-flavor-manage:create failed scope check. The token used to make the request was project scoped but the policy requires ['system'] scope. This behavior may change in the future where using the intended scope is required
Aug 11 07:43:27.332348 n-d-713499-12 devstack@n-api.service[116279]: warnings.warn(msg)
Aug 11 07:43:27.388163 n-d-713499-12 devstack@n-api.service[116279]: INFO nova.api.openstack.requestlog [None req-51249b2b-cbae-4db8-9e60-7e472892be56 tempest-FlavorsAdminTestJSON-165763557 tempest-FlavorsAdminTestJSON-165763557-project-admin] 10.222.0.50 "POST /compute/v2.1/flavors" status: 200 len: 429 microversion: 2.1 time: 0.073181
