Feb 08 23:15:29.812768 n-d-713498-34 devstack@placement-api.service[105397]: DEBUG placement.requestlog [req-a256f040-ba5a-45b3-82b7-885ff83a3202 req-4cd46444-bd4c-4ef6-8107-fc02e684ab55 None None] Starting request: 10.222.0.98 "GET /placement/resource_providers/10862597-8a8c-44f4-9d74-5fb1bb2e1c03/allocations" {{(pid=105397) __call__ /opt/stack/placement/placement/requestlog.py:55}}
Feb 08 23:15:29.843224 n-d-713498-34 devstack@placement-api.service[105397]: INFO placement.requestlog [req-a256f040-ba5a-45b3-82b7-885ff83a3202 req-4cd46444-bd4c-4ef6-8107-fc02e684ab55 service placement] 10.222.0.98 "GET /placement/resource_providers/10862597-8a8c-44f4-9d74-5fb1bb2e1c03/allocations" status: 200 len: 56 microversion: 1.0
Feb 08 23:15:29.846068 n-d-713498-34 devstack@placement-api.service[105397]: [pid: 105397|app: 0|req: 501/1006] 10.222.0.98 () {58 vars in 1390 bytes} [Tue Feb 8 23:15:29 2022] GET /placement/resource_providers/10862597-8a8c-44f4-9d74-5fb1bb2e1c03/allocations => generated 56 bytes in 33 msecs (HTTP/1.1 200) 6 headers in 223 bytes (2 switches on core 0)
Feb 08 23:15:47.558174 n-d-713498-34 devstack@placement-api.service[105396]: DEBUG placement.requestlog [req-480ab950-a3cd-4f4a-b348-4f36dbe81a14 req-215507b7-fbc5-4648-9f92-e53038ba8462 None None] Starting request: 10.222.0.93 "GET /placement/resource_providers/a1d20cc2-a1c7-4125-a9fb-5154964bf432/allocations" {{(pid=105396) __call__ /opt/stack/placement/placement/requestlog.py:55}}
Feb 08 23:15:48.243142 n-d-713498-34 devstack@placement-api.service[105396]: INFO placement.requestlog [req-480ab950-a3cd-4f4a-b348-4f36dbe81a14 req-215507b7-fbc5-4648-9f92-e53038ba8462 service placement] 10.222.0.93 "GET /placement/resource_providers/a1d20cc2-a1c7-4125-a9fb-5154964bf432/allocations" status: 200 len: 154 microversion: 1.0
Feb 08 23:15:48.248022 n-d-713498-34 devstack@placement-api.service[105396]: [pid: 105396|app: 0|req: 506/1007] 10.222.0.93 () {58 vars in 1390 bytes} [Tue Feb 8 23:15:47 2022] GET /placement/resource_providers/a1d20cc2-a1c7-4125-a9fb-5154964bf432/allocations => generated 154 bytes in 690 msecs (HTTP/1.1 200) 6 headers in 224 bytes (1 switches on core 0)
Feb 08 23:15:48.321372 n-d-713498-34 devstack@placement-api.service[105397]: DEBUG placement.requestlog [req-480ab950-a3cd-4f4a-b348-4f36dbe81a14 req-1caa3ac0-f003-4919-b0be-dc9c02724987 None None] Starting request: 10.222.0.93 "GET /placement/resource_providers?in_tree=a1d20cc2-a1c7-4125-a9fb-5154964bf432" {{(pid=105397) __call__ /opt/stack/placement/placement/requestlog.py:55}}
Feb 08 23:15:48.357736 n-d-713498-34 devstack@placement-api.service[105397]: INFO placement.requestlog [req-480ab950-a3cd-4f4a-b348-4f36dbe81a14 req-1caa3ac0-f003-4919-b0be-dc9c02724987 service placement] 10.222.0.93 "GET /placement/resource_providers?in_tree=a1d20cc2-a1c7-4125-a9fb-5154964bf432" status: 200 len: 864 microversion: 1.14
Feb 08 23:15:48.359010 n-d-713498-34 devstack@placement-api.service[105397]: [pid: 105397|app: 0|req: 502/1008] 10.222.0.93 () {60 vars in 1376 bytes} [Tue Feb 8 23:15:48 2022] GET /placement/resource_providers?in_tree=a1d20cc2-a1c7-4125-a9fb-5154964bf432 => generated 864 bytes in 38 msecs (HTTP/1.1 200) 6 headers in 225 bytes (1 switches on core 0)
Feb 08 23:15:48.374348 n-d-713498-34 devstack@placement-api.service[105396]: DEBUG placement.requestlog [req-480ab950-a3cd-4f4a-b348-4f36dbe81a14 req-0d3388c8-ca2c-44d4-bca9-017bdfcbf123 None None] Starting request: 10.222.0.93 "GET /placement/resource_providers/a1d20cc2-a1c7-4125-a9fb-5154964bf432/inventories" {{(pid=105396) __call__ /opt/stack/placement/placement/requestlog.py:55}}
Feb 08 23:15:48.421678 n-d-713498-34 devstack@placement-api.service[105396]: INFO placement.requestlog [req-480ab950-a3cd-4f4a-b348-4f36dbe81a14 req-0d3388c8-ca2c-44d4-bca9-017bdfcbf123 service placement] 10.222.0.93 "GET /placement/resource_providers/a1d20cc2-a1c7-4125-a9fb-5154964bf432/inventories" status: 200 len: 398 microversion: 1.0
Feb 08 23:15:48.424142 n-d-713498-34 devstack@placement-api.service[105396]: [pid: 105396|app: 0|req: 507/1009] 10.222.0.93 () {58 vars in 1390 bytes} [Tue Feb 8 23:15:48 2022] GET /placement/resource_providers/a1d20cc2-a1c7-4125-a9fb-5154964bf432/inventories => generated 398 bytes in 50 msecs (HTTP/1.1 200) 6 headers in 224 bytes (1 switches on core 0)
Feb 08 23:15:48.445317 n-d-713498-34 devstack@placement-api.service[105397]: DEBUG placement.requestlog [req-480ab950-a3cd-4f4a-b348-4f36dbe81a14 req-8dd9ecf8-5306-4bc9-b31f-831b67c14da7 None None] Starting request: 10.222.0.93 "GET /placement/resource_providers/a1d20cc2-a1c7-4125-a9fb-5154964bf432/aggregates" {{(pid=105397) __call__ /opt/stack/placement/placement/requestlog.py:55}}
Feb 08 23:15:48.469385 n-d-713498-34 devstack@placement-api.service[105397]: INFO placement.requestlog [req-480ab950-a3cd-4f4a-b348-4f36dbe81a14 req-8dd9ecf8-5306-4bc9-b31f-831b67c14da7 service placement] 10.222.0.93 "GET /placement/resource_providers/a1d20cc2-a1c7-4125-a9fb-5154964bf432/aggregates" status: 200 len: 54 microversion: 1.19
Feb 08 23:15:48.470082 n-d-713498-34 devstack@placement-api.service[105397]: [pid: 105397|app: 0|req: 503/1010] 10.222.0.93 () {60 vars in 1431 bytes} [Tue Feb 8 23:15:48 2022] GET /placement/resource_providers/a1d20cc2-a1c7-4125-a9fb-5154964bf432/aggregates => generated 54 bytes in 25 msecs (HTTP/1.1 200) 8 headers in 295 bytes (1 switches on core 0)
Feb 08 23:15:48.489547 n-d-713498-34 devstack@placement-api.service[105396]: DEBUG placement.requestlog [req-480ab950-a3cd-4f4a-b348-4f36dbe81a14 req-7740f048-84db-4fde-8bf2-e66457a2c39a None None] Starting request: 10.222.0.93 "GET /placement/resource_providers/a1d20cc2-a1c7-4125-a9fb-5154964bf432/traits" {{(pid=105396) __call__ /opt/stack/placement/placement/requestlog.py:55}}
Feb 08 23:15:48.560793 n-d-713498-34 devstack@placement-api.service[105396]: INFO placement.requestlog [req-480ab950-a3cd-4f4a-b348-4f36dbe81a14 req-7740f048-84db-4fde-8bf2-e66457a2c39a service placement] 10.222.0.93 "GET /placement/resource_providers/a1d20cc2-a1c7-4125-a9fb-5154964bf432/traits" status: 200 len: 212 microversion: 1.6
Feb 08 23:15:48.564460 n-d-713498-34 devstack@placement-api.service[105396]: [pid: 105396|app: 0|req: 508/1011] 10.222.0.93 () {60 vars in 1418 bytes} [Tue Feb 8 23:15:48 2022] GET /placement/resource_providers/a1d20cc2-a1c7-4125-a9fb-5154964bf432/traits => generated 212 bytes in 75 msecs (HTTP/1.1 200) 6 headers in 224 bytes (1 switches on core 0)
Feb 08 23:16:01.163689 n-d-713498-34 devstack@placement-api.service[105397]: DEBUG placement.requestlog [req-b9bbda21-d285-484e-beb2-9b76eadf9fa6 req-3ca18845-bd55-425a-9a87-dd995a7ed8c5 None None] Starting request: 10.222.0.61 "GET /placement/allocation_candidates?limit=1000&resources=DISK_GB%3A1%2CMEMORY_MB%3A1024%2CVCPU%3A1&root_required=%21COMPUTE_STATUS_DISABLED" {{(pid=105397) __call__ /opt/stack/placement/placement/requestlog.py:55}}
Feb 08 23:16:01.185201 n-d-713498-34 devstack@placement-api.service[105396]: DEBUG placement.requestlog [req-6ff61f0c-6908-4b7e-944a-f90d0db288d7 req-ee942c1e-54cd-4491-aa8e-2aa55cc00c7a None None] Starting request: 10.222.0.61 "GET /placement/allocation_candidates?in_tree=a1d20cc2-a1c7-4125-a9fb-5154964bf432&limit=1000&resources=DISK_GB%3A1%2CMEMORY_MB%3A1024%2CVCPU%3A1&root_required=%21COMPUTE_STATUS_DISABLED" {{(pid=105396) __call__ /opt/stack/placement/placement/requestlog.py:55}}
Feb 08 23:16:01.381445 n-d-713498-34 devstack@placement-api.service[105397]: DEBUG placement.objects.research_context [req-b9bbda21-d285-484e-beb2-9b76eadf9fa6 req-3ca18845-bd55-425a-9a87-dd995a7ed8c5 service placement] getting providers with 1 DISK_GB {{(pid=105397) __init__ /opt/stack/placement/placement/objects/research_context.py:126}}
Feb 08 23:16:01.421649 n-d-713498-34 devstack@placement-api.service[105397]: DEBUG placement.objects.research_context [req-b9bbda21-d285-484e-beb2-9b76eadf9fa6 req-3ca18845-bd55-425a-9a87-dd995a7ed8c5 service placement] getting providers with 1024 MEMORY_MB {{(pid=105397) __init__ /opt/stack/placement/placement/objects/research_context.py:126}}
Feb 08 23:16:01.428354 n-d-713498-34 devstack@placement-api.service[105396]: DEBUG placement.objects.research_context [req-6ff61f0c-6908-4b7e-944a-f90d0db288d7 req-ee942c1e-54cd-4491-aa8e-2aa55cc00c7a service placement] Group getting allocation candidates in the same tree with the root provider a1d20cc2-a1c7-4125-a9fb-5154964bf432 {{(pid=105396) __init__ /opt/stack/placement/placement/objects/research_context.py:114}}
Feb 08 23:16:01.429230 n-d-713498-34 devstack@placement-api.service[105396]: DEBUG placement.objects.research_context [req-6ff61f0c-6908-4b7e-944a-f90d0db288d7 req-ee942c1e-54cd-4491-aa8e-2aa55cc00c7a service placement] getting providers with 1 DISK_GB {{(pid=105396) __init__ /opt/stack/placement/placement/objects/research_context.py:126}}
Feb 08 23:16:01.456589 n-d-713498-34 devstack@placement-api.service[105397]: DEBUG placement.objects.research_context [req-b9bbda21-d285-484e-beb2-9b76eadf9fa6 req-3ca18845-bd55-425a-9a87-dd995a7ed8c5 service placement] getting providers with 1 VCPU {{(pid=105397) __init__ /opt/stack/placement/placement/objects/research_context.py:126}}
Feb 08 23:16:01.473256 n-d-713498-34 devstack@placement-api.service[105396]: DEBUG placement.objects.research_context [req-6ff61f0c-6908-4b7e-944a-f90d0db288d7 req-ee942c1e-54cd-4491-aa8e-2aa55cc00c7a service placement] getting providers with 1024 MEMORY_MB {{(pid=105396) __init__ /opt/stack/placement/placement/objects/research_context.py:126}}
Feb 08 23:16:01.482237 n-d-713498-34 devstack@placement-api.service[105397]: DEBUG placement.objects.research_context [req-b9bbda21-d285-484e-beb2-9b76eadf9fa6 req-3ca18845-bd55-425a-9a87-dd995a7ed8c5 service placement] found 2 providers with available 1 DISK_GB {{(pid=105397) get_provider_ids_matching /opt/stack/placement/placement/objects/research_context.py:549}}
Feb 08 23:16:01.483894 n-d-713498-34 devstack@placement-api.service[105397]: DEBUG placement.objects.research_context [req-b9bbda21-d285-484e-beb2-9b76eadf9fa6 req-3ca18845-bd55-425a-9a87-dd995a7ed8c5 service placement] found 2 providers with available 1024 MEMORY_MB {{(pid=105397) get_provider_ids_matching /opt/stack/placement/placement/objects/research_context.py:549}}
Feb 08 23:16:01.484345 n-d-713498-34 devstack@placement-api.service[105397]: DEBUG placement.objects.research_context [req-b9bbda21-d285-484e-beb2-9b76eadf9fa6 req-3ca18845-bd55-425a-9a87-dd995a7ed8c5 service placement] found 2 providers after filtering by previous result {{(pid=105397) get_provider_ids_matching /opt/stack/placement/placement/objects/research_context.py:580}}
Feb 08 23:16:01.485998 n-d-713498-34 devstack@placement-api.service[105397]: DEBUG placement.objects.research_context [req-b9bbda21-d285-484e-beb2-9b76eadf9fa6 req-3ca18845-bd55-425a-9a87-dd995a7ed8c5 service placement] found 2 providers with available 1 VCPU {{(pid=105397) get_provider_ids_matching /opt/stack/placement/placement/objects/research_context.py:549}}
Feb 08 23:16:01.487325 n-d-713498-34 devstack@placement-api.service[105397]: DEBUG placement.objects.research_context [req-b9bbda21-d285-484e-beb2-9b76eadf9fa6 req-3ca18845-bd55-425a-9a87-dd995a7ed8c5 service placement] found 2 providers after filtering by previous result {{(pid=105397) get_provider_ids_matching /opt/stack/placement/placement/objects/research_context.py:580}}
Feb 08 23:16:01.501287 n-d-713498-34 devstack@placement-api.service[105396]: DEBUG placement.objects.research_context [req-6ff61f0c-6908-4b7e-944a-f90d0db288d7 req-ee942c1e-54cd-4491-aa8e-2aa55cc00c7a service placement] getting providers with 1 VCPU {{(pid=105396) __init__ /opt/stack/placement/placement/objects/research_context.py:126}}
Feb 08 23:16:01.523306 n-d-713498-34 devstack@placement-api.service[105397]: DEBUG placement.objects.allocation_candidate [req-b9bbda21-d285-484e-beb2-9b76eadf9fa6 req-3ca18845-bd55-425a-9a87-dd995a7ed8c5 service placement] RequestGroup(use_same_provider=False, resources={DISK_GB:1, MEMORY_MB:1024, VCPU:1}, traits=[], aggregates=[]) (suffix '') returned 2 matches {{(pid=105397) _get_by_requests /opt/stack/placement/placement/objects/allocation_candidate.py:145}}
Feb 08 23:16:01.523799 n-d-713498-34 devstack@placement-api.service[105396]: DEBUG placement.objects.research_context [req-6ff61f0c-6908-4b7e-944a-f90d0db288d7 req-ee942c1e-54cd-4491-aa8e-2aa55cc00c7a service placement] found 1 providers with available 1 DISK_GB {{(pid=105396) get_provider_ids_matching /opt/stack/placement/placement/objects/research_context.py:549}}
Feb 08 23:16:01.524701 n-d-713498-34 devstack@placement-api.service[105396]: DEBUG placement.objects.research_context [req-6ff61f0c-6908-4b7e-944a-f90d0db288d7 req-ee942c1e-54cd-4491-aa8e-2aa55cc00c7a service placement] found 1 providers with available 1024 MEMORY_MB {{(pid=105396) get_provider_ids_matching /opt/stack/placement/placement/objects/research_context.py:549}}
Feb 08 23:16:01.524977 n-d-713498-34 devstack@placement-api.service[105397]: DEBUG placement.objects.allocation_candidate [req-b9bbda21-d285-484e-beb2-9b76eadf9fa6 req-3ca18845-bd55-425a-9a87-dd995a7ed8c5 service placement] Merging candidates yields 2 allocation requests and 2 provider summaries {{(pid=105397) _merge_candidates /opt/stack/placement/placement/objects/allocation_candidate.py:783}}
Feb 08 23:16:01.525777 n-d-713498-34 devstack@placement-api.service[105396]: DEBUG placement.objects.research_context [req-6ff61f0c-6908-4b7e-944a-f90d0db288d7 req-ee942c1e-54cd-4491-aa8e-2aa55cc00c7a service placement] found 1 providers after filtering by previous result {{(pid=105396) get_provider_ids_matching /opt/stack/placement/placement/objects/research_context.py:580}}
Feb 08 23:16:01.527264 n-d-713498-34 devstack@placement-api.service[105396]: DEBUG placement.objects.research_context [req-6ff61f0c-6908-4b7e-944a-f90d0db288d7 req-ee942c1e-54cd-4491-aa8e-2aa55cc00c7a service placement] found 1 providers with available 1 VCPU {{(pid=105396) get_provider_ids_matching /opt/stack/placement/placement/objects/research_context.py:549}}
Feb 08 23:16:01.527686 n-d-713498-34 devstack@placement-api.service[105396]: DEBUG placement.objects.research_context [req-6ff61f0c-6908-4b7e-944a-f90d0db288d7 req-ee942c1e-54cd-4491-aa8e-2aa55cc00c7a service placement] found 1 providers after filtering by previous result {{(pid=105396) get_provider_ids_matching /opt/stack/placement/placement/objects/research_context.py:580}}
Feb 08 23:16:01.528640 n-d-713498-34 devstack@placement-api.service[105397]: INFO placement.requestlog [req-b9bbda21-d285-484e-beb2-9b76eadf9fa6 req-3ca18845-bd55-425a-9a87-dd995a7ed8c5 service placement] 10.222.0.61 "GET /placement/allocation_candidates?limit=1000&resources=DISK_GB%3A1%2CMEMORY_MB%3A1024%2CVCPU%3A1&root_required=%21COMPUTE_STATUS_DISABLED" status: 200 len: 1306 microversion: 1.36
Feb 08 23:16:01.531618 n-d-713498-34 devstack@placement-api.service[105397]: [pid: 105397|app: 0|req: 504/1012] 10.222.0.61 () {60 vars in 1506 bytes} [Tue Feb 8 23:16:01 2022] GET /placement/allocation_candidates?limit=1000&resources=DISK_GB%3A1%2CMEMORY_MB%3A1024%2CVCPU%3A1&root_required=%21COMPUTE_STATUS_DISABLED => generated 1306 bytes in 368 msecs (HTTP/1.1 200) 8 headers in 297 bytes (2 switches on core 0)
Feb 08 23:16:01.532431 n-d-713498-34 devstack@placement-api.service[105397]: DEBUG placement.requestlog [req-b3e82e1c-fe45-4100-a883-c19dc128b94e req-eaf5cfcd-b737-423a-aa10-46a8e984b968 None None] Starting request: 10.222.0.93 "DELETE /placement/allocations/33fce41a-6a79-4a58-953d-5084620ad729" {{(pid=105397) __call__ /opt/stack/placement/placement/requestlog.py:55}}
Feb 08 23:16:01.569020 n-d-713498-34 devstack@placement-api.service[105396]: DEBUG placement.objects.allocation_candidate [req-6ff61f0c-6908-4b7e-944a-f90d0db288d7 req-ee942c1e-54cd-4491-aa8e-2aa55cc00c7a service placement] RequestGroup(use_same_provider=False, resources={DISK_GB:1, MEMORY_MB:1024, VCPU:1}, traits=[], aggregates=[]) (suffix '') returned 1 matches {{(pid=105396) _get_by_requests /opt/stack/placement/placement/objects/allocation_candidate.py:145}}
Feb 08 23:16:01.569372 n-d-713498-34 devstack@placement-api.service[105396]: DEBUG placement.objects.allocation_candidate [req-6ff61f0c-6908-4b7e-944a-f90d0db288d7 req-ee942c1e-54cd-4491-aa8e-2aa55cc00c7a service placement] Merging candidates yields 1 allocation requests and 1 provider summaries {{(pid=105396) _merge_candidates /opt/stack/placement/placement/objects/allocation_candidate.py:783}}
Feb 08 23:16:01.577029 n-d-713498-34 devstack@placement-api.service[105396]: INFO placement.requestlog [req-6ff61f0c-6908-4b7e-944a-f90d0db288d7 req-ee942c1e-54cd-4491-aa8e-2aa55cc00c7a service placement] 10.222.0.61 "GET /placement/allocation_candidates?in_tree=a1d20cc2-a1c7-4125-a9fb-5154964bf432&limit=1000&resources=DISK_GB%3A1%2CMEMORY_MB%3A1024%2CVCPU%3A1&root_required=%21COMPUTE_STATUS_DISABLED" status: 200 len: 679 microversion: 1.36
Feb 08 23:16:01.577401 n-d-713498-34 devstack@placement-api.service[105396]: [pid: 105396|app: 0|req: 509/1013] 10.222.0.61 () {60 vars in 1596 bytes} [Tue Feb 8 23:16:01 2022] GET /placement/allocation_candidates?in_tree=a1d20cc2-a1c7-4125-a9fb-5154964bf432&limit=1000&resources=DISK_GB%3A1%2CMEMORY_MB%3A1024%2CVCPU%3A1&root_required=%21COMPUTE_STATUS_DISABLED => generated 679 bytes in 393 msecs (HTTP/1.1 200) 8 headers in 296 bytes (2 switches on core 0)
Feb 08 23:16:01.589191 n-d-713498-34 devstack@placement-api.service[105397]: DEBUG placement.handlers.allocation [req-b3e82e1c-fe45-4100-a883-c19dc128b94e req-eaf5cfcd-b737-423a-aa10-46a8e984b968 service placement] Successfully deleted allocations [, , ] {{(pid=105397) delete_allocations /opt/stack/placement/placement/handlers/allocation.py:627}}
Feb 08 23:16:01.590433 n-d-713498-34 devstack@placement-api.service[105397]: INFO placement.requestlog [req-b3e82e1c-fe45-4100-a883-c19dc128b94e req-eaf5cfcd-b737-423a-aa10-46a8e984b968 service placement] 10.222.0.93 "DELETE /placement/allocations/33fce41a-6a79-4a58-953d-5084620ad729" status: 204 len: 0 microversion: 1.0
Feb 08 23:16:01.593302 n-d-713498-34 devstack@placement-api.service[105397]: [pid: 105397|app: 0|req: 505/1014] 10.222.0.93 () {60 vars in 1355 bytes} [Tue Feb 8 23:16:01 2022] DELETE /placement/allocations/33fce41a-6a79-4a58-953d-5084620ad729 => generated 0 bytes in 61 msecs (HTTP/1.1 204) 5 headers in 198 bytes (1 switches on core 0)
Feb 08 23:16:01.660971 n-d-713498-34 devstack@placement-api.service[105396]: DEBUG placement.requestlog [req-6ff61f0c-6908-4b7e-944a-f90d0db288d7 req-ec7e6348-ea69-4950-9d51-82d2fd1f4044 None None] Starting request: 10.222.0.61 "GET /placement/allocations/946545dd-2a89-4c6c-b07f-d9b38b727c85" {{(pid=105396) __call__ /opt/stack/placement/placement/requestlog.py:55}}
Feb 08 23:16:01.676772 n-d-713498-34 devstack@placement-api.service[105396]: INFO placement.requestlog [req-6ff61f0c-6908-4b7e-944a-f90d0db288d7 req-ec7e6348-ea69-4950-9d51-82d2fd1f4044 service placement] 10.222.0.61 "GET /placement/allocations/946545dd-2a89-4c6c-b07f-d9b38b727c85" status: 200 len: 19 microversion: 1.28
Feb 08 23:16:01.677333 n-d-713498-34 devstack@placement-api.service[105396]: [pid: 105396|app: 0|req: 510/1015] 10.222.0.61 () {60 vars in 1380 bytes} [Tue Feb 8 23:16:01 2022] GET /placement/allocations/946545dd-2a89-4c6c-b07f-d9b38b727c85 => generated 19 bytes in 17 msecs (HTTP/1.1 200) 8 headers in 295 bytes (1 switches on core 0)
Feb 08 23:16:01.690116 n-d-713498-34 devstack@placement-api.service[105397]: DEBUG placement.requestlog [req-6ff61f0c-6908-4b7e-944a-f90d0db288d7 req-ed76021b-011f-44ae-838a-c7fb8fb5e476 None None] Starting request: 10.222.0.61 "PUT /placement/allocations/946545dd-2a89-4c6c-b07f-d9b38b727c85" {{(pid=105397) __call__ /opt/stack/placement/placement/requestlog.py:55}}
Feb 08 23:16:01.703587 n-d-713498-34 devstack@placement-api.service[105396]: DEBUG placement.requestlog [req-b9bbda21-d285-484e-beb2-9b76eadf9fa6 req-2a9dd0a7-ec59-494e-b45e-2ed0544d1d48 None None] Starting request: 10.222.0.61 "GET /placement/allocations/aa5f0b73-4c9e-410e-9698-b3fd0bba8d55" {{(pid=105396) __call__ /opt/stack/placement/placement/requestlog.py:55}}
Feb 08 23:16:01.721662 n-d-713498-34 devstack@placement-api.service[105396]: INFO placement.requestlog [req-b9bbda21-d285-484e-beb2-9b76eadf9fa6 req-2a9dd0a7-ec59-494e-b45e-2ed0544d1d48 service placement] 10.222.0.61 "GET /placement/allocations/aa5f0b73-4c9e-410e-9698-b3fd0bba8d55" status: 200 len: 19 microversion: 1.28
Feb 08 23:16:01.728080 n-d-713498-34 devstack@placement-api.service[105396]: [pid: 105396|app: 0|req: 511/1016] 10.222.0.61 () {60 vars in 1380 bytes} [Tue Feb 8 23:16:01 2022] GET /placement/allocations/aa5f0b73-4c9e-410e-9698-b3fd0bba8d55 => generated 19 bytes in 25 msecs (HTTP/1.1 200) 8 headers in 295 bytes (1 switches on core 0)
Feb 08 23:16:01.729190 n-d-713498-34 devstack@placement-api.service[105396]: DEBUG placement.requestlog [req-b9bbda21-d285-484e-beb2-9b76eadf9fa6 req-fd87aab9-2a03-4f39-a5ea-98d184163fef None None] Starting request: 10.222.0.61 "PUT /placement/allocations/aa5f0b73-4c9e-410e-9698-b3fd0bba8d55" {{(pid=105396) __call__ /opt/stack/placement/placement/requestlog.py:55}}
Feb 08 23:16:01.840778 n-d-713498-34 devstack@placement-api.service[105397]: DEBUG placement.handlers.allocation [req-6ff61f0c-6908-4b7e-944a-f90d0db288d7 req-ed76021b-011f-44ae-838a-c7fb8fb5e476 service placement] Successfully wrote allocations [, , ] {{(pid=105397) _update_consumers_and_create_allocations /opt/stack/placement/placement/handlers/allocation.py:462}}
Feb 08 23:16:01.847760 n-d-713498-34 devstack@placement-api.service[105397]: INFO placement.requestlog [req-6ff61f0c-6908-4b7e-944a-f90d0db288d7 req-ed76021b-011f-44ae-838a-c7fb8fb5e476 service placement] 10.222.0.61 "PUT /placement/allocations/946545dd-2a89-4c6c-b07f-d9b38b727c85" status: 204 len: 0 microversion: 1.36
Feb 08 23:16:01.849697 n-d-713498-34 devstack@placement-api.service[105397]: [pid: 105397|app: 0|req: 506/1017] 10.222.0.61 () {64 vars in 1433 bytes} [Tue Feb 8 23:16:01 2022] PUT /placement/allocations/946545dd-2a89-4c6c-b07f-d9b38b727c85 => generated 0 bytes in 160 msecs (HTTP/1.1 204) 5 headers in 199 bytes (1 switches on core 0)
Feb 08 23:16:01.891948 n-d-713498-34 devstack@placement-api.service[105396]: DEBUG placement.handlers.allocation [req-b9bbda21-d285-484e-beb2-9b76eadf9fa6 req-fd87aab9-2a03-4f39-a5ea-98d184163fef service placement] Successfully wrote allocations [, , ] {{(pid=105396) _update_consumers_and_create_allocations /opt/stack/placement/placement/handlers/allocation.py:462}}
Feb 08 23:16:01.909938 n-d-713498-34 devstack@placement-api.service[105396]: INFO placement.requestlog [req-b9bbda21-d285-484e-beb2-9b76eadf9fa6 req-fd87aab9-2a03-4f39-a5ea-98d184163fef service placement] 10.222.0.61 "PUT /placement/allocations/aa5f0b73-4c9e-410e-9698-b3fd0bba8d55" status: 204 len: 0 microversion: 1.36
Feb 08 23:16:01.918693 n-d-713498-34 devstack@placement-api.service[105396]: [pid: 105396|app: 0|req: 512/1018] 10.222.0.61 () {64 vars in 1433 bytes} [Tue Feb 8 23:16:01 2022] PUT /placement/allocations/aa5f0b73-4c9e-410e-9698-b3fd0bba8d55 => generated 0 bytes in 182 msecs (HTTP/1.1 204) 5 headers in 199 bytes (1 switches on core 0)
Feb 08 23:16:02.861767 n-d-713498-34 devstack@placement-api.service[105397]: DEBUG placement.requestlog [req-6ff61f0c-6908-4b7e-944a-f90d0db288d7 req-3d6d678f-6a6b-4b60-adce-471d8742842e None None] Starting request: 10.222.0.93 "GET /placement/allocations/946545dd-2a89-4c6c-b07f-d9b38b727c85" {{(pid=105397) __call__ /opt/stack/placement/placement/requestlog.py:55}}
Feb 08 23:16:02.873401 n-d-713498-34 devstack@placement-api.service[105396]: DEBUG placement.requestlog [req-b9bbda21-d285-484e-beb2-9b76eadf9fa6 req-6faa544f-fcd2-4297-a1d3-1fd28f7c0a28 None None] Starting request: 10.222.0.98 "GET /placement/allocations/aa5f0b73-4c9e-410e-9698-b3fd0bba8d55" {{(pid=105396) __call__ /opt/stack/placement/placement/requestlog.py:55}}
Feb 08 23:16:02.881301 n-d-713498-34 devstack@placement-api.service[105397]: INFO placement.requestlog [req-6ff61f0c-6908-4b7e-944a-f90d0db288d7 req-3d6d678f-6a6b-4b60-adce-471d8742842e service placement] 10.222.0.93 "GET /placement/allocations/946545dd-2a89-4c6c-b07f-d9b38b727c85" status: 200 len: 259 microversion: 1.28
Feb 08 23:16:02.882352 n-d-713498-34 devstack@placement-api.service[105397]: [pid: 105397|app: 0|req: 507/1019] 10.222.0.93 () {60 vars in 1377 bytes} [Tue Feb 8 23:16:02 2022] GET /placement/allocations/946545dd-2a89-4c6c-b07f-d9b38b727c85 => generated 259 bytes in 21 msecs (HTTP/1.1 200) 8 headers in 296 bytes (1 switches on core 0)
Feb 08 23:16:02.948842 n-d-713498-34 devstack@placement-api.service[105396]: INFO placement.requestlog [req-b9bbda21-d285-484e-beb2-9b76eadf9fa6 req-6faa544f-fcd2-4297-a1d3-1fd28f7c0a28 service placement] 10.222.0.98 "GET /placement/allocations/aa5f0b73-4c9e-410e-9698-b3fd0bba8d55" status: 200 len: 260 microversion: 1.28
Feb 08 23:16:02.952827 n-d-713498-34 devstack@placement-api.service[105396]: [pid: 105396|app: 0|req: 513/1020] 10.222.0.98 () {60 vars in 1377 bytes} [Tue Feb 8 23:16:02 2022] GET /placement/allocations/aa5f0b73-4c9e-410e-9698-b3fd0bba8d55 => generated 260 bytes in 82 msecs (HTTP/1.1 200) 8 headers in 296 bytes (1 switches on core 0)
Feb 08 23:16:30.105378 n-d-713498-34 devstack@placement-api.service[105397]: DEBUG placement.requestlog [req-0710f79f-4ed3-4e81-ac9e-fd3b6d460a90 req-4c46f855-ad0d-4d0d-987d-0712b09e065f None None] Starting request: 10.222.0.98 "DELETE /placement/allocations/aa5f0b73-4c9e-410e-9698-b3fd0bba8d55" {{(pid=105397) __call__ /opt/stack/placement/placement/requestlog.py:55}}
Feb 08 23:16:30.167800 n-d-713498-34 devstack@placement-api.service[105397]: DEBUG placement.handlers.allocation [req-0710f79f-4ed3-4e81-ac9e-fd3b6d460a90 req-4c46f855-ad0d-4d0d-987d-0712b09e065f service placement] Successfully deleted allocations [, , ] {{(pid=105397) delete_allocations /opt/stack/placement/placement/handlers/allocation.py:627}}
Feb 08 23:16:30.168610 n-d-713498-34 devstack@placement-api.service[105397]: INFO placement.requestlog [req-0710f79f-4ed3-4e81-ac9e-fd3b6d460a90 req-4c46f855-ad0d-4d0d-987d-0712b09e065f service placement] 10.222.0.98 "DELETE /placement/allocations/aa5f0b73-4c9e-410e-9698-b3fd0bba8d55" status: 204 len: 0 microversion: 1.0
Feb 08 23:16:30.169195 n-d-713498-34 devstack@placement-api.service[105397]: [pid: 105397|app: 0|req: 508/1021] 10.222.0.98 () {60 vars in 1355 bytes} [Tue Feb 8 23:16:30 2022] DELETE /placement/allocations/aa5f0b73-4c9e-410e-9698-b3fd0bba8d55 => generated 0 bytes in 64 msecs (HTTP/1.1 204) 5 headers in 198 bytes (1 switches on core 0)
Feb 08 23:16:31.806597 n-d-713498-34 devstack@placement-api.service[105396]: DEBUG placement.requestlog [req-f31fb479-fddd-47d0-8314-b18b803a86b5 req-ff17edad-12f2-4ba5-b413-ff10d3f27321 None None] Starting request: 10.222.0.98 "GET /placement/resource_providers/10862597-8a8c-44f4-9d74-5fb1bb2e1c03/allocations" {{(pid=105396) __call__ /opt/stack/placement/placement/requestlog.py:55}}
Feb 08 23:16:31.851527 n-d-713498-34 devstack@placement-api.service[105396]: INFO placement.requestlog [req-f31fb479-fddd-47d0-8314-b18b803a86b5 req-ff17edad-12f2-4ba5-b413-ff10d3f27321 service placement] 10.222.0.98 "GET /placement/resource_providers/10862597-8a8c-44f4-9d74-5fb1bb2e1c03/allocations" status: 200 len: 56 microversion: 1.0
Feb 08 23:16:31.857423 n-d-713498-34 devstack@placement-api.service[105396]: [pid: 105396|app: 0|req: 514/1022] 10.222.0.98 () {58 vars in 1390 bytes} [Tue Feb 8 23:16:31 2022] GET /placement/resource_providers/10862597-8a8c-44f4-9d74-5fb1bb2e1c03/allocations => generated 56 bytes in 51 msecs (HTTP/1.1 200) 6 headers in 223 bytes (1 switches on core 0)
Feb 08 23:16:32.665159 n-d-713498-34 devstack@placement-api.service[105397]: DEBUG placement.requestlog [req-690f49f8-371c-4d04-80f9-6c4902c0a30e req-d15bf601-4c92-4f37-88c6-36db7e907b1b None None] Starting request: 10.222.0.61 "GET /placement/allocation_candidates?in_tree=10862597-8a8c-44f4-9d74-5fb1bb2e1c03&limit=1000&resources=DISK_GB%3A1%2CMEMORY_MB%3A1024%2CVCPU%3A1&root_required=%21COMPUTE_STATUS_DISABLED" {{(pid=105397) __call__ /opt/stack/placement/placement/requestlog.py:55}}
Feb 08 23:16:32.806190 n-d-713498-34 devstack@placement-api.service[105397]: DEBUG placement.objects.research_context [req-690f49f8-371c-4d04-80f9-6c4902c0a30e req-d15bf601-4c92-4f37-88c6-36db7e907b1b service placement] Group getting allocation candidates in the same tree with the root provider 10862597-8a8c-44f4-9d74-5fb1bb2e1c03 {{(pid=105397) __init__ /opt/stack/placement/placement/objects/research_context.py:114}}
Feb 08 23:16:32.806467 n-d-713498-34 devstack@placement-api.service[105397]: DEBUG placement.objects.research_context [req-690f49f8-371c-4d04-80f9-6c4902c0a30e req-d15bf601-4c92-4f37-88c6-36db7e907b1b service placement] getting providers with 1 DISK_GB {{(pid=105397) __init__ /opt/stack/placement/placement/objects/research_context.py:126}}
Feb 08 23:16:32.833052 n-d-713498-34 devstack@placement-api.service[105397]: DEBUG placement.objects.research_context [req-690f49f8-371c-4d04-80f9-6c4902c0a30e req-d15bf601-4c92-4f37-88c6-36db7e907b1b service placement] getting providers with 1024 MEMORY_MB {{(pid=105397) __init__ /opt/stack/placement/placement/objects/research_context.py:126}}
Feb 08 23:16:32.852672 n-d-713498-34 devstack@placement-api.service[105397]: DEBUG placement.objects.research_context [req-690f49f8-371c-4d04-80f9-6c4902c0a30e req-d15bf601-4c92-4f37-88c6-36db7e907b1b service placement] getting providers with 1 VCPU {{(pid=105397) __init__ /opt/stack/placement/placement/objects/research_context.py:126}}
Feb 08 23:16:32.867452 n-d-713498-34 devstack@placement-api.service[105397]: DEBUG placement.objects.research_context [req-690f49f8-371c-4d04-80f9-6c4902c0a30e req-d15bf601-4c92-4f37-88c6-36db7e907b1b service placement] found 1 providers with available 1 DISK_GB {{(pid=105397) get_provider_ids_matching /opt/stack/placement/placement/objects/research_context.py:549}}
Feb 08 23:16:32.868007 n-d-713498-34 devstack@placement-api.service[105397]: DEBUG placement.objects.research_context [req-690f49f8-371c-4d04-80f9-6c4902c0a30e req-d15bf601-4c92-4f37-88c6-36db7e907b1b service placement] found 1 providers with available 1024 MEMORY_MB {{(pid=105397) get_provider_ids_matching /opt/stack/placement/placement/objects/research_context.py:549}}
Feb 08 23:16:32.868517 n-d-713498-34 devstack@placement-api.service[105397]: DEBUG placement.objects.research_context [req-690f49f8-371c-4d04-80f9-6c4902c0a30e req-d15bf601-4c92-4f37-88c6-36db7e907b1b service placement] found 1 providers after filtering by previous result {{(pid=105397) get_provider_ids_matching /opt/stack/placement/placement/objects/research_context.py:580}}
Feb 08 23:16:32.868919 n-d-713498-34 devstack@placement-api.service[105397]: DEBUG placement.objects.research_context [req-690f49f8-371c-4d04-80f9-6c4902c0a30e req-d15bf601-4c92-4f37-88c6-36db7e907b1b service placement] found 1 providers with available 1 VCPU {{(pid=105397) get_provider_ids_matching /opt/stack/placement/placement/objects/research_context.py:549}}
Feb 08 23:16:32.869318 n-d-713498-34 devstack@placement-api.service[105397]: DEBUG placement.objects.research_context [req-690f49f8-371c-4d04-80f9-6c4902c0a30e req-d15bf601-4c92-4f37-88c6-36db7e907b1b service placement] found 1 providers after filtering by previous result {{(pid=105397) get_provider_ids_matching /opt/stack/placement/placement/objects/research_context.py:580}}
Feb 08 23:16:32.893577 n-d-713498-34 devstack@placement-api.service[105397]: DEBUG placement.objects.allocation_candidate [req-690f49f8-371c-4d04-80f9-6c4902c0a30e req-d15bf601-4c92-4f37-88c6-36db7e907b1b service placement] RequestGroup(use_same_provider=False, resources={DISK_GB:1, MEMORY_MB:1024, VCPU:1}, traits=[], aggregates=[]) (suffix '') returned 1 matches {{(pid=105397) _get_by_requests /opt/stack/placement/placement/objects/allocation_candidate.py:145}}
Feb 08 23:16:32.899304 n-d-713498-34 devstack@placement-api.service[105397]: DEBUG placement.objects.allocation_candidate [req-690f49f8-371c-4d04-80f9-6c4902c0a30e req-d15bf601-4c92-4f37-88c6-36db7e907b1b service placement] Merging candidates yields 1 allocation requests and 1 provider summaries {{(pid=105397) _merge_candidates /opt/stack/placement/placement/objects/allocation_candidate.py:783}}
Feb 08 23:16:32.902919 n-d-713498-34 devstack@placement-api.service[105397]: INFO placement.requestlog [req-690f49f8-371c-4d04-80f9-6c4902c0a30e req-d15bf601-4c92-4f37-88c6-36db7e907b1b service placement] 10.222.0.61 "GET /placement/allocation_candidates?in_tree=10862597-8a8c-44f4-9d74-5fb1bb2e1c03&limit=1000&resources=DISK_GB%3A1%2CMEMORY_MB%3A1024%2CVCPU%3A1&root_required=%21COMPUTE_STATUS_DISABLED" status: 200 len: 676 microversion: 1.36
Feb 08 23:16:32.908131 n-d-713498-34 devstack@placement-api.service[105397]: [pid: 105397|app: 0|req: 509/1023] 10.222.0.61 () {60 vars in 1596 bytes} [Tue Feb 8 23:16:32 2022] GET /placement/allocation_candidates?in_tree=10862597-8a8c-44f4-9d74-5fb1bb2e1c03&limit=1000&resources=DISK_GB%3A1%2CMEMORY_MB%3A1024%2CVCPU%3A1&root_required=%21COMPUTE_STATUS_DISABLED => generated 676 bytes in 243 msecs (HTTP/1.1 200) 8 headers in 296 bytes (1 switches on core 0)
Feb 08 23:16:32.954292 n-d-713498-34 devstack@placement-api.service[105396]: DEBUG placement.requestlog [req-690f49f8-371c-4d04-80f9-6c4902c0a30e req-42782fd8-c14f-476a-8de7-879750bab2af None None] Starting request: 10.222.0.61 "GET /placement/allocations/d03fb807-55ab-48d1-93f7-a9bdc5ca1fb5" {{(pid=105396) __call__ /opt/stack/placement/placement/requestlog.py:55}}
Feb 08 23:16:32.969471 n-d-713498-34 devstack@placement-api.service[105396]: INFO placement.requestlog [req-690f49f8-371c-4d04-80f9-6c4902c0a30e req-42782fd8-c14f-476a-8de7-879750bab2af service placement] 10.222.0.61 "GET /placement/allocations/d03fb807-55ab-48d1-93f7-a9bdc5ca1fb5" status: 200 len: 19 microversion: 1.28
Feb 08 23:16:32.978884 n-d-713498-34 devstack@placement-api.service[105396]: [pid: 105396|app: 0|req: 515/1024] 10.222.0.61 () {60 vars in 1380 bytes} [Tue Feb 8 23:16:32 2022] GET /placement/allocations/d03fb807-55ab-48d1-93f7-a9bdc5ca1fb5 => generated 19 bytes in 25 msecs (HTTP/1.1 200) 8 headers in 295 bytes (1 switches on core 0)
Feb 08 23:16:32.981074 n-d-713498-34 devstack@placement-api.service[105397]: DEBUG placement.requestlog [req-690f49f8-371c-4d04-80f9-6c4902c0a30e req-b1a0fd7f-1ac0-4be9-9d5b-5f7008c41a71 None None] Starting request: 10.222.0.61 "PUT /placement/allocations/d03fb807-55ab-48d1-93f7-a9bdc5ca1fb5" {{(pid=105397) __call__ /opt/stack/placement/placement/requestlog.py:55}}
Feb 08 23:16:33.109989 n-d-713498-34 devstack@placement-api.service[105397]: DEBUG placement.handlers.allocation [req-690f49f8-371c-4d04-80f9-6c4902c0a30e req-b1a0fd7f-1ac0-4be9-9d5b-5f7008c41a71 service placement] Successfully wrote allocations [, , ] {{(pid=105397) _update_consumers_and_create_allocations /opt/stack/placement/placement/handlers/allocation.py:462}}
Feb 08 23:16:33.138827 n-d-713498-34 devstack@placement-api.service[105397]: INFO placement.requestlog [req-690f49f8-371c-4d04-80f9-6c4902c0a30e req-b1a0fd7f-1ac0-4be9-9d5b-5f7008c41a71 service placement] 10.222.0.61 "PUT /placement/allocations/d03fb807-55ab-48d1-93f7-a9bdc5ca1fb5" status: 204 len: 0 microversion: 1.36
Feb 08 23:16:33.139448 n-d-713498-34 devstack@placement-api.service[105397]: [pid: 105397|app: 0|req: 510/1025] 10.222.0.61 () {64 vars in 1433 bytes} [Tue Feb 8 23:16:32 2022] PUT /placement/allocations/d03fb807-55ab-48d1-93f7-a9bdc5ca1fb5 => generated 0 bytes in 159 msecs (HTTP/1.1 204) 5 headers in 199 bytes (2 switches on core 0)
Feb 08 23:16:33.881909 n-d-713498-34 devstack@placement-api.service[105396]: DEBUG placement.requestlog [req-690f49f8-371c-4d04-80f9-6c4902c0a30e req-ef7f3d35-0dfa-4344-9a82-609857394f85 None None] Starting request: 10.222.0.98 "GET /placement/allocations/d03fb807-55ab-48d1-93f7-a9bdc5ca1fb5" {{(pid=105396) __call__ /opt/stack/placement/placement/requestlog.py:55}}
Feb 08 23:16:33.911710 n-d-713498-34 devstack@placement-api.service[105396]: INFO placement.requestlog [req-690f49f8-371c-4d04-80f9-6c4902c0a30e req-ef7f3d35-0dfa-4344-9a82-609857394f85 service placement] 10.222.0.98 "GET /placement/allocations/d03fb807-55ab-48d1-93f7-a9bdc5ca1fb5" status: 200 len: 260 microversion: 1.28
Feb 08 23:16:33.912111 n-d-713498-34 devstack@placement-api.service[105396]: [pid: 105396|app: 0|req: 516/1026] 10.222.0.98 () {60 vars in 1377 bytes} [Tue Feb 8 23:16:33 2022] GET /placement/allocations/d03fb807-55ab-48d1-93f7-a9bdc5ca1fb5 => generated 260 bytes in 31 msecs (HTTP/1.1 200) 8 headers in 296 bytes (1 switches on core 0)
Feb 08 23:16:48.547923 n-d-713498-34 devstack@placement-api.service[105397]: DEBUG placement.requestlog [req-ccfe60d0-c58a-4cb2-975d-2045098e035e req-911654ba-24b8-4f5e-b466-1d1a70bd90bb None None] Starting request: 10.222.0.93 "GET /placement/resource_providers/a1d20cc2-a1c7-4125-a9fb-5154964bf432/allocations" {{(pid=105397) __call__ /opt/stack/placement/placement/requestlog.py:55}}
Feb 08 23:16:48.623074 n-d-713498-34 devstack@placement-api.service[105397]: INFO placement.requestlog [req-ccfe60d0-c58a-4cb2-975d-2045098e035e req-911654ba-24b8-4f5e-b466-1d1a70bd90bb service placement] 10.222.0.93 "GET /placement/resource_providers/a1d20cc2-a1c7-4125-a9fb-5154964bf432/allocations" status: 200 len: 154 microversion: 1.0
Feb 08 23:16:48.623450 n-d-713498-34 devstack@placement-api.service[105397]: [pid: 105397|app: 0|req: 511/1027] 10.222.0.93 () {58 vars in 1390 bytes} [Tue Feb 8 23:16:48 2022] GET /placement/resource_providers/a1d20cc2-a1c7-4125-a9fb-5154964bf432/allocations => generated 154 bytes in 78 msecs (HTTP/1.1 200) 6 headers in 224 bytes (1 switches on core 0)
Feb 08 23:16:55.885450 n-d-713498-34 devstack@placement-api.service[105396]: DEBUG placement.requestlog [req-309c57ec-5d6d-472f-ae28-84356ec91886 req-686c276f-7f59-43a0-8d27-2a9faa91bb9f None None] Starting request: 10.222.0.98 "DELETE /placement/allocations/d03fb807-55ab-48d1-93f7-a9bdc5ca1fb5" {{(pid=105396) __call__ /opt/stack/placement/placement/requestlog.py:55}}
Feb 08 23:16:56.025466 n-d-713498-34 devstack@placement-api.service[105396]: DEBUG placement.handlers.allocation [req-309c57ec-5d6d-472f-ae28-84356ec91886 req-686c276f-7f59-43a0-8d27-2a9faa91bb9f service placement] Successfully deleted allocations [, , ] {{(pid=105396) delete_allocations /opt/stack/placement/placement/handlers/allocation.py:627}}
Feb 08 23:16:56.026352 n-d-713498-34 devstack@placement-api.service[105396]: INFO placement.requestlog [req-309c57ec-5d6d-472f-ae28-84356ec91886 req-686c276f-7f59-43a0-8d27-2a9faa91bb9f service placement] 10.222.0.98 "DELETE /placement/allocations/d03fb807-55ab-48d1-93f7-a9bdc5ca1fb5" status: 204 len: 0 microversion: 1.0
Feb 08 23:16:56.027865 n-d-713498-34 devstack@placement-api.service[105396]: [pid: 105396|app: 0|req: 517/1028] 10.222.0.98 () {60 vars in 1355 bytes} [Tue Feb 8 23:16:55 2022] DELETE /placement/allocations/d03fb807-55ab-48d1-93f7-a9bdc5ca1fb5 => generated 0 bytes in 142 msecs (HTTP/1.1 204) 5 headers in 198 bytes (1 switches on core 0)
Feb 08 23:17:02.759414 n-d-713498-34 devstack@placement-api.service[105397]: DEBUG placement.requestlog [req-c7a65da3-2350-4cf5-9110-4ff725f15ae1 req-28f4e601-e56b-4df4-a676-cab820bc5206 None None] Starting request: 10.222.0.93 "DELETE /placement/allocations/946545dd-2a89-4c6c-b07f-d9b38b727c85" {{(pid=105397) __call__ /opt/stack/placement/placement/requestlog.py:55}}
Feb 08 23:17:02.831689 n-d-713498-34 devstack@placement-api.service[105397]: DEBUG placement.handlers.allocation [req-c7a65da3-2350-4cf5-9110-4ff725f15ae1 req-28f4e601-e56b-4df4-a676-cab820bc5206 service placement] Successfully deleted allocations [, , ] {{(pid=105397) delete_allocations /opt/stack/placement/placement/handlers/allocation.py:627}}
Feb 08 23:17:02.832189 n-d-713498-34 devstack@placement-api.service[105397]: INFO placement.requestlog [req-c7a65da3-2350-4cf5-9110-4ff725f15ae1 req-28f4e601-e56b-4df4-a676-cab820bc5206 service placement] 10.222.0.93 "DELETE /placement/allocations/946545dd-2a89-4c6c-b07f-d9b38b727c85" status: 204 len: 0 microversion: 1.0
Feb 08 23:17:02.833036 n-d-713498-34 devstack@placement-api.service[105397]: [pid: 105397|app: 0|req: 512/1029] 10.222.0.93 () {60 vars in 1355 bytes} [Tue Feb 8 23:17:02 2022] DELETE /placement/allocations/946545dd-2a89-4c6c-b07f-d9b38b727c85 => generated 0 bytes in 74 msecs (HTTP/1.1 204) 5 headers in 198 bytes (1 switches on core 0)
Feb 08 23:17:13.536440 n-d-713498-34 devstack@placement-api.service[105396]: DEBUG placement.requestlog [req-528df68d-a23a-48a5-b8db-507310df37b1 req-79572041-e2f0-4235-a2ce-f023bc20fe77 None None] Starting request: 10.222.0.61 "GET /placement/allocation_candidates?limit=1000&resources=DISK_GB%3A1%2CMEMORY_MB%3A1024%2CVCPU%3A1&root_required=%21COMPUTE_STATUS_DISABLED" {{(pid=105396) __call__ /opt/stack/placement/placement/requestlog.py:55}}
Feb 08 23:17:14.124151 n-d-713498-34 devstack@placement-api.service[105396]: DEBUG placement.objects.research_context [req-528df68d-a23a-48a5-b8db-507310df37b1 req-79572041-e2f0-4235-a2ce-f023bc20fe77 service placement] getting providers with 1 DISK_GB {{(pid=105396) __init__ /opt/stack/placement/placement/objects/research_context.py:126}}
Feb 08 23:17:14.147953 n-d-713498-34 devstack@placement-api.service[105396]: DEBUG placement.objects.research_context [req-528df68d-a23a-48a5-b8db-507310df37b1 req-79572041-e2f0-4235-a2ce-f023bc20fe77 service placement] getting providers with 1024 MEMORY_MB {{(pid=105396) __init__ /opt/stack/placement/placement/objects/research_context.py:126}}
Feb 08 23:17:14.168930 n-d-713498-34 devstack@placement-api.service[105396]: DEBUG placement.objects.research_context [req-528df68d-a23a-48a5-b8db-507310df37b1 req-79572041-e2f0-4235-a2ce-f023bc20fe77 service placement] getting providers with 1 VCPU {{(pid=105396) __init__ /opt/stack/placement/placement/objects/research_context.py:126}}
Feb 08 23:17:14.196097 n-d-713498-34 devstack@placement-api.service[105396]: DEBUG placement.objects.research_context [req-528df68d-a23a-48a5-b8db-507310df37b1 req-79572041-e2f0-4235-a2ce-f023bc20fe77 service placement] found 2 providers with available 1 DISK_GB {{(pid=105396) get_provider_ids_matching /opt/stack/placement/placement/objects/research_context.py:549}}
Feb 08 23:17:14.196373 n-d-713498-34 devstack@placement-api.service[105396]: DEBUG placement.objects.research_context [req-528df68d-a23a-48a5-b8db-507310df37b1 req-79572041-e2f0-4235-a2ce-f023bc20fe77 service placement] found 2 providers with available 1024 MEMORY_MB {{(pid=105396) get_provider_ids_matching /opt/stack/placement/placement/objects/research_context.py:549}}
Feb 08 23:17:14.196687 n-d-713498-34 devstack@placement-api.service[105396]: DEBUG placement.objects.research_context [req-528df68d-a23a-48a5-b8db-507310df37b1 req-79572041-e2f0-4235-a2ce-f023bc20fe77 service placement] found 2 providers after filtering by previous result {{(pid=105396) get_provider_ids_matching /opt/stack/placement/placement/objects/research_context.py:580}}
Feb 08 23:17:14.196947 n-d-713498-34 devstack@placement-api.service[105396]: DEBUG placement.objects.research_context [req-528df68d-a23a-48a5-b8db-507310df37b1 req-79572041-e2f0-4235-a2ce-f023bc20fe77 service placement] found 2 providers with available 1 VCPU {{(pid=105396) get_provider_ids_matching /opt/stack/placement/placement/objects/research_context.py:549}}
Feb 08 23:17:14.197205 n-d-713498-34 devstack@placement-api.service[105396]: DEBUG placement.objects.research_context [req-528df68d-a23a-48a5-b8db-507310df37b1 req-79572041-e2f0-4235-a2ce-f023bc20fe77 service placement] found 2 providers after filtering by previous result {{(pid=105396) get_provider_ids_matching /opt/stack/placement/placement/objects/research_context.py:580}}
Feb 08 23:17:14.304819 n-d-713498-34 devstack@placement-api.service[105396]: DEBUG placement.objects.allocation_candidate [req-528df68d-a23a-48a5-b8db-507310df37b1 req-79572041-e2f0-4235-a2ce-f023bc20fe77 service placement] RequestGroup(use_same_provider=False, resources={DISK_GB:1, MEMORY_MB:1024, VCPU:1}, traits=[], aggregates=[]) (suffix '') returned 2 matches {{(pid=105396) _get_by_requests /opt/stack/placement/placement/objects/allocation_candidate.py:145}}
Feb 08 23:17:14.305455 n-d-713498-34 devstack@placement-api.service[105396]: DEBUG placement.objects.allocation_candidate [req-528df68d-a23a-48a5-b8db-507310df37b1 req-79572041-e2f0-4235-a2ce-f023bc20fe77 service placement] Merging candidates yields 2 allocation requests and 2 provider summaries {{(pid=105396) _merge_candidates /opt/stack/placement/placement/objects/allocation_candidate.py:783}}
Feb 08 23:17:14.313655 n-d-713498-34 devstack@placement-api.service[105396]: INFO placement.requestlog [req-528df68d-a23a-48a5-b8db-507310df37b1 req-79572041-e2f0-4235-a2ce-f023bc20fe77 service placement] 10.222.0.61 "GET /placement/allocation_candidates?limit=1000&resources=DISK_GB%3A1%2CMEMORY_MB%3A1024%2CVCPU%3A1&root_required=%21COMPUTE_STATUS_DISABLED" status: 200 len: 1303 microversion: 1.36
Feb 08 23:17:14.320866 n-d-713498-34 devstack@placement-api.service[105396]: [pid: 105396|app: 0|req: 518/1030] 10.222.0.61 () {60 vars in 1506 bytes} [Tue Feb 8 23:17:13 2022] GET /placement/allocation_candidates?limit=1000&resources=DISK_GB%3A1%2CMEMORY_MB%3A1024%2CVCPU%3A1&root_required=%21COMPUTE_STATUS_DISABLED => generated 1303 bytes in 785 msecs (HTTP/1.1 200) 8 headers in 297 bytes (2 switches on core 0)
Feb 08 23:17:14.447720 n-d-713498-34 devstack@placement-api.service[105397]: DEBUG placement.requestlog [req-528df68d-a23a-48a5-b8db-507310df37b1 req-736e4acd-710d-4416-9796-8f2d289e61fd None None] Starting request: 10.222.0.61 "GET /placement/allocations/09eb87ae-043c-41be-9948-0e244c6236e4" {{(pid=105397) __call__ /opt/stack/placement/placement/requestlog.py:55}}
Feb 08 23:17:14.477993 n-d-713498-34 devstack@placement-api.service[105397]: INFO placement.requestlog [req-528df68d-a23a-48a5-b8db-507310df37b1 req-736e4acd-710d-4416-9796-8f2d289e61fd service placement] 10.222.0.61 "GET /placement/allocations/09eb87ae-043c-41be-9948-0e244c6236e4" status: 200 len: 19 microversion: 1.28
Feb 08 23:17:14.481370 n-d-713498-34 devstack@placement-api.service[105397]: [pid: 105397|app: 0|req: 513/1031] 10.222.0.61 () {60 vars in 1380 bytes} [Tue Feb 8 23:17:14 2022] GET /placement/allocations/09eb87ae-043c-41be-9948-0e244c6236e4 => generated 19 bytes in 34 msecs (HTTP/1.1 200) 8 headers in 295 bytes (1 switches on core 0)
Feb 08 23:17:14.497604 n-d-713498-34 devstack@placement-api.service[105396]: DEBUG placement.requestlog [req-528df68d-a23a-48a5-b8db-507310df37b1 req-6c0b5b2c-9832-4f07-b9b7-88c085393c8d None None] Starting request: 10.222.0.61 "PUT /placement/allocations/09eb87ae-043c-41be-9948-0e244c6236e4" {{(pid=105396) __call__ /opt/stack/placement/placement/requestlog.py:55}}
Feb 08 23:17:14.674895 n-d-713498-34 devstack@placement-api.service[105396]: DEBUG placement.handlers.allocation [req-528df68d-a23a-48a5-b8db-507310df37b1 req-6c0b5b2c-9832-4f07-b9b7-88c085393c8d service placement] Successfully wrote allocations [, , ] {{(pid=105396) _update_consumers_and_create_allocations /opt/stack/placement/placement/handlers/allocation.py:462}}
Feb 08 23:17:14.689455 n-d-713498-34 devstack@placement-api.service[105396]: INFO placement.requestlog [req-528df68d-a23a-48a5-b8db-507310df37b1 req-6c0b5b2c-9832-4f07-b9b7-88c085393c8d service placement] 10.222.0.61 "PUT /placement/allocations/09eb87ae-043c-41be-9948-0e244c6236e4" status: 204 len: 0 microversion: 1.36
Feb 08 23:17:14.692826 n-d-713498-34 devstack@placement-api.service[105396]: [pid: 105396|app: 0|req: 519/1032] 10.222.0.61 () {64 vars in 1433 bytes} [Tue Feb 8 23:17:14 2022] PUT /placement/allocations/09eb87ae-043c-41be-9948-0e244c6236e4 => generated 0 bytes in 193 msecs (HTTP/1.1 204) 5 headers in 199 bytes (2 switches on core 0)
Feb 08 23:17:15.513950 n-d-713498-34 devstack@placement-api.service[105397]: DEBUG placement.requestlog [req-528df68d-a23a-48a5-b8db-507310df37b1 req-122be1d4-c571-4ee6-ae8d-5951b644369a None None] Starting request: 10.222.0.98 "GET /placement/allocations/09eb87ae-043c-41be-9948-0e244c6236e4" {{(pid=105397) __call__ /opt/stack/placement/placement/requestlog.py:55}}
Feb 08 23:17:15.552383 n-d-713498-34 devstack@placement-api.service[105397]: INFO placement.requestlog [req-528df68d-a23a-48a5-b8db-507310df37b1 req-122be1d4-c571-4ee6-ae8d-5951b644369a service placement] 10.222.0.98 "GET /placement/allocations/09eb87ae-043c-41be-9948-0e244c6236e4" status: 200 len: 260 microversion: 1.28
Feb 08 23:17:15.553212 n-d-713498-34 devstack@placement-api.service[105397]: [pid: 105397|app: 0|req: 514/1033] 10.222.0.98 () {60 vars in 1377 bytes} [Tue Feb 8 23:17:15 2022] GET /placement/allocations/09eb87ae-043c-41be-9948-0e244c6236e4 => generated 260 bytes in 40 msecs (HTTP/1.1 200) 8 headers in 296 bytes (1 switches on core 0)
Feb 08 23:17:32.797338 n-d-713498-34 devstack@placement-api.service[105396]: DEBUG placement.requestlog [req-cbef2bd3-f6d8-41a1-9fc1-e310cef508a4 req-29fec531-76af-4b9d-9dd5-219dd4aa7ef6 None None] Starting request: 10.222.0.98 "GET /placement/resource_providers/10862597-8a8c-44f4-9d74-5fb1bb2e1c03/allocations" {{(pid=105396) __call__ /opt/stack/placement/placement/requestlog.py:55}}
Feb 08 23:17:32.848902 n-d-713498-34 devstack@placement-api.service[105396]: INFO placement.requestlog [req-cbef2bd3-f6d8-41a1-9fc1-e310cef508a4 req-29fec531-76af-4b9d-9dd5-219dd4aa7ef6 service placement] 10.222.0.98 "GET /placement/resource_providers/10862597-8a8c-44f4-9d74-5fb1bb2e1c03/allocations" status: 200 len: 155 microversion: 1.0
