Feb 02 19:29:01.960092 n-d-713498-33 devstack@placement-api.service[110333]: DEBUG placement.requestlog [req-b60e109b-f240-48f1-9610-8005da0bfdf7 req-e8854d9d-cdff-4c2e-96fb-d72cc8cd5444 None None] Starting request: 10.222.0.84 "GET /placement/resource_providers/115b5296-2a70-47bb-8a0c-a8541417dee4/inventories" {{(pid=110333) __call__ /opt/stack/placement/placement/requestlog.py:55}}
Feb 02 19:29:01.979425 n-d-713498-33 devstack@placement-api.service[110333]: INFO placement.requestlog [req-b60e109b-f240-48f1-9610-8005da0bfdf7 req-e8854d9d-cdff-4c2e-96fb-d72cc8cd5444 service placement] 10.222.0.84 "GET /placement/resource_providers/115b5296-2a70-47bb-8a0c-a8541417dee4/inventories" status: 200 len: 399 microversion: 1.0
Feb 02 19:29:01.980020 n-d-713498-33 devstack@placement-api.service[110333]: [pid: 110333|app: 0|req: 554/1100] 10.222.0.84 () {58 vars in 1390 bytes} [Wed Feb 2 19:29:01 2022] GET /placement/resource_providers/115b5296-2a70-47bb-8a0c-a8541417dee4/inventories => generated 399 bytes in 20 msecs (HTTP/1.1 200) 6 headers in 224 bytes (1 switches on core 0)
Feb 02 19:29:02.014394 n-d-713498-33 devstack@placement-api.service[110332]: DEBUG placement.requestlog [req-b60e109b-f240-48f1-9610-8005da0bfdf7 req-7185e255-22d7-4177-9daf-42fa913956c8 None None] Starting request: 10.222.0.84 "GET /placement/resource_providers/115b5296-2a70-47bb-8a0c-a8541417dee4/aggregates" {{(pid=110332) __call__ /opt/stack/placement/placement/requestlog.py:55}}
Feb 02 19:29:02.027601 n-d-713498-33 devstack@placement-api.service[110332]: INFO placement.requestlog [req-b60e109b-f240-48f1-9610-8005da0bfdf7 req-7185e255-22d7-4177-9daf-42fa913956c8 service placement] 10.222.0.84 "GET /placement/resource_providers/115b5296-2a70-47bb-8a0c-a8541417dee4/aggregates" status: 200 len: 55 microversion: 1.19
Feb 02 19:29:02.028859 n-d-713498-33 devstack@placement-api.service[110332]: [pid: 110332|app: 0|req: 547/1101] 10.222.0.84 () {60 vars in 1431 bytes} [Wed Feb 2 19:29:02 2022] GET /placement/resource_providers/115b5296-2a70-47bb-8a0c-a8541417dee4/aggregates => generated 55 bytes in 15 msecs (HTTP/1.1 200) 8 headers in 295 bytes (1 switches on core 0)
Feb 02 19:29:02.051457 n-d-713498-33 devstack@placement-api.service[110333]: DEBUG placement.requestlog [req-b60e109b-f240-48f1-9610-8005da0bfdf7 req-5bca45b9-4863-4b4a-a5f3-f4e3fa84aa9d None None] Starting request: 10.222.0.84 "GET /placement/resource_providers/115b5296-2a70-47bb-8a0c-a8541417dee4/traits" {{(pid=110333) __call__ /opt/stack/placement/placement/requestlog.py:55}}
Feb 02 19:29:02.082047 n-d-713498-33 devstack@placement-api.service[110333]: INFO placement.requestlog [req-b60e109b-f240-48f1-9610-8005da0bfdf7 req-5bca45b9-4863-4b4a-a5f3-f4e3fa84aa9d service placement] 10.222.0.84 "GET /placement/resource_providers/115b5296-2a70-47bb-8a0c-a8541417dee4/traits" status: 200 len: 213 microversion: 1.6
Feb 02 19:29:02.082526 n-d-713498-33 devstack@placement-api.service[110333]: [pid: 110333|app: 0|req: 555/1102] 10.222.0.84 () {60 vars in 1418 bytes} [Wed Feb 2 19:29:02 2022] GET /placement/resource_providers/115b5296-2a70-47bb-8a0c-a8541417dee4/traits => generated 213 bytes in 31 msecs (HTTP/1.1 200) 6 headers in 224 bytes (2 switches on core 0)
Feb 02 19:29:11.676066 n-d-713498-33 devstack@placement-api.service[110332]: DEBUG placement.requestlog [req-b9fc33e7-76d0-4a23-b005-d863bb2069a0 req-c4e9aca0-f948-460e-a1dc-102b163623b4 None None] Starting request: 10.222.0.41 "DELETE /placement/allocations/561bd157-7928-4d10-97c2-b5316f562ef6" {{(pid=110332) __call__ /opt/stack/placement/placement/requestlog.py:55}}
Feb 02 19:29:11.710955 n-d-713498-33 devstack@placement-api.service[110332]: DEBUG placement.handlers.allocation [req-b9fc33e7-76d0-4a23-b005-d863bb2069a0 req-c4e9aca0-f948-460e-a1dc-102b163623b4 service placement] Successfully deleted allocations [, , ] {{(pid=110332) delete_allocations /opt/stack/placement/placement/handlers/allocation.py:627}}
Feb 02 19:29:11.711579 n-d-713498-33 devstack@placement-api.service[110332]: INFO placement.requestlog [req-b9fc33e7-76d0-4a23-b005-d863bb2069a0 req-c4e9aca0-f948-460e-a1dc-102b163623b4 service placement] 10.222.0.41 "DELETE /placement/allocations/561bd157-7928-4d10-97c2-b5316f562ef6" status: 204 len: 0 microversion: 1.0
Feb 02 19:29:11.712188 n-d-713498-33 devstack@placement-api.service[110332]: [pid: 110332|app: 0|req: 548/1103] 10.222.0.41 () {60 vars in 1355 bytes} [Wed Feb 2 19:29:11 2022] DELETE /placement/allocations/561bd157-7928-4d10-97c2-b5316f562ef6 => generated 0 bytes in 37 msecs (HTTP/1.1 204) 5 headers in 198 bytes (1 switches on core 0)
Feb 02 19:29:18.029006 n-d-713498-33 devstack@placement-api.service[110333]: DEBUG placement.requestlog [req-f80e4610-6f7a-4fc8-83bc-c93d5e1b0a2b req-680c0c2c-c102-4ea9-a95d-c0e2c5f0cb74 None None] Starting request: 10.222.0.84 "DELETE /placement/allocations/42f1804c-76e4-4c84-a0e5-4dc38bf501e0" {{(pid=110333) __call__ /opt/stack/placement/placement/requestlog.py:55}}
Feb 02 19:29:18.061255 n-d-713498-33 devstack@placement-api.service[110333]: DEBUG placement.handlers.allocation [req-f80e4610-6f7a-4fc8-83bc-c93d5e1b0a2b req-680c0c2c-c102-4ea9-a95d-c0e2c5f0cb74 service placement] Successfully deleted allocations [, , ] {{(pid=110333) delete_allocations /opt/stack/placement/placement/handlers/allocation.py:627}}
Feb 02 19:29:18.062056 n-d-713498-33 devstack@placement-api.service[110333]: INFO placement.requestlog [req-f80e4610-6f7a-4fc8-83bc-c93d5e1b0a2b req-680c0c2c-c102-4ea9-a95d-c0e2c5f0cb74 service placement] 10.222.0.84 "DELETE /placement/allocations/42f1804c-76e4-4c84-a0e5-4dc38bf501e0" status: 204 len: 0 microversion: 1.0
Feb 02 19:29:18.062653 n-d-713498-33 devstack@placement-api.service[110333]: [pid: 110333|app: 0|req: 556/1104] 10.222.0.84 () {60 vars in 1355 bytes} [Wed Feb 2 19:29:18 2022] DELETE /placement/allocations/42f1804c-76e4-4c84-a0e5-4dc38bf501e0 => generated 0 bytes in 34 msecs (HTTP/1.1 204) 5 headers in 198 bytes (1 switches on core 0)
Feb 02 19:29:23.110220 n-d-713498-33 devstack@placement-api.service[110332]: DEBUG placement.requestlog [req-2f450166-2142-4ed1-a367-fe546cb28872 req-c70e10b3-ff01-4b4d-8b1d-19849e86cb63 None None] Starting request: 10.222.0.41 "GET /placement/resource_providers/c82229b2-1eb1-4cc7-9537-4293ac1d61bc/allocations" {{(pid=110332) __call__ /opt/stack/placement/placement/requestlog.py:55}}
Feb 02 19:29:23.290070 n-d-713498-33 devstack@placement-api.service[110332]: INFO placement.requestlog [req-2f450166-2142-4ed1-a367-fe546cb28872 req-c70e10b3-ff01-4b4d-8b1d-19849e86cb63 service placement] 10.222.0.41 "GET /placement/resource_providers/c82229b2-1eb1-4cc7-9537-4293ac1d61bc/allocations" status: 200 len: 55 microversion: 1.0
Feb 02 19:29:23.290960 n-d-713498-33 devstack@placement-api.service[110332]: [pid: 110332|app: 0|req: 549/1105] 10.222.0.41 () {58 vars in 1390 bytes} [Wed Feb 2 19:29:23 2022] GET /placement/resource_providers/c82229b2-1eb1-4cc7-9537-4293ac1d61bc/allocations => generated 55 bytes in 181 msecs (HTTP/1.1 200) 6 headers in 223 bytes (1 switches on core 0)
Feb 02 19:29:23.346204 n-d-713498-33 devstack@placement-api.service[110333]: DEBUG placement.requestlog [req-2f450166-2142-4ed1-a367-fe546cb28872 req-c51df834-6dcb-4dbf-84a3-34f81aa91fc6 None None] Starting request: 10.222.0.41 "GET /placement/resource_providers?in_tree=c82229b2-1eb1-4cc7-9537-4293ac1d61bc" {{(pid=110333) __call__ /opt/stack/placement/placement/requestlog.py:55}}
Feb 02 19:29:23.376813 n-d-713498-33 devstack@placement-api.service[110333]: INFO placement.requestlog [req-2f450166-2142-4ed1-a367-fe546cb28872 req-c51df834-6dcb-4dbf-84a3-34f81aa91fc6 service placement] 10.222.0.41 "GET /placement/resource_providers?in_tree=c82229b2-1eb1-4cc7-9537-4293ac1d61bc" status: 200 len: 864 microversion: 1.14
Feb 02 19:29:23.377473 n-d-713498-33 devstack@placement-api.service[110333]: [pid: 110333|app: 0|req: 557/1106] 10.222.0.41 () {60 vars in 1376 bytes} [Wed Feb 2 19:29:23 2022] GET /placement/resource_providers?in_tree=c82229b2-1eb1-4cc7-9537-4293ac1d61bc => generated 864 bytes in 32 msecs (HTTP/1.1 200) 6 headers in 225 bytes (2 switches on core 0)
Feb 02 19:29:23.395107 n-d-713498-33 devstack@placement-api.service[110332]: DEBUG placement.requestlog [req-2f450166-2142-4ed1-a367-fe546cb28872 req-4b4ce99c-8359-49b1-a6fa-973910776f9c None None] Starting request: 10.222.0.41 "GET /placement/resource_providers/c82229b2-1eb1-4cc7-9537-4293ac1d61bc/inventories" {{(pid=110332) __call__ /opt/stack/placement/placement/requestlog.py:55}}
Feb 02 19:29:23.427324 n-d-713498-33 devstack@placement-api.service[110332]: INFO placement.requestlog [req-2f450166-2142-4ed1-a367-fe546cb28872 req-4b4ce99c-8359-49b1-a6fa-973910776f9c service placement] 10.222.0.41 "GET /placement/resource_providers/c82229b2-1eb1-4cc7-9537-4293ac1d61bc/inventories" status: 200 len: 398 microversion: 1.0
Feb 02 19:29:23.428388 n-d-713498-33 devstack@placement-api.service[110332]: [pid: 110332|app: 0|req: 550/1107] 10.222.0.41 () {58 vars in 1390 bytes} [Wed Feb 2 19:29:23 2022] GET /placement/resource_providers/c82229b2-1eb1-4cc7-9537-4293ac1d61bc/inventories => generated 398 bytes in 34 msecs (HTTP/1.1 200) 6 headers in 224 bytes (1 switches on core 0)
Feb 02 19:29:23.454294 n-d-713498-33 devstack@placement-api.service[110333]: DEBUG placement.requestlog [req-2f450166-2142-4ed1-a367-fe546cb28872 req-7dd4565a-f120-4d98-90db-a125087496f8 None None] Starting request: 10.222.0.41 "GET /placement/resource_providers/c82229b2-1eb1-4cc7-9537-4293ac1d61bc/aggregates" {{(pid=110333) __call__ /opt/stack/placement/placement/requestlog.py:55}}
Feb 02 19:29:23.472050 n-d-713498-33 devstack@placement-api.service[110333]: INFO placement.requestlog [req-2f450166-2142-4ed1-a367-fe546cb28872 req-7dd4565a-f120-4d98-90db-a125087496f8 service placement] 10.222.0.41 "GET /placement/resource_providers/c82229b2-1eb1-4cc7-9537-4293ac1d61bc/aggregates" status: 200 len: 54 microversion: 1.19
Feb 02 19:29:23.472748 n-d-713498-33 devstack@placement-api.service[110333]: [pid: 110333|app: 0|req: 558/1108] 10.222.0.41 () {60 vars in 1431 bytes} [Wed Feb 2 19:29:23 2022] GET /placement/resource_providers/c82229b2-1eb1-4cc7-9537-4293ac1d61bc/aggregates => generated 54 bytes in 20 msecs (HTTP/1.1 200) 8 headers in 295 bytes (1 switches on core 0)
Feb 02 19:29:23.492537 n-d-713498-33 devstack@placement-api.service[110332]: DEBUG placement.requestlog [req-2f450166-2142-4ed1-a367-fe546cb28872 req-ddd2467a-2614-4815-ac20-8f9536293edf None None] Starting request: 10.222.0.41 "GET /placement/resource_providers/c82229b2-1eb1-4cc7-9537-4293ac1d61bc/traits" {{(pid=110332) __call__ /opt/stack/placement/placement/requestlog.py:55}}
Feb 02 19:29:23.555436 n-d-713498-33 devstack@placement-api.service[110332]: INFO placement.requestlog [req-2f450166-2142-4ed1-a367-fe546cb28872 req-ddd2467a-2614-4815-ac20-8f9536293edf service placement] 10.222.0.41 "GET /placement/resource_providers/c82229b2-1eb1-4cc7-9537-4293ac1d61bc/traits" status: 200 len: 212 microversion: 1.6
Feb 02 19:29:23.556284 n-d-713498-33 devstack@placement-api.service[110332]: [pid: 110332|app: 0|req: 551/1109] 10.222.0.41 () {60 vars in 1418 bytes} [Wed Feb 2 19:29:23 2022] GET /placement/resource_providers/c82229b2-1eb1-4cc7-9537-4293ac1d61bc/traits => generated 212 bytes in 64 msecs (HTTP/1.1 200) 6 headers in 224 bytes (1 switches on core 0)
Feb 02 19:29:32.680423 n-d-713498-33 devstack@placement-api.service[110333]: DEBUG placement.requestlog [req-93045639-205a-438d-99e2-850754ac951e req-e888a9fa-3b68-489a-b209-41c6eca059de None None] Starting request: 10.222.0.36 "GET /placement/allocation_candidates?limit=1000&resources=DISK_GB%3A1%2CMEMORY_MB%3A1024%2CVCPU%3A1&root_required=%21COMPUTE_STATUS_DISABLED" {{(pid=110333) __call__ /opt/stack/placement/placement/requestlog.py:55}}
Feb 02 19:29:32.742516 n-d-713498-33 devstack@placement-api.service[110333]: DEBUG placement.objects.research_context [req-93045639-205a-438d-99e2-850754ac951e req-e888a9fa-3b68-489a-b209-41c6eca059de service placement] getting providers with 1 DISK_GB {{(pid=110333) __init__ /opt/stack/placement/placement/objects/research_context.py:126}}
Feb 02 19:29:32.749935 n-d-713498-33 devstack@placement-api.service[110333]: DEBUG placement.objects.research_context [req-93045639-205a-438d-99e2-850754ac951e req-e888a9fa-3b68-489a-b209-41c6eca059de service placement] getting providers with 1024 MEMORY_MB {{(pid=110333) __init__ /opt/stack/placement/placement/objects/research_context.py:126}}
Feb 02 19:29:32.756022 n-d-713498-33 devstack@placement-api.service[110333]: DEBUG placement.objects.research_context [req-93045639-205a-438d-99e2-850754ac951e req-e888a9fa-3b68-489a-b209-41c6eca059de service placement] getting providers with 1 VCPU {{(pid=110333) __init__ /opt/stack/placement/placement/objects/research_context.py:126}}
Feb 02 19:29:32.763984 n-d-713498-33 devstack@placement-api.service[110333]: DEBUG placement.objects.research_context [req-93045639-205a-438d-99e2-850754ac951e req-e888a9fa-3b68-489a-b209-41c6eca059de service placement] found 2 providers with available 1 DISK_GB {{(pid=110333) get_provider_ids_matching /opt/stack/placement/placement/objects/research_context.py:549}}
Feb 02 19:29:32.764610 n-d-713498-33 devstack@placement-api.service[110333]: DEBUG placement.objects.research_context [req-93045639-205a-438d-99e2-850754ac951e req-e888a9fa-3b68-489a-b209-41c6eca059de service placement] found 2 providers with available 1024 MEMORY_MB {{(pid=110333) get_provider_ids_matching /opt/stack/placement/placement/objects/research_context.py:549}}
Feb 02 19:29:32.765140 n-d-713498-33 devstack@placement-api.service[110333]: DEBUG placement.objects.research_context [req-93045639-205a-438d-99e2-850754ac951e req-e888a9fa-3b68-489a-b209-41c6eca059de service placement] found 2 providers after filtering by previous result {{(pid=110333) get_provider_ids_matching /opt/stack/placement/placement/objects/research_context.py:580}}
Feb 02 19:29:32.765625 n-d-713498-33 devstack@placement-api.service[110333]: DEBUG placement.objects.research_context [req-93045639-205a-438d-99e2-850754ac951e req-e888a9fa-3b68-489a-b209-41c6eca059de service placement] found 2 providers with available 1 VCPU {{(pid=110333) get_provider_ids_matching /opt/stack/placement/placement/objects/research_context.py:549}}
Feb 02 19:29:32.766263 n-d-713498-33 devstack@placement-api.service[110333]: DEBUG placement.objects.research_context [req-93045639-205a-438d-99e2-850754ac951e req-e888a9fa-3b68-489a-b209-41c6eca059de service placement] found 2 providers after filtering by previous result {{(pid=110333) get_provider_ids_matching /opt/stack/placement/placement/objects/research_context.py:580}}
Feb 02 19:29:32.784003 n-d-713498-33 devstack@placement-api.service[110333]: DEBUG placement.objects.allocation_candidate [req-93045639-205a-438d-99e2-850754ac951e req-e888a9fa-3b68-489a-b209-41c6eca059de service placement] RequestGroup(use_same_provider=False, resources={DISK_GB:1, MEMORY_MB:1024, VCPU:1}, traits=[], aggregates=[]) (suffix '') returned 2 matches {{(pid=110333) _get_by_requests /opt/stack/placement/placement/objects/allocation_candidate.py:145}}
Feb 02 19:29:32.784898 n-d-713498-33 devstack@placement-api.service[110333]: DEBUG placement.objects.allocation_candidate [req-93045639-205a-438d-99e2-850754ac951e req-e888a9fa-3b68-489a-b209-41c6eca059de service placement] Merging candidates yields 2 allocation requests and 2 provider summaries {{(pid=110333) _merge_candidates /opt/stack/placement/placement/objects/allocation_candidate.py:783}}
Feb 02 19:29:32.788758 n-d-713498-33 devstack@placement-api.service[110333]: INFO placement.requestlog [req-93045639-205a-438d-99e2-850754ac951e req-e888a9fa-3b68-489a-b209-41c6eca059de service placement] 10.222.0.36 "GET /placement/allocation_candidates?limit=1000&resources=DISK_GB%3A1%2CMEMORY_MB%3A1024%2CVCPU%3A1&root_required=%21COMPUTE_STATUS_DISABLED" status: 200 len: 1306 microversion: 1.36
Feb 02 19:29:32.792821 n-d-713498-33 devstack@placement-api.service[110333]: [pid: 110333|app: 0|req: 559/1110] 10.222.0.36 () {60 vars in 1506 bytes} [Wed Feb 2 19:29:32 2022] GET /placement/allocation_candidates?limit=1000&resources=DISK_GB%3A1%2CMEMORY_MB%3A1024%2CVCPU%3A1&root_required=%21COMPUTE_STATUS_DISABLED => generated 1306 bytes in 112 msecs (HTTP/1.1 200) 8 headers in 297 bytes (1 switches on core 0)
Feb 02 19:29:32.846764 n-d-713498-33 devstack@placement-api.service[110332]: DEBUG placement.requestlog [req-93045639-205a-438d-99e2-850754ac951e req-59d751d4-2b3b-4be1-9f65-8d3501dac9b3 None None] Starting request: 10.222.0.36 "GET /placement/allocations/913b442f-2e3a-426d-a182-de76a51a63f0" {{(pid=110332) __call__ /opt/stack/placement/placement/requestlog.py:55}}
Feb 02 19:29:32.870059 n-d-713498-33 devstack@placement-api.service[110332]: INFO placement.requestlog [req-93045639-205a-438d-99e2-850754ac951e req-59d751d4-2b3b-4be1-9f65-8d3501dac9b3 service placement] 10.222.0.36 "GET /placement/allocations/913b442f-2e3a-426d-a182-de76a51a63f0" status: 200 len: 19 microversion: 1.28
Feb 02 19:29:32.871179 n-d-713498-33 devstack@placement-api.service[110332]: [pid: 110332|app: 0|req: 552/1111] 10.222.0.36 () {60 vars in 1380 bytes} [Wed Feb 2 19:29:32 2022] GET /placement/allocations/913b442f-2e3a-426d-a182-de76a51a63f0 => generated 19 bytes in 25 msecs (HTTP/1.1 200) 8 headers in 295 bytes (1 switches on core 0)
Feb 02 19:29:32.879652 n-d-713498-33 devstack@placement-api.service[110333]: DEBUG placement.requestlog [req-93045639-205a-438d-99e2-850754ac951e req-7a048612-02c7-4b23-a79d-5c0c7de09434 None None] Starting request: 10.222.0.36 "PUT /placement/allocations/913b442f-2e3a-426d-a182-de76a51a63f0" {{(pid=110333) __call__ /opt/stack/placement/placement/requestlog.py:55}}
Feb 02 19:29:32.946244 n-d-713498-33 devstack@placement-api.service[110333]: DEBUG placement.handlers.allocation [req-93045639-205a-438d-99e2-850754ac951e req-7a048612-02c7-4b23-a79d-5c0c7de09434 service placement] Successfully wrote allocations [, , ] {{(pid=110333) _update_consumers_and_create_allocations /opt/stack/placement/placement/handlers/allocation.py:462}}
Feb 02 19:29:32.951341 n-d-713498-33 devstack@placement-api.service[110333]: INFO placement.requestlog [req-93045639-205a-438d-99e2-850754ac951e req-7a048612-02c7-4b23-a79d-5c0c7de09434 service placement] 10.222.0.36 "PUT /placement/allocations/913b442f-2e3a-426d-a182-de76a51a63f0" status: 204 len: 0 microversion: 1.36
Feb 02 19:29:32.951965 n-d-713498-33 devstack@placement-api.service[110333]: [pid: 110333|app: 0|req: 560/1112] 10.222.0.36 () {64 vars in 1433 bytes} [Wed Feb 2 19:29:32 2022] PUT /placement/allocations/913b442f-2e3a-426d-a182-de76a51a63f0 => generated 0 bytes in 73 msecs (HTTP/1.1 204) 5 headers in 199 bytes (1 switches on core 0)
Feb 02 19:29:33.311964 n-d-713498-33 devstack@placement-api.service[110332]: DEBUG placement.requestlog [req-93045639-205a-438d-99e2-850754ac951e req-d2a15415-bc08-4bf9-acba-5b126959d523 None None] Starting request: 10.222.0.41 "GET /placement/allocations/913b442f-2e3a-426d-a182-de76a51a63f0" {{(pid=110332) __call__ /opt/stack/placement/placement/requestlog.py:55}}
Feb 02 19:29:33.336960 n-d-713498-33 devstack@placement-api.service[110332]: INFO placement.requestlog [req-93045639-205a-438d-99e2-850754ac951e req-d2a15415-bc08-4bf9-acba-5b126959d523 service placement] 10.222.0.41 "GET /placement/allocations/913b442f-2e3a-426d-a182-de76a51a63f0" status: 200 len: 259 microversion: 1.28
Feb 02 19:29:33.337722 n-d-713498-33 devstack@placement-api.service[110332]: [pid: 110332|app: 0|req: 553/1113] 10.222.0.41 () {60 vars in 1377 bytes} [Wed Feb 2 19:29:33 2022] GET /placement/allocations/913b442f-2e3a-426d-a182-de76a51a63f0 => generated 259 bytes in 26 msecs (HTTP/1.1 200) 8 headers in 296 bytes (1 switches on core 0)
Feb 02 19:29:49.837494 n-d-713498-33 devstack@placement-api.service[110333]: DEBUG placement.requestlog [req-f390572d-a2a5-409d-a06a-33e748ccd8c0 req-99952edf-c1ab-49e7-aa37-f76abf99c646 None None] Starting request: 10.222.0.36 "GET /placement/allocation_candidates?limit=1000&resources=DISK_GB%3A1%2CMEMORY_MB%3A1024%2CVCPU%3A1&root_required=%21COMPUTE_STATUS_DISABLED" {{(pid=110333) __call__ /opt/stack/placement/placement/requestlog.py:55}}
Feb 02 19:29:49.877660 n-d-713498-33 devstack@placement-api.service[110333]: DEBUG placement.objects.research_context [req-f390572d-a2a5-409d-a06a-33e748ccd8c0 req-99952edf-c1ab-49e7-aa37-f76abf99c646 service placement] getting providers with 1 DISK_GB {{(pid=110333) __init__ /opt/stack/placement/placement/objects/research_context.py:126}}
Feb 02 19:29:49.893091 n-d-713498-33 devstack@placement-api.service[110333]: DEBUG placement.objects.research_context [req-f390572d-a2a5-409d-a06a-33e748ccd8c0 req-99952edf-c1ab-49e7-aa37-f76abf99c646 service placement] getting providers with 1024 MEMORY_MB {{(pid=110333) __init__ /opt/stack/placement/placement/objects/research_context.py:126}}
Feb 02 19:29:49.899618 n-d-713498-33 devstack@placement-api.service[110333]: DEBUG placement.objects.research_context [req-f390572d-a2a5-409d-a06a-33e748ccd8c0 req-99952edf-c1ab-49e7-aa37-f76abf99c646 service placement] getting providers with 1 VCPU {{(pid=110333) __init__ /opt/stack/placement/placement/objects/research_context.py:126}}
Feb 02 19:29:49.910538 n-d-713498-33 devstack@placement-api.service[110333]: DEBUG placement.objects.research_context [req-f390572d-a2a5-409d-a06a-33e748ccd8c0 req-99952edf-c1ab-49e7-aa37-f76abf99c646 service placement] found 2 providers with available 1 DISK_GB {{(pid=110333) get_provider_ids_matching /opt/stack/placement/placement/objects/research_context.py:549}}
Feb 02 19:29:49.911120 n-d-713498-33 devstack@placement-api.service[110333]: DEBUG placement.objects.research_context [req-f390572d-a2a5-409d-a06a-33e748ccd8c0 req-99952edf-c1ab-49e7-aa37-f76abf99c646 service placement] found 2 providers with available 1024 MEMORY_MB {{(pid=110333) get_provider_ids_matching /opt/stack/placement/placement/objects/research_context.py:549}}
Feb 02 19:29:49.911479 n-d-713498-33 devstack@placement-api.service[110333]: DEBUG placement.objects.research_context [req-f390572d-a2a5-409d-a06a-33e748ccd8c0 req-99952edf-c1ab-49e7-aa37-f76abf99c646 service placement] found 2 providers after filtering by previous result {{(pid=110333) get_provider_ids_matching /opt/stack/placement/placement/objects/research_context.py:580}}
Feb 02 19:29:49.911898 n-d-713498-33 devstack@placement-api.service[110333]: DEBUG placement.objects.research_context [req-f390572d-a2a5-409d-a06a-33e748ccd8c0 req-99952edf-c1ab-49e7-aa37-f76abf99c646 service placement] found 2 providers with available 1 VCPU {{(pid=110333) get_provider_ids_matching /opt/stack/placement/placement/objects/research_context.py:549}}
Feb 02 19:29:49.912232 n-d-713498-33 devstack@placement-api.service[110333]: DEBUG placement.objects.research_context [req-f390572d-a2a5-409d-a06a-33e748ccd8c0 req-99952edf-c1ab-49e7-aa37-f76abf99c646 service placement] found 2 providers after filtering by previous result {{(pid=110333) get_provider_ids_matching /opt/stack/placement/placement/objects/research_context.py:580}}
Feb 02 19:29:49.924448 n-d-713498-33 devstack@placement-api.service[110333]: DEBUG placement.objects.allocation_candidate [req-f390572d-a2a5-409d-a06a-33e748ccd8c0 req-99952edf-c1ab-49e7-aa37-f76abf99c646 service placement] RequestGroup(use_same_provider=False, resources={DISK_GB:1, MEMORY_MB:1024, VCPU:1}, traits=[], aggregates=[]) (suffix '') returned 2 matches {{(pid=110333) _get_by_requests /opt/stack/placement/placement/objects/allocation_candidate.py:145}}
Feb 02 19:29:49.924816 n-d-713498-33 devstack@placement-api.service[110333]: DEBUG placement.objects.allocation_candidate [req-f390572d-a2a5-409d-a06a-33e748ccd8c0 req-99952edf-c1ab-49e7-aa37-f76abf99c646 service placement] Merging candidates yields 2 allocation requests and 2 provider summaries {{(pid=110333) _merge_candidates /opt/stack/placement/placement/objects/allocation_candidate.py:783}}
Feb 02 19:29:49.926459 n-d-713498-33 devstack@placement-api.service[110333]: INFO placement.requestlog [req-f390572d-a2a5-409d-a06a-33e748ccd8c0 req-99952edf-c1ab-49e7-aa37-f76abf99c646 service placement] 10.222.0.36 "GET /placement/allocation_candidates?limit=1000&resources=DISK_GB%3A1%2CMEMORY_MB%3A1024%2CVCPU%3A1&root_required=%21COMPUTE_STATUS_DISABLED" status: 200 len: 1309 microversion: 1.36
Feb 02 19:29:49.926916 n-d-713498-33 devstack@placement-api.service[110333]: [pid: 110333|app: 0|req: 561/1114] 10.222.0.36 () {60 vars in 1506 bytes} [Wed Feb 2 19:29:49 2022] GET /placement/allocation_candidates?limit=1000&resources=DISK_GB%3A1%2CMEMORY_MB%3A1024%2CVCPU%3A1&root_required=%21COMPUTE_STATUS_DISABLED => generated 1309 bytes in 90 msecs (HTTP/1.1 200) 8 headers in 297 bytes (1 switches on core 0)
Feb 02 19:29:49.974430 n-d-713498-33 devstack@placement-api.service[110332]: DEBUG placement.requestlog [req-f390572d-a2a5-409d-a06a-33e748ccd8c0 req-e690457e-5313-4035-a159-9fc0eb37d1b1 None None] Starting request: 10.222.0.36 "GET /placement/allocations/5308fe6e-7636-4f4e-8a6a-cc95340d8d16" {{(pid=110332) __call__ /opt/stack/placement/placement/requestlog.py:55}}
Feb 02 19:29:49.986202 n-d-713498-33 devstack@placement-api.service[110332]: INFO placement.requestlog [req-f390572d-a2a5-409d-a06a-33e748ccd8c0 req-e690457e-5313-4035-a159-9fc0eb37d1b1 service placement] 10.222.0.36 "GET /placement/allocations/5308fe6e-7636-4f4e-8a6a-cc95340d8d16" status: 200 len: 19 microversion: 1.28
Feb 02 19:29:49.986804 n-d-713498-33 devstack@placement-api.service[110332]: [pid: 110332|app: 0|req: 554/1115] 10.222.0.36 () {60 vars in 1380 bytes} [Wed Feb 2 19:29:49 2022] GET /placement/allocations/5308fe6e-7636-4f4e-8a6a-cc95340d8d16 => generated 19 bytes in 13 msecs (HTTP/1.1 200) 8 headers in 295 bytes (1 switches on core 0)
Feb 02 19:29:49.992739 n-d-713498-33 devstack@placement-api.service[110333]: DEBUG placement.requestlog [req-f390572d-a2a5-409d-a06a-33e748ccd8c0 req-7c69149a-f4e0-4338-a5a7-46debf5f540c None None] Starting request: 10.222.0.36 "PUT /placement/allocations/5308fe6e-7636-4f4e-8a6a-cc95340d8d16" {{(pid=110333) __call__ /opt/stack/placement/placement/requestlog.py:55}}
Feb 02 19:29:50.049660 n-d-713498-33 devstack@placement-api.service[110333]: DEBUG placement.handlers.allocation [req-f390572d-a2a5-409d-a06a-33e748ccd8c0 req-7c69149a-f4e0-4338-a5a7-46debf5f540c service placement] Successfully wrote allocations [, , ] {{(pid=110333) _update_consumers_and_create_allocations /opt/stack/placement/placement/handlers/allocation.py:462}}
Feb 02 19:29:50.052249 n-d-713498-33 devstack@placement-api.service[110333]: INFO placement.requestlog [req-f390572d-a2a5-409d-a06a-33e748ccd8c0 req-7c69149a-f4e0-4338-a5a7-46debf5f540c service placement] 10.222.0.36 "PUT /placement/allocations/5308fe6e-7636-4f4e-8a6a-cc95340d8d16" status: 204 len: 0 microversion: 1.36
Feb 02 19:29:50.052642 n-d-713498-33 devstack@placement-api.service[110333]: [pid: 110333|app: 0|req: 562/1116] 10.222.0.36 () {64 vars in 1433 bytes} [Wed Feb 2 19:29:49 2022] PUT /placement/allocations/5308fe6e-7636-4f4e-8a6a-cc95340d8d16 => generated 0 bytes in 60 msecs (HTTP/1.1 204) 5 headers in 199 bytes (2 switches on core 0)
Feb 02 19:29:50.337616 n-d-713498-33 devstack@placement-api.service[110332]: DEBUG placement.requestlog [req-f390572d-a2a5-409d-a06a-33e748ccd8c0 req-f30bcead-b282-4c00-ba02-627c84c5b79c None None] Starting request: 10.222.0.84 "GET /placement/allocations/5308fe6e-7636-4f4e-8a6a-cc95340d8d16" {{(pid=110332) __call__ /opt/stack/placement/placement/requestlog.py:55}}
Feb 02 19:29:50.353097 n-d-713498-33 devstack@placement-api.service[110332]: INFO placement.requestlog [req-f390572d-a2a5-409d-a06a-33e748ccd8c0 req-f30bcead-b282-4c00-ba02-627c84c5b79c service placement] 10.222.0.84 "GET /placement/allocations/5308fe6e-7636-4f4e-8a6a-cc95340d8d16" status: 200 len: 260 microversion: 1.28
Feb 02 19:29:50.353797 n-d-713498-33 devstack@placement-api.service[110332]: [pid: 110332|app: 0|req: 555/1117] 10.222.0.84 () {60 vars in 1377 bytes} [Wed Feb 2 19:29:50 2022] GET /placement/allocations/5308fe6e-7636-4f4e-8a6a-cc95340d8d16 => generated 260 bytes in 16 msecs (HTTP/1.1 200) 8 headers in 296 bytes (1 switches on core 0)
Feb 02 19:30:01.749979 n-d-713498-33 devstack@placement-api.service[110333]: DEBUG placement.requestlog [req-cce36e10-dc4d-4890-8304-779e939a4bcf req-86f40a2d-9a69-426d-8252-953ff4ab5a98 None None] Starting request: 10.222.0.84 "GET /placement/resource_providers/115b5296-2a70-47bb-8a0c-a8541417dee4/allocations" {{(pid=110333) __call__ /opt/stack/placement/placement/requestlog.py:55}}
Feb 02 19:30:01.771859 n-d-713498-33 devstack@placement-api.service[110333]: INFO placement.requestlog [req-cce36e10-dc4d-4890-8304-779e939a4bcf req-86f40a2d-9a69-426d-8252-953ff4ab5a98 service placement] 10.222.0.84 "GET /placement/resource_providers/115b5296-2a70-47bb-8a0c-a8541417dee4/allocations" status: 200 len: 256 microversion: 1.0
Feb 02 19:30:01.772232 n-d-713498-33 devstack@placement-api.service[110333]: [pid: 110333|app: 0|req: 563/1118] 10.222.0.84 () {58 vars in 1390 bytes} [Wed Feb 2 19:30:01 2022] GET /placement/resource_providers/115b5296-2a70-47bb-8a0c-a8541417dee4/allocations => generated 256 bytes in 23 msecs (HTTP/1.1 200) 6 headers in 224 bytes (1 switches on core 0)
Feb 02 19:30:20.402892 n-d-713498-33 devstack@placement-api.service[110332]: DEBUG placement.requestlog [req-a5a55325-f1ad-43da-a5e7-baf7043735d1 req-7be00f5a-8fae-4f3b-bb98-b3e0602883d4 None None] Starting request: 10.222.0.41 "DELETE /placement/allocations/913b442f-2e3a-426d-a182-de76a51a63f0" {{(pid=110332) __call__ /opt/stack/placement/placement/requestlog.py:55}}
Feb 02 19:30:20.434811 n-d-713498-33 devstack@placement-api.service[110332]: DEBUG placement.handlers.allocation [req-a5a55325-f1ad-43da-a5e7-baf7043735d1 req-7be00f5a-8fae-4f3b-bb98-b3e0602883d4 service placement] Successfully deleted allocations [, , ] {{(pid=110332) delete_allocations /opt/stack/placement/placement/handlers/allocation.py:627}}
Feb 02 19:30:20.435482 n-d-713498-33 devstack@placement-api.service[110332]: INFO placement.requestlog [req-a5a55325-f1ad-43da-a5e7-baf7043735d1 req-7be00f5a-8fae-4f3b-bb98-b3e0602883d4 service placement] 10.222.0.41 "DELETE /placement/allocations/913b442f-2e3a-426d-a182-de76a51a63f0" status: 204 len: 0 microversion: 1.0
Feb 02 19:30:20.436123 n-d-713498-33 devstack@placement-api.service[110332]: [pid: 110332|app: 0|req: 556/1119] 10.222.0.41 () {60 vars in 1355 bytes} [Wed Feb 2 19:30:20 2022] DELETE /placement/allocations/913b442f-2e3a-426d-a182-de76a51a63f0 => generated 0 bytes in 33 msecs (HTTP/1.1 204) 5 headers in 198 bytes (1 switches on core 0)
Feb 02 19:30:23.098371 n-d-713498-33 devstack@placement-api.service[110333]: DEBUG placement.requestlog [req-ae0b3087-78ff-48f0-8a8d-c35b006cf42d req-a30c7295-deb1-46e6-954a-b67cbcc64d16 None None] Starting request: 10.222.0.41 "GET /placement/resource_providers/c82229b2-1eb1-4cc7-9537-4293ac1d61bc/allocations" {{(pid=110333) __call__ /opt/stack/placement/placement/requestlog.py:55}}
Feb 02 19:30:23.114905 n-d-713498-33 devstack@placement-api.service[110333]: INFO placement.requestlog [req-ae0b3087-78ff-48f0-8a8d-c35b006cf42d req-a30c7295-deb1-46e6-954a-b67cbcc64d16 service placement] 10.222.0.41 "GET /placement/resource_providers/c82229b2-1eb1-4cc7-9537-4293ac1d61bc/allocations" status: 200 len: 55 microversion: 1.0
Feb 02 19:30:23.115881 n-d-713498-33 devstack@placement-api.service[110333]: [pid: 110333|app: 0|req: 564/1120] 10.222.0.41 () {58 vars in 1390 bytes} [Wed Feb 2 19:30:23 2022] GET /placement/resource_providers/c82229b2-1eb1-4cc7-9537-4293ac1d61bc/allocations => generated 55 bytes in 18 msecs (HTTP/1.1 200) 6 headers in 223 bytes (1 switches on core 0)
Feb 02 19:30:37.360512 n-d-713498-33 devstack@placement-api.service[110332]: DEBUG placement.requestlog [req-97c061ac-1fe5-456e-87e7-7edfe150174e req-bd0ff26a-558d-4f39-a2da-bbc5195ac76e None None] Starting request: 10.222.0.84 "DELETE /placement/allocations/2b4c4f17-c852-4824-8121-1109c2b2f0a5" {{(pid=110332) __call__ /opt/stack/placement/placement/requestlog.py:55}}
Feb 02 19:30:37.417779 n-d-713498-33 devstack@placement-api.service[110332]: DEBUG placement.handlers.allocation [req-97c061ac-1fe5-456e-87e7-7edfe150174e req-bd0ff26a-558d-4f39-a2da-bbc5195ac76e service placement] Successfully deleted allocations [, , ] {{(pid=110332) delete_allocations /opt/stack/placement/placement/handlers/allocation.py:627}}
Feb 02 19:30:37.418274 n-d-713498-33 devstack@placement-api.service[110332]: INFO placement.requestlog [req-97c061ac-1fe5-456e-87e7-7edfe150174e req-bd0ff26a-558d-4f39-a2da-bbc5195ac76e service placement] 10.222.0.84 "DELETE /placement/allocations/2b4c4f17-c852-4824-8121-1109c2b2f0a5" status: 204 len: 0 microversion: 1.0
Feb 02 19:30:37.419813 n-d-713498-33 devstack@placement-api.service[110332]: [pid: 110332|app: 0|req: 557/1121] 10.222.0.84 () {60 vars in 1355 bytes} [Wed Feb 2 19:30:37 2022] DELETE /placement/allocations/2b4c4f17-c852-4824-8121-1109c2b2f0a5 => generated 0 bytes in 60 msecs (HTTP/1.1 204) 5 headers in 198 bytes (1 switches on core 0)
Feb 02 19:31:03.750611 n-d-713498-33 devstack@placement-api.service[110333]: DEBUG placement.requestlog [req-bff58a0a-1172-4e42-9513-e3e54001bd25 req-8a64e3a0-8490-4bd4-b343-102ff1d3ebe7 None None] Starting request: 10.222.0.84 "GET /placement/resource_providers/115b5296-2a70-47bb-8a0c-a8541417dee4/allocations" {{(pid=110333) __call__ /opt/stack/placement/placement/requestlog.py:55}}
Feb 02 19:31:03.770612 n-d-713498-33 devstack@placement-api.service[110333]: INFO placement.requestlog [req-bff58a0a-1172-4e42-9513-e3e54001bd25 req-8a64e3a0-8490-4bd4-b343-102ff1d3ebe7 service placement] 10.222.0.84 "GET /placement/resource_providers/115b5296-2a70-47bb-8a0c-a8541417dee4/allocations" status: 200 len: 155 microversion: 1.0
Feb 02 19:31:03.771244 n-d-713498-33 devstack@placement-api.service[110333]: [pid: 110333|app: 0|req: 565/1122] 10.222.0.84 () {58 vars in 1390 bytes} [Wed Feb 2 19:31:03 2022] GET /placement/resource_providers/115b5296-2a70-47bb-8a0c-a8541417dee4/allocations => generated 155 bytes in 21 msecs (HTTP/1.1 200) 6 headers in 224 bytes (1 switches on core 0)
Feb 02 19:31:23.101835 n-d-713498-33 devstack@placement-api.service[110332]: DEBUG placement.requestlog [req-e337de20-a3d9-43e6-a6ca-d06769105108 req-3ae9e40f-3d3e-4b6e-aec2-697667880106 None None] Starting request: 10.222.0.41 "GET /placement/resource_providers/c82229b2-1eb1-4cc7-9537-4293ac1d61bc/allocations" {{(pid=110332) __call__ /opt/stack/placement/placement/requestlog.py:55}}
Feb 02 19:31:23.121404 n-d-713498-33 devstack@placement-api.service[110332]: INFO placement.requestlog [req-e337de20-a3d9-43e6-a6ca-d06769105108 req-3ae9e40f-3d3e-4b6e-aec2-697667880106 service placement] 10.222.0.41 "GET /placement/resource_providers/c82229b2-1eb1-4cc7-9537-4293ac1d61bc/allocations" status: 200 len: 55 microversion: 1.0
Feb 02 19:31:23.122633 n-d-713498-33 devstack@placement-api.service[110332]: [pid: 110332|app: 0|req: 558/1123] 10.222.0.41 () {58 vars in 1390 bytes} [Wed Feb 2 19:31:23 2022] GET /placement/resource_providers/c82229b2-1eb1-4cc7-9537-4293ac1d61bc/allocations => generated 55 bytes in 21 msecs (HTTP/1.1 200) 6 headers in 223 bytes (1 switches on core 0)
Feb 02 19:32:05.804956 n-d-713498-33 devstack@placement-api.service[110333]: DEBUG placement.requestlog [req-cf0dc73c-5603-4d0a-9a8f-2929ef2fc8c3 req-40bf7b7d-3b6e-4ac5-8f05-1f7574a30085 None None] Starting request: 10.222.0.84 "GET /placement/resource_providers/115b5296-2a70-47bb-8a0c-a8541417dee4/allocations" {{(pid=110333) __call__ /opt/stack/placement/placement/requestlog.py:55}}
Feb 02 19:32:05.849658 n-d-713498-33 devstack@placement-api.service[110333]: INFO placement.requestlog [req-cf0dc73c-5603-4d0a-9a8f-2929ef2fc8c3 req-40bf7b7d-3b6e-4ac5-8f05-1f7574a30085 service placement] 10.222.0.84 "GET /placement/resource_providers/115b5296-2a70-47bb-8a0c-a8541417dee4/allocations" status: 200 len: 155 microversion: 1.0
Feb 02 19:32:05.850022 n-d-713498-33 devstack@placement-api.service[110333]: [pid: 110333|app: 0|req: 566/1124] 10.222.0.84 () {58 vars in 1390 bytes} [Wed Feb 2 19:32:05 2022] GET /placement/resource_providers/115b5296-2a70-47bb-8a0c-a8541417dee4/allocations => generated 155 bytes in 45 msecs (HTTP/1.1 200) 6 headers in 224 bytes (1 switches on core 0)
Feb 02 19:32:24.122614 n-d-713498-33 devstack@placement-api.service[110332]: DEBUG placement.requestlog [req-63d771c2-237b-4744-89e2-1299bf86c3ae req-09b8f9a6-976f-48f8-b9f9-9f3a5fc63d36 None None] Starting request: 10.222.0.41 "GET /placement/resource_providers/c82229b2-1eb1-4cc7-9537-4293ac1d61bc/allocations" {{(pid=110332) __call__ /opt/stack/placement/placement/requestlog.py:55}}
Feb 02 19:32:24.143882 n-d-713498-33 devstack@placement-api.service[110332]: INFO placement.requestlog [req-63d771c2-237b-4744-89e2-1299bf86c3ae req-09b8f9a6-976f-48f8-b9f9-9f3a5fc63d36 service placement] 10.222.0.41 "GET /placement/resource_providers/c82229b2-1eb1-4cc7-9537-4293ac1d61bc/allocations" status: 200 len: 55 microversion: 1.0
Feb 02 19:32:24.146502 n-d-713498-33 devstack@placement-api.service[110332]: [pid: 110332|app: 0|req: 559/1125] 10.222.0.41 () {58 vars in 1390 bytes} [Wed Feb 2 19:32:24 2022] GET /placement/resource_providers/c82229b2-1eb1-4cc7-9537-4293ac1d61bc/allocations => generated 55 bytes in 24 msecs (HTTP/1.1 200) 6 headers in 223 bytes (1 switches on core 0)
Feb 02 19:33:02.596843 n-d-713498-33 devstack@placement-api.service[110333]: DEBUG placement.requestlog [req-100c1515-40c9-41f8-b348-c6537a5459b4 req-de855470-0953-46a9-b795-d1f17bda9817 None None] Starting request: 10.222.0.36 "GET /placement/allocation_candidates?limit=1000&resources=MEMORY_MB%3A1024%2CVCPU%3A1&root_required=%21COMPUTE_STATUS_DISABLED" {{(pid=110333) __call__ /opt/stack/placement/placement/requestlog.py:55}}
Feb 02 19:33:02.782472 n-d-713498-33 devstack@placement-api.service[110333]: DEBUG placement.objects.research_context [req-100c1515-40c9-41f8-b348-c6537a5459b4 req-de855470-0953-46a9-b795-d1f17bda9817 service placement] getting providers with 1024 MEMORY_MB {{(pid=110333) __init__ /opt/stack/placement/placement/objects/research_context.py:126}}
Feb 02 19:33:02.787863 n-d-713498-33 devstack@placement-api.service[110333]: DEBUG placement.objects.research_context [req-100c1515-40c9-41f8-b348-c6537a5459b4 req-de855470-0953-46a9-b795-d1f17bda9817 service placement] getting providers with 1 VCPU {{(pid=110333) __init__ /opt/stack/placement/placement/objects/research_context.py:126}}
Feb 02 19:33:02.794033 n-d-713498-33 devstack@placement-api.service[110333]: DEBUG placement.objects.research_context [req-100c1515-40c9-41f8-b348-c6537a5459b4 req-de855470-0953-46a9-b795-d1f17bda9817 service placement] found 2 providers with available 1024 MEMORY_MB {{(pid=110333) get_provider_ids_matching /opt/stack/placement/placement/objects/research_context.py:549}}
Feb 02 19:33:02.794306 n-d-713498-33 devstack@placement-api.service[110333]: DEBUG placement.objects.research_context [req-100c1515-40c9-41f8-b348-c6537a5459b4 req-de855470-0953-46a9-b795-d1f17bda9817 service placement] found 2 providers with available 1 VCPU {{(pid=110333) get_provider_ids_matching /opt/stack/placement/placement/objects/research_context.py:549}}
Feb 02 19:33:02.794574 n-d-713498-33 devstack@placement-api.service[110333]: DEBUG placement.objects.research_context [req-100c1515-40c9-41f8-b348-c6537a5459b4 req-de855470-0953-46a9-b795-d1f17bda9817 service placement] found 2 providers after filtering by previous result {{(pid=110333) get_provider_ids_matching /opt/stack/placement/placement/objects/research_context.py:580}}
Feb 02 19:33:02.805501 n-d-713498-33 devstack@placement-api.service[110333]: DEBUG placement.objects.allocation_candidate [req-100c1515-40c9-41f8-b348-c6537a5459b4 req-de855470-0953-46a9-b795-d1f17bda9817 service placement] RequestGroup(use_same_provider=False, resources={MEMORY_MB:1024, VCPU:1}, traits=[], aggregates=[]) (suffix '') returned 2 matches {{(pid=110333) _get_by_requests /opt/stack/placement/placement/objects/allocation_candidate.py:145}}
Feb 02 19:33:02.805864 n-d-713498-33 devstack@placement-api.service[110333]: DEBUG placement.objects.allocation_candidate [req-100c1515-40c9-41f8-b348-c6537a5459b4 req-de855470-0953-46a9-b795-d1f17bda9817 service placement] Merging candidates yields 2 allocation requests and 2 provider summaries {{(pid=110333) _merge_candidates /opt/stack/placement/placement/objects/allocation_candidate.py:783}}
Feb 02 19:33:02.807515 n-d-713498-33 devstack@placement-api.service[110333]: INFO placement.requestlog [req-100c1515-40c9-41f8-b348-c6537a5459b4 req-de855470-0953-46a9-b795-d1f17bda9817 service placement] 10.222.0.36 "GET /placement/allocation_candidates?limit=1000&resources=MEMORY_MB%3A1024%2CVCPU%3A1&root_required=%21COMPUTE_STATUS_DISABLED" status: 200 len: 1278 microversion: 1.36
Feb 02 19:33:02.807909 n-d-713498-33 devstack@placement-api.service[110333]: [pid: 110333|app: 0|req: 567/1126] 10.222.0.36 () {60 vars in 1478 bytes} [Wed Feb 2 19:33:02 2022] GET /placement/allocation_candidates?limit=1000&resources=MEMORY_MB%3A1024%2CVCPU%3A1&root_required=%21COMPUTE_STATUS_DISABLED => generated 1278 bytes in 211 msecs (HTTP/1.1 200) 8 headers in 297 bytes (1 switches on core 0)
Feb 02 19:33:02.853807 n-d-713498-33 devstack@placement-api.service[110332]: DEBUG placement.requestlog [req-100c1515-40c9-41f8-b348-c6537a5459b4 req-c894c5e2-6972-4f13-8c2a-41ebcd1b601d None None] Starting request: 10.222.0.36 "GET /placement/allocations/23d31a6a-67ea-4ecc-a4bf-72b5556d489d" {{(pid=110332) __call__ /opt/stack/placement/placement/requestlog.py:55}}
Feb 02 19:33:02.870723 n-d-713498-33 devstack@placement-api.service[110332]: INFO placement.requestlog [req-100c1515-40c9-41f8-b348-c6537a5459b4 req-c894c5e2-6972-4f13-8c2a-41ebcd1b601d service placement] 10.222.0.36 "GET /placement/allocations/23d31a6a-67ea-4ecc-a4bf-72b5556d489d" status: 200 len: 19 microversion: 1.28
Feb 02 19:33:02.871299 n-d-713498-33 devstack@placement-api.service[110332]: [pid: 110332|app: 0|req: 560/1127] 10.222.0.36 () {60 vars in 1380 bytes} [Wed Feb 2 19:33:02 2022] GET /placement/allocations/23d31a6a-67ea-4ecc-a4bf-72b5556d489d => generated 19 bytes in 18 msecs (HTTP/1.1 200) 8 headers in 295 bytes (2 switches on core 0)
Feb 02 19:33:02.883174 n-d-713498-33 devstack@placement-api.service[110333]: DEBUG placement.requestlog [req-100c1515-40c9-41f8-b348-c6537a5459b4 req-dc1ac1aa-b011-4ea0-aa29-ec065d6ab328 None None] Starting request: 10.222.0.36 "PUT /placement/allocations/23d31a6a-67ea-4ecc-a4bf-72b5556d489d" {{(pid=110333) __call__ /opt/stack/placement/placement/requestlog.py:55}}
Feb 02 19:33:02.967166 n-d-713498-33 devstack@placement-api.service[110333]: DEBUG placement.handlers.allocation [req-100c1515-40c9-41f8-b348-c6537a5459b4 req-dc1ac1aa-b011-4ea0-aa29-ec065d6ab328 service placement] Successfully wrote allocations [, ] {{(pid=110333) _update_consumers_and_create_allocations /opt/stack/placement/placement/handlers/allocation.py:462}}
Feb 02 19:33:02.971964 n-d-713498-33 devstack@placement-api.service[110333]: INFO placement.requestlog [req-100c1515-40c9-41f8-b348-c6537a5459b4 req-dc1ac1aa-b011-4ea0-aa29-ec065d6ab328 service placement] 10.222.0.36 "PUT /placement/allocations/23d31a6a-67ea-4ecc-a4bf-72b5556d489d" status: 204 len: 0 microversion: 1.36
Feb 02 19:33:02.972802 n-d-713498-33 devstack@placement-api.service[110333]: [pid: 110333|app: 0|req: 568/1128] 10.222.0.36 () {64 vars in 1433 bytes} [Wed Feb 2 19:33:02 2022] PUT /placement/allocations/23d31a6a-67ea-4ecc-a4bf-72b5556d489d => generated 0 bytes in 90 msecs (HTTP/1.1 204) 5 headers in 199 bytes (1 switches on core 0)
Feb 02 19:33:03.265322 n-d-713498-33 devstack@placement-api.service[110332]: DEBUG placement.requestlog [req-100c1515-40c9-41f8-b348-c6537a5459b4 req-a0bc2445-4ea9-465d-bd86-6ca2056ac9bb None None] Starting request: 10.222.0.41 "GET /placement/allocations/23d31a6a-67ea-4ecc-a4bf-72b5556d489d" {{(pid=110332) __call__ /opt/stack/placement/placement/requestlog.py:55}}
Feb 02 19:33:03.280542 n-d-713498-33 devstack@placement-api.service[110332]: INFO placement.requestlog [req-100c1515-40c9-41f8-b348-c6537a5459b4 req-a0bc2445-4ea9-465d-bd86-6ca2056ac9bb service placement] 10.222.0.41 "GET /placement/allocations/23d31a6a-67ea-4ecc-a4bf-72b5556d489d" status: 200 len: 245 microversion: 1.28
Feb 02 19:33:03.280992 n-d-713498-33 devstack@placement-api.service[110332]: [pid: 110332|app: 0|req: 561/1129] 10.222.0.41 () {60 vars in 1377 bytes} [Wed Feb 2 19:33:03 2022] GET /placement/allocations/23d31a6a-67ea-4ecc-a4bf-72b5556d489d => generated 245 bytes in 16 msecs (HTTP/1.1 200) 8 headers in 296 bytes (1 switches on core 0)
Feb 02 19:33:05.706144 n-d-713498-33 devstack@placement-api.service[110333]: DEBUG placement.requestlog [req-c68d3654-fae1-4e41-b951-8f77398ca5f6 req-ace99f5d-3258-42bb-8cfa-9e565cda8d94 None None] Starting request: 10.222.0.84 "GET /placement/resource_providers/115b5296-2a70-47bb-8a0c-a8541417dee4/allocations" {{(pid=110333) __call__ /opt/stack/placement/placement/requestlog.py:55}}
Feb 02 19:33:05.886040 n-d-713498-33 devstack@placement-api.service[110333]: INFO placement.requestlog [req-c68d3654-fae1-4e41-b951-8f77398ca5f6 req-ace99f5d-3258-42bb-8cfa-9e565cda8d94 service placement] 10.222.0.84 "GET /placement/resource_providers/115b5296-2a70-47bb-8a0c-a8541417dee4/allocations" status: 200 len: 155 microversion: 1.0
Feb 02 19:33:05.886897 n-d-713498-33 devstack@placement-api.service[110333]: [pid: 110333|app: 0|req: 569/1130] 10.222.0.84 () {58 vars in 1390 bytes} [Wed Feb 2 19:33:05 2022] GET /placement/resource_providers/115b5296-2a70-47bb-8a0c-a8541417dee4/allocations => generated 155 bytes in 182 msecs (HTTP/1.1 200) 6 headers in 224 bytes (1 switches on core 0)
Feb 02 19:33:26.138538 n-d-713498-33 devstack@placement-api.service[110332]: DEBUG placement.requestlog [req-6584a56c-c77c-4f37-8f4b-d039e1dce055 req-2fb88aec-7f77-4f5f-892a-1fcfdbb5f1da None None] Starting request: 10.222.0.41 "GET /placement/resource_providers/c82229b2-1eb1-4cc7-9537-4293ac1d61bc/allocations" {{(pid=110332) __call__ /opt/stack/placement/placement/requestlog.py:55}}
Feb 02 19:33:26.161828 n-d-713498-33 devstack@placement-api.service[110332]: INFO placement.requestlog [req-6584a56c-c77c-4f37-8f4b-d039e1dce055 req-2fb88aec-7f77-4f5f-892a-1fcfdbb5f1da service placement] 10.222.0.41 "GET /placement/resource_providers/c82229b2-1eb1-4cc7-9537-4293ac1d61bc/allocations" status: 200 len: 140 microversion: 1.0
Feb 02 19:33:26.162215 n-d-713498-33 devstack@placement-api.service[110332]: [pid: 110332|app: 0|req: 562/1131] 10.222.0.41 () {58 vars in 1390 bytes} [Wed Feb 2 19:33:26 2022] GET /placement/resource_providers/c82229b2-1eb1-4cc7-9537-4293ac1d61bc/allocations => generated 140 bytes in 24 msecs (HTTP/1.1 200) 6 headers in 224 bytes (1 switches on core 0)
Feb 02 19:34:06.790187 n-d-713498-33 devstack@placement-api.service[110333]: DEBUG placement.requestlog [req-84fffe43-d427-4276-941f-3bc5f90d2acf req-275d5a31-30ff-4569-b784-82bca55a8a18 None None] Starting request: 10.222.0.84 "GET /placement/resource_providers/115b5296-2a70-47bb-8a0c-a8541417dee4/allocations" {{(pid=110333) __call__ /opt/stack/placement/placement/requestlog.py:55}}
Feb 02 19:34:06.817775 n-d-713498-33 devstack@placement-api.service[110333]: INFO placement.requestlog [req-84fffe43-d427-4276-941f-3bc5f90d2acf req-275d5a31-30ff-4569-b784-82bca55a8a18 service placement] 10.222.0.84 "GET /placement/resource_providers/115b5296-2a70-47bb-8a0c-a8541417dee4/allocations" status: 200 len: 155 microversion: 1.0
Feb 02 19:34:06.819427 n-d-713498-33 devstack@placement-api.service[110333]: [pid: 110333|app: 0|req: 570/1132] 10.222.0.84 () {58 vars in 1390 bytes} [Wed Feb 2 19:34:06 2022] GET /placement/resource_providers/115b5296-2a70-47bb-8a0c-a8541417dee4/allocations => generated 155 bytes in 30 msecs (HTTP/1.1 200) 6 headers in 224 bytes (1 switches on core 0)
Feb 02 19:34:06.848751 n-d-713498-33 devstack@placement-api.service[110332]: DEBUG placement.requestlog [req-84fffe43-d427-4276-941f-3bc5f90d2acf req-4d32796d-9bbb-418f-9597-09692a8a6107 None None] Starting request: 10.222.0.84 "GET /placement/resource_providers?in_tree=115b5296-2a70-47bb-8a0c-a8541417dee4" {{(pid=110332) __call__ /opt/stack/placement/placement/requestlog.py:55}}
Feb 02 19:34:06.863839 n-d-713498-33 devstack@placement-api.service[110332]: INFO placement.requestlog [req-84fffe43-d427-4276-941f-3bc5f90d2acf req-4d32796d-9bbb-418f-9597-09692a8a6107 service placement] 10.222.0.84 "GET /placement/resource_providers?in_tree=115b5296-2a70-47bb-8a0c-a8541417dee4" status: 200 len: 865 microversion: 1.14
Feb 02 19:34:06.864478 n-d-713498-33 devstack@placement-api.service[110332]: [pid: 110332|app: 0|req: 563/1133] 10.222.0.84 () {60 vars in 1376 bytes} [Wed Feb 2 19:34:06 2022] GET /placement/resource_providers?in_tree=115b5296-2a70-47bb-8a0c-a8541417dee4 => generated 865 bytes in 16 msecs (HTTP/1.1 200) 6 headers in 225 bytes (1 switches on core 0)
Feb 02 19:34:06.878938 n-d-713498-33 devstack@placement-api.service[110333]: DEBUG placement.requestlog [req-84fffe43-d427-4276-941f-3bc5f90d2acf req-b1214685-a1d7-4ed1-9d4d-abeff8d83b9a None None] Starting request: 10.222.0.84 "GET /placement/resource_providers/115b5296-2a70-47bb-8a0c-a8541417dee4/inventories" {{(pid=110333) __call__ /opt/stack/placement/placement/requestlog.py:55}}
Feb 02 19:34:06.902473 n-d-713498-33 devstack@placement-api.service[110333]: INFO placement.requestlog [req-84fffe43-d427-4276-941f-3bc5f90d2acf req-b1214685-a1d7-4ed1-9d4d-abeff8d83b9a service placement] 10.222.0.84 "GET /placement/resource_providers/115b5296-2a70-47bb-8a0c-a8541417dee4/inventories" status: 200 len: 399 microversion: 1.0
