Sep 23 23:51:28.632923 n-d-713498-18 neutron-server[106379]: DEBUG neutron_lib.callbacks.manager [None req-13eb1b8d-bd73-4d21-ac98-934d2dbec3ed admin admin] Notify callbacks [] for security_group, before_delete {{(pid=106379) _notify_loop /usr/local/lib/python3.8/dist-packages/neutron_lib/callbacks/manager.py:192}}
Sep 23 23:51:28.665868 n-d-713498-18 neutron-server[106379]: DEBUG neutron_lib.callbacks.manager [None req-13eb1b8d-bd73-4d21-ac98-934d2dbec3ed admin admin] Notify callbacks [] for security_group, precommit_delete {{(pid=106379) _notify_loop /usr/local/lib/python3.8/dist-packages/neutron_lib/callbacks/manager.py:192}}
Sep 23 23:51:28.673428 n-d-713498-18 neutron-server[106378]: DEBUG neutron_lib.callbacks.manager [req-a3d19b28-961a-4ace-96d9-d209065102c1 req-41eedc8a-0198-40dc-b516-ac640969186b tempest-DeleteServersAdminTestJSON-1510828251 tempest-DeleteServersAdminTestJSON-1510828251-project] Notify callbacks ['neutron.plugins.ml2.plugin.SecurityGroupServerNotifierRpcMixin._notify_sg_on_port_change-662907', 'neutron.plugins.ml2.ovo_rpc._ObjectChangeHandler.handle_event-66932', 'neutron.api.rpc.agentnotifiers.dhcp_rpc_agent_api.DhcpAgentNotifyAPI._native_event_send_dhcp_notification-530880', 'neutron.db.l3_dvrscheduler_db._notify_l3_agent_new_port-8784070019265'] for port, after_create {{(pid=106378) _notify_loop /usr/local/lib/python3.8/dist-packages/neutron_lib/callbacks/manager.py:192}}
Sep 23 23:51:28.689638 n-d-713498-18 neutron-server[106379]: DEBUG neutron.wsgi [-] (106379) accepted ('10.222.0.18', 53239) {{(pid=106379) server /usr/local/lib/python3.8/dist-packages/eventlet/wsgi.py:982}}
Sep 23 23:51:28.741499 n-d-713498-18 neutron-server[106378]: DEBUG neutron.scheduler.dhcp_agent_scheduler [req-a3d19b28-961a-4ace-96d9-d209065102c1 req-41eedc8a-0198-40dc-b516-ac640969186b tempest-DeleteServersAdminTestJSON-1510828251 tempest-DeleteServersAdminTestJSON-1510828251-project] Network 21c2cfa1-5daa-4e80-a508-453811b2389e is already hosted by enough agents. {{(pid=106378) _get_dhcp_agents_hosting_network /opt/stack/neutron/neutron/scheduler/dhcp_agent_scheduler.py:275}}
Sep 23 23:51:28.782245 n-d-713498-18 neutron-server[106379]: INFO neutron.wsgi [req-cd5a3ad3-ac8d-4712-923f-3ef8e15e2544 req-9c100acf-ea07-44bf-8493-c1c6130c117f tempest-AggregatesAdminTestJSON-836656841 tempest-AggregatesAdminTestJSON-836656841-project] 10.222.0.18 "GET /v2.0/networks?tenant_id=dd41c6295e6b4db69ad5bb1b2eaf3224&shared=False HTTP/1.1" status: 200 len: 213 time: 0.0904913
Sep 23 23:51:28.829039 n-d-713498-18 neutron-server[106379]: DEBUG neutron_lib.callbacks.manager [None req-13eb1b8d-bd73-4d21-ac98-934d2dbec3ed admin admin] Notify callbacks ['neutron.plugins.ml2.ovo_rpc._ObjectChangeHandler.handle_event-487892'] for security_group, after_delete {{(pid=106379) _notify_loop /usr/local/lib/python3.8/dist-packages/neutron_lib/callbacks/manager.py:192}}
Sep 23 23:51:28.833348 n-d-713498-18 neutron-server[106379]: DEBUG neutron_lib.callbacks.manager [None req-13eb1b8d-bd73-4d21-ac98-934d2dbec3ed admin admin] Notify callbacks [] for security_group, before_response {{(pid=106379) _notify_loop /usr/local/lib/python3.8/dist-packages/neutron_lib/callbacks/manager.py:192}}
Sep 23 23:51:28.838977 n-d-713498-18 neutron-server[106379]: INFO neutron.wsgi [None req-13eb1b8d-bd73-4d21-ac98-934d2dbec3ed admin admin] 10.222.0.24 "DELETE /v2.0/security-groups/c3398db0-e184-4d34-875a-19029e9742b2 HTTP/1.1" status: 204 len: 168 time: 0.3108366
Sep 23 23:51:28.861965 n-d-713498-18 neutron-server[106379]: DEBUG neutron.api.rpc.handlers.resources_rpc [None req-13eb1b8d-bd73-4d21-ac98-934d2dbec3ed admin admin] Pushing event deleted for resources: {'SecurityGroup': ['ID=c3398db0-e184-4d34-875a-19029e9742b2,revision_number=None']} {{(pid=106379) push /opt/stack/neutron/neutron/api/rpc/handlers/resources_rpc.py:237}}
Sep 23 23:51:28.955428 n-d-713498-18 neutron-server[106380]: DEBUG neutron_lib.callbacks.manager [None req-c46bdd03-bccd-4470-8cc5-eb1dd32e5281 None None] Notify callbacks ['neutron.services.segments.db._update_segment_host_mapping_for_agent-8784070565250', 'neutron.plugins.ml2.plugin.Ml2Plugin._retry_binding_revived_agents-654641'] for agent, after_update {{(pid=106380) _notify_loop /usr/local/lib/python3.8/dist-packages/neutron_lib/callbacks/manager.py:192}}
Sep 23 23:51:28.962576 n-d-713498-18 neutron-server[106378]: DEBUG neutron.scheduler.base_scheduler [req-a3d19b28-961a-4ace-96d9-d209065102c1 req-41eedc8a-0198-40dc-b516-ac640969186b tempest-DeleteServersAdminTestJSON-1510828251 tempest-DeleteServersAdminTestJSON-1510828251-project] Resources bound (agent type, host, resource id): {{(pid=106378) schedule /opt/stack/neutron/neutron/scheduler/base_scheduler.py:57}}
Sep 23 23:51:28.966548 n-d-713498-18 neutron-server[106378]: DEBUG neutron.db.l3_dvrscheduler_db [req-a3d19b28-961a-4ace-96d9-d209065102c1 req-41eedc8a-0198-40dc-b516-ac640969186b tempest-DeleteServersAdminTestJSON-1510828251 tempest-DeleteServersAdminTestJSON-1510828251-project] Received port after_create {{(pid=106378) _notify_l3_agent_new_port /opt/stack/neutron/neutron/db/l3_dvrscheduler_db.py:535}}
Sep 23 23:51:28.973880 n-d-713498-18 neutron-server[106378]: DEBUG neutron.pecan_wsgi.hooks.policy_enforcement [req-a3d19b28-961a-4ace-96d9-d209065102c1 req-41eedc8a-0198-40dc-b516-ac640969186b tempest-DeleteServersAdminTestJSON-1510828251 tempest-DeleteServersAdminTestJSON-1510828251-project] Attributes excluded by policy engine: ['standard_attr_id', 'binding:profile', 'binding:host_id', 'binding:vif_type', 'binding:vif_details', 'network'] {{(pid=106378) _exclude_attributes_by_policy /opt/stack/neutron/neutron/pecan_wsgi/hooks/policy_enforcement.py:255}}
Sep 23 23:51:28.974570 n-d-713498-18 neutron-server[106378]: DEBUG neutron_lib.callbacks.manager [req-a3d19b28-961a-4ace-96d9-d209065102c1 req-41eedc8a-0198-40dc-b516-ac640969186b tempest-DeleteServersAdminTestJSON-1510828251 tempest-DeleteServersAdminTestJSON-1510828251-project] Notify callbacks ['neutron.notifiers.nova.Notifier._send_nova_notification-259884', 'neutron.api.rpc.agentnotifiers.dhcp_rpc_agent_api.DhcpAgentNotifyAPI._send_dhcp_notification-528954'] for port, before_response {{(pid=106378) _notify_loop /usr/local/lib/python3.8/dist-packages/neutron_lib/callbacks/manager.py:192}}
Sep 23 23:51:28.977427 n-d-713498-18 neutron-server[106378]: DEBUG neutron.api.rpc.handlers.resources_rpc [None req-41eedc8a-0198-40dc-b516-ac640969186b tempest-DeleteServersAdminTestJSON-1510828251 tempest-DeleteServersAdminTestJSON-1510828251-project] Pushing event updated for resources: {'Port': ['ID=96637585-331d-46f9-b363-af5164c3fb89,revision_number=1']} {{(pid=106378) push /opt/stack/neutron/neutron/api/rpc/handlers/resources_rpc.py:237}}
Sep 23 23:51:29.020517 n-d-713498-18 neutron-server[106378]: INFO neutron.wsgi [req-a3d19b28-961a-4ace-96d9-d209065102c1 req-41eedc8a-0198-40dc-b516-ac640969186b tempest-DeleteServersAdminTestJSON-1510828251 tempest-DeleteServersAdminTestJSON-1510828251-project] 10.222.0.18 "POST /v2.0/ports HTTP/1.1" status: 201 len: 938 time: 2.2201123
Sep 23 23:51:29.121278 n-d-713498-18 neutron-server[106378]: DEBUG neutron.wsgi [-] (106378) accepted ('10.222.0.24', 35164) {{(pid=106378) server /usr/local/lib/python3.8/dist-packages/eventlet/wsgi.py:982}}
Sep 23 23:51:29.156129 n-d-713498-18 neutron-server[106379]: INFO neutron.wsgi [req-ee04cbd3-a6e3-47ff-8283-5aa84ff20db7 req-82e32d32-2dab-425d-a33f-a3c51e714071 tempest-AggregatesAdminTestJSON-836656841 tempest-AggregatesAdminTestJSON-836656841-project] 10.222.0.24 "GET /v2.0/ports?device_id=a2b9dbe9-b90e-4bd4-896f-67a52bff9e16 HTTP/1.1" status: 200 len: 210 time: 0.0749581
Sep 23 23:51:29.191183 n-d-713498-18 neutron-server[106378]: DEBUG neutron.wsgi [req-a3d19b28-961a-4ace-96d9-d209065102c1 req-07cac216-3a3f-4219-84d4-458e593d2820 tempest-DeleteServersAdminTestJSON-1510828251 tempest-DeleteServersAdminTestJSON-1510828251-project] http://10.222.0.24:9696/v2.0/extensions returned with HTTP 200 {{(pid=106378) __call__ /opt/stack/neutron/neutron/wsgi.py:729}}
Sep 23 23:51:29.193355 n-d-713498-18 neutron-server[106378]: INFO neutron.wsgi [req-a3d19b28-961a-4ace-96d9-d209065102c1 req-07cac216-3a3f-4219-84d4-458e593d2820 tempest-DeleteServersAdminTestJSON-1510828251 tempest-DeleteServersAdminTestJSON-1510828251-project] 10.222.0.18 "GET /v2.0/extensions HTTP/1.1" status: 200 len: 13640 time: 0.0199895
Sep 23 23:51:29.425370 n-d-713498-18 neutron-server[106380]: DEBUG neutron.db.provisioning_blocks [None req-ec650e72-c5a7-4f32-a8f8-8f4cf7b722b2 None None] Provisioning complete for port 96637585-331d-46f9-b363-af5164c3fb89 triggered by entity DHCP. {{(pid=106380) provisioning_complete /opt/stack/neutron/neutron/db/provisioning_blocks.py:139}}
Sep 23 23:51:29.426596 n-d-713498-18 neutron-server[106379]: DEBUG neutron.pecan_wsgi.hooks.policy_enforcement [req-cd5a3ad3-ac8d-4712-923f-3ef8e15e2544 req-100c3e2b-eb65-4737-ab0d-cf2cda6a87eb tempest-AggregatesAdminTestJSON-836656841 tempest-AggregatesAdminTestJSON-836656841-project] Attributes excluded by policy engine: ['standard_attr_id', 'vlan_transparent', 'provider:network_type', 'provider:physical_network', 'provider:segmentation_id'] {{(pid=106379) _exclude_attributes_by_policy /opt/stack/neutron/neutron/pecan_wsgi/hooks/policy_enforcement.py:255}}
Sep 23 23:51:29.427437 n-d-713498-18 neutron-server[106380]: DEBUG neutron_lib.callbacks.manager [None req-ec650e72-c5a7-4f32-a8f8-8f4cf7b722b2 None None] Notify callbacks ['neutron.plugins.ml2.plugin.Ml2Plugin._port_provisioned-652260'] for port, provisioning_complete {{(pid=106380) _notify_loop /usr/local/lib/python3.8/dist-packages/neutron_lib/callbacks/manager.py:192}}
Sep 23 23:51:29.428487 n-d-713498-18 neutron-server[106379]: INFO neutron.wsgi [req-cd5a3ad3-ac8d-4712-923f-3ef8e15e2544 req-100c3e2b-eb65-4737-ab0d-cf2cda6a87eb tempest-AggregatesAdminTestJSON-836656841 tempest-AggregatesAdminTestJSON-836656841-project] 10.222.0.18 "GET /v2.0/networks?shared=True HTTP/1.1" status: 200 len: 769 time: 0.2687473
Sep 23 23:51:29.507803 n-d-713498-18 neutron-server[106380]: DEBUG neutron.plugins.ml2.plugin [None req-ec650e72-c5a7-4f32-a8f8-8f4cf7b722b2 None None] Port 96637585-331d-46f9-b363-af5164c3fb89 cannot update to ACTIVE because it is not bound. {{(pid=106380) _port_provisioned /opt/stack/neutron/neutron/plugins/ml2/plugin.py:338}}
Sep 23 23:51:29.591532 n-d-713498-18 neutron-server[106378]: DEBUG neutron_lib.callbacks.manager [None req-abfbadc4-191d-4217-8781-856667e02b92 admin admin] Notify callbacks [] for security_group, before_create {{(pid=106378) _notify_loop /usr/local/lib/python3.8/dist-packages/neutron_lib/callbacks/manager.py:192}}
Sep 23 23:51:29.807666 n-d-713498-18 neutron-server[106378]: DEBUG neutron_lib.callbacks.manager [None req-abfbadc4-191d-4217-8781-856667e02b92 admin admin] Notify callbacks [] for security_group, precommit_create {{(pid=106378) _notify_loop /usr/local/lib/python3.8/dist-packages/neutron_lib/callbacks/manager.py:192}}
Sep 23 23:51:29.814472 n-d-713498-18 neutron-server[106378]: DEBUG neutron_lib.callbacks.manager [None req-abfbadc4-191d-4217-8781-856667e02b92 admin admin] Notify callbacks ['neutron.plugins.ml2.ovo_rpc._ObjectChangeHandler.handle_event-487892'] for security_group, after_create {{(pid=106378) _notify_loop /usr/local/lib/python3.8/dist-packages/neutron_lib/callbacks/manager.py:192}}
Sep 23 23:51:29.889064 n-d-713498-18 neutron-server[106378]: DEBUG neutron.api.rpc.handlers.resources_rpc [None req-abfbadc4-191d-4217-8781-856667e02b92 admin admin] Pushing event updated for resources: {'SecurityGroup': ['ID=7ed65c52-fda0-41d0-8922-e298213312ad,revision_number=1']} {{(pid=106378) push /opt/stack/neutron/neutron/api/rpc/handlers/resources_rpc.py:237}}
Sep 23 23:51:29.892487 n-d-713498-18 neutron-server[106379]: DEBUG neutron.pecan_wsgi.hooks.policy_enforcement [req-5f3011c6-a2e5-4048-ad4f-49b147d5daa8 req-39035f8f-8c28-4721-8d8f-901ebaf69e90 tempest-DeleteServersAdminTestJSON-1510828251 tempest-DeleteServersAdminTestJSON-1510828251-project] Attributes excluded by policy engine: ['standard_attr_id', 'binding:profile', 'binding:host_id', 'binding:vif_type', 'binding:vif_details'] {{(pid=106379) _exclude_attributes_by_policy /opt/stack/neutron/neutron/pecan_wsgi/hooks/policy_enforcement.py:255}}
Sep 23 23:51:29.909736 n-d-713498-18 neutron-server[106379]: INFO neutron.wsgi [req-5f3011c6-a2e5-4048-ad4f-49b147d5daa8 req-39035f8f-8c28-4721-8d8f-901ebaf69e90 tempest-DeleteServersAdminTestJSON-1510828251 tempest-DeleteServersAdminTestJSON-1510828251-project] 10.222.0.24 "GET /v2.0/ports?device_id=7022245d-91c0-43b2-8c6b-62971546de7d HTTP/1.1" status: 200 len: 936 time: 0.1676359
Sep 23 23:51:29.931227 n-d-713498-18 neutron-server[106378]: INFO neutron.wsgi [None req-abfbadc4-191d-4217-8781-856667e02b92 admin admin] 10.222.0.24 "GET /v2.0/security-groups?tenant_id=0b3d3421a8ee44268b5bcac42541731b&name=default HTTP/1.1" status: 200 len: 2975 time: 0.8021638
Sep 23 23:51:29.934108 n-d-713498-18 neutron-server[106378]: DEBUG neutron.wsgi [-] (106378) accepted ('10.222.0.24', 35182) {{(pid=106378) server /usr/local/lib/python3.8/dist-packages/eventlet/wsgi.py:982}}
Sep 23 23:51:30.011219 n-d-713498-18 neutron-server[106379]: INFO neutron.wsgi [req-5f3011c6-a2e5-4048-ad4f-49b147d5daa8 req-adfbd4f7-e51d-4724-bc50-abe4baab96a6 tempest-DeleteServersAdminTestJSON-1510828251 tempest-DeleteServersAdminTestJSON-1510828251-project] 10.222.0.24 "GET /v2.0/security-groups?id=8e3f5ee7-7b08-48f9-9ef8-e963f662782c&fields=id&fields=name HTTP/1.1" status: 200 len: 286 time: 0.1004336
Sep 23 23:51:30.014413 n-d-713498-18 neutron-server[106378]: DEBUG neutron_lib.callbacks.manager [None req-d7c1c20b-09ab-46f2-a9c4-e8603d92a55c admin admin] Notify callbacks [] for security_group, before_delete {{(pid=106378) _notify_loop /usr/local/lib/python3.8/dist-packages/neutron_lib/callbacks/manager.py:192}}
Sep 23 23:51:30.057280 n-d-713498-18 neutron-server[106378]: DEBUG neutron_lib.callbacks.manager [None req-d7c1c20b-09ab-46f2-a9c4-e8603d92a55c admin admin] Notify callbacks [] for security_group, precommit_delete {{(pid=106378) _notify_loop /usr/local/lib/python3.8/dist-packages/neutron_lib/callbacks/manager.py:192}}
Sep 23 23:51:30.111320 n-d-713498-18 neutron-server[106378]: DEBUG neutron_lib.callbacks.manager [None req-d7c1c20b-09ab-46f2-a9c4-e8603d92a55c admin admin] Notify callbacks ['neutron.plugins.ml2.ovo_rpc._ObjectChangeHandler.handle_event-487892'] for security_group, after_delete {{(pid=106378) _notify_loop /usr/local/lib/python3.8/dist-packages/neutron_lib/callbacks/manager.py:192}}
Sep 23 23:51:30.115067 n-d-713498-18 neutron-server[106378]: DEBUG neutron_lib.callbacks.manager [None req-d7c1c20b-09ab-46f2-a9c4-e8603d92a55c admin admin] Notify callbacks [] for security_group, before_response {{(pid=106378) _notify_loop /usr/local/lib/python3.8/dist-packages/neutron_lib/callbacks/manager.py:192}}
Sep 23 23:51:30.116340 n-d-713498-18 neutron-server[106378]: INFO neutron.wsgi [None req-d7c1c20b-09ab-46f2-a9c4-e8603d92a55c admin admin] 10.222.0.24 "DELETE /v2.0/security-groups/7ed65c52-fda0-41d0-8922-e298213312ad HTTP/1.1" status: 204 len: 168 time: 0.1812851
Sep 23 23:51:30.128078 n-d-713498-18 neutron-server[106378]: DEBUG neutron.api.rpc.handlers.resources_rpc [None req-d7c1c20b-09ab-46f2-a9c4-e8603d92a55c admin admin] Pushing event deleted for resources: {'SecurityGroup': ['ID=7ed65c52-fda0-41d0-8922-e298213312ad,revision_number=None']} {{(pid=106378) push /opt/stack/neutron/neutron/api/rpc/handlers/resources_rpc.py:237}}
Sep 23 23:51:30.391742 n-d-713498-18 neutron-server[106379]: INFO neutron.wsgi [req-b51800f4-1588-46ab-a932-55698c6f70b7 req-c4167e22-85d0-4453-870e-8d5865ecadbc tempest-AggregatesAdminTestJSON-836656841 tempest-AggregatesAdminTestJSON-836656841-project] 10.222.0.24 "GET /v2.0/ports?device_id=a2b9dbe9-b90e-4bd4-896f-67a52bff9e16 HTTP/1.1" status: 200 len: 210 time: 0.0725636
Sep 23 23:51:30.832798 n-d-713498-18 neutron-server[106379]: DEBUG neutron.wsgi [-] (106379) accepted ('10.222.0.24', 35206) {{(pid=106379) server /usr/local/lib/python3.8/dist-packages/eventlet/wsgi.py:982}}
Sep 23 23:51:30.850650 n-d-713498-18 neutron-server[106379]: DEBUG neutron_lib.callbacks.manager [None req-93b78320-a14f-4232-8a8f-2c05e74e6c65 admin admin] Notify callbacks [] for security_group, before_create {{(pid=106379) _notify_loop /usr/local/lib/python3.8/dist-packages/neutron_lib/callbacks/manager.py:192}}
Sep 23 23:51:30.982605 n-d-713498-18 neutron-server[106379]: DEBUG neutron_lib.callbacks.manager [None req-93b78320-a14f-4232-8a8f-2c05e74e6c65 admin admin] Notify callbacks [] for security_group, precommit_create {{(pid=106379) _notify_loop /usr/local/lib/python3.8/dist-packages/neutron_lib/callbacks/manager.py:192}}
Sep 23 23:51:30.987715 n-d-713498-18 neutron-server[106379]: DEBUG neutron_lib.callbacks.manager [None req-93b78320-a14f-4232-8a8f-2c05e74e6c65 admin admin] Notify callbacks ['neutron.plugins.ml2.ovo_rpc._ObjectChangeHandler.handle_event-487892'] for security_group, after_create {{(pid=106379) _notify_loop /usr/local/lib/python3.8/dist-packages/neutron_lib/callbacks/manager.py:192}}
Sep 23 23:51:31.035527 n-d-713498-18 neutron-server[106379]: INFO neutron.wsgi [None req-93b78320-a14f-4232-8a8f-2c05e74e6c65 admin admin] 10.222.0.24 "GET /v2.0/security-groups?tenant_id=bcd14525f4194d7984bd381f027a6ced&name=default HTTP/1.1" status: 200 len: 2975 time: 0.1987171
Sep 23 23:51:31.035527 n-d-713498-18 neutron-server[106379]: DEBUG neutron.api.rpc.handlers.resources_rpc [None req-93b78320-a14f-4232-8a8f-2c05e74e6c65 admin admin] Pushing event updated for resources: {'SecurityGroup': ['ID=66277bde-2e25-4e6b-a8fc-85347bfc62fc,revision_number=1']} {{(pid=106379) push /opt/stack/neutron/neutron/api/rpc/handlers/resources_rpc.py:237}}
Sep 23 23:51:31.036660 n-d-713498-18 neutron-server[106379]: DEBUG neutron.wsgi [-] (106379) accepted ('10.222.0.24', 35212) {{(pid=106379) server /usr/local/lib/python3.8/dist-packages/eventlet/wsgi.py:982}}
Sep 23 23:51:31.160043 n-d-713498-18 neutron-server[106379]: DEBUG neutron_lib.callbacks.manager [None req-82ae202f-cb75-4590-8bc0-a711960e2c75 admin admin] Notify callbacks [] for security_group, before_delete {{(pid=106379) _notify_loop /usr/local/lib/python3.8/dist-packages/neutron_lib/callbacks/manager.py:192}}
Sep 23 23:51:31.215870 n-d-713498-18 neutron-server[106379]: DEBUG neutron_lib.callbacks.manager [None req-82ae202f-cb75-4590-8bc0-a711960e2c75 admin admin] Notify callbacks [] for security_group, precommit_delete {{(pid=106379) _notify_loop /usr/local/lib/python3.8/dist-packages/neutron_lib/callbacks/manager.py:192}}
Sep 23 23:51:31.254311 n-d-713498-18 neutron-server[106378]: DEBUG neutron.wsgi [-] (106378) accepted ('10.222.0.24', 35218) {{(pid=106378) server /usr/local/lib/python3.8/dist-packages/eventlet/wsgi.py:982}}
Sep 23 23:51:31.262873 n-d-713498-18 neutron-server[106379]: DEBUG neutron.pecan_wsgi.hooks.policy_enforcement [req-d60e8975-bc2e-497d-9026-4bec2bac8ef0 req-711c253c-5757-4e65-bc89-f0d89388836e tempest-DeleteServersAdminTestJSON-1510828251 tempest-DeleteServersAdminTestJSON-1510828251-project] Attributes excluded by policy engine: ['standard_attr_id', 'binding:profile', 'binding:host_id', 'binding:vif_type', 'binding:vif_details'] {{(pid=106379) _exclude_attributes_by_policy /opt/stack/neutron/neutron/pecan_wsgi/hooks/policy_enforcement.py:255}}
Sep 23 23:51:31.272089 n-d-713498-18 neutron-server[106379]: INFO neutron.wsgi [req-d60e8975-bc2e-497d-9026-4bec2bac8ef0 req-711c253c-5757-4e65-bc89-f0d89388836e tempest-DeleteServersAdminTestJSON-1510828251 tempest-DeleteServersAdminTestJSON-1510828251-project] 10.222.0.24 "GET /v2.0/ports?device_id=7022245d-91c0-43b2-8c6b-62971546de7d HTTP/1.1" status: 200 len: 936 time: 0.1410141
Sep 23 23:51:31.320286 n-d-713498-18 neutron-server[106379]: INFO neutron.wsgi [req-d60e8975-bc2e-497d-9026-4bec2bac8ef0 req-d36e769f-8be5-4006-83d6-eeed937860c1 tempest-DeleteServersAdminTestJSON-1510828251 tempest-DeleteServersAdminTestJSON-1510828251-project] 10.222.0.24 "GET /v2.0/security-groups?id=8e3f5ee7-7b08-48f9-9ef8-e963f662782c&fields=id&fields=name HTTP/1.1" status: 200 len: 286 time: 0.0470362
Sep 23 23:51:31.331110 n-d-713498-18 neutron-server[106379]: DEBUG neutron_lib.callbacks.manager [None req-82ae202f-cb75-4590-8bc0-a711960e2c75 admin admin] Notify callbacks ['neutron.plugins.ml2.ovo_rpc._ObjectChangeHandler.handle_event-487892'] for security_group, after_delete {{(pid=106379) _notify_loop /usr/local/lib/python3.8/dist-packages/neutron_lib/callbacks/manager.py:192}}
Sep 23 23:51:31.336294 n-d-713498-18 neutron-server[106379]: DEBUG neutron_lib.callbacks.manager [None req-82ae202f-cb75-4590-8bc0-a711960e2c75 admin admin] Notify callbacks [] for security_group, before_response {{(pid=106379) _notify_loop /usr/local/lib/python3.8/dist-packages/neutron_lib/callbacks/manager.py:192}}
Sep 23 23:51:31.340344 n-d-713498-18 neutron-server[106379]: INFO neutron.wsgi [None req-82ae202f-cb75-4590-8bc0-a711960e2c75 admin admin] 10.222.0.24 "DELETE /v2.0/security-groups/66277bde-2e25-4e6b-a8fc-85347bfc62fc HTTP/1.1" status: 204 len: 168 time: 0.2999203
Sep 23 23:51:31.346346 n-d-713498-18 neutron-server[106379]: DEBUG neutron.api.rpc.handlers.resources_rpc [None req-82ae202f-cb75-4590-8bc0-a711960e2c75 admin admin] Pushing event deleted for resources: {'SecurityGroup': ['ID=66277bde-2e25-4e6b-a8fc-85347bfc62fc,revision_number=None']} {{(pid=106379) push /opt/stack/neutron/neutron/api/rpc/handlers/resources_rpc.py:237}}
Sep 23 23:51:31.475427 n-d-713498-18 neutron-server[106378]: DEBUG neutron_lib.callbacks.manager [None req-0a6ae729-0920-49d3-9195-f8d8823e165c admin admin] Notify callbacks [] for security_group, before_create {{(pid=106378) _notify_loop /usr/local/lib/python3.8/dist-packages/neutron_lib/callbacks/manager.py:192}}
Sep 23 23:51:31.547736 n-d-713498-18 neutron-server[106379]: INFO neutron.wsgi [req-c3de7953-ceb2-4259-aaf2-30430f877dac req-cc818b2a-9c08-4c92-bbea-1e69413ac644 tempest-AggregatesAdminTestJSON-836656841 tempest-AggregatesAdminTestJSON-836656841-project] 10.222.0.24 "GET /v2.0/ports?device_id=a2b9dbe9-b90e-4bd4-896f-67a52bff9e16 HTTP/1.1" status: 200 len: 210 time: 0.0506330
Sep 23 23:51:31.630992 n-d-713498-18 neutron-server[106378]: DEBUG neutron_lib.callbacks.manager [None req-0a6ae729-0920-49d3-9195-f8d8823e165c admin admin] Notify callbacks [] for security_group, precommit_create {{(pid=106378) _notify_loop /usr/local/lib/python3.8/dist-packages/neutron_lib/callbacks/manager.py:192}}
Sep 23 23:51:31.635564 n-d-713498-18 neutron-server[106378]: DEBUG neutron_lib.callbacks.manager [None req-0a6ae729-0920-49d3-9195-f8d8823e165c admin admin] Notify callbacks ['neutron.plugins.ml2.ovo_rpc._ObjectChangeHandler.handle_event-487892'] for security_group, after_create {{(pid=106378) _notify_loop /usr/local/lib/python3.8/dist-packages/neutron_lib/callbacks/manager.py:192}}
Sep 23 23:51:31.670372 n-d-713498-18 neutron-server[106378]: DEBUG neutron.api.rpc.handlers.resources_rpc [None req-0a6ae729-0920-49d3-9195-f8d8823e165c admin admin] Pushing event updated for resources: {'SecurityGroup': ['ID=73d61317-5d1e-4acd-a1f3-87033b556271,revision_number=1']} {{(pid=106378) push /opt/stack/neutron/neutron/api/rpc/handlers/resources_rpc.py:237}}
Sep 23 23:51:31.694189 n-d-713498-18 neutron-server[106378]: INFO neutron.wsgi [None req-0a6ae729-0920-49d3-9195-f8d8823e165c admin admin] 10.222.0.24 "GET /v2.0/security-groups?tenant_id=a0a95fa7a9ff44a4930d6e7ffa199851&name=default HTTP/1.1" status: 200 len: 2975 time: 0.4387434
Sep 23 23:51:31.697350 n-d-713498-18 neutron-server[106379]: DEBUG neutron.wsgi [-] (106379) accepted ('10.222.0.24', 35236) {{(pid=106379) server /usr/local/lib/python3.8/dist-packages/eventlet/wsgi.py:982}}
Sep 23 23:51:31.755762 n-d-713498-18 neutron-server[106379]: DEBUG neutron_lib.callbacks.manager [None req-a3c42913-72fe-45f7-807f-1553a4ecc780 admin admin] Notify callbacks [] for security_group, before_delete {{(pid=106379) _notify_loop /usr/local/lib/python3.8/dist-packages/neutron_lib/callbacks/manager.py:192}}
Sep 23 23:51:31.782434 n-d-713498-18 neutron-server[106379]: DEBUG neutron_lib.callbacks.manager [None req-a3c42913-72fe-45f7-807f-1553a4ecc780 admin admin] Notify callbacks [] for security_group, precommit_delete {{(pid=106379) _notify_loop /usr/local/lib/python3.8/dist-packages/neutron_lib/callbacks/manager.py:192}}
Sep 23 23:51:31.971489 n-d-713498-18 neutron-server[106379]: DEBUG neutron_lib.callbacks.manager [None req-a3c42913-72fe-45f7-807f-1553a4ecc780 admin admin] Notify callbacks ['neutron.plugins.ml2.ovo_rpc._ObjectChangeHandler.handle_event-487892'] for security_group, after_delete {{(pid=106379) _notify_loop /usr/local/lib/python3.8/dist-packages/neutron_lib/callbacks/manager.py:192}}
Sep 23 23:51:31.975263 n-d-713498-18 neutron-server[106379]: DEBUG neutron_lib.callbacks.manager [None req-a3c42913-72fe-45f7-807f-1553a4ecc780 admin admin] Notify callbacks [] for security_group, before_response {{(pid=106379) _notify_loop /usr/local/lib/python3.8/dist-packages/neutron_lib/callbacks/manager.py:192}}
Sep 23 23:51:31.977000 n-d-713498-18 neutron-server[106379]: INFO neutron.wsgi [None req-a3c42913-72fe-45f7-807f-1553a4ecc780 admin admin] 10.222.0.24 "DELETE /v2.0/security-groups/73d61317-5d1e-4acd-a1f3-87033b556271 HTTP/1.1" status: 204 len: 168 time: 0.2784655
Sep 23 23:51:31.991890 n-d-713498-18 neutron-server[106379]: DEBUG neutron.api.rpc.handlers.resources_rpc [None req-a3c42913-72fe-45f7-807f-1553a4ecc780 admin admin] Pushing event deleted for resources: {'SecurityGroup': ['ID=73d61317-5d1e-4acd-a1f3-87033b556271,revision_number=None']} {{(pid=106379) push /opt/stack/neutron/neutron/api/rpc/handlers/resources_rpc.py:237}}
Sep 23 23:51:32.534881 n-d-713498-18 neutron-server[106379]: DEBUG neutron.pecan_wsgi.hooks.policy_enforcement [req-ea07dcd7-58e5-45d4-8681-236de9fd4791 req-dcb387b6-93f7-41bf-a41c-c6ae5f5f13df tempest-DeleteServersAdminTestJSON-1510828251 tempest-DeleteServersAdminTestJSON-1510828251-project] Attributes excluded by policy engine: ['standard_attr_id', 'binding:profile', 'binding:host_id', 'binding:vif_type', 'binding:vif_details'] {{(pid=106379) _exclude_attributes_by_policy /opt/stack/neutron/neutron/pecan_wsgi/hooks/policy_enforcement.py:255}}
Sep 23 23:51:32.542739 n-d-713498-18 neutron-server[106379]: INFO neutron.wsgi [req-ea07dcd7-58e5-45d4-8681-236de9fd4791 req-dcb387b6-93f7-41bf-a41c-c6ae5f5f13df tempest-DeleteServersAdminTestJSON-1510828251 tempest-DeleteServersAdminTestJSON-1510828251-project] 10.222.0.24 "GET /v2.0/ports?device_id=7022245d-91c0-43b2-8c6b-62971546de7d HTTP/1.1" status: 200 len: 936 time: 0.0846033
Sep 23 23:51:32.590027 n-d-713498-18 neutron-server[106379]: INFO neutron.wsgi [req-ea07dcd7-58e5-45d4-8681-236de9fd4791 req-f3f09be9-5eeb-4e7b-a624-0ec006550742 tempest-DeleteServersAdminTestJSON-1510828251 tempest-DeleteServersAdminTestJSON-1510828251-project] 10.222.0.24 "GET /v2.0/security-groups?id=8e3f5ee7-7b08-48f9-9ef8-e963f662782c&fields=id&fields=name HTTP/1.1" status: 200 len: 286 time: 0.0459981
Sep 23 23:51:32.653474 n-d-713498-18 neutron-server[106378]: DEBUG neutron.wsgi [-] (106378) accepted ('10.222.0.24', 35266) {{(pid=106378) server /usr/local/lib/python3.8/dist-packages/eventlet/wsgi.py:982}}
Sep 23 23:51:32.680371 n-d-713498-18 neutron-server[106378]: DEBUG neutron_lib.callbacks.manager [None req-0284ed0a-5ed4-4148-b57a-9914d1d24b7d admin admin] Notify callbacks [] for security_group, before_create {{(pid=106378) _notify_loop /usr/local/lib/python3.8/dist-packages/neutron_lib/callbacks/manager.py:192}}
Sep 23 23:51:32.699266 n-d-713498-18 neutron-server[106379]: INFO neutron.wsgi [req-fdcb6401-8891-40e7-9d7b-913c7267a48c req-6f94cf06-4701-46ad-ae8b-78142846a16b tempest-AggregatesAdminTestJSON-836656841 tempest-AggregatesAdminTestJSON-836656841-project] 10.222.0.24 "GET /v2.0/ports?device_id=a2b9dbe9-b90e-4bd4-896f-67a52bff9e16 HTTP/1.1" status: 200 len: 210 time: 0.0483088
Sep 23 23:51:32.829716 n-d-713498-18 neutron-server[106378]: DEBUG neutron_lib.callbacks.manager [None req-0284ed0a-5ed4-4148-b57a-9914d1d24b7d admin admin] Notify callbacks [] for security_group, precommit_create {{(pid=106378) _notify_loop /usr/local/lib/python3.8/dist-packages/neutron_lib/callbacks/manager.py:192}}
Sep 23 23:51:32.835663 n-d-713498-18 neutron-server[106378]: DEBUG neutron_lib.callbacks.manager [None req-0284ed0a-5ed4-4148-b57a-9914d1d24b7d admin admin] Notify callbacks ['neutron.plugins.ml2.ovo_rpc._ObjectChangeHandler.handle_event-487892'] for security_group, after_create {{(pid=106378) _notify_loop /usr/local/lib/python3.8/dist-packages/neutron_lib/callbacks/manager.py:192}}
Sep 23 23:51:32.873511 n-d-713498-18 neutron-server[106378]: DEBUG neutron.api.rpc.handlers.resources_rpc [None req-0284ed0a-5ed4-4148-b57a-9914d1d24b7d admin admin] Pushing event updated for resources: {'SecurityGroup': ['ID=8dff4fca-f38a-454d-85d8-1039c7ff900f,revision_number=1']} {{(pid=106378) push /opt/stack/neutron/neutron/api/rpc/handlers/resources_rpc.py:237}}
Sep 23 23:51:32.890857 n-d-713498-18 neutron-server[106379]: DEBUG neutron.wsgi [-] (106379) accepted ('10.222.0.24', 35274) {{(pid=106379) server /usr/local/lib/python3.8/dist-packages/eventlet/wsgi.py:982}}
Sep 23 23:51:32.891013 n-d-713498-18 neutron-server[106378]: INFO neutron.wsgi [None req-0284ed0a-5ed4-4148-b57a-9914d1d24b7d admin admin] 10.222.0.24 "GET /v2.0/security-groups?tenant_id=3a8eb24c83dd49fbaa8358216787043c&name=default HTTP/1.1" status: 200 len: 2975 time: 0.2355771
Sep 23 23:51:32.951174 n-d-713498-18 neutron-server[106379]: DEBUG neutron_lib.callbacks.manager [None req-bc2f3a35-d044-4807-abd6-79fccf2c3fd8 admin admin] Notify callbacks [] for security_group, before_delete {{(pid=106379) _notify_loop /usr/local/lib/python3.8/dist-packages/neutron_lib/callbacks/manager.py:192}}
Sep 23 23:51:32.977825 n-d-713498-18 neutron-server[106379]: DEBUG neutron_lib.callbacks.manager [None req-bc2f3a35-d044-4807-abd6-79fccf2c3fd8 admin admin] Notify callbacks [] for security_group, precommit_delete {{(pid=106379) _notify_loop /usr/local/lib/python3.8/dist-packages/neutron_lib/callbacks/manager.py:192}}
Sep 23 23:51:33.033083 n-d-713498-18 neutron-server[106379]: DEBUG neutron_lib.callbacks.manager [None req-bc2f3a35-d044-4807-abd6-79fccf2c3fd8 admin admin] Notify callbacks ['neutron.plugins.ml2.ovo_rpc._ObjectChangeHandler.handle_event-487892'] for security_group, after_delete {{(pid=106379) _notify_loop /usr/local/lib/python3.8/dist-packages/neutron_lib/callbacks/manager.py:192}}
Sep 23 23:51:33.036521 n-d-713498-18 neutron-server[106379]: DEBUG neutron_lib.callbacks.manager [None req-bc2f3a35-d044-4807-abd6-79fccf2c3fd8 admin admin] Notify callbacks [] for security_group, before_response {{(pid=106379) _notify_loop /usr/local/lib/python3.8/dist-packages/neutron_lib/callbacks/manager.py:192}}
Sep 23 23:51:33.040074 n-d-713498-18 neutron-server[106379]: INFO neutron.wsgi [None req-bc2f3a35-d044-4807-abd6-79fccf2c3fd8 admin admin] 10.222.0.24 "DELETE /v2.0/security-groups/8dff4fca-f38a-454d-85d8-1039c7ff900f HTTP/1.1" status: 204 len: 168 time: 0.1458402
Sep 23 23:51:33.046840 n-d-713498-18 neutron-server[106379]: DEBUG neutron.api.rpc.handlers.resources_rpc [None req-bc2f3a35-d044-4807-abd6-79fccf2c3fd8 admin admin] Pushing event deleted for resources: {'SecurityGroup': ['ID=8dff4fca-f38a-454d-85d8-1039c7ff900f,revision_number=None']} {{(pid=106379) push /opt/stack/neutron/neutron/api/rpc/handlers/resources_rpc.py:237}}
Sep 23 23:51:33.834543 n-d-713498-18 neutron-server[106379]: DEBUG neutron.pecan_wsgi.hooks.policy_enforcement [req-94327e83-bcfc-4e24-b0e5-6778ad6c504a req-cfdd2b93-1894-4173-a61e-081bad724d89 tempest-DeleteServersAdminTestJSON-1510828251 tempest-DeleteServersAdminTestJSON-1510828251-project] Attributes excluded by policy engine: ['standard_attr_id', 'binding:profile', 'binding:host_id', 'binding:vif_type', 'binding:vif_details'] {{(pid=106379) _exclude_attributes_by_policy /opt/stack/neutron/neutron/pecan_wsgi/hooks/policy_enforcement.py:255}}
Sep 23 23:51:33.845640 n-d-713498-18 neutron-server[106379]: INFO neutron.wsgi [req-94327e83-bcfc-4e24-b0e5-6778ad6c504a req-cfdd2b93-1894-4173-a61e-081bad724d89 tempest-DeleteServersAdminTestJSON-1510828251 tempest-DeleteServersAdminTestJSON-1510828251-project] 10.222.0.24 "GET /v2.0/ports?device_id=7022245d-91c0-43b2-8c6b-62971546de7d HTTP/1.1" status: 200 len: 936 time: 0.1306062
Sep 23 23:51:33.907683 n-d-713498-18 neutron-server[106379]: INFO neutron.wsgi [req-94327e83-bcfc-4e24-b0e5-6778ad6c504a req-b7482393-2bc8-4252-9045-def1832132cc tempest-DeleteServersAdminTestJSON-1510828251 tempest-DeleteServersAdminTestJSON-1510828251-project] 10.222.0.24 "GET /v2.0/security-groups?id=8e3f5ee7-7b08-48f9-9ef8-e963f662782c&fields=id&fields=name HTTP/1.1" status: 200 len: 286 time: 0.0563900
Sep 23 23:51:34.001281 n-d-713498-18 neutron-server[106379]: INFO neutron.wsgi [req-7c2dd8ac-63a2-420a-8ede-bbc5089fa5e5 req-9216c817-60f8-4ced-80e6-b884112267b3 tempest-AggregatesAdminTestJSON-836656841 tempest-AggregatesAdminTestJSON-836656841-project] 10.222.0.24 "GET /v2.0/ports?device_id=a2b9dbe9-b90e-4bd4-896f-67a52bff9e16 HTTP/1.1" status: 200 len: 210 time: 0.0317469
Sep 23 23:51:35.060258 n-d-713498-18 neutron-server[106379]: DEBUG neutron.pecan_wsgi.hooks.policy_enforcement [req-768f9122-a3af-4615-a154-d3793c86dc3f req-2692c3eb-f444-47c6-82d0-3d2ca9c6a980 tempest-DeleteServersAdminTestJSON-1510828251 tempest-DeleteServersAdminTestJSON-1510828251-project] Attributes excluded by policy engine: ['standard_attr_id', 'binding:profile', 'binding:host_id', 'binding:vif_type', 'binding:vif_details'] {{(pid=106379) _exclude_attributes_by_policy /opt/stack/neutron/neutron/pecan_wsgi/hooks/policy_enforcement.py:255}}
Sep 23 23:51:35.063026 n-d-713498-18 neutron-server[106379]: INFO neutron.wsgi [req-768f9122-a3af-4615-a154-d3793c86dc3f req-2692c3eb-f444-47c6-82d0-3d2ca9c6a980 tempest-DeleteServersAdminTestJSON-1510828251 tempest-DeleteServersAdminTestJSON-1510828251-project] 10.222.0.24 "GET /v2.0/ports?device_id=7022245d-91c0-43b2-8c6b-62971546de7d HTTP/1.1" status: 200 len: 936 time: 0.0690515
Sep 23 23:51:35.100758 n-d-713498-18 neutron-server[106379]: DEBUG neutron.wsgi [-] (106379) accepted ('10.222.0.24', 35368) {{(pid=106379) server /usr/local/lib/python3.8/dist-packages/eventlet/wsgi.py:982}}
Sep 23 23:51:35.128186 n-d-713498-18 neutron-server[106379]: INFO neutron.wsgi [req-768f9122-a3af-4615-a154-d3793c86dc3f req-fead7503-0526-4a36-b056-94bd2469eb05 tempest-DeleteServersAdminTestJSON-1510828251 tempest-DeleteServersAdminTestJSON-1510828251-project] 10.222.0.24 "GET /v2.0/security-groups?id=8e3f5ee7-7b08-48f9-9ef8-e963f662782c&fields=id&fields=name HTTP/1.1" status: 200 len: 286 time: 0.0577493
Sep 23 23:51:35.187561 n-d-713498-18 neutron-server[106379]: INFO neutron.wsgi [req-8c3dd90b-8833-42cc-a29a-9dbe6558beae req-59d9e9d2-95bc-46a7-891e-7ceae931a03e tempest-AggregatesAdminTestJSON-836656841 tempest-AggregatesAdminTestJSON-836656841-project] 10.222.0.24 "GET /v2.0/ports?device_id=a2b9dbe9-b90e-4bd4-896f-67a52bff9e16 HTTP/1.1" status: 200 len: 210 time: 0.0343041
Sep 23 23:51:35.323542 n-d-713498-18 neutron-server[106379]: DEBUG neutron_lib.callbacks.manager [None req-9d2289fd-3068-4d71-acff-8da6c7983fbe admin admin] Notify callbacks [] for security_group, before_create {{(pid=106379) _notify_loop /usr/local/lib/python3.8/dist-packages/neutron_lib/callbacks/manager.py:192}}
Sep 23 23:51:35.443631 n-d-713498-18 neutron-server[106378]: DEBUG neutron.wsgi [-] (106378) accepted ('10.222.0.24', 35376) {{(pid=106378) server /usr/local/lib/python3.8/dist-packages/eventlet/wsgi.py:982}}
Sep 23 23:51:35.446272 n-d-713498-18 neutron-server[106379]: DEBUG neutron_lib.callbacks.manager [None req-9d2289fd-3068-4d71-acff-8da6c7983fbe admin admin] Notify callbacks [] for security_group, precommit_create {{(pid=106379) _notify_loop /usr/local/lib/python3.8/dist-packages/neutron_lib/callbacks/manager.py:192}}
Sep 23 23:51:35.453607 n-d-713498-18 neutron-server[106379]: DEBUG neutron_lib.callbacks.manager [None req-9d2289fd-3068-4d71-acff-8da6c7983fbe admin admin] Notify callbacks ['neutron.plugins.ml2.ovo_rpc._ObjectChangeHandler.handle_event-487892'] for security_group, after_create {{(pid=106379) _notify_loop /usr/local/lib/python3.8/dist-packages/neutron_lib/callbacks/manager.py:192}}
Sep 23 23:51:35.521481 n-d-713498-18 neutron-server[106379]: INFO neutron.wsgi [None req-9d2289fd-3068-4d71-acff-8da6c7983fbe admin admin] 10.222.0.24 "GET /v2.0/security-groups?tenant_id=11345690317d4a29ba1dc8563db8fb93&name=default HTTP/1.1" status: 200 len: 2975 time: 0.4194512
Sep 23 23:51:35.522595 n-d-713498-18 neutron-server[106379]: DEBUG neutron.api.rpc.handlers.resources_rpc [None req-9d2289fd-3068-4d71-acff-8da6c7983fbe admin admin] Pushing event updated for resources: {'SecurityGroup': ['ID=fc6f0ca7-fac5-4583-b47f-6b8b0ae0d39e,revision_number=1']} {{(pid=106379) push /opt/stack/neutron/neutron/api/rpc/handlers/resources_rpc.py:237}}
Sep 23 23:51:35.525340 n-d-713498-18 neutron-server[106378]: DEBUG neutron.wsgi [-] (106378) accepted ('10.222.0.24', 35382) {{(pid=106378) server /usr/local/lib/python3.8/dist-packages/eventlet/wsgi.py:982}}
Sep 23 23:51:35.583253 n-d-713498-18 neutron-server[106378]: DEBUG neutron_lib.callbacks.manager [None req-140999c7-faf8-4501-855a-edd2653cff89 admin admin] Notify callbacks [] for security_group, before_delete {{(pid=106378) _notify_loop /usr/local/lib/python3.8/dist-packages/neutron_lib/callbacks/manager.py:192}}
Sep 23 23:51:35.609189 n-d-713498-18 neutron-server[106378]: DEBUG neutron_lib.callbacks.manager [None req-140999c7-faf8-4501-855a-edd2653cff89 admin admin] Notify callbacks [] for security_group, precommit_delete {{(pid=106378) _notify_loop /usr/local/lib/python3.8/dist-packages/neutron_lib/callbacks/manager.py:192}}
Sep 23 23:51:35.673550 n-d-713498-18 neutron-server[106378]: DEBUG neutron_lib.callbacks.manager [None req-140999c7-faf8-4501-855a-edd2653cff89 admin admin] Notify callbacks ['neutron.plugins.ml2.ovo_rpc._ObjectChangeHandler.handle_event-487892'] for security_group, after_delete {{(pid=106378) _notify_loop /usr/local/lib/python3.8/dist-packages/neutron_lib/callbacks/manager.py:192}}
Sep 23 23:51:35.677472 n-d-713498-18 neutron-server[106378]: DEBUG neutron_lib.callbacks.manager [None req-140999c7-faf8-4501-855a-edd2653cff89 admin admin] Notify callbacks [] for security_group, before_response {{(pid=106378) _notify_loop /usr/local/lib/python3.8/dist-packages/neutron_lib/callbacks/manager.py:192}}
Sep 23 23:51:35.679119 n-d-713498-18 neutron-server[106378]: INFO neutron.wsgi [None req-140999c7-faf8-4501-855a-edd2653cff89 admin admin] 10.222.0.24 "DELETE /v2.0/security-groups/fc6f0ca7-fac5-4583-b47f-6b8b0ae0d39e HTTP/1.1" status: 204 len: 168 time: 0.1527891
Sep 23 23:51:35.690187 n-d-713498-18 neutron-server[106378]: DEBUG neutron.api.rpc.handlers.resources_rpc [None req-140999c7-faf8-4501-855a-edd2653cff89 admin admin] Pushing event deleted for resources: {'SecurityGroup': ['ID=fc6f0ca7-fac5-4583-b47f-6b8b0ae0d39e,revision_number=None']} {{(pid=106378) push /opt/stack/neutron/neutron/api/rpc/handlers/resources_rpc.py:237}}
Sep 23 23:51:35.813936 n-d-713498-18 neutron-server[106378]: DEBUG neutron_lib.callbacks.manager [None req-3e8d2707-33d9-4196-a570-6e2a279a531b admin admin] Notify callbacks [] for security_group, before_create {{(pid=106378) _notify_loop /usr/local/lib/python3.8/dist-packages/neutron_lib/callbacks/manager.py:192}}
Sep 23 23:51:35.918062 n-d-713498-18 neutron-server[106378]: DEBUG neutron_lib.callbacks.manager [None req-3e8d2707-33d9-4196-a570-6e2a279a531b admin admin] Notify callbacks [] for security_group, precommit_create {{(pid=106378) _notify_loop /usr/local/lib/python3.8/dist-packages/neutron_lib/callbacks/manager.py:192}}
Sep 23 23:51:35.924454 n-d-713498-18 neutron-server[106378]: DEBUG neutron_lib.callbacks.manager [None req-3e8d2707-33d9-4196-a570-6e2a279a531b admin admin] Notify callbacks ['neutron.plugins.ml2.ovo_rpc._ObjectChangeHandler.handle_event-487892'] for security_group, after_create {{(pid=106378) _notify_loop /usr/local/lib/python3.8/dist-packages/neutron_lib/callbacks/manager.py:192}}
Sep 23 23:51:35.986258 n-d-713498-18 neutron-server[106379]: DEBUG neutron.wsgi [-] (106379) accepted ('10.222.0.24', 35396) {{(pid=106379) server /usr/local/lib/python3.8/dist-packages/eventlet/wsgi.py:982}}
Sep 23 23:51:35.995433 n-d-713498-18 neutron-server[106378]: INFO neutron.wsgi [None req-3e8d2707-33d9-4196-a570-6e2a279a531b admin admin] 10.222.0.24 "GET /v2.0/security-groups?tenant_id=28fc4ed78cc24bd08650e7bfacad26f9&name=default HTTP/1.1" status: 200 len: 2975 time: 0.5493495
Sep 23 23:51:36.000965 n-d-713498-18 neutron-server[106378]: DEBUG neutron.api.rpc.handlers.resources_rpc [None req-3e8d2707-33d9-4196-a570-6e2a279a531b admin admin] Pushing event updated for resources: {'SecurityGroup': ['ID=78f6313e-e4c1-4d15-9de1-d2ba4a80e43a,revision_number=1']} {{(pid=106378) push /opt/stack/neutron/neutron/api/rpc/handlers/resources_rpc.py:237}}
Sep 23 23:51:36.053517 n-d-713498-18 neutron-server[106379]: DEBUG neutron_lib.callbacks.manager [None req-e9d6d8c7-34a2-4d8b-ab63-2d5a58b43401 admin admin] Notify callbacks [] for security_group, before_delete {{(pid=106379) _notify_loop /usr/local/lib/python3.8/dist-packages/neutron_lib/callbacks/manager.py:192}}
Sep 23 23:51:36.085960 n-d-713498-18 neutron-server[106379]: DEBUG neutron_lib.callbacks.manager [None req-e9d6d8c7-34a2-4d8b-ab63-2d5a58b43401 admin admin] Notify callbacks [] for security_group, precommit_delete {{(pid=106379) _notify_loop /usr/local/lib/python3.8/dist-packages/neutron_lib/callbacks/manager.py:192}}
Sep 23 23:51:36.170509 n-d-713498-18 neutron-server[106379]: DEBUG neutron_lib.callbacks.manager [None req-e9d6d8c7-34a2-4d8b-ab63-2d5a58b43401 admin admin] Notify callbacks ['neutron.plugins.ml2.ovo_rpc._ObjectChangeHandler.handle_event-487892'] for security_group, after_delete {{(pid=106379) _notify_loop /usr/local/lib/python3.8/dist-packages/neutron_lib/callbacks/manager.py:192}}
Sep 23 23:51:36.173504 n-d-713498-18 neutron-server[106379]: DEBUG neutron_lib.callbacks.manager [None req-e9d6d8c7-34a2-4d8b-ab63-2d5a58b43401 admin admin] Notify callbacks [] for security_group, before_response {{(pid=106379) _notify_loop /usr/local/lib/python3.8/dist-packages/neutron_lib/callbacks/manager.py:192}}
Sep 23 23:51:36.178066 n-d-713498-18 neutron-server[106379]: INFO neutron.wsgi [None req-e9d6d8c7-34a2-4d8b-ab63-2d5a58b43401 admin admin] 10.222.0.24 "DELETE /v2.0/security-groups/78f6313e-e4c1-4d15-9de1-d2ba4a80e43a HTTP/1.1" status: 204 len: 168 time: 0.1906021
Sep 23 23:51:36.186924 n-d-713498-18 neutron-server[106379]: DEBUG neutron.api.rpc.handlers.resources_rpc [None req-e9d6d8c7-34a2-4d8b-ab63-2d5a58b43401 admin admin] Pushing event deleted for resources: {'SecurityGroup': ['ID=78f6313e-e4c1-4d15-9de1-d2ba4a80e43a,revision_number=None']} {{(pid=106379) push /opt/stack/neutron/neutron/api/rpc/handlers/resources_rpc.py:237}}
Sep 23 23:51:36.275330 n-d-713498-18 neutron-server[106380]: DEBUG neutron_lib.callbacks.manager [None req-99e2d1d0-f06c-484f-8359-b9932f5a4d08 None None] Notify callbacks ['neutron.services.segments.db._update_segment_host_mapping_for_agent-8784070565250', 'neutron.plugins.ml2.plugin.Ml2Plugin._retry_binding_revived_agents-654641'] for agent, after_update {{(pid=106380) _notify_loop /usr/local/lib/python3.8/dist-packages/neutron_lib/callbacks/manager.py:192}}
Sep 23 23:51:36.323736 n-d-713498-18 neutron-server[106378]: DEBUG neutron.wsgi [-] (106378) accepted ('10.222.0.24', 35410) {{(pid=106378) server /usr/local/lib/python3.8/dist-packages/eventlet/wsgi.py:982}}
Sep 23 23:51:36.347743 n-d-713498-18 neutron-server[106378]: DEBUG neutron_lib.callbacks.manager [None req-bb6cb423-1bfe-4019-8444-90ef83e5d8b0 admin admin] Notify callbacks [] for security_group, before_create {{(pid=106378) _notify_loop /usr/local/lib/python3.8/dist-packages/neutron_lib/callbacks/manager.py:192}}
Sep 23 23:51:36.379162 n-d-713498-18 neutron-server[106379]: INFO neutron.wsgi [req-1421256f-2c50-4456-bc90-f9c64c48a3d7 req-57059524-2b65-4e0d-9068-f1f48767cdd9 tempest-AggregatesAdminTestJSON-836656841 tempest-AggregatesAdminTestJSON-836656841-project] 10.222.0.24 "GET /v2.0/ports?device_id=a2b9dbe9-b90e-4bd4-896f-67a52bff9e16 HTTP/1.1" status: 200 len: 210 time: 0.0384941
Sep 23 23:51:36.425893 n-d-713498-18 neutron-server[106379]: DEBUG neutron.pecan_wsgi.hooks.policy_enforcement [req-3f884c7b-14a9-42fe-8f27-6bfc894e5499 req-93114338-dcb7-4609-a7a3-fadd7222ec9c tempest-DeleteServersAdminTestJSON-1510828251 tempest-DeleteServersAdminTestJSON-1510828251-project] Attributes excluded by policy engine: ['standard_attr_id', 'binding:profile', 'binding:host_id', 'binding:vif_type', 'binding:vif_details'] {{(pid=106379) _exclude_attributes_by_policy /opt/stack/neutron/neutron/pecan_wsgi/hooks/policy_enforcement.py:255}}
Sep 23 23:51:36.431717 n-d-713498-18 neutron-server[106379]: INFO neutron.wsgi [req-3f884c7b-14a9-42fe-8f27-6bfc894e5499 req-93114338-dcb7-4609-a7a3-fadd7222ec9c tempest-DeleteServersAdminTestJSON-1510828251 tempest-DeleteServersAdminTestJSON-1510828251-project] 10.222.0.24 "GET /v2.0/ports?device_id=7022245d-91c0-43b2-8c6b-62971546de7d HTTP/1.1" status: 200 len: 936 time: 0.1516199
Sep 23 23:51:36.535376 n-d-713498-18 neutron-server[106379]: INFO neutron.wsgi [req-3f884c7b-14a9-42fe-8f27-6bfc894e5499 req-0317880e-3c71-4799-8a8e-bc1e62349f99 tempest-DeleteServersAdminTestJSON-1510828251 tempest-DeleteServersAdminTestJSON-1510828251-project] 10.222.0.24 "GET /v2.0/security-groups?id=8e3f5ee7-7b08-48f9-9ef8-e963f662782c&fields=id&fields=name HTTP/1.1" status: 200 len: 286 time: 0.0950174
Sep 23 23:51:36.567353 n-d-713498-18 neutron-server[106378]: DEBUG neutron_lib.callbacks.manager [None req-bb6cb423-1bfe-4019-8444-90ef83e5d8b0 admin admin] Notify callbacks [] for security_group, precommit_create {{(pid=106378) _notify_loop /usr/local/lib/python3.8/dist-packages/neutron_lib/callbacks/manager.py:192}}
Sep 23 23:51:36.582124 n-d-713498-18 neutron-server[106378]: DEBUG neutron_lib.callbacks.manager [None req-bb6cb423-1bfe-4019-8444-90ef83e5d8b0 admin admin] Notify callbacks ['neutron.plugins.ml2.ovo_rpc._ObjectChangeHandler.handle_event-487892'] for security_group, after_create {{(pid=106378) _notify_loop /usr/local/lib/python3.8/dist-packages/neutron_lib/callbacks/manager.py:192}}
Sep 23 23:51:36.621538 n-d-713498-18 neutron-server[106378]: INFO neutron.wsgi [None req-bb6cb423-1bfe-4019-8444-90ef83e5d8b0 admin admin] 10.222.0.24 "GET /v2.0/security-groups?tenant_id=5029f5c6c34c48b4aeef86ec386e1ae1&name=default HTTP/1.1" status: 200 len: 2975 time: 0.2966745
Sep 23 23:51:36.624366 n-d-713498-18 neutron-server[106379]: DEBUG neutron.wsgi [-] (106379) accepted ('10.222.0.24', 35428) {{(pid=106379) server /usr/local/lib/python3.8/dist-packages/eventlet/wsgi.py:982}}
Sep 23 23:51:36.643180 n-d-713498-18 neutron-server[106378]: DEBUG neutron.api.rpc.handlers.resources_rpc [None req-bb6cb423-1bfe-4019-8444-90ef83e5d8b0 admin admin] Pushing event updated for resources: {'SecurityGroup': ['ID=7701620d-81cb-494f-900b-ab66df95f99e,revision_number=1']} {{(pid=106378) push /opt/stack/neutron/neutron/api/rpc/handlers/resources_rpc.py:237}}
Sep 23 23:51:36.722855 n-d-713498-18 neutron-server[106379]: DEBUG neutron_lib.callbacks.manager [None req-2a4eb009-4a47-45cb-be40-ed79aaed477a admin admin] Notify callbacks [] for security_group, before_delete {{(pid=106379) _notify_loop /usr/local/lib/python3.8/dist-packages/neutron_lib/callbacks/manager.py:192}}
Sep 23 23:51:36.745659 n-d-713498-18 neutron-server[106379]: DEBUG neutron_lib.callbacks.manager [None req-2a4eb009-4a47-45cb-be40-ed79aaed477a admin admin] Notify callbacks [] for security_group, precommit_delete {{(pid=106379) _notify_loop /usr/local/lib/python3.8/dist-packages/neutron_lib/callbacks/manager.py:192}}
Sep 23 23:51:36.820128 n-d-713498-18 neutron-server[106379]: DEBUG neutron_lib.callbacks.manager [None req-2a4eb009-4a47-45cb-be40-ed79aaed477a admin admin] Notify callbacks ['neutron.plugins.ml2.ovo_rpc._ObjectChangeHandler.handle_event-487892'] for security_group, after_delete {{(pid=106379) _notify_loop /usr/local/lib/python3.8/dist-packages/neutron_lib/callbacks/manager.py:192}}
Sep 23 23:51:36.822676 n-d-713498-18 neutron-server[106379]: DEBUG neutron_lib.callbacks.manager [None req-2a4eb009-4a47-45cb-be40-ed79aaed477a admin admin] Notify callbacks [] for security_group, before_response {{(pid=106379) _notify_loop /usr/local/lib/python3.8/dist-packages/neutron_lib/callbacks/manager.py:192}}
Sep 23 23:51:36.824819 n-d-713498-18 neutron-server[106379]: INFO neutron.wsgi [None req-2a4eb009-4a47-45cb-be40-ed79aaed477a admin admin] 10.222.0.24 "DELETE /v2.0/security-groups/7701620d-81cb-494f-900b-ab66df95f99e HTTP/1.1" status: 204 len: 168 time: 0.1990905
Sep 23 23:51:36.841021 n-d-713498-18 neutron-server[106379]: DEBUG neutron.api.rpc.handlers.resources_rpc [None req-2a4eb009-4a47-45cb-be40-ed79aaed477a admin admin] Pushing event deleted for resources: {'SecurityGroup': ['ID=7701620d-81cb-494f-900b-ab66df95f99e,revision_number=None']} {{(pid=106379) push /opt/stack/neutron/neutron/api/rpc/handlers/resources_rpc.py:237}}
Sep 23 23:51:36.904633 n-d-713498-18 neutron-server[106378]: DEBUG neutron.wsgi [-] (106378) accepted ('10.222.0.24', 35434) {{(pid=106378) server /usr/local/lib/python3.8/dist-packages/eventlet/wsgi.py:982}}
