Sep 23 23:51:46.376288 n-d-713498-18 neutron-server[106379]: DEBUG neutron.api.rpc.handlers.resources_rpc [None req-c528b528-f03c-4f36-9d18-1fe964283aa1 admin admin] Pushing event updated for resources: {'Port': ['ID=d701bc83-3238-47f8-aa89-b3f01d6869a3,revision_number=1']} {{(pid=106379) push /opt/stack/neutron/neutron/api/rpc/handlers/resources_rpc.py:237}}
Sep 23 23:51:46.386696 n-d-713498-18 neutron-server[106380]: DEBUG neutron.plugins.ml2.db [None req-319ff834-a23b-45f7-9170-780745e78032 None None] For port a5810680-3d89-4803-8758-c0655af8977a, host n-d-713498-18, cleared binding levels {{(pid=106380) clear_binding_levels /opt/stack/neutron/neutron/plugins/ml2/db.py:87}}
Sep 23 23:51:46.430470 n-d-713498-18 neutron-server[106380]: DEBUG neutron.plugins.ml2.db [None req-319ff834-a23b-45f7-9170-780745e78032 None None] For port a5810680-3d89-4803-8758-c0655af8977a, host n-d-713498-18, set binding levels [PortBindingLevel(driver='openvswitch',host='n-d-713498-18',level=0,port_id=a5810680-3d89-4803-8758-c0655af8977a,segment=NetworkSegment(3985c302-6500-4e81-90de-291bdf6f9130),segment_id=3985c302-6500-4e81-90de-291bdf6f9130)] {{(pid=106380) set_binding_levels /opt/stack/neutron/neutron/plugins/ml2/db.py:59}}
Sep 23 23:51:46.448097 n-d-713498-18 neutron-server[106380]: DEBUG neutron_lib.callbacks.manager [None req-319ff834-a23b-45f7-9170-780745e78032 None None] Notify callbacks ['neutron.plugins.ml2.plugin.SecurityGroupServerNotifierRpcMixin._notify_sg_on_port_change-662907', 'neutron.plugins.ml2.ovo_rpc._ObjectChangeHandler.handle_event-66932', 'neutron.api.rpc.agentnotifiers.dhcp_rpc_agent_api.DhcpAgentNotifyAPI._native_event_send_dhcp_notification-530880', 'neutron.db.l3_db.L3RpcNotifierMixin._notify_gateway_port_ip_changed-8784070506500', 'neutron.db.l3_dvrscheduler_db._notify_l3_agent_port_update-8784070019283', 'neutron.db.l3_hascheduler_db._notify_l3_agent_ha_port_update-8784070019301'] for port, after_update {{(pid=106380) _notify_loop /usr/local/lib/python3.8/dist-packages/neutron_lib/callbacks/manager.py:192}}
Sep 23 23:51:46.632739 n-d-713498-18 neutron-server[106380]: DEBUG neutron.api.rpc.handlers.resources_rpc [None req-319ff834-a23b-45f7-9170-780745e78032 None None] Pushing event updated for resources: {'Port': ['ID=a5810680-3d89-4803-8758-c0655af8977a,revision_number=2']} {{(pid=106380) push /opt/stack/neutron/neutron/api/rpc/handlers/resources_rpc.py:237}}
Sep 23 23:51:46.650807 n-d-713498-18 neutron-server[106379]: DEBUG neutron_lib.callbacks.manager [None req-c528b528-f03c-4f36-9d18-1fe964283aa1 admin admin] Notify callbacks [] for router_gateway, after_create {{(pid=106379) _notify_loop /usr/local/lib/python3.8/dist-packages/neutron_lib/callbacks/manager.py:192}}
Sep 23 23:51:46.752193 n-d-713498-18 neutron-server[106378]: DEBUG neutron.wsgi [-] (106378) accepted ('10.222.0.24', 35810) {{(pid=106378) server /usr/local/lib/python3.8/dist-packages/eventlet/wsgi.py:982}}
Sep 23 23:51:46.931912 n-d-713498-18 neutron-server[106378]: DEBUG neutron_lib.callbacks.manager [None req-f45d989c-95bd-488f-ad72-2a65c5b376c1 admin admin] Notify callbacks [] for security_group, before_create {{(pid=106378) _notify_loop /usr/local/lib/python3.8/dist-packages/neutron_lib/callbacks/manager.py:192}}
Sep 23 23:51:47.060543 n-d-713498-18 neutron-server[106379]: DEBUG neutron.pecan_wsgi.hooks.policy_enforcement [req-08e7eadc-313d-449c-89c0-ee795400c1a1 req-8edaf7fd-0be5-4090-bf58-2159402bdd19 tempest-AggregatesAdminTestJSON-836656841 tempest-AggregatesAdminTestJSON-836656841-project] Attributes excluded by policy engine: ['standard_attr_id', 'binding:profile', 'binding:host_id', 'binding:vif_type', 'binding:vif_details'] {{(pid=106379) _exclude_attributes_by_policy /opt/stack/neutron/neutron/pecan_wsgi/hooks/policy_enforcement.py:255}}
Sep 23 23:51:47.062854 n-d-713498-18 neutron-server[106379]: INFO neutron.wsgi [req-08e7eadc-313d-449c-89c0-ee795400c1a1 req-8edaf7fd-0be5-4090-bf58-2159402bdd19 tempest-AggregatesAdminTestJSON-836656841 tempest-AggregatesAdminTestJSON-836656841-project] 10.222.0.24 "GET /v2.0/ports?device_id=a2b9dbe9-b90e-4bd4-896f-67a52bff9e16 HTTP/1.1" status: 200 len: 968 time: 0.3552313
Sep 23 23:51:47.077223 n-d-713498-18 neutron-server[106378]: DEBUG neutron_lib.callbacks.manager [None req-f45d989c-95bd-488f-ad72-2a65c5b376c1 admin admin] Notify callbacks [] for security_group, precommit_create {{(pid=106378) _notify_loop /usr/local/lib/python3.8/dist-packages/neutron_lib/callbacks/manager.py:192}}
Sep 23 23:51:47.084468 n-d-713498-18 neutron-server[106378]: DEBUG neutron_lib.callbacks.manager [None req-f45d989c-95bd-488f-ad72-2a65c5b376c1 admin admin] Notify callbacks ['neutron.plugins.ml2.ovo_rpc._ObjectChangeHandler.handle_event-487892'] for security_group, after_create {{(pid=106378) _notify_loop /usr/local/lib/python3.8/dist-packages/neutron_lib/callbacks/manager.py:192}}
Sep 23 23:51:47.127305 n-d-713498-18 neutron-server[106378]: INFO neutron.wsgi [None req-f45d989c-95bd-488f-ad72-2a65c5b376c1 admin admin] 10.222.0.24 "GET /v2.0/security-groups?tenant_id=e29670d5430f410883d1b09737c3ccf0&name=default HTTP/1.1" status: 200 len: 2979 time: 0.3737159
Sep 23 23:51:47.128347 n-d-713498-18 neutron-server[106378]: DEBUG neutron.wsgi [-] (106378) accepted ('10.222.0.24', 35816) {{(pid=106378) server /usr/local/lib/python3.8/dist-packages/eventlet/wsgi.py:982}}
Sep 23 23:51:47.129349 n-d-713498-18 neutron-server[106378]: DEBUG neutron.api.rpc.handlers.resources_rpc [None req-f45d989c-95bd-488f-ad72-2a65c5b376c1 admin admin] Pushing event updated for resources: {'SecurityGroup': ['ID=961c2e18-644a-4395-9419-05ed1cbb0a87,revision_number=1']} {{(pid=106378) push /opt/stack/neutron/neutron/api/rpc/handlers/resources_rpc.py:237}}
Sep 23 23:51:47.148803 n-d-713498-18 neutron-server[106378]: DEBUG neutron.wsgi [-] (106378) accepted ('10.222.0.24', 35818) {{(pid=106378) server /usr/local/lib/python3.8/dist-packages/eventlet/wsgi.py:982}}
Sep 23 23:51:47.157019 n-d-713498-18 neutron-server[106379]: DEBUG neutron.pecan_wsgi.hooks.policy_enforcement [req-fb77c960-07e5-4165-b0dc-7cd765f55646 req-cd0f179c-464d-47bd-bf58-36319b6f9a88 tempest-DeleteServersAdminTestJSON-1510828251 tempest-DeleteServersAdminTestJSON-1510828251-project] Attributes excluded by policy engine: ['standard_attr_id', 'binding:profile', 'binding:host_id', 'binding:vif_type', 'binding:vif_details'] {{(pid=106379) _exclude_attributes_by_policy /opt/stack/neutron/neutron/pecan_wsgi/hooks/policy_enforcement.py:255}}
Sep 23 23:51:47.158551 n-d-713498-18 neutron-server[106379]: INFO neutron.wsgi [req-fb77c960-07e5-4165-b0dc-7cd765f55646 req-cd0f179c-464d-47bd-bf58-36319b6f9a88 tempest-DeleteServersAdminTestJSON-1510828251 tempest-DeleteServersAdminTestJSON-1510828251-project] 10.222.0.24 "GET /v2.0/ports?device_id=7022245d-91c0-43b2-8c6b-62971546de7d HTTP/1.1" status: 200 len: 970 time: 0.3498836
Sep 23 23:51:47.164203 n-d-713498-18 neutron-server[106379]: INFO neutron.wsgi [req-08e7eadc-313d-449c-89c0-ee795400c1a1 req-1d560b8a-add0-4f47-be13-8caee3e7a47a tempest-AggregatesAdminTestJSON-836656841 tempest-AggregatesAdminTestJSON-836656841-project] 10.222.0.24 "GET /v2.0/security-groups?id=9774f282-05c2-4b73-8e3f-0713c23b7522&fields=id&fields=name HTTP/1.1" status: 200 len: 286 time: 0.0941339
Sep 23 23:51:47.203521 n-d-713498-18 neutron-server[106378]: DEBUG neutron_lib.callbacks.manager [None req-8f59a03d-0319-44d8-bf91-c34b491f82f3 admin admin] Notify callbacks [] for security_group, before_delete {{(pid=106378) _notify_loop /usr/local/lib/python3.8/dist-packages/neutron_lib/callbacks/manager.py:192}}
Sep 23 23:51:47.227461 n-d-713498-18 neutron-server[106378]: DEBUG neutron_lib.callbacks.manager [None req-8f59a03d-0319-44d8-bf91-c34b491f82f3 admin admin] Notify callbacks [] for security_group, precommit_delete {{(pid=106378) _notify_loop /usr/local/lib/python3.8/dist-packages/neutron_lib/callbacks/manager.py:192}}
Sep 23 23:51:47.254493 n-d-713498-18 neutron-server[106379]: DEBUG neutron_lib.callbacks.manager [None req-c528b528-f03c-4f36-9d18-1fe964283aa1 admin admin] Notify callbacks ['neutron.services.l3_router.l3_router_plugin.L3_HA_NAT_db_mixin._after_router_create-454927', 'neutron.services.l3_router.l3_router_plugin.DVRResourceOperationHandler._create_snat_interfaces_after_change-456379'] for router, after_create {{(pid=106379) _notify_loop /usr/local/lib/python3.8/dist-packages/neutron_lib/callbacks/manager.py:192}}
Sep 23 23:51:47.257110 n-d-713498-18 neutron-server[106379]: INFO neutron.wsgi [req-fb77c960-07e5-4165-b0dc-7cd765f55646 req-30188544-03b6-4f41-96b2-c73aa8d5bd49 tempest-DeleteServersAdminTestJSON-1510828251 tempest-DeleteServersAdminTestJSON-1510828251-project] 10.222.0.24 "GET /v2.0/security-groups?id=8e3f5ee7-7b08-48f9-9ef8-e963f662782c&fields=id&fields=name HTTP/1.1" status: 200 len: 286 time: 0.0789173
Sep 23 23:51:47.300328 n-d-713498-18 neutron-server[106378]: DEBUG neutron_lib.callbacks.manager [None req-8f59a03d-0319-44d8-bf91-c34b491f82f3 admin admin] Notify callbacks ['neutron.plugins.ml2.ovo_rpc._ObjectChangeHandler.handle_event-487892'] for security_group, after_delete {{(pid=106378) _notify_loop /usr/local/lib/python3.8/dist-packages/neutron_lib/callbacks/manager.py:192}}
Sep 23 23:51:47.303013 n-d-713498-18 neutron-server[106378]: DEBUG neutron_lib.callbacks.manager [None req-8f59a03d-0319-44d8-bf91-c34b491f82f3 admin admin] Notify callbacks [] for security_group, before_response {{(pid=106378) _notify_loop /usr/local/lib/python3.8/dist-packages/neutron_lib/callbacks/manager.py:192}}
Sep 23 23:51:47.304271 n-d-713498-18 neutron-server[106378]: INFO neutron.wsgi [None req-8f59a03d-0319-44d8-bf91-c34b491f82f3 admin admin] 10.222.0.24 "DELETE /v2.0/security-groups/961c2e18-644a-4395-9419-05ed1cbb0a87 HTTP/1.1" status: 204 len: 168 time: 0.1716435
Sep 23 23:51:47.313037 n-d-713498-18 neutron-server[106378]: DEBUG neutron_lib.callbacks.manager [None req-1afcd7bc-422b-4635-9fe8-37cbca46e343 admin admin] Notify callbacks [] for security_group, before_create {{(pid=106378) _notify_loop /usr/local/lib/python3.8/dist-packages/neutron_lib/callbacks/manager.py:192}}
Sep 23 23:51:47.320526 n-d-713498-18 neutron-server[106378]: DEBUG neutron.api.rpc.handlers.resources_rpc [None req-8f59a03d-0319-44d8-bf91-c34b491f82f3 admin admin] Pushing event deleted for resources: {'SecurityGroup': ['ID=961c2e18-644a-4395-9419-05ed1cbb0a87,revision_number=None']} {{(pid=106378) push /opt/stack/neutron/neutron/api/rpc/handlers/resources_rpc.py:237}}
Sep 23 23:51:47.417974 n-d-713498-18 neutron-server[106379]: DEBUG neutron.scheduler.l3_agent_scheduler [None req-c528b528-f03c-4f36-9d18-1fe964283aa1 admin admin] Router 13a211d1-5c48-4fb0-907f-65a670f9e3d2 is scheduled to L3 agent 08fd43f8-abf1-4b12-80cb-78e4e38ce621 with binding_index 1 {{(pid=106379) bind_router /opt/stack/neutron/neutron/scheduler/l3_agent_scheduler.py:209}}
Sep 23 23:51:47.435979 n-d-713498-18 neutron-server[106378]: DEBUG neutron_lib.callbacks.manager [None req-1afcd7bc-422b-4635-9fe8-37cbca46e343 admin admin] Notify callbacks [] for security_group, precommit_create {{(pid=106378) _notify_loop /usr/local/lib/python3.8/dist-packages/neutron_lib/callbacks/manager.py:192}}
Sep 23 23:51:47.443248 n-d-713498-18 neutron-server[106378]: DEBUG neutron_lib.callbacks.manager [None req-1afcd7bc-422b-4635-9fe8-37cbca46e343 admin admin] Notify callbacks ['neutron.plugins.ml2.ovo_rpc._ObjectChangeHandler.handle_event-487892'] for security_group, after_create {{(pid=106378) _notify_loop /usr/local/lib/python3.8/dist-packages/neutron_lib/callbacks/manager.py:192}}
Sep 23 23:51:47.492439 n-d-713498-18 neutron-server[106378]: INFO neutron.wsgi [None req-1afcd7bc-422b-4635-9fe8-37cbca46e343 admin admin] 10.222.0.24 "GET /v2.0/security-groups?tenant_id=d9f0f6ff47fc4823bf4cf256f0743a70&name=default HTTP/1.1" status: 200 len: 2979 time: 0.3401325
Sep 23 23:51:47.492439 n-d-713498-18 neutron-server[106378]: DEBUG neutron.api.rpc.handlers.resources_rpc [None req-1afcd7bc-422b-4635-9fe8-37cbca46e343 admin admin] Pushing event updated for resources: {'SecurityGroup': ['ID=99681359-6a81-4bd3-8d74-c0d469580504,revision_number=1']} {{(pid=106378) push /opt/stack/neutron/neutron/api/rpc/handlers/resources_rpc.py:237}}
Sep 23 23:51:47.494182 n-d-713498-18 neutron-server[106378]: DEBUG neutron.wsgi [-] (106378) accepted ('10.222.0.24', 35826) {{(pid=106378) server /usr/local/lib/python3.8/dist-packages/eventlet/wsgi.py:982}}
Sep 23 23:51:47.550482 n-d-713498-18 neutron-server[106378]: DEBUG neutron_lib.callbacks.manager [None req-2572745c-074a-4e43-a495-1d71e52b90ad admin admin] Notify callbacks [] for security_group, before_delete {{(pid=106378) _notify_loop /usr/local/lib/python3.8/dist-packages/neutron_lib/callbacks/manager.py:192}}
Sep 23 23:51:47.560236 n-d-713498-18 neutron-server[106379]: DEBUG neutron.api.rpc.agentnotifiers.l3_rpc_agent_api [None req-c528b528-f03c-4f36-9d18-1fe964283aa1 admin admin] Notify agent at l3_agent.n-d-713498-18 the message routers_updated {{(pid=106379) _agent_notification /opt/stack/neutron/neutron/api/rpc/agentnotifiers/l3_rpc_agent_api.py:65}}
Sep 23 23:51:47.572152 n-d-713498-18 neutron-server[106381]: DEBUG neutron.api.rpc.handlers.l3_rpc [None req-c36a5469-ba6e-414c-bb7a-be5f9831c069 None None] Sync routers for ids ['13a211d1-5c48-4fb0-907f-65a670f9e3d2'] in n-d-713498-18 {{(pid=106381) sync_routers /opt/stack/neutron/neutron/api/rpc/handlers/l3_rpc.py:125}}
Sep 23 23:51:47.580242 n-d-713498-18 neutron-server[106378]: DEBUG neutron_lib.callbacks.manager [None req-2572745c-074a-4e43-a495-1d71e52b90ad admin admin] Notify callbacks [] for security_group, precommit_delete {{(pid=106378) _notify_loop /usr/local/lib/python3.8/dist-packages/neutron_lib/callbacks/manager.py:192}}
Sep 23 23:51:47.584263 n-d-713498-18 neutron-server[106381]: DEBUG neutron.db.l3_dvrscheduler_db [None req-c36a5469-ba6e-414c-bb7a-be5f9831c069 None None] Routers {'13a211d1-5c48-4fb0-907f-65a670f9e3d2'} bound to L3 agent in host n-d-713498-18 {{(pid=106381) _get_router_ids_for_agent /opt/stack/neutron/neutron/db/l3_dvrscheduler_db.py:420}}
Sep 23 23:51:47.585299 n-d-713498-18 neutron-server[106381]: DEBUG neutron.db.l3_hamode_db [None req-c36a5469-ba6e-414c-bb7a-be5f9831c069 None None] neutron.services.l3_router.l3_router_plugin.L3RouterPlugin method get_ha_sync_data_for_host called with arguments (, 'n-d-713498-18', Agent(admin_state_up=True,agent_type='L3 agent',availability_zone='nova',binary='neutron-l3-agent',configurations={"agent_mode": "legacy", "ex_gw_ports": 1, "extensions": [], "floating_ips": 0, "handle_internal_only_routers": true, "interface_driver": "openvswitch", "interfaces": 1, "log_agent_heartbeats": false, "routers": 1},created_at=2021-09-23T23:41:26Z,description=,heartbeat_timestamp=2021-09-23T23:51:26Z,host='n-d-713498-18',id=08fd43f8-abf1-4b12-80cb-78e4e38ce621,load=0,resource_versions=,resources_synced=,started_at=2021-09-23T23:41:26Z,topic='l3_agent')) {'router_ids': ['13a211d1-5c48-4fb0-907f-65a670f9e3d2'], 'active': True} {{(pid=106381) wrapper /usr/local/lib/python3.8/dist-packages/oslo_log/helpers.py:65}}
Sep 23 23:51:47.590070 n-d-713498-18 neutron-server[106379]: DEBUG neutron_lib.callbacks.manager [None req-c528b528-f03c-4f36-9d18-1fe964283aa1 admin admin] Notify callbacks [] for router, before_response {{(pid=106379) _notify_loop /usr/local/lib/python3.8/dist-packages/neutron_lib/callbacks/manager.py:192}}
Sep 23 23:51:47.590905 n-d-713498-18 neutron-server[106379]: INFO neutron.wsgi [None req-c528b528-f03c-4f36-9d18-1fe964283aa1 admin admin] 10.222.0.24 "POST /v2.0/routers HTTP/1.1" status: 201 len: 927 time: 2.4342887
Sep 23 23:51:47.594199 n-d-713498-18 neutron-server[106379]: DEBUG neutron.wsgi [-] (106379) accepted ('10.222.0.24', 35828) {{(pid=106379) server /usr/local/lib/python3.8/dist-packages/eventlet/wsgi.py:982}}
Sep 23 23:51:47.673868 n-d-713498-18 neutron-server[106378]: DEBUG neutron_lib.callbacks.manager [None req-2572745c-074a-4e43-a495-1d71e52b90ad admin admin] Notify callbacks ['neutron.plugins.ml2.ovo_rpc._ObjectChangeHandler.handle_event-487892'] for security_group, after_delete {{(pid=106378) _notify_loop /usr/local/lib/python3.8/dist-packages/neutron_lib/callbacks/manager.py:192}}
Sep 23 23:51:47.676997 n-d-713498-18 neutron-server[106378]: DEBUG neutron_lib.callbacks.manager [None req-2572745c-074a-4e43-a495-1d71e52b90ad admin admin] Notify callbacks [] for security_group, before_response {{(pid=106378) _notify_loop /usr/local/lib/python3.8/dist-packages/neutron_lib/callbacks/manager.py:192}}
Sep 23 23:51:47.678421 n-d-713498-18 neutron-server[106378]: INFO neutron.wsgi [None req-2572745c-074a-4e43-a495-1d71e52b90ad admin admin] 10.222.0.24 "DELETE /v2.0/security-groups/99681359-6a81-4bd3-8d74-c0d469580504 HTTP/1.1" status: 204 len: 168 time: 0.1831882
Sep 23 23:51:47.694785 n-d-713498-18 neutron-server[106378]: DEBUG neutron.api.rpc.handlers.resources_rpc [None req-2572745c-074a-4e43-a495-1d71e52b90ad admin admin] Pushing event deleted for resources: {'SecurityGroup': ['ID=99681359-6a81-4bd3-8d74-c0d469580504,revision_number=None']} {{(pid=106378) push /opt/stack/neutron/neutron/api/rpc/handlers/resources_rpc.py:237}}
Sep 23 23:51:47.812629 n-d-713498-18 neutron-server[106381]: DEBUG neutron.db.l3_dvr_db [None req-c36a5469-ba6e-414c-bb7a-be5f9831c069 None None] Set router 13a211d1-5c48-4fb0-907f-65a670f9e3d2 gateway port host: n-d-713498-18 {{(pid=106381) _build_routers_list /opt/stack/neutron/neutron/db/l3_dvr_db.py:906}}
Sep 23 23:51:47.824289 n-d-713498-18 neutron-server[106378]: DEBUG neutron.wsgi [-] (106378) accepted ('10.222.0.24', 35832) {{(pid=106378) server /usr/local/lib/python3.8/dist-packages/eventlet/wsgi.py:982}}
Sep 23 23:51:47.851576 n-d-713498-18 neutron-server[106378]: DEBUG neutron_lib.callbacks.manager [None req-c2f89d6c-58cd-4142-9ce4-753f28230c45 admin admin] Notify callbacks [] for security_group, before_create {{(pid=106378) _notify_loop /usr/local/lib/python3.8/dist-packages/neutron_lib/callbacks/manager.py:192}}
Sep 23 23:51:47.942730 n-d-713498-18 neutron-server[106380]: DEBUG neutron.api.rpc.handlers.dhcp_rpc [None req-d9217796-e929-4a66-b329-d448eaf72b17 None None] Network 6b868454-f389-4854-ac47-2a80aa4d512c requested from n-d-713498-18 {{(pid=106380) get_network_info /opt/stack/neutron/neutron/api/rpc/handlers/dhcp_rpc.py:218}}
Sep 23 23:51:47.964792 n-d-713498-18 neutron-server[106378]: DEBUG neutron_lib.callbacks.manager [None req-c2f89d6c-58cd-4142-9ce4-753f28230c45 admin admin] Notify callbacks [] for security_group, precommit_create {{(pid=106378) _notify_loop /usr/local/lib/python3.8/dist-packages/neutron_lib/callbacks/manager.py:192}}
Sep 23 23:51:47.972091 n-d-713498-18 neutron-server[106378]: DEBUG neutron_lib.callbacks.manager [None req-c2f89d6c-58cd-4142-9ce4-753f28230c45 admin admin] Notify callbacks ['neutron.plugins.ml2.ovo_rpc._ObjectChangeHandler.handle_event-487892'] for security_group, after_create {{(pid=106378) _notify_loop /usr/local/lib/python3.8/dist-packages/neutron_lib/callbacks/manager.py:192}}
Sep 23 23:51:48.002174 n-d-713498-18 neutron-server[106378]: INFO neutron.wsgi [None req-c2f89d6c-58cd-4142-9ce4-753f28230c45 admin admin] 10.222.0.24 "GET /v2.0/security-groups?tenant_id=07d0f4851c744d7b9697bfd683d52618&name=default HTTP/1.1" status: 200 len: 2979 time: 0.1762207
Sep 23 23:51:48.009714 n-d-713498-18 neutron-server[106378]: DEBUG neutron.wsgi [-] (106378) accepted ('10.222.0.24', 35836) {{(pid=106378) server /usr/local/lib/python3.8/dist-packages/eventlet/wsgi.py:982}}
Sep 23 23:51:48.044929 n-d-713498-18 neutron-server[106378]: DEBUG neutron.api.rpc.handlers.resources_rpc [None req-c2f89d6c-58cd-4142-9ce4-753f28230c45 admin admin] Pushing event updated for resources: {'SecurityGroup': ['ID=93aba5d3-5268-40eb-8f12-eb7e73c87fea,revision_number=1']} {{(pid=106378) push /opt/stack/neutron/neutron/api/rpc/handlers/resources_rpc.py:237}}
Sep 23 23:51:48.082294 n-d-713498-18 neutron-server[106378]: DEBUG neutron_lib.callbacks.manager [None req-5409fce7-9502-4288-9282-b245cfda95ff admin admin] Notify callbacks [] for security_group, before_delete {{(pid=106378) _notify_loop /usr/local/lib/python3.8/dist-packages/neutron_lib/callbacks/manager.py:192}}
Sep 23 23:51:48.103749 n-d-713498-18 neutron-server[106381]: DEBUG neutron.db.l3_hamode_db [None req-c36a5469-ba6e-414c-bb7a-be5f9831c069 None None] neutron.services.l3_router.l3_router_plugin.L3RouterPlugin method _process_sync_ha_data called with arguments (, [{'id': '13a211d1-5c48-4fb0-907f-65a670f9e3d2', 'name': 'tempest-FloatingIPDetailsTestJSON-772445897-router', 'tenant_id': 'f85961c63c3b4de596f7d938f7725e63', 'admin_state_up': True, 'status': 'ACTIVE', 'external_gateway_info': {'network_id': '91b62c44-c5a4-49fd-a058-d6673cd11699', 'external_fixed_ips': [{'subnet_id': '0d495c89-f8ca-4790-8a82-1b632392a534', 'ip_address': '172.25.5.195'}], 'enable_snat': True}, 'gw_port_id': 'd701bc83-3238-47f8-aa89-b3f01d6869a3', 'description': '', 'availability_zones': ['nova'], 'distributed': False, 'ha': False, 'ha_vr_id': 0, 'availability_zone_hints': [], 'routes': [], 'flavor_id': None, 'tags': [], 'created_at': '2021-09-23T23:51:45Z', 'updated_at': '2021-09-23T23:51:46Z', 'revision_number': 3, 'project_id': 'f85961c63c3b4de596f7d938f7725e63', 'gw_port': {'id': 'd701bc83-3238-47f8-aa89-b3f01d6869a3', 'name': '', 'network_id': '91b62c44-c5a4-49fd-a058-d6673cd11699', 'tenant_id': '', 'mac_address': 'fa:16:3e:9c:cc:d7', 'admin_state_up': True, 'status': 'DOWN', 'device_id': '13a211d1-5c48-4fb0-907f-65a670f9e3d2', 'device_owner': 'network:router_gateway', 'standard_attr_id': 153, 'fixed_ips': [{'subnet_id': '0d495c89-f8ca-4790-8a82-1b632392a534', 'ip_address': '172.25.5.195', 'prefixlen': 24}], 'allowed_address_pairs': [], 'extra_dhcp_opts': [], 'security_groups': [], 'description': '', 'binding:vnic_type': 'normal', 'binding:profile': {}, 'binding:host_id': '', 'binding:vif_type': 'unbound', 'binding:vif_details': {}, 'port_security_enabled': False, 'tags': [], 'created_at': '2021-09-23T23:51:45Z', 'updated_at': '2021-09-23T23:51:46Z', 'revision_number': 1, 'project_id': '', 'subnets': [{'id': '0d495c89-f8ca-4790-8a82-1b632392a534', 'cidr': '172.25.5.0/24', 'gateway_ip': '172.25.5.1', 'dns_nameservers': [], 'ipv6_ra_mode': None, 'subnetpool_id': None}], 'extra_subnets': [], 'address_scopes': {4: None, 6: None}, 'mtu': 1500}, 'enable_snat': True, 'gw_port_host': 'n-d-713498-18'}], 'n-d-713498-18', False) {} {{(pid=106381) wrapper /usr/local/lib/python3.8/dist-packages/oslo_log/helpers.py:65}}
Sep 23 23:51:48.113075 n-d-713498-18 neutron-server[106378]: DEBUG neutron_lib.callbacks.manager [None req-5409fce7-9502-4288-9282-b245cfda95ff admin admin] Notify callbacks [] for security_group, precommit_delete {{(pid=106378) _notify_loop /usr/local/lib/python3.8/dist-packages/neutron_lib/callbacks/manager.py:192}}
Sep 23 23:51:48.143056 n-d-713498-18 neutron-server[106381]: DEBUG neutron.api.rpc.handlers.l3_rpc [None req-c36a5469-ba6e-414c-bb7a-be5f9831c069 None None] Checking router: 13a211d1-5c48-4fb0-907f-65a670f9e3d2 for host: n-d-713498-18 {{(pid=106381) _ensure_host_set_on_ports /opt/stack/neutron/neutron/api/rpc/handlers/l3_rpc.py:155}}
Sep 23 23:51:48.143889 n-d-713498-18 neutron-server[106381]: DEBUG neutron.api.rpc.handlers.l3_rpc [None req-c36a5469-ba6e-414c-bb7a-be5f9831c069 None None] Updating router 13a211d1-5c48-4fb0-907f-65a670f9e3d2 port d701bc83-3238-47f8-aa89-b3f01d6869a3 binding host n-d-713498-18 {{(pid=106381) _ensure_host_set_on_port /opt/stack/neutron/neutron/api/rpc/handlers/l3_rpc.py:205}}
Sep 23 23:51:48.219572 n-d-713498-18 neutron-server[106378]: DEBUG neutron_lib.callbacks.manager [None req-5409fce7-9502-4288-9282-b245cfda95ff admin admin] Notify callbacks ['neutron.plugins.ml2.ovo_rpc._ObjectChangeHandler.handle_event-487892'] for security_group, after_delete {{(pid=106378) _notify_loop /usr/local/lib/python3.8/dist-packages/neutron_lib/callbacks/manager.py:192}}
Sep 23 23:51:48.226080 n-d-713498-18 neutron-server[106378]: DEBUG neutron_lib.callbacks.manager [None req-5409fce7-9502-4288-9282-b245cfda95ff admin admin] Notify callbacks [] for security_group, before_response {{(pid=106378) _notify_loop /usr/local/lib/python3.8/dist-packages/neutron_lib/callbacks/manager.py:192}}
Sep 23 23:51:48.229695 n-d-713498-18 neutron-server[106378]: INFO neutron.wsgi [None req-5409fce7-9502-4288-9282-b245cfda95ff admin admin] 10.222.0.24 "DELETE /v2.0/security-groups/93aba5d3-5268-40eb-8f12-eb7e73c87fea HTTP/1.1" status: 204 len: 168 time: 0.2181315
Sep 23 23:51:48.232372 n-d-713498-18 neutron-server[106380]: DEBUG neutron.plugins.ml2.rpc [None req-cdf23cae-e248-45d4-8fe8-fd7ec6514212 None None] Device a5810680-3d89-4803-8758-c0655af8977a up at agent ovs-agent-n-d-713498-18 {{(pid=106380) update_device_up /opt/stack/neutron/neutron/plugins/ml2/rpc.py:296}}
Sep 23 23:51:48.240321 n-d-713498-18 neutron-server[106381]: DEBUG neutron_lib.callbacks.manager [None req-c36a5469-ba6e-414c-bb7a-be5f9831c069 None None] Notify callbacks ['neutron.plugins.ml2.plugin.SecurityGroupDbMixin._ensure_default_security_group_handler-662840'] for port, before_update {{(pid=106381) _notify_loop /usr/local/lib/python3.8/dist-packages/neutron_lib/callbacks/manager.py:192}}
Sep 23 23:51:48.255277 n-d-713498-18 neutron-server[106378]: DEBUG neutron.wsgi [-] (106378) accepted ('10.222.0.24', 35842) {{(pid=106378) server /usr/local/lib/python3.8/dist-packages/eventlet/wsgi.py:982}}
Sep 23 23:51:48.278439 n-d-713498-18 neutron-server[106380]: DEBUG neutron.db.provisioning_blocks [None req-63233e59-0083-4e6c-800c-10c1419967b7 None None] Provisioning complete for port a5810680-3d89-4803-8758-c0655af8977a triggered by entity DHCP. {{(pid=106380) provisioning_complete /opt/stack/neutron/neutron/db/provisioning_blocks.py:139}}
Sep 23 23:51:48.279471 n-d-713498-18 neutron-server[106380]: DEBUG neutron_lib.callbacks.manager [None req-63233e59-0083-4e6c-800c-10c1419967b7 None None] Notify callbacks ['neutron.plugins.ml2.plugin.Ml2Plugin._port_provisioned-652260'] for port, provisioning_complete {{(pid=106380) _notify_loop /usr/local/lib/python3.8/dist-packages/neutron_lib/callbacks/manager.py:192}}
Sep 23 23:51:48.316699 n-d-713498-18 neutron-server[106378]: DEBUG neutron_lib.callbacks.manager [None req-edc9ab26-ab4b-44e7-897f-5994436ad75b admin admin] Notify callbacks [] for security_group, before_create {{(pid=106378) _notify_loop /usr/local/lib/python3.8/dist-packages/neutron_lib/callbacks/manager.py:192}}
Sep 23 23:51:48.392877 n-d-713498-18 neutron-server[106379]: DEBUG neutron_lib.callbacks.manager [None req-610e3c71-c5e7-4d6a-9264-8005eeb5d157 admin admin] Notify callbacks ['neutron.plugins.ml2.plugin.SecurityGroupDbMixin._ensure_default_security_group_handler-662840'] for port, before_create {{(pid=106379) _notify_loop /usr/local/lib/python3.8/dist-packages/neutron_lib/callbacks/manager.py:192}}
Sep 23 23:51:48.461198 n-d-713498-18 neutron-server[106379]: DEBUG neutron.pecan_wsgi.hooks.policy_enforcement [req-d2be6795-38fd-4b9f-af54-d02485fa5845 req-928eb6f7-f75e-4b7f-8dd4-8fabdb33685d tempest-AggregatesAdminTestJSON-836656841 tempest-AggregatesAdminTestJSON-836656841-project] Attributes excluded by policy engine: ['standard_attr_id', 'binding:profile', 'binding:host_id', 'binding:vif_type', 'binding:vif_details'] {{(pid=106379) _exclude_attributes_by_policy /opt/stack/neutron/neutron/pecan_wsgi/hooks/policy_enforcement.py:255}}
Sep 23 23:51:48.463886 n-d-713498-18 neutron-server[106379]: INFO neutron.wsgi [req-d2be6795-38fd-4b9f-af54-d02485fa5845 req-928eb6f7-f75e-4b7f-8dd4-8fabdb33685d tempest-AggregatesAdminTestJSON-836656841 tempest-AggregatesAdminTestJSON-836656841-project] 10.222.0.24 "GET /v2.0/ports?device_id=a2b9dbe9-b90e-4bd4-896f-67a52bff9e16 HTTP/1.1" status: 200 len: 968 time: 0.1649408
Sep 23 23:51:48.468361 n-d-713498-18 neutron-server[106378]: DEBUG neutron_lib.callbacks.manager [None req-edc9ab26-ab4b-44e7-897f-5994436ad75b admin admin] Notify callbacks [] for security_group, precommit_create {{(pid=106378) _notify_loop /usr/local/lib/python3.8/dist-packages/neutron_lib/callbacks/manager.py:192}}
Sep 23 23:51:48.470186 n-d-713498-18 neutron-server[106378]: DEBUG neutron.api.rpc.handlers.resources_rpc [None req-5409fce7-9502-4288-9282-b245cfda95ff admin admin] Pushing event deleted for resources: {'SecurityGroup': ['ID=93aba5d3-5268-40eb-8f12-eb7e73c87fea,revision_number=None']} {{(pid=106378) push /opt/stack/neutron/neutron/api/rpc/handlers/resources_rpc.py:237}}
Sep 23 23:51:48.488906 n-d-713498-18 neutron-server[106378]: DEBUG neutron_lib.callbacks.manager [None req-edc9ab26-ab4b-44e7-897f-5994436ad75b admin admin] Notify callbacks ['neutron.plugins.ml2.ovo_rpc._ObjectChangeHandler.handle_event-487892'] for security_group, after_create {{(pid=106378) _notify_loop /usr/local/lib/python3.8/dist-packages/neutron_lib/callbacks/manager.py:192}}
Sep 23 23:51:48.549305 n-d-713498-18 neutron-server[106378]: INFO neutron.wsgi [None req-edc9ab26-ab4b-44e7-897f-5994436ad75b admin admin] 10.222.0.24 "GET /v2.0/security-groups?tenant_id=40ff6448e6314f49a8f85ef82ca82ce8&name=default HTTP/1.1" status: 200 len: 2979 time: 0.2758248
Sep 23 23:51:48.552185 n-d-713498-18 neutron-server[106378]: DEBUG neutron.wsgi [-] (106378) accepted ('10.222.0.24', 35846) {{(pid=106378) server /usr/local/lib/python3.8/dist-packages/eventlet/wsgi.py:982}}
Sep 23 23:51:48.593752 n-d-713498-18 neutron-server[106381]: DEBUG neutron_lib.callbacks.manager [None req-c36a5469-ba6e-414c-bb7a-be5f9831c069 None None] Notify callbacks [] for port, precommit_update {{(pid=106381) _notify_loop /usr/local/lib/python3.8/dist-packages/neutron_lib/callbacks/manager.py:192}}
Sep 23 23:51:48.598468 n-d-713498-18 neutron-server[106378]: DEBUG neutron.api.rpc.handlers.resources_rpc [None req-edc9ab26-ab4b-44e7-897f-5994436ad75b admin admin] Pushing event updated for resources: {'SecurityGroup': ['ID=bc2b1a40-19cb-40ea-b5b8-47b3d0c94ba1,revision_number=1']} {{(pid=106378) push /opt/stack/neutron/neutron/api/rpc/handlers/resources_rpc.py:237}}
Sep 23 23:51:48.602842 n-d-713498-18 neutron-server[106380]: DEBUG neutron.db.provisioning_blocks [None req-cdf23cae-e248-45d4-8fe8-fd7ec6514212 None None] Provisioning complete for port a5810680-3d89-4803-8758-c0655af8977a triggered by entity L2. {{(pid=106380) provisioning_complete /opt/stack/neutron/neutron/db/provisioning_blocks.py:139}}
Sep 23 23:51:48.603561 n-d-713498-18 neutron-server[106380]: DEBUG neutron_lib.callbacks.manager [None req-cdf23cae-e248-45d4-8fe8-fd7ec6514212 None None] Notify callbacks ['neutron.plugins.ml2.plugin.Ml2Plugin._port_provisioned-652260'] for port, provisioning_complete {{(pid=106380) _notify_loop /usr/local/lib/python3.8/dist-packages/neutron_lib/callbacks/manager.py:192}}
Sep 23 23:51:48.606635 n-d-713498-18 neutron-server[106381]: DEBUG neutron_lib.callbacks.manager [None req-c36a5469-ba6e-414c-bb7a-be5f9831c069 None None] Notify callbacks ['neutron.plugins.ml2.plugin.SecurityGroupServerNotifierRpcMixin._notify_sg_on_port_change-662907', 'neutron.plugins.ml2.ovo_rpc._ObjectChangeHandler.handle_event-66932', 'neutron.api.rpc.agentnotifiers.dhcp_rpc_agent_api.DhcpAgentNotifyAPI._native_event_send_dhcp_notification-530880', 'neutron.db.l3_db.L3RpcNotifierMixin._notify_gateway_port_ip_changed-8784070506500', 'neutron.db.l3_dvrscheduler_db._notify_l3_agent_port_update-8784070019283', 'neutron.db.l3_hascheduler_db._notify_l3_agent_ha_port_update-8784070019301'] for port, after_update {{(pid=106381) _notify_loop /usr/local/lib/python3.8/dist-packages/neutron_lib/callbacks/manager.py:192}}
Sep 23 23:51:48.661283 n-d-713498-18 neutron-server[106378]: DEBUG neutron_lib.callbacks.manager [None req-b9fad850-2605-4dd8-98f0-f89717ef3dfd admin admin] Notify callbacks [] for security_group, before_delete {{(pid=106378) _notify_loop /usr/local/lib/python3.8/dist-packages/neutron_lib/callbacks/manager.py:192}}
Sep 23 23:51:48.690945 n-d-713498-18 neutron-server[106378]: DEBUG neutron_lib.callbacks.manager [None req-b9fad850-2605-4dd8-98f0-f89717ef3dfd admin admin] Notify callbacks [] for security_group, precommit_delete {{(pid=106378) _notify_loop /usr/local/lib/python3.8/dist-packages/neutron_lib/callbacks/manager.py:192}}
Sep 23 23:51:48.702277 n-d-713498-18 neutron-server[106380]: DEBUG neutron_lib.callbacks.manager [None req-63233e59-0083-4e6c-800c-10c1419967b7 None None] Notify callbacks ['neutron.plugins.ml2.plugin.SecurityGroupDbMixin._ensure_default_security_group_handler-662840'] for port, before_update {{(pid=106380) _notify_loop /usr/local/lib/python3.8/dist-packages/neutron_lib/callbacks/manager.py:192}}
Sep 23 23:51:48.726774 n-d-713498-18 neutron-server[106381]: DEBUG neutron.plugins.ml2.managers [None req-c36a5469-ba6e-414c-bb7a-be5f9831c069 None None] Attempting to bind port d701bc83-3238-47f8-aa89-b3f01d6869a3 on host n-d-713498-18 for vnic_type normal with profile {{(pid=106381) bind_port /opt/stack/neutron/neutron/plugins/ml2/managers.py:790}}
Sep 23 23:51:48.735216 n-d-713498-18 neutron-server[106381]: DEBUG neutron.plugins.ml2.managers [None req-c36a5469-ba6e-414c-bb7a-be5f9831c069 None None] Attempting to bind port d701bc83-3238-47f8-aa89-b3f01d6869a3 by drivers openvswitch,hyperv on host n-d-713498-18 at level 0 using segments [{'id': 'bac93b99-7042-4871-ba48-845c4c981529', 'network_type': 'flat', 'physical_network': 'physnet1', 'segmentation_id': None, 'network_id': '91b62c44-c5a4-49fd-a058-d6673cd11699'}] {{(pid=106381) _bind_port_level /opt/stack/neutron/neutron/plugins/ml2/managers.py:815}}
Sep 23 23:51:48.735936 n-d-713498-18 neutron-server[106381]: DEBUG neutron.plugins.ml2.drivers.mech_agent [None req-c36a5469-ba6e-414c-bb7a-be5f9831c069 None None] Attempting to bind port d701bc83-3238-47f8-aa89-b3f01d6869a3 on network 91b62c44-c5a4-49fd-a058-d6673cd11699 {{(pid=106381) bind_port /opt/stack/neutron/neutron/plugins/ml2/drivers/mech_agent.py:91}}
Sep 23 23:51:48.744440 n-d-713498-18 neutron-server[106381]: DEBUG neutron.api.rpc.handlers.resources_rpc [None req-86d76d8f-d4b5-4d32-a685-ea8ef117b9f6 None None] Pushing event updated for resources: {'Port': ['ID=d701bc83-3238-47f8-aa89-b3f01d6869a3,revision_number=2']} {{(pid=106381) push /opt/stack/neutron/neutron/api/rpc/handlers/resources_rpc.py:237}}
Sep 23 23:51:48.761007 n-d-713498-18 neutron-server[106378]: DEBUG neutron_lib.callbacks.manager [None req-b9fad850-2605-4dd8-98f0-f89717ef3dfd admin admin] Notify callbacks ['neutron.plugins.ml2.ovo_rpc._ObjectChangeHandler.handle_event-487892'] for security_group, after_delete {{(pid=106378) _notify_loop /usr/local/lib/python3.8/dist-packages/neutron_lib/callbacks/manager.py:192}}
Sep 23 23:51:48.766540 n-d-713498-18 neutron-server[106378]: DEBUG neutron_lib.callbacks.manager [None req-b9fad850-2605-4dd8-98f0-f89717ef3dfd admin admin] Notify callbacks [] for security_group, before_response {{(pid=106378) _notify_loop /usr/local/lib/python3.8/dist-packages/neutron_lib/callbacks/manager.py:192}}
Sep 23 23:51:48.766729 n-d-713498-18 neutron-server[106381]: DEBUG neutron.api.rpc.callbacks.version_manager [None req-86d76d8f-d4b5-4d32-a685-ea8ef117b9f6 None None] Version for resource type AddressGroup changed None to 1.2 on consumer Open vSwitch agent@n-d-713498-18 {{(pid=106381) _set_version /opt/stack/neutron/neutron/api/rpc/callbacks/version_manager.py:113}}
Sep 23 23:51:48.767238 n-d-713498-18 neutron-server[106381]: DEBUG neutron.api.rpc.callbacks.version_manager [None req-86d76d8f-d4b5-4d32-a685-ea8ef117b9f6 None None] Version for resource type ConntrackHelper changed None to 1.0 on consumer Open vSwitch agent@n-d-713498-18 {{(pid=106381) _set_version /opt/stack/neutron/neutron/api/rpc/callbacks/version_manager.py:113}}
Sep 23 23:51:48.767770 n-d-713498-18 neutron-server[106381]: DEBUG neutron.api.rpc.callbacks.version_manager [None req-86d76d8f-d4b5-4d32-a685-ea8ef117b9f6 None None] Version for resource type Log changed None to 1.0 on consumer Open vSwitch agent@n-d-713498-18 {{(pid=106381) _set_version /opt/stack/neutron/neutron/api/rpc/callbacks/version_manager.py:113}}
Sep 23 23:51:48.768310 n-d-713498-18 neutron-server[106381]: DEBUG neutron.api.rpc.callbacks.version_manager [None req-86d76d8f-d4b5-4d32-a685-ea8ef117b9f6 None None] Version for resource type Network changed None to 1.1 on consumer Open vSwitch agent@n-d-713498-18 {{(pid=106381) _set_version /opt/stack/neutron/neutron/api/rpc/callbacks/version_manager.py:113}}
Sep 23 23:51:48.768820 n-d-713498-18 neutron-server[106381]: DEBUG neutron.api.rpc.callbacks.version_manager [None req-86d76d8f-d4b5-4d32-a685-ea8ef117b9f6 None None] Version for resource type Port changed None to 1.7 on consumer Open vSwitch agent@n-d-713498-18 {{(pid=106381) _set_version /opt/stack/neutron/neutron/api/rpc/callbacks/version_manager.py:113}}
Sep 23 23:51:48.769324 n-d-713498-18 neutron-server[106381]: DEBUG neutron.api.rpc.callbacks.version_manager [None req-86d76d8f-d4b5-4d32-a685-ea8ef117b9f6 None None] Version for resource type PortForwarding changed None to 1.2 on consumer Open vSwitch agent@n-d-713498-18 {{(pid=106381) _set_version /opt/stack/neutron/neutron/api/rpc/callbacks/version_manager.py:113}}
Sep 23 23:51:48.769826 n-d-713498-18 neutron-server[106381]: DEBUG neutron.api.rpc.callbacks.version_manager [None req-86d76d8f-d4b5-4d32-a685-ea8ef117b9f6 None None] Version for resource type QosPolicy changed None to 1.9 on consumer Open vSwitch agent@n-d-713498-18 {{(pid=106381) _set_version /opt/stack/neutron/neutron/api/rpc/callbacks/version_manager.py:113}}
Sep 23 23:51:48.771692 n-d-713498-18 neutron-server[106381]: DEBUG neutron.api.rpc.callbacks.version_manager [None req-86d76d8f-d4b5-4d32-a685-ea8ef117b9f6 None None] Version for resource type SecurityGroup changed None to 1.4 on consumer Open vSwitch agent@n-d-713498-18 {{(pid=106381) _set_version /opt/stack/neutron/neutron/api/rpc/callbacks/version_manager.py:113}}
Sep 23 23:51:48.773718 n-d-713498-18 neutron-server[106378]: INFO neutron.wsgi [None req-b9fad850-2605-4dd8-98f0-f89717ef3dfd admin admin] 10.222.0.24 "DELETE /v2.0/security-groups/bc2b1a40-19cb-40ea-b5b8-47b3d0c94ba1 HTTP/1.1" status: 204 len: 168 time: 0.2202728
Sep 23 23:51:48.777835 n-d-713498-18 neutron-server[106379]: DEBUG neutron.pecan_wsgi.hooks.policy_enforcement [req-f798003c-e00e-480a-940e-a0b5b6d7e7ac req-f8d3be03-e80a-4345-8458-1e7e7f87143b tempest-DeleteServersAdminTestJSON-1510828251 tempest-DeleteServersAdminTestJSON-1510828251-project] Attributes excluded by policy engine: ['standard_attr_id', 'binding:profile', 'binding:host_id', 'binding:vif_type', 'binding:vif_details'] {{(pid=106379) _exclude_attributes_by_policy /opt/stack/neutron/neutron/pecan_wsgi/hooks/policy_enforcement.py:255}}
Sep 23 23:51:48.782262 n-d-713498-18 neutron-server[106379]: INFO neutron.wsgi [req-f798003c-e00e-480a-940e-a0b5b6d7e7ac req-f8d3be03-e80a-4345-8458-1e7e7f87143b tempest-DeleteServersAdminTestJSON-1510828251 tempest-DeleteServersAdminTestJSON-1510828251-project] 10.222.0.24 "GET /v2.0/ports?device_id=7022245d-91c0-43b2-8c6b-62971546de7d HTTP/1.1" status: 200 len: 970 time: 0.3911092
Sep 23 23:51:48.784182 n-d-713498-18 neutron-server[106381]: DEBUG neutron.api.rpc.callbacks.version_manager [None req-86d76d8f-d4b5-4d32-a685-ea8ef117b9f6 None None] Version for resource type SecurityGroupRule changed None to 1.2 on consumer Open vSwitch agent@n-d-713498-18 {{(pid=106381) _set_version /opt/stack/neutron/neutron/api/rpc/callbacks/version_manager.py:113}}
Sep 23 23:51:48.793083 n-d-713498-18 neutron-server[106381]: DEBUG neutron.api.rpc.callbacks.version_manager [None req-86d76d8f-d4b5-4d32-a685-ea8ef117b9f6 None None] Version for resource type SubPort changed None to 1.0 on consumer Open vSwitch agent@n-d-713498-18 {{(pid=106381) _set_version /opt/stack/neutron/neutron/api/rpc/callbacks/version_manager.py:113}}
Sep 23 23:51:48.795748 n-d-713498-18 neutron-server[106378]: DEBUG neutron.api.rpc.handlers.resources_rpc [None req-b9fad850-2605-4dd8-98f0-f89717ef3dfd admin admin] Pushing event deleted for resources: {'SecurityGroup': ['ID=bc2b1a40-19cb-40ea-b5b8-47b3d0c94ba1,revision_number=None']} {{(pid=106378) push /opt/stack/neutron/neutron/api/rpc/handlers/resources_rpc.py:237}}
Sep 23 23:51:48.796349 n-d-713498-18 neutron-server[106381]: DEBUG neutron.api.rpc.callbacks.version_manager [None req-86d76d8f-d4b5-4d32-a685-ea8ef117b9f6 None None] Version for resource type Subnet changed None to 1.1 on consumer Open vSwitch agent@n-d-713498-18 {{(pid=106381) _set_version /opt/stack/neutron/neutron/api/rpc/callbacks/version_manager.py:113}}
Sep 23 23:51:48.797125 n-d-713498-18 neutron-server[106381]: DEBUG neutron.api.rpc.callbacks.version_manager [None req-86d76d8f-d4b5-4d32-a685-ea8ef117b9f6 None None] Version for resource type Trunk changed None to 1.1 on consumer Open vSwitch agent@n-d-713498-18 {{(pid=106381) _set_version /opt/stack/neutron/neutron/api/rpc/callbacks/version_manager.py:113}}
Sep 23 23:51:48.799019 n-d-713498-18 neutron-server[106381]: DEBUG neutron.api.rpc.callbacks.version_manager [None req-86d76d8f-d4b5-4d32-a685-ea8ef117b9f6 None None] Tracked resource versions report:
Sep 23 23:51:48.799019 n-d-713498-18 neutron-server[106381]: pushed versions:
Sep 23 23:51:48.799019 n-d-713498-18 neutron-server[106381]: { 'AddressGroup': {'1.2'},
Sep 23 23:51:48.799019 n-d-713498-18 neutron-server[106381]: 'ConntrackHelper': {'1.0'},
Sep 23 23:51:48.799019 n-d-713498-18 neutron-server[106381]: 'Log': {'1.0'},
Sep 23 23:51:48.799019 n-d-713498-18 neutron-server[106381]: 'Network': {'1.1'},
Sep 23 23:51:48.799019 n-d-713498-18 neutron-server[106381]: 'Port': {'1.7'},
Sep 23 23:51:48.799019 n-d-713498-18 neutron-server[106381]: 'PortForwarding': {'1.2'},
Sep 23 23:51:48.799019 n-d-713498-18 neutron-server[106381]: 'QosPolicy': {'1.9'},
Sep 23 23:51:48.799019 n-d-713498-18 neutron-server[106381]: 'SecurityGroup': {'1.4'},
Sep 23 23:51:48.799019 n-d-713498-18 neutron-server[106381]: 'SecurityGroupRule': {'1.2'},
Sep 23 23:51:48.799019 n-d-713498-18 neutron-server[106381]: 'SubPort': {'1.0'},
Sep 23 23:51:48.799019 n-d-713498-18 neutron-server[106381]: 'Subnet': {'1.1'},
Sep 23 23:51:48.799019 n-d-713498-18 neutron-server[106381]: 'Trunk': {'1.1'}}
Sep 23 23:51:48.799019 n-d-713498-18 neutron-server[106381]: consumer versions:
Sep 23 23:51:48.799019 n-d-713498-18 neutron-server[106381]: { DHCP agent@n-d-713498-18: {},
Sep 23 23:51:48.799019 n-d-713498-18 neutron-server[106381]: HyperV agent@n-h1-713498-18: {},
Sep 23 23:51:48.799019 n-d-713498-18 neutron-server[106381]: HyperV agent@n-h2-713498-18: {},
Sep 23 23:51:48.799019 n-d-713498-18 neutron-server[106381]: L3 agent@n-d-713498-18: {},
Sep 23 23:51:48.799019 n-d-713498-18 neutron-server[106381]: Metadata agent@n-d-713498-18: {},
Sep 23 23:51:48.799019 n-d-713498-18 neutron-server[106381]: Metering agent@n-d-713498-18: {},
Sep 23 23:51:48.799019 n-d-713498-18 neutron-server[106381]: Open vSwitch agent@n-d-713498-18: { 'AddressGroup': '1.2',
Sep 23 23:51:48.799019 n-d-713498-18 neutron-server[106381]: 'ConntrackHelper': '1.0',
Sep 23 23:51:48.799019 n-d-713498-18 neutron-server[106381]: 'Log': '1.0',
Sep 23 23:51:48.799019 n-d-713498-18 neutron-server[106381]: 'Network': '1.1',
Sep 23 23:51:48.799019 n-d-713498-18 neutron-server[106381]: 'Port': '1.7',
Sep 23 23:51:48.799019 n-d-713498-18 neutron-server[106381]: 'PortForwarding': '1.2',
Sep 23 23:51:48.799019 n-d-713498-18 neutron-server[106381]: 'QosPolicy': '1.9',
Sep 23 23:51:48.799019 n-d-713498-18 neutron-server[106381]: 'SecurityGroup': '1.4',
Sep 23 23:51:48.799019 n-d-713498-18 neutron-server[106381]: 'SecurityGroupRule': '1.2',
Sep 23 23:51:48.799019 n-d-713498-18 neutron-server[106381]: 'SubPort': '1.0',
Sep 23 23:51:48.799019 n-d-713498-18 neutron-server[106381]: 'Subnet': '1.1',
Sep 23 23:51:48.799019 n-d-713498-18 neutron-server[106381]: 'Trunk': '1.1'}}
Sep 23 23:51:48.799019 n-d-713498-18 neutron-server[106381]: {{(pid=106381) report /opt/stack/neutron/neutron/api/rpc/callbacks/version_manager.py:175}}
Sep 23 23:51:48.816588 n-d-713498-18 neutron-server[106381]: DEBUG neutron.plugins.ml2.drivers.mech_agent [None req-c36a5469-ba6e-414c-bb7a-be5f9831c069 None None] Checking agent: {'id': 'e2317d68-1178-4c94-a266-d36645bd52dd', 'agent_type': 'Open vSwitch agent', 'binary': 'neutron-openvswitch-agent', 'topic': 'N/A', 'host': 'n-d-713498-18', 'admin_state_up': True, 'created_at': datetime.datetime(2021, 9, 23, 23, 41, 26), 'started_at': datetime.datetime(2021, 9, 23, 23, 41, 56), 'heartbeat_timestamp': datetime.datetime(2021, 9, 23, 23, 51, 26), 'description': None, 'resources_synced': None, 'availability_zone': None, 'alive': True, 'configurations': {'arp_responder_enabled': False, 'baremetal_smartnic': False, 'bridge_mappings': {'physnet1': 'br-data'}, 'datapath_type': 'system', 'devices': 0, 'enable_distributed_routing': False, 'extensions': [], 'in_distributed_mode': False, 'integration_bridge': 'br-int', 'l2_population': False, 'log_agent_heartbeats': False, 'ovs_capabilities': {'datapath_types': ['netdev', 'system'], 'iface_types': ['erspan', 'geneve', 'gre', 'internal', 'ip6erspan', 'ip6gre', 'lisp', 'patch', 'stt', 'system', 'tap', 'vxlan']}, 'ovs_hybrid_plug': False, 'resource_provider_bandwidths': {}, 'resource_provider_hypervisors': {'br-data': 'n-d-713498-18'}, 'resource_provider_inventory_defaults': {'allocation_ratio': 1.0, 'min_unit': 1, 'step_size': 1, 'reserved': 0}, 'tunnel_types': [], 'tunneling_ip': None, 'vhostuser_socket_dir': '/var/run/openvswitch'}, 'resource_versions': {'AddressGroup': '1.2', 'ConntrackHelper': '1.0', 'Log': '1.0', 'Network': '1.1', 'Port': '1.7', 'PortForwarding': '1.2', 'QosPolicy': '1.9', 'SecurityGroup': '1.4', 'SecurityGroupRule': '1.2', 'SubPort': '1.0', 'Subnet': '1.1', 'Trunk': '1.1'}} {{(pid=106381) bind_port /opt/stack/neutron/neutron/plugins/ml2/drivers/mech_agent.py:110}}
Sep 23 23:51:48.817692 n-d-713498-18 neutron-server[106381]: DEBUG neutron.plugins.ml2.drivers.mech_agent [None req-c36a5469-ba6e-414c-bb7a-be5f9831c069 None None] Checking segment: {'id': 'bac93b99-7042-4871-ba48-845c4c981529', 'network_type': 'flat', 'physical_network': 'physnet1', 'segmentation_id': None, 'network_id': '91b62c44-c5a4-49fd-a058-d6673cd11699'} for mappings: {'physnet1': 'br-data'} with network types: ['local', 'flat', 'vlan'] {{(pid=106381) check_segment_for_agent /opt/stack/neutron/neutron/plugins/ml2/drivers/mech_agent.py:358}}
Sep 23 23:51:48.818610 n-d-713498-18 neutron-server[106381]: DEBUG neutron_lib.callbacks.manager [None req-c36a5469-ba6e-414c-bb7a-be5f9831c069 None None] Notify callbacks [] for ovs_bridge_name, before_read {{(pid=106381) _notify_loop /usr/local/lib/python3.8/dist-packages/neutron_lib/callbacks/manager.py:192}}
Sep 23 23:51:48.821267 n-d-713498-18 neutron-server[106381]: DEBUG neutron.plugins.ml2.drivers.mech_agent [None req-c36a5469-ba6e-414c-bb7a-be5f9831c069 None None] Bound using segment: {'id': 'bac93b99-7042-4871-ba48-845c4c981529', 'network_type': 'flat', 'physical_network': 'physnet1', 'segmentation_id': None, 'network_id': '91b62c44-c5a4-49fd-a058-d6673cd11699'} {{(pid=106381) bind_port /opt/stack/neutron/neutron/plugins/ml2/drivers/mech_agent.py:120}}
Sep 23 23:51:48.821921 n-d-713498-18 neutron-server[106379]: INFO neutron.wsgi [req-d2be6795-38fd-4b9f-af54-d02485fa5845 req-cb1fdf32-a702-4e2f-b42d-5c945aa6f199 tempest-AggregatesAdminTestJSON-836656841 tempest-AggregatesAdminTestJSON-836656841-project] 10.222.0.24 "GET /v2.0/security-groups?id=9774f282-05c2-4b73-8e3f-0713c23b7522&fields=id&fields=name HTTP/1.1" status: 200 len: 286 time: 0.3218629
Sep 23 23:51:48.822093 n-d-713498-18 neutron-server[106381]: DEBUG neutron.plugins.ml2.managers [None req-c36a5469-ba6e-414c-bb7a-be5f9831c069 None None] Bound port: d701bc83-3238-47f8-aa89-b3f01d6869a3, host: n-d-713498-18, vif_type: ovs, vif_details: {"connectivity": "l2", "port_filter": true, "ovs_hybrid_plug": false, "datapath_type": "system", "bridge_name": "br-int"}, binding_levels: [{'bound_driver': 'openvswitch', 'bound_segment': {'id': 'bac93b99-7042-4871-ba48-845c4c981529', 'network_type': 'flat', 'physical_network': 'physnet1', 'segmentation_id': None, 'network_id': '91b62c44-c5a4-49fd-a058-d6673cd11699'}}] {{(pid=106381) _bind_port_level /opt/stack/neutron/neutron/plugins/ml2/managers.py:928}}
Sep 23 23:51:48.822650 n-d-713498-18 neutron-server[106381]: DEBUG neutron_lib.callbacks.manager [None req-c36a5469-ba6e-414c-bb7a-be5f9831c069 None None] Notify callbacks ['neutron.plugins.ml2.plugin.SecurityGroupDbMixin._ensure_default_security_group_handler-662840'] for port, before_update {{(pid=106381) _notify_loop /usr/local/lib/python3.8/dist-packages/neutron_lib/callbacks/manager.py:192}}
Sep 23 23:51:48.829757 n-d-713498-18 neutron-server[106380]: DEBUG neutron.plugins.ml2.db [None req-63233e59-0083-4e6c-800c-10c1419967b7 None None] For port a5810680-3d89-4803-8758-c0655af8977a, host n-d-713498-18, got binding levels [PortBindingLevel(driver='openvswitch',host='n-d-713498-18',level=0,port_id=a5810680-3d89-4803-8758-c0655af8977a,segment=NetworkSegment(3985c302-6500-4e81-90de-291bdf6f9130),segment_id=3985c302-6500-4e81-90de-291bdf6f9130)] {{(pid=106380) get_binding_level_objs /opt/stack/neutron/neutron/plugins/ml2/db.py:74}}
