Sep 23 23:52:19.706624 n-d-713498-18 neutron-server[106379]: DEBUG neutron.pecan_wsgi.hooks.policy_enforcement [req-ea3cb97e-3d41-4c67-ad26-df2e147ba0f9 req-874ec739-5847-4b28-8286-da51a968afa9 tempest-LiveMigrationTest-1387029803 tempest-LiveMigrationTest-1387029803-project] Attributes excluded by policy engine: ['standard_attr_id', 'binding:profile', 'binding:host_id', 'binding:vif_type', 'binding:vif_details'] {{(pid=106379) _exclude_attributes_by_policy /opt/stack/neutron/neutron/pecan_wsgi/hooks/policy_enforcement.py:255}}
Sep 23 23:52:19.708981 n-d-713498-18 neutron-server[106379]: INFO neutron.wsgi [req-ea3cb97e-3d41-4c67-ad26-df2e147ba0f9 req-874ec739-5847-4b28-8286-da51a968afa9 tempest-LiveMigrationTest-1387029803 tempest-LiveMigrationTest-1387029803-project] 10.222.0.24 "GET /v2.0/ports?device_id=095fd411-e8e0-4cb7-9c0c-ae035f0e1801 HTTP/1.1" status: 200 len: 946 time: 0.1105764
Sep 23 23:52:19.756002 n-d-713498-18 neutron-server[106378]: INFO neutron.wsgi [None req-cbad8228-a3a7-47dd-b7c0-dd7b786bd051 tempest-AutoAllocateNetworkTest-147831169 tempest-AutoAllocateNetworkTest-147831169-project] 10.222.0.24 "GET /v2.0/networks?tenant_id=da25693e98fa4f86b04fe872215dd0b6&shared=False HTTP/1.1" status: 200 len: 208 time: 0.4027209
Sep 23 23:52:19.760645 n-d-713498-18 neutron-server[106378]: DEBUG neutron.wsgi [-] (106378) accepted ('10.222.0.24', 36892) {{(pid=106378) server /usr/local/lib/python3.8/dist-packages/eventlet/wsgi.py:982}}
Sep 23 23:52:19.775712 n-d-713498-18 neutron-server[106379]: INFO neutron.wsgi [req-ea3cb97e-3d41-4c67-ad26-df2e147ba0f9 req-84588a41-8fcd-47f0-8289-c2c04e831f70 tempest-LiveMigrationTest-1387029803 tempest-LiveMigrationTest-1387029803-project] 10.222.0.24 "GET /v2.0/security-groups?id=20a91afe-44cc-4cda-8039-46b83b3a9115&fields=id&fields=name HTTP/1.1" status: 200 len: 286 time: 0.0560219
Sep 23 23:52:19.821246 n-d-713498-18 neutron-server[106380]: DEBUG neutron.api.rpc.handlers.dhcp_rpc [None req-71d6ae44-d862-4766-8805-6c9ccae7ed9b None None] Network 67fcd5fe-e92f-42dc-894f-b93672094cb0 requested from n-d-713498-18 {{(pid=106380) get_network_info /opt/stack/neutron/neutron/api/rpc/handlers/dhcp_rpc.py:218}}
Sep 23 23:52:19.833970 n-d-713498-18 neutron-server[106379]: DEBUG neutron_lib.callbacks.manager [None req-457b1c62-5437-4fd9-b005-930a506c48a6 admin admin] Notify callbacks ['neutron.services.l3_router.l3_router_plugin.L3_HA_NAT_db_mixin._after_router_create-454927', 'neutron.services.l3_router.l3_router_plugin.DVRResourceOperationHandler._create_snat_interfaces_after_change-456379'] for router, after_create {{(pid=106379) _notify_loop /usr/local/lib/python3.8/dist-packages/neutron_lib/callbacks/manager.py:192}}
Sep 23 23:52:19.898334 n-d-713498-18 neutron-server[106378]: DEBUG neutron.pecan_wsgi.hooks.policy_enforcement [None req-a47bf0e2-2109-47ba-9811-61832898f702 tempest-AutoAllocateNetworkTest-147831169 tempest-AutoAllocateNetworkTest-147831169-project] Attributes excluded by policy engine: ['standard_attr_id', 'vlan_transparent', 'provider:network_type', 'provider:physical_network', 'provider:segmentation_id'] {{(pid=106378) _exclude_attributes_by_policy /opt/stack/neutron/neutron/pecan_wsgi/hooks/policy_enforcement.py:255}}
Sep 23 23:52:19.900069 n-d-713498-18 neutron-server[106378]: INFO neutron.wsgi [None req-a47bf0e2-2109-47ba-9811-61832898f702 tempest-AutoAllocateNetworkTest-147831169 tempest-AutoAllocateNetworkTest-147831169-project] 10.222.0.24 "GET /v2.0/networks?shared=True HTTP/1.1" status: 200 len: 764 time: 0.1384466
Sep 23 23:52:19.905105 n-d-713498-18 neutron-server[106378]: DEBUG neutron.wsgi [-] (106378) accepted ('10.222.0.24', 36896) {{(pid=106378) server /usr/local/lib/python3.8/dist-packages/eventlet/wsgi.py:982}}
Sep 23 23:52:19.936908 n-d-713498-18 neutron-server[106380]: DEBUG neutron.db.provisioning_blocks [None req-472efa22-4bb2-4f1c-b7da-ed3edacb0e87 None None] Provisioning complete for port 4170cada-54c1-4733-ba2b-0faf138a9da4 triggered by entity DHCP. {{(pid=106380) provisioning_complete /opt/stack/neutron/neutron/db/provisioning_blocks.py:139}}
Sep 23 23:52:19.937196 n-d-713498-18 neutron-server[106380]: DEBUG neutron_lib.callbacks.manager [None req-472efa22-4bb2-4f1c-b7da-ed3edacb0e87 None None] Notify callbacks ['neutron.plugins.ml2.plugin.Ml2Plugin._port_provisioned-652260'] for port, provisioning_complete {{(pid=106380) _notify_loop /usr/local/lib/python3.8/dist-packages/neutron_lib/callbacks/manager.py:192}}
Sep 23 23:52:20.026293 n-d-713498-18 neutron-server[106378]: INFO neutron.wsgi [None req-579592f0-fb0a-453b-8fed-e6c96a678498 tempest-AutoAllocateNetworkTest-147831169 tempest-AutoAllocateNetworkTest-147831169-project] 10.222.0.24 "GET /v2.0/routers HTTP/1.1" status: 200 len: 208 time: 0.1197486
Sep 23 23:52:20.027065 n-d-713498-18 neutron-server[106379]: DEBUG neutron.wsgi [-] (106379) accepted ('10.222.0.24', 36900) {{(pid=106379) server /usr/local/lib/python3.8/dist-packages/eventlet/wsgi.py:982}}
Sep 23 23:52:20.054983 n-d-713498-18 neutron-server[106379]: DEBUG neutron.scheduler.l3_agent_scheduler [None req-457b1c62-5437-4fd9-b005-930a506c48a6 admin admin] Router c1750bc6-6c57-4e16-98f9-e98bbb466e32 is scheduled to L3 agent 08fd43f8-abf1-4b12-80cb-78e4e38ce621 with binding_index 1 {{(pid=106379) bind_router /opt/stack/neutron/neutron/scheduler/l3_agent_scheduler.py:209}}
Sep 23 23:52:20.068186 n-d-713498-18 neutron-server[106379]: INFO neutron.wsgi [None req-1c1f2999-2fd4-40c3-b403-71439832dab4 tempest-AutoAllocateNetworkTest-147831169 tempest-AutoAllocateNetworkTest-147831169-project] 10.222.0.24 "GET /v2.0/networks?tenant_id=da25693e98fa4f86b04fe872215dd0b6 HTTP/1.1" status: 200 len: 208 time: 0.0401216
Sep 23 23:52:20.085170 n-d-713498-18 neutron-server[106380]: DEBUG neutron.plugins.ml2.rpc [None req-cdf23cae-e248-45d4-8fe8-fd7ec6514212 None None] Device 4170cada-54c1-4733-ba2b-0faf138a9da4 up at agent ovs-agent-n-d-713498-18 {{(pid=106380) update_device_up /opt/stack/neutron/neutron/plugins/ml2/rpc.py:296}}
Sep 23 23:52:20.140969 n-d-713498-18 neutron-server[106380]: DEBUG neutron_lib.callbacks.manager [None req-472efa22-4bb2-4f1c-b7da-ed3edacb0e87 None None] Notify callbacks ['neutron.plugins.ml2.plugin.SecurityGroupDbMixin._ensure_default_security_group_handler-662840'] for port, before_update {{(pid=106380) _notify_loop /usr/local/lib/python3.8/dist-packages/neutron_lib/callbacks/manager.py:192}}
Sep 23 23:52:20.208252 n-d-713498-18 neutron-server[106379]: DEBUG neutron.api.rpc.agentnotifiers.l3_rpc_agent_api [None req-457b1c62-5437-4fd9-b005-930a506c48a6 admin admin] Notify agent at l3_agent.n-d-713498-18 the message routers_updated {{(pid=106379) _agent_notification /opt/stack/neutron/neutron/api/rpc/agentnotifiers/l3_rpc_agent_api.py:65}}
Sep 23 23:52:20.211777 n-d-713498-18 neutron-server[106380]: DEBUG neutron.plugins.ml2.db [None req-472efa22-4bb2-4f1c-b7da-ed3edacb0e87 None None] For port 4170cada-54c1-4733-ba2b-0faf138a9da4, host n-d-713498-18, got binding levels [PortBindingLevel(driver='openvswitch',host='n-d-713498-18',level=0,port_id=4170cada-54c1-4733-ba2b-0faf138a9da4,segment=NetworkSegment(0b03f929-6490-41d5-9463-84490c57f4d8),segment_id=0b03f929-6490-41d5-9463-84490c57f4d8)] {{(pid=106380) get_binding_level_objs /opt/stack/neutron/neutron/plugins/ml2/db.py:74}}
Sep 23 23:52:20.223657 n-d-713498-18 neutron-server[106380]: DEBUG neutron_lib.callbacks.manager [None req-472efa22-4bb2-4f1c-b7da-ed3edacb0e87 None None] Notify callbacks ['neutron.plugins.ml2.plugin.SecurityGroupServerNotifierRpcMixin._notify_sg_on_port_change-662907', 'neutron.plugins.ml2.ovo_rpc._ObjectChangeHandler.handle_event-66932', 'neutron.api.rpc.agentnotifiers.dhcp_rpc_agent_api.DhcpAgentNotifyAPI._native_event_send_dhcp_notification-530880', 'neutron.db.l3_db.L3RpcNotifierMixin._notify_gateway_port_ip_changed-8784070506500', 'neutron.db.l3_dvrscheduler_db._notify_l3_agent_port_update-8784070019283', 'neutron.db.l3_hascheduler_db._notify_l3_agent_ha_port_update-8784070019301'] for port, after_update {{(pid=106380) _notify_loop /usr/local/lib/python3.8/dist-packages/neutron_lib/callbacks/manager.py:192}}
Sep 23 23:52:20.227119 n-d-713498-18 neutron-server[106380]: DEBUG neutron.api.rpc.handlers.l3_rpc [None req-a9b8065e-1e2f-40ab-9de4-80f42437849f None None] Sync routers for ids ['c1750bc6-6c57-4e16-98f9-e98bbb466e32'] in n-d-713498-18 {{(pid=106380) sync_routers /opt/stack/neutron/neutron/api/rpc/handlers/l3_rpc.py:125}}
Sep 23 23:52:20.234651 n-d-713498-18 neutron-server[106380]: DEBUG neutron.db.provisioning_blocks [None req-cdf23cae-e248-45d4-8fe8-fd7ec6514212 None None] Provisioning complete for port 4170cada-54c1-4733-ba2b-0faf138a9da4 triggered by entity L2. {{(pid=106380) provisioning_complete /opt/stack/neutron/neutron/db/provisioning_blocks.py:139}}
Sep 23 23:52:20.235071 n-d-713498-18 neutron-server[106380]: DEBUG neutron_lib.callbacks.manager [None req-cdf23cae-e248-45d4-8fe8-fd7ec6514212 None None] Notify callbacks ['neutron.plugins.ml2.plugin.Ml2Plugin._port_provisioned-652260'] for port, provisioning_complete {{(pid=106380) _notify_loop /usr/local/lib/python3.8/dist-packages/neutron_lib/callbacks/manager.py:192}}
Sep 23 23:52:20.243530 n-d-713498-18 neutron-server[106379]: DEBUG neutron_lib.callbacks.manager [None req-457b1c62-5437-4fd9-b005-930a506c48a6 admin admin] Notify callbacks [] for router, before_response {{(pid=106379) _notify_loop /usr/local/lib/python3.8/dist-packages/neutron_lib/callbacks/manager.py:192}}
Sep 23 23:52:20.249270 n-d-713498-18 neutron-server[106378]: DEBUG neutron.wsgi [-] (106378) accepted ('10.222.0.24', 36912) {{(pid=106378) server /usr/local/lib/python3.8/dist-packages/eventlet/wsgi.py:982}}
Sep 23 23:52:20.253604 n-d-713498-18 neutron-server[106379]: INFO neutron.wsgi [None req-457b1c62-5437-4fd9-b005-930a506c48a6 admin admin] 10.222.0.24 "POST /v2.0/routers HTTP/1.1" status: 201 len: 936 time: 3.1269317
Sep 23 23:52:20.348645 n-d-713498-18 neutron-server[106380]: DEBUG neutron.db.l3_dvrscheduler_db [None req-a9b8065e-1e2f-40ab-9de4-80f42437849f None None] Routers {'c1750bc6-6c57-4e16-98f9-e98bbb466e32'} bound to L3 agent in host n-d-713498-18 {{(pid=106380) _get_router_ids_for_agent /opt/stack/neutron/neutron/db/l3_dvrscheduler_db.py:420}}
Sep 23 23:52:20.349561 n-d-713498-18 neutron-server[106380]: DEBUG neutron.db.l3_hamode_db [None req-a9b8065e-1e2f-40ab-9de4-80f42437849f None None] neutron.services.l3_router.l3_router_plugin.L3RouterPlugin method get_ha_sync_data_for_host called with arguments (, 'n-d-713498-18', Agent(admin_state_up=True,agent_type='L3 agent',availability_zone='nova',binary='neutron-l3-agent',configurations={"agent_mode": "legacy", "ex_gw_ports": 2, "extensions": [], "floating_ips": 0, "handle_internal_only_routers": true, "interface_driver": "openvswitch", "interfaces": 2, "log_agent_heartbeats": false, "routers": 2},created_at=2021-09-23T23:41:26Z,description=,heartbeat_timestamp=2021-09-23T23:51:56Z,host='n-d-713498-18',id=08fd43f8-abf1-4b12-80cb-78e4e38ce621,load=0,resource_versions=,resources_synced=,started_at=2021-09-23T23:41:26Z,topic='l3_agent')) {'router_ids': ['c1750bc6-6c57-4e16-98f9-e98bbb466e32'], 'active': True} {{(pid=106380) wrapper /usr/local/lib/python3.8/dist-packages/oslo_log/helpers.py:65}}
Sep 23 23:52:20.383036 n-d-713498-18 neutron-server[106379]: DEBUG neutron.pecan_wsgi.hooks.policy_enforcement [req-b724d680-b71b-4352-901b-2fe473d54b77 req-56b28fb9-4fc5-436f-91cf-c04a66e1ef68 tempest-DeleteServersAdminTestJSON-1510828251 tempest-DeleteServersAdminTestJSON-1510828251-project] Attributes excluded by policy engine: ['standard_attr_id', 'binding:profile', 'binding:host_id', 'binding:vif_type', 'binding:vif_details'] {{(pid=106379) _exclude_attributes_by_policy /opt/stack/neutron/neutron/pecan_wsgi/hooks/policy_enforcement.py:255}}
Sep 23 23:52:20.402842 n-d-713498-18 neutron-server[106379]: INFO neutron.wsgi [req-b724d680-b71b-4352-901b-2fe473d54b77 req-56b28fb9-4fc5-436f-91cf-c04a66e1ef68 tempest-DeleteServersAdminTestJSON-1510828251 tempest-DeleteServersAdminTestJSON-1510828251-project] 10.222.0.24 "GET /v2.0/ports?device_id=1f0c70cc-3888-422b-93e9-2188d7391f09 HTTP/1.1" status: 200 len: 950 time: 0.1044989
Sep 23 23:52:20.444961 n-d-713498-18 neutron-server[106380]: DEBUG neutron.notifiers.nova [-] Sending events: [{'server_uuid': '095fd411-e8e0-4cb7-9c0c-ae035f0e1801', 'name': 'network-vif-plugged', 'status': 'completed', 'tag': '36e5d212-82fc-40ab-95e9-fcb39f0380b7'}] {{(pid=106380) send_events /opt/stack/neutron/neutron/notifiers/nova.py:262}}
Sep 23 23:52:20.449246 n-d-713498-18 neutron-server[106380]: DEBUG novaclient.v2.client [-] REQ: curl -g -i --cacert "/opt/stack/data/ca-bundle.pem" -X POST http://10.222.0.24/compute/v2.1/os-server-external-events -H "Accept: application/json" -H "Content-Type: application/json" -H "User-Agent: python-novaclient" -H "X-Auth-Token: {SHA256}592999705f343b7038b7b39a7173746d988ae5d50d1d035df7e413753390a4ea" -H "X-OpenStack-Nova-API-Version: 2.1" -H "X-OpenStack-Request-ID: req-e86ff24d-d261-4fa9-9352-d4fc25c212e1" -d '{"events": [{"server_uuid": "095fd411-e8e0-4cb7-9c0c-ae035f0e1801", "name": "network-vif-plugged", "status": "completed", "tag": "36e5d212-82fc-40ab-95e9-fcb39f0380b7"}]}' {{(pid=106380) _http_log_request /usr/local/lib/python3.8/dist-packages/keystoneauth1/session.py:519}}
Sep 23 23:52:20.502421 n-d-713498-18 neutron-server[106379]: INFO neutron.wsgi [req-b724d680-b71b-4352-901b-2fe473d54b77 req-36a1d266-783b-4147-85b7-ddef2b67221e tempest-DeleteServersAdminTestJSON-1510828251 tempest-DeleteServersAdminTestJSON-1510828251-project] 10.222.0.24 "GET /v2.0/security-groups?id=8e3f5ee7-7b08-48f9-9ef8-e963f662782c&fields=id&fields=name HTTP/1.1" status: 200 len: 286 time: 0.0919137
Sep 23 23:52:20.521433 n-d-713498-18 neutron-server[106380]: DEBUG neutron.api.rpc.handlers.resources_rpc [None req-472efa22-4bb2-4f1c-b7da-ed3edacb0e87 None None] Pushing event updated for resources: {'Port': ['ID=4170cada-54c1-4733-ba2b-0faf138a9da4,revision_number=3']} {{(pid=106380) push /opt/stack/neutron/neutron/api/rpc/handlers/resources_rpc.py:237}}
Sep 23 23:52:20.604575 n-d-713498-18 neutron-server[106380]: DEBUG novaclient.v2.client [-] RESP: [200] Connection: close Content-Length: 183 Content-Type: application/json Date: Thu, 23 Sep 2021 23:52:20 GMT OpenStack-API-Version: compute 2.1 Server: Apache/2.4.41 (Ubuntu) Vary: OpenStack-API-Version,X-OpenStack-Nova-API-Version X-OpenStack-Nova-API-Version: 2.1 x-compute-request-id: req-d450f960-660e-4a95-bbe7-0cd6957f2511 x-openstack-request-id: req-d450f960-660e-4a95-bbe7-0cd6957f2511 {{(pid=106380) _http_log_response /usr/local/lib/python3.8/dist-packages/keystoneauth1/session.py:550}}
Sep 23 23:52:20.604910 n-d-713498-18 neutron-server[106380]: DEBUG novaclient.v2.client [-] RESP BODY: {"events": [{"server_uuid": "095fd411-e8e0-4cb7-9c0c-ae035f0e1801", "name": "network-vif-plugged", "status": "completed", "tag": "36e5d212-82fc-40ab-95e9-fcb39f0380b7", "code": 200}]} {{(pid=106380) _http_log_response /usr/local/lib/python3.8/dist-packages/keystoneauth1/session.py:582}}
Sep 23 23:52:20.605136 n-d-713498-18 neutron-server[106380]: DEBUG novaclient.v2.client [-] POST call to compute for http://10.222.0.24/compute/v2.1/os-server-external-events used request id req-d450f960-660e-4a95-bbe7-0cd6957f2511 {{(pid=106380) request /usr/local/lib/python3.8/dist-packages/keystoneauth1/session.py:954}}
Sep 23 23:52:20.605530 n-d-713498-18 neutron-server[106380]: INFO neutron.notifiers.nova [-] Nova event response: {'server_uuid': '095fd411-e8e0-4cb7-9c0c-ae035f0e1801', 'name': 'network-vif-plugged', 'status': 'completed', 'tag': '36e5d212-82fc-40ab-95e9-fcb39f0380b7', 'code': 200}
Sep 23 23:52:20.749403 n-d-713498-18 neutron-server[106380]: DEBUG neutron.db.l3_dvr_db [None req-a9b8065e-1e2f-40ab-9de4-80f42437849f None None] Set router c1750bc6-6c57-4e16-98f9-e98bbb466e32 gateway port host: n-d-713498-18 {{(pid=106380) _build_routers_list /opt/stack/neutron/neutron/db/l3_dvr_db.py:906}}
Sep 23 23:52:20.791863 n-d-713498-18 neutron-server[106379]: DEBUG neutron.pecan_wsgi.hooks.policy_enforcement [req-0f3819b5-7788-4234-be23-ffacd424c784 req-be2f648b-19fe-4e2c-8a00-14bdf4c72e2c service neutron] Attributes excluded by policy engine: ['standard_attr_id'] {{(pid=106379) _exclude_attributes_by_policy /opt/stack/neutron/neutron/pecan_wsgi/hooks/policy_enforcement.py:255}}
Sep 23 23:52:20.793317 n-d-713498-18 neutron-server[106379]: INFO neutron.wsgi [req-0f3819b5-7788-4234-be23-ffacd424c784 req-be2f648b-19fe-4e2c-8a00-14bdf4c72e2c service neutron] 10.222.0.20 "GET /v2.0/ports?device_id=095fd411-e8e0-4cb7-9c0c-ae035f0e1801 HTTP/1.1" status: 200 len: 1098 time: 0.1128170
Sep 23 23:52:20.848654 n-d-713498-18 neutron-server[106379]: INFO neutron.wsgi [req-0f3819b5-7788-4234-be23-ffacd424c784 req-41dc581d-ddf5-4344-be1b-3e18f31726db service neutron] 10.222.0.20 "GET /v2.0/security-groups?id=20a91afe-44cc-4cda-8039-46b83b3a9115&fields=id&fields=name HTTP/1.1" status: 200 len: 286 time: 0.0477588
Sep 23 23:52:20.883337 n-d-713498-18 neutron-server[106380]: DEBUG neutron.db.provisioning_blocks [None req-92385068-dbc4-4b98-8a98-558a17e8e39e None None] Provisioning complete for port 4170cada-54c1-4733-ba2b-0faf138a9da4 triggered by entity DHCP. {{(pid=106380) provisioning_complete /opt/stack/neutron/neutron/db/provisioning_blocks.py:139}}
Sep 23 23:52:20.883871 n-d-713498-18 neutron-server[106380]: DEBUG neutron_lib.callbacks.manager [None req-92385068-dbc4-4b98-8a98-558a17e8e39e None None] Notify callbacks ['neutron.plugins.ml2.plugin.Ml2Plugin._port_provisioned-652260'] for port, provisioning_complete {{(pid=106380) _notify_loop /usr/local/lib/python3.8/dist-packages/neutron_lib/callbacks/manager.py:192}}
Sep 23 23:52:21.013275 n-d-713498-18 neutron-server[106379]: DEBUG neutron.pecan_wsgi.hooks.policy_enforcement [req-8ab9e2d9-29d3-429a-96e0-ca4e511d9139 req-33f0acd9-3b45-4c39-af7f-a83640ab4f42 tempest-LiveMigrationTest-1387029803 tempest-LiveMigrationTest-1387029803-project] Attributes excluded by policy engine: ['standard_attr_id', 'binding:profile', 'binding:host_id', 'binding:vif_type', 'binding:vif_details'] {{(pid=106379) _exclude_attributes_by_policy /opt/stack/neutron/neutron/pecan_wsgi/hooks/policy_enforcement.py:255}}
Sep 23 23:52:21.017912 n-d-713498-18 neutron-server[106379]: INFO neutron.wsgi [req-8ab9e2d9-29d3-429a-96e0-ca4e511d9139 req-33f0acd9-3b45-4c39-af7f-a83640ab4f42 tempest-LiveMigrationTest-1387029803 tempest-LiveMigrationTest-1387029803-project] 10.222.0.24 "GET /v2.0/ports?device_id=095fd411-e8e0-4cb7-9c0c-ae035f0e1801 HTTP/1.1" status: 200 len: 946 time: 0.0996840
Sep 23 23:52:21.033860 n-d-713498-18 neutron-server[106378]: DEBUG neutron.wsgi [-] (106378) accepted ('10.222.0.24', 36946) {{(pid=106378) server /usr/local/lib/python3.8/dist-packages/eventlet/wsgi.py:982}}
Sep 23 23:52:21.093961 n-d-713498-18 neutron-server[106379]: INFO neutron.wsgi [req-8ab9e2d9-29d3-429a-96e0-ca4e511d9139 req-4a39f238-24a2-4daa-82d4-c880efd5a16b tempest-LiveMigrationTest-1387029803 tempest-LiveMigrationTest-1387029803-project] 10.222.0.24 "GET /v2.0/security-groups?id=20a91afe-44cc-4cda-8039-46b83b3a9115&fields=id&fields=name HTTP/1.1" status: 200 len: 286 time: 0.0645175
Sep 23 23:52:21.138776 n-d-713498-18 neutron-server[106378]: DEBUG neutron_lib.callbacks.manager [None req-d1eacc89-28a6-4c1d-8743-7c4b3a961cfd admin admin] Notify callbacks ['neutron.plugins.ml2.plugin.SecurityGroupDbMixin._ensure_default_security_group_handler-662840'] for port, before_create {{(pid=106378) _notify_loop /usr/local/lib/python3.8/dist-packages/neutron_lib/callbacks/manager.py:192}}
Sep 23 23:52:21.194637 n-d-713498-18 neutron-server[106380]: DEBUG neutron.db.l3_hamode_db [None req-a9b8065e-1e2f-40ab-9de4-80f42437849f None None] neutron.services.l3_router.l3_router_plugin.L3RouterPlugin method _process_sync_ha_data called with arguments (, [{'id': 'c1750bc6-6c57-4e16-98f9-e98bbb466e32', 'name': 'tempest-ServersWithSpecificFlavorTestJSON-1759500828-router', 'tenant_id': 'd0884c7ffcbb40e6afa1ccea1708b3ca', 'admin_state_up': True, 'status': 'ACTIVE', 'external_gateway_info': {'network_id': '91b62c44-c5a4-49fd-a058-d6673cd11699', 'external_fixed_ips': [{'subnet_id': '0d495c89-f8ca-4790-8a82-1b632392a534', 'ip_address': '172.25.5.137'}], 'enable_snat': True}, 'gw_port_id': '218f153a-a7ef-4b25-bea0-1459ad7d4347', 'description': '', 'availability_zones': ['nova'], 'distributed': False, 'ha': False, 'ha_vr_id': 0, 'availability_zone_hints': [], 'routes': [], 'flavor_id': None, 'tags': [], 'created_at': '2021-09-23T23:52:17Z', 'updated_at': '2021-09-23T23:52:19Z', 'revision_number': 3, 'project_id': 'd0884c7ffcbb40e6afa1ccea1708b3ca', 'gw_port': {'id': '218f153a-a7ef-4b25-bea0-1459ad7d4347', 'name': '', 'network_id': '91b62c44-c5a4-49fd-a058-d6673cd11699', 'tenant_id': '', 'mac_address': 'fa:16:3e:e2:2e:15', 'admin_state_up': True, 'status': 'DOWN', 'device_id': 'c1750bc6-6c57-4e16-98f9-e98bbb466e32', 'device_owner': 'network:router_gateway', 'standard_attr_id': 287, 'fixed_ips': [{'subnet_id': '0d495c89-f8ca-4790-8a82-1b632392a534', 'ip_address': '172.25.5.137', 'prefixlen': 24}], 'allowed_address_pairs': [], 'extra_dhcp_opts': [], 'security_groups': [], 'description': '', 'binding:vnic_type': 'normal', 'binding:profile': {}, 'binding:host_id': '', 'binding:vif_type': 'unbound', 'binding:vif_details': {}, 'port_security_enabled': False, 'tags': [], 'created_at': '2021-09-23T23:52:18Z', 'updated_at': '2021-09-23T23:52:18Z', 'revision_number': 1, 'project_id': '', 'subnets': [{'id': '0d495c89-f8ca-4790-8a82-1b632392a534', 'cidr': '172.25.5.0/24', 'gateway_ip': '172.25.5.1', 'dns_nameservers': [], 'ipv6_ra_mode': None, 'subnetpool_id': None}], 'extra_subnets': [], 'address_scopes': {4: None, 6: None}, 'mtu': 1500}, 'enable_snat': True, 'gw_port_host': 'n-d-713498-18'}], 'n-d-713498-18', False) {} {{(pid=106380) wrapper /usr/local/lib/python3.8/dist-packages/oslo_log/helpers.py:65}}
Sep 23 23:52:21.228605 n-d-713498-18 neutron-server[106380]: DEBUG neutron.api.rpc.handlers.l3_rpc [None req-a9b8065e-1e2f-40ab-9de4-80f42437849f None None] Checking router: c1750bc6-6c57-4e16-98f9-e98bbb466e32 for host: n-d-713498-18 {{(pid=106380) _ensure_host_set_on_ports /opt/stack/neutron/neutron/api/rpc/handlers/l3_rpc.py:155}}
Sep 23 23:52:21.229302 n-d-713498-18 neutron-server[106380]: DEBUG neutron.api.rpc.handlers.l3_rpc [None req-a9b8065e-1e2f-40ab-9de4-80f42437849f None None] Updating router c1750bc6-6c57-4e16-98f9-e98bbb466e32 port 218f153a-a7ef-4b25-bea0-1459ad7d4347 binding host n-d-713498-18 {{(pid=106380) _ensure_host_set_on_port /opt/stack/neutron/neutron/api/rpc/handlers/l3_rpc.py:205}}
Sep 23 23:52:21.265081 n-d-713498-18 neutron-server[106380]: DEBUG neutron_lib.callbacks.manager [None req-a9b8065e-1e2f-40ab-9de4-80f42437849f None None] Notify callbacks ['neutron.plugins.ml2.plugin.SecurityGroupDbMixin._ensure_default_security_group_handler-662840'] for port, before_update {{(pid=106380) _notify_loop /usr/local/lib/python3.8/dist-packages/neutron_lib/callbacks/manager.py:192}}
Sep 23 23:52:21.395406 n-d-713498-18 neutron-server[106378]: DEBUG neutron_lib.callbacks.manager [None req-3c536cdb-2eb8-4b5e-92a6-a5a3f862c631 admin admin] Notify callbacks [] for security_group, before_create {{(pid=106378) _notify_loop /usr/local/lib/python3.8/dist-packages/neutron_lib/callbacks/manager.py:192}}
Sep 23 23:52:21.634135 n-d-713498-18 neutron-server[106379]: DEBUG neutron.wsgi [-] (106379) accepted ('10.222.0.24', 36968) {{(pid=106379) server /usr/local/lib/python3.8/dist-packages/eventlet/wsgi.py:982}}
Sep 23 23:52:21.722908 n-d-713498-18 neutron-server[106378]: DEBUG neutron.db.db_base_plugin_common [None req-d1eacc89-28a6-4c1d-8743-7c4b3a961cfd admin admin] Allocated IP 172.20.0.1 (67fcd5fe-e92f-42dc-894f-b93672094cb0/83d3ef4c-bc9c-461f-a6ad-1994320886b0/f48419ee-5645-41df-b714-dfa599556982) {{(pid=106378) _store_ip_allocation /opt/stack/neutron/neutron/db/db_base_plugin_common.py:131}}
Sep 23 23:52:21.729855 n-d-713498-18 neutron-server[106379]: DEBUG neutron.pecan_wsgi.hooks.policy_enforcement [req-023f0a10-adce-4c5d-afa3-92939242b882 req-77783f06-5d1e-47b6-8ffa-7826acf5bf0a tempest-DeleteServersAdminTestJSON-1510828251 tempest-DeleteServersAdminTestJSON-1510828251-project] Attributes excluded by policy engine: ['standard_attr_id', 'binding:profile', 'binding:host_id', 'binding:vif_type', 'binding:vif_details'] {{(pid=106379) _exclude_attributes_by_policy /opt/stack/neutron/neutron/pecan_wsgi/hooks/policy_enforcement.py:255}}
Sep 23 23:52:21.741410 n-d-713498-18 neutron-server[106379]: INFO neutron.wsgi [req-023f0a10-adce-4c5d-afa3-92939242b882 req-77783f06-5d1e-47b6-8ffa-7826acf5bf0a tempest-DeleteServersAdminTestJSON-1510828251 tempest-DeleteServersAdminTestJSON-1510828251-project] 10.222.0.24 "GET /v2.0/ports?device_id=1f0c70cc-3888-422b-93e9-2188d7391f09 HTTP/1.1" status: 200 len: 950 time: 0.1310432
Sep 23 23:52:21.798395 n-d-713498-18 neutron-server[106379]: INFO neutron.wsgi [req-023f0a10-adce-4c5d-afa3-92939242b882 req-3722ea05-7ef6-4ac0-b7fc-3d66c6f1ee93 tempest-DeleteServersAdminTestJSON-1510828251 tempest-DeleteServersAdminTestJSON-1510828251-project] 10.222.0.24 "GET /v2.0/security-groups?id=8e3f5ee7-7b08-48f9-9ef8-e963f662782c&fields=id&fields=name HTTP/1.1" status: 200 len: 286 time: 0.0546074
Sep 23 23:52:21.807786 n-d-713498-18 neutron-server[106380]: DEBUG neutron_lib.callbacks.manager [None req-a9b8065e-1e2f-40ab-9de4-80f42437849f None None] Notify callbacks [] for port, precommit_update {{(pid=106380) _notify_loop /usr/local/lib/python3.8/dist-packages/neutron_lib/callbacks/manager.py:192}}
Sep 23 23:52:21.823703 n-d-713498-18 neutron-server[106380]: DEBUG neutron_lib.callbacks.manager [None req-a9b8065e-1e2f-40ab-9de4-80f42437849f None None] Notify callbacks ['neutron.plugins.ml2.plugin.SecurityGroupServerNotifierRpcMixin._notify_sg_on_port_change-662907', 'neutron.plugins.ml2.ovo_rpc._ObjectChangeHandler.handle_event-66932', 'neutron.api.rpc.agentnotifiers.dhcp_rpc_agent_api.DhcpAgentNotifyAPI._native_event_send_dhcp_notification-530880', 'neutron.db.l3_db.L3RpcNotifierMixin._notify_gateway_port_ip_changed-8784070506500', 'neutron.db.l3_dvrscheduler_db._notify_l3_agent_port_update-8784070019283', 'neutron.db.l3_hascheduler_db._notify_l3_agent_ha_port_update-8784070019301'] for port, after_update {{(pid=106380) _notify_loop /usr/local/lib/python3.8/dist-packages/neutron_lib/callbacks/manager.py:192}}
Sep 23 23:52:21.915785 n-d-713498-18 neutron-server[106378]: DEBUG neutron_lib.callbacks.manager [None req-3c536cdb-2eb8-4b5e-92a6-a5a3f862c631 admin admin] Notify callbacks [] for security_group, precommit_create {{(pid=106378) _notify_loop /usr/local/lib/python3.8/dist-packages/neutron_lib/callbacks/manager.py:192}}
Sep 23 23:52:21.949671 n-d-713498-18 neutron-server[106378]: DEBUG neutron_lib.callbacks.manager [None req-3c536cdb-2eb8-4b5e-92a6-a5a3f862c631 admin admin] Notify callbacks ['neutron.plugins.ml2.ovo_rpc._ObjectChangeHandler.handle_event-487892'] for security_group, after_create {{(pid=106378) _notify_loop /usr/local/lib/python3.8/dist-packages/neutron_lib/callbacks/manager.py:192}}
Sep 23 23:52:21.992772 n-d-713498-18 neutron-server[106378]: DEBUG neutron_lib.callbacks.manager [None req-d1eacc89-28a6-4c1d-8743-7c4b3a961cfd admin admin] Notify callbacks [] for port, precommit_create {{(pid=106378) _notify_loop /usr/local/lib/python3.8/dist-packages/neutron_lib/callbacks/manager.py:192}}
Sep 23 23:52:21.995138 n-d-713498-18 neutron-server[106380]: DEBUG neutron.plugins.ml2.rpc [None req-cdf23cae-e248-45d4-8fe8-fd7ec6514212 None None] Device 4170cada-54c1-4733-ba2b-0faf138a9da4 up at agent ovs-agent-n-d-713498-18 {{(pid=106380) update_device_up /opt/stack/neutron/neutron/plugins/ml2/rpc.py:296}}
Sep 23 23:52:22.004969 n-d-713498-18 neutron-server[106380]: DEBUG neutron.plugins.ml2.managers [None req-a9b8065e-1e2f-40ab-9de4-80f42437849f None None] Attempting to bind port 218f153a-a7ef-4b25-bea0-1459ad7d4347 on host n-d-713498-18 for vnic_type normal with profile {{(pid=106380) bind_port /opt/stack/neutron/neutron/plugins/ml2/managers.py:790}}
Sep 23 23:52:22.005486 n-d-713498-18 neutron-server[106380]: DEBUG neutron.plugins.ml2.managers [None req-a9b8065e-1e2f-40ab-9de4-80f42437849f None None] Attempting to bind port 218f153a-a7ef-4b25-bea0-1459ad7d4347 by drivers openvswitch,hyperv on host n-d-713498-18 at level 0 using segments [{'id': 'bac93b99-7042-4871-ba48-845c4c981529', 'network_type': 'flat', 'physical_network': 'physnet1', 'segmentation_id': None, 'network_id': '91b62c44-c5a4-49fd-a058-d6673cd11699'}] {{(pid=106380) _bind_port_level /opt/stack/neutron/neutron/plugins/ml2/managers.py:815}}
Sep 23 23:52:22.006217 n-d-713498-18 neutron-server[106380]: DEBUG neutron.plugins.ml2.drivers.mech_agent [None req-a9b8065e-1e2f-40ab-9de4-80f42437849f None None] Attempting to bind port 218f153a-a7ef-4b25-bea0-1459ad7d4347 on network 91b62c44-c5a4-49fd-a058-d6673cd11699 {{(pid=106380) bind_port /opt/stack/neutron/neutron/plugins/ml2/drivers/mech_agent.py:91}}
Sep 23 23:52:22.032153 n-d-713498-18 neutron-server[106380]: DEBUG neutron.plugins.ml2.drivers.mech_agent [None req-a9b8065e-1e2f-40ab-9de4-80f42437849f None None] Checking agent: {'id': 'e2317d68-1178-4c94-a266-d36645bd52dd', 'agent_type': 'Open vSwitch agent', 'binary': 'neutron-openvswitch-agent', 'topic': 'N/A', 'host': 'n-d-713498-18', 'admin_state_up': True, 'created_at': datetime.datetime(2021, 9, 23, 23, 41, 26), 'started_at': datetime.datetime(2021, 9, 23, 23, 41, 56), 'heartbeat_timestamp': datetime.datetime(2021, 9, 23, 23, 51, 56), 'description': None, 'resources_synced': None, 'availability_zone': None, 'alive': True, 'configurations': {'arp_responder_enabled': False, 'baremetal_smartnic': False, 'bridge_mappings': {'physnet1': 'br-data'}, 'datapath_type': 'system', 'devices': 0, 'enable_distributed_routing': False, 'extensions': [], 'in_distributed_mode': False, 'integration_bridge': 'br-int', 'l2_population': False, 'log_agent_heartbeats': False, 'ovs_capabilities': {'datapath_types': ['netdev', 'system'], 'iface_types': ['erspan', 'geneve', 'gre', 'internal', 'ip6erspan', 'ip6gre', 'lisp', 'patch', 'stt', 'system', 'tap', 'vxlan']}, 'ovs_hybrid_plug': False, 'resource_provider_bandwidths': {}, 'resource_provider_hypervisors': {'br-data': 'n-d-713498-18'}, 'resource_provider_inventory_defaults': {'allocation_ratio': 1.0, 'min_unit': 1, 'step_size': 1, 'reserved': 0}, 'tunnel_types': [], 'tunneling_ip': None, 'vhostuser_socket_dir': '/var/run/openvswitch'}, 'resource_versions': {'AddressGroup': '1.2', 'ConntrackHelper': '1.0', 'Log': '1.0', 'Network': '1.1', 'Port': '1.7', 'PortForwarding': '1.2', 'QosPolicy': '1.9', 'SecurityGroup': '1.4', 'SecurityGroupRule': '1.2', 'SubPort': '1.0', 'Subnet': '1.1', 'Trunk': '1.1'}} {{(pid=106380) bind_port /opt/stack/neutron/neutron/plugins/ml2/drivers/mech_agent.py:110}}
Sep 23 23:52:22.032400 n-d-713498-18 neutron-server[106380]: DEBUG neutron.plugins.ml2.drivers.mech_agent [None req-a9b8065e-1e2f-40ab-9de4-80f42437849f None None] Checking segment: {'id': 'bac93b99-7042-4871-ba48-845c4c981529', 'network_type': 'flat', 'physical_network': 'physnet1', 'segmentation_id': None, 'network_id': '91b62c44-c5a4-49fd-a058-d6673cd11699'} for mappings: {'physnet1': 'br-data'} with network types: ['local', 'flat', 'vlan'] {{(pid=106380) check_segment_for_agent /opt/stack/neutron/neutron/plugins/ml2/drivers/mech_agent.py:358}}
Sep 23 23:52:22.032808 n-d-713498-18 neutron-server[106380]: DEBUG neutron_lib.callbacks.manager [None req-a9b8065e-1e2f-40ab-9de4-80f42437849f None None] Notify callbacks [] for ovs_bridge_name, before_read {{(pid=106380) _notify_loop /usr/local/lib/python3.8/dist-packages/neutron_lib/callbacks/manager.py:192}}
Sep 23 23:52:22.033202 n-d-713498-18 neutron-server[106380]: DEBUG neutron.plugins.ml2.drivers.mech_agent [None req-a9b8065e-1e2f-40ab-9de4-80f42437849f None None] Bound using segment: {'id': 'bac93b99-7042-4871-ba48-845c4c981529', 'network_type': 'flat', 'physical_network': 'physnet1', 'segmentation_id': None, 'network_id': '91b62c44-c5a4-49fd-a058-d6673cd11699'} {{(pid=106380) bind_port /opt/stack/neutron/neutron/plugins/ml2/drivers/mech_agent.py:120}}
Sep 23 23:52:22.033678 n-d-713498-18 neutron-server[106380]: DEBUG neutron.plugins.ml2.managers [None req-a9b8065e-1e2f-40ab-9de4-80f42437849f None None] Bound port: 218f153a-a7ef-4b25-bea0-1459ad7d4347, host: n-d-713498-18, vif_type: ovs, vif_details: {"connectivity": "l2", "port_filter": true, "ovs_hybrid_plug": false, "datapath_type": "system", "bridge_name": "br-int"}, binding_levels: [{'bound_driver': 'openvswitch', 'bound_segment': {'id': 'bac93b99-7042-4871-ba48-845c4c981529', 'network_type': 'flat', 'physical_network': 'physnet1', 'segmentation_id': None, 'network_id': '91b62c44-c5a4-49fd-a058-d6673cd11699'}}] {{(pid=106380) _bind_port_level /opt/stack/neutron/neutron/plugins/ml2/managers.py:928}}
Sep 23 23:52:22.034324 n-d-713498-18 neutron-server[106380]: DEBUG neutron_lib.callbacks.manager [None req-a9b8065e-1e2f-40ab-9de4-80f42437849f None None] Notify callbacks ['neutron.plugins.ml2.plugin.SecurityGroupDbMixin._ensure_default_security_group_handler-662840'] for port, before_update {{(pid=106380) _notify_loop /usr/local/lib/python3.8/dist-packages/neutron_lib/callbacks/manager.py:192}}
Sep 23 23:52:22.039407 n-d-713498-18 neutron-server[106380]: DEBUG neutron.api.rpc.handlers.resources_rpc [None req-61d6ceac-0b10-4b0b-b616-a403144578cb None None] Pushing event updated for resources: {'Port': ['ID=218f153a-a7ef-4b25-bea0-1459ad7d4347,revision_number=2']} {{(pid=106380) push /opt/stack/neutron/neutron/api/rpc/handlers/resources_rpc.py:237}}
Sep 23 23:52:22.057314 n-d-713498-18 neutron-server[106379]: DEBUG neutron_lib.callbacks.manager [None req-595125bf-879f-42c9-8dcf-c6bcb8da1603 admin admin] Notify callbacks [] for security_group, before_create {{(pid=106379) _notify_loop /usr/local/lib/python3.8/dist-packages/neutron_lib/callbacks/manager.py:192}}
Sep 23 23:52:22.115895 n-d-713498-18 neutron-server[106380]: DEBUG neutron.plugins.ml2.db [None req-a9b8065e-1e2f-40ab-9de4-80f42437849f None None] For port 218f153a-a7ef-4b25-bea0-1459ad7d4347, host n-d-713498-18, cleared binding levels {{(pid=106380) clear_binding_levels /opt/stack/neutron/neutron/plugins/ml2/db.py:87}}
Sep 23 23:52:22.120827 n-d-713498-18 neutron-server[106380]: DEBUG neutron.plugins.ml2.db [None req-a9b8065e-1e2f-40ab-9de4-80f42437849f None None] For port 218f153a-a7ef-4b25-bea0-1459ad7d4347, host n-d-713498-18, set binding levels [PortBindingLevel(driver='openvswitch',host='n-d-713498-18',level=0,port_id=218f153a-a7ef-4b25-bea0-1459ad7d4347,segment=NetworkSegment(bac93b99-7042-4871-ba48-845c4c981529),segment_id=bac93b99-7042-4871-ba48-845c4c981529)] {{(pid=106380) set_binding_levels /opt/stack/neutron/neutron/plugins/ml2/db.py:59}}
Sep 23 23:52:22.123291 n-d-713498-18 neutron-server[106380]: DEBUG neutron.db.provisioning_blocks [None req-cdf23cae-e248-45d4-8fe8-fd7ec6514212 None None] Provisioning complete for port 4170cada-54c1-4733-ba2b-0faf138a9da4 triggered by entity L2. {{(pid=106380) provisioning_complete /opt/stack/neutron/neutron/db/provisioning_blocks.py:139}}
Sep 23 23:52:22.123724 n-d-713498-18 neutron-server[106380]: DEBUG neutron_lib.callbacks.manager [None req-cdf23cae-e248-45d4-8fe8-fd7ec6514212 None None] Notify callbacks ['neutron.plugins.ml2.plugin.Ml2Plugin._port_provisioned-652260'] for port, provisioning_complete {{(pid=106380) _notify_loop /usr/local/lib/python3.8/dist-packages/neutron_lib/callbacks/manager.py:192}}
Sep 23 23:52:22.125206 n-d-713498-18 neutron-server[106378]: INFO neutron.wsgi [None req-3c536cdb-2eb8-4b5e-92a6-a5a3f862c631 admin admin] 10.222.0.24 "GET /v2.0/security-groups?tenant_id=da25693e98fa4f86b04fe872215dd0b6&name=default HTTP/1.1" status: 200 len: 2979 time: 1.0899823
Sep 23 23:52:22.131059 n-d-713498-18 neutron-server[106380]: DEBUG neutron_lib.callbacks.manager [None req-a9b8065e-1e2f-40ab-9de4-80f42437849f None None] Notify callbacks ['neutron.plugins.ml2.plugin.SecurityGroupServerNotifierRpcMixin._notify_sg_on_port_change-662907', 'neutron.plugins.ml2.ovo_rpc._ObjectChangeHandler.handle_event-66932', 'neutron.api.rpc.agentnotifiers.dhcp_rpc_agent_api.DhcpAgentNotifyAPI._native_event_send_dhcp_notification-530880', 'neutron.db.l3_db.L3RpcNotifierMixin._notify_gateway_port_ip_changed-8784070506500', 'neutron.db.l3_dvrscheduler_db._notify_l3_agent_port_update-8784070019283', 'neutron.db.l3_hascheduler_db._notify_l3_agent_ha_port_update-8784070019301'] for port, after_update {{(pid=106380) _notify_loop /usr/local/lib/python3.8/dist-packages/neutron_lib/callbacks/manager.py:192}}
Sep 23 23:52:22.131261 n-d-713498-18 neutron-server[106379]: DEBUG neutron.wsgi [-] (106379) accepted ('10.222.0.24', 36986) {{(pid=106379) server /usr/local/lib/python3.8/dist-packages/eventlet/wsgi.py:982}}
Sep 23 23:52:22.140172 n-d-713498-18 neutron-server[106378]: DEBUG neutron.api.rpc.handlers.resources_rpc [None req-3c536cdb-2eb8-4b5e-92a6-a5a3f862c631 admin admin] Pushing event updated for resources: {'SecurityGroup': ['ID=3379f01d-9aac-45eb-8aac-73c442b49dcc,revision_number=1']} {{(pid=106378) push /opt/stack/neutron/neutron/api/rpc/handlers/resources_rpc.py:237}}
Sep 23 23:52:22.227898 n-d-713498-18 neutron-server[106380]: DEBUG neutron.db.l3_dvrscheduler_db [None req-a9b8065e-1e2f-40ab-9de4-80f42437849f None None] Routers {'c1750bc6-6c57-4e16-98f9-e98bbb466e32'} bound to L3 agent in host n-d-713498-18 {{(pid=106380) _get_router_ids_for_agent /opt/stack/neutron/neutron/db/l3_dvrscheduler_db.py:420}}
Sep 23 23:52:22.229126 n-d-713498-18 neutron-server[106378]: DEBUG neutron_lib.callbacks.manager [None req-d1eacc89-28a6-4c1d-8743-7c4b3a961cfd admin admin] Notify callbacks ['neutron.plugins.ml2.plugin.SecurityGroupServerNotifierRpcMixin._notify_sg_on_port_change-662907', 'neutron.plugins.ml2.ovo_rpc._ObjectChangeHandler.handle_event-66932', 'neutron.api.rpc.agentnotifiers.dhcp_rpc_agent_api.DhcpAgentNotifyAPI._native_event_send_dhcp_notification-530880', 'neutron.db.l3_dvrscheduler_db._notify_l3_agent_new_port-8784070019265', 'neutron.services.segments.plugin.NovaSegmentNotifier._notify_port_created_or_deleted-26484237'] for port, after_create {{(pid=106378) _notify_loop /usr/local/lib/python3.8/dist-packages/neutron_lib/callbacks/manager.py:192}}
Sep 23 23:52:22.229758 n-d-713498-18 neutron-server[106380]: DEBUG neutron.db.l3_hamode_db [None req-a9b8065e-1e2f-40ab-9de4-80f42437849f None None] neutron.services.l3_router.l3_router_plugin.L3RouterPlugin method get_ha_sync_data_for_host called with arguments (, 'n-d-713498-18', Agent(admin_state_up=True,agent_type='L3 agent',availability_zone='nova',binary='neutron-l3-agent',configurations={"agent_mode": "legacy", "ex_gw_ports": 2, "extensions": [], "floating_ips": 0, "handle_internal_only_routers": true, "interface_driver": "openvswitch", "interfaces": 2, "log_agent_heartbeats": false, "routers": 2},created_at=2021-09-23T23:41:26Z,description=,heartbeat_timestamp=2021-09-23T23:51:56Z,host='n-d-713498-18',id=08fd43f8-abf1-4b12-80cb-78e4e38ce621,load=0,resource_versions=,resources_synced=,started_at=2021-09-23T23:41:26Z,topic='l3_agent')) {'router_ids': ['c1750bc6-6c57-4e16-98f9-e98bbb466e32'], 'active': True} {{(pid=106380) wrapper /usr/local/lib/python3.8/dist-packages/oslo_log/helpers.py:65}}
Sep 23 23:52:22.314103 n-d-713498-18 neutron-server[106378]: DEBUG neutron.scheduler.dhcp_agent_scheduler [None req-d1eacc89-28a6-4c1d-8743-7c4b3a961cfd admin admin] Network 67fcd5fe-e92f-42dc-894f-b93672094cb0 is already hosted by enough agents. {{(pid=106378) _get_dhcp_agents_hosting_network /opt/stack/neutron/neutron/scheduler/dhcp_agent_scheduler.py:275}}
Sep 23 23:52:22.330410 n-d-713498-18 neutron-server[106378]: DEBUG neutron.scheduler.base_scheduler [None req-d1eacc89-28a6-4c1d-8743-7c4b3a961cfd admin admin] Resources bound (agent type, host, resource id): {{(pid=106378) schedule /opt/stack/neutron/neutron/scheduler/base_scheduler.py:57}}
Sep 23 23:52:22.332626 n-d-713498-18 neutron-server[106379]: DEBUG neutron_lib.callbacks.manager [None req-595125bf-879f-42c9-8dcf-c6bcb8da1603 admin admin] Notify callbacks [] for security_group, precommit_create {{(pid=106379) _notify_loop /usr/local/lib/python3.8/dist-packages/neutron_lib/callbacks/manager.py:192}}
Sep 23 23:52:22.339350 n-d-713498-18 neutron-server[106378]: DEBUG neutron.db.l3_dvrscheduler_db [None req-d1eacc89-28a6-4c1d-8743-7c4b3a961cfd admin admin] Received port after_create {{(pid=106378) _notify_l3_agent_new_port /opt/stack/neutron/neutron/db/l3_dvrscheduler_db.py:535}}
Sep 23 23:52:22.385498 n-d-713498-18 neutron-server[106378]: DEBUG neutron.api.rpc.handlers.resources_rpc [None req-d1eacc89-28a6-4c1d-8743-7c4b3a961cfd admin admin] Pushing event updated for resources: {'Port': ['ID=f48419ee-5645-41df-b714-dfa599556982,revision_number=1']} {{(pid=106378) push /opt/stack/neutron/neutron/api/rpc/handlers/resources_rpc.py:237}}
Sep 23 23:52:22.403651 n-d-713498-18 neutron-server[106378]: DEBUG neutron_lib.callbacks.manager [None req-d1eacc89-28a6-4c1d-8743-7c4b3a961cfd admin admin] Notify callbacks ['neutron.services.l3_router.l3_router_plugin.DVRResourceOperationHandler._add_csnat_on_interface_create-456582'] for router_interface, before_create {{(pid=106378) _notify_loop /usr/local/lib/python3.8/dist-packages/neutron_lib/callbacks/manager.py:192}}
Sep 23 23:52:22.452766 n-d-713498-18 neutron-server[106379]: DEBUG neutron_lib.callbacks.manager [None req-595125bf-879f-42c9-8dcf-c6bcb8da1603 admin admin] Notify callbacks ['neutron.plugins.ml2.ovo_rpc._ObjectChangeHandler.handle_event-487892'] for security_group, after_create {{(pid=106379) _notify_loop /usr/local/lib/python3.8/dist-packages/neutron_lib/callbacks/manager.py:192}}
Sep 23 23:52:22.466479 n-d-713498-18 neutron-server[106380]: DEBUG neutron.db.l3_dvr_db [None req-a9b8065e-1e2f-40ab-9de4-80f42437849f None None] Set router c1750bc6-6c57-4e16-98f9-e98bbb466e32 gateway port host: n-d-713498-18 {{(pid=106380) _build_routers_list /opt/stack/neutron/neutron/db/l3_dvr_db.py:906}}
Sep 23 23:52:22.469250 n-d-713498-18 neutron-server[106380]: DEBUG neutron.api.rpc.handlers.resources_rpc [None req-61d6ceac-0b10-4b0b-b616-a403144578cb None None] Pushing event updated for resources: {'Port': ['ID=218f153a-a7ef-4b25-bea0-1459ad7d4347,revision_number=3']} {{(pid=106380) push /opt/stack/neutron/neutron/api/rpc/handlers/resources_rpc.py:237}}
Sep 23 23:52:22.500730 n-d-713498-18 neutron-server[106379]: DEBUG neutron_lib.callbacks.manager [None req-2b8382a4-3a52-49b9-9e2b-6beae9c16963 admin admin] Notify callbacks [] for security_group, before_delete {{(pid=106379) _notify_loop /usr/local/lib/python3.8/dist-packages/neutron_lib/callbacks/manager.py:192}}
Sep 23 23:52:22.526464 n-d-713498-18 neutron-server[106379]: DEBUG neutron_lib.callbacks.manager [None req-2b8382a4-3a52-49b9-9e2b-6beae9c16963 admin admin] Notify callbacks [] for security_group, precommit_delete {{(pid=106379) _notify_loop /usr/local/lib/python3.8/dist-packages/neutron_lib/callbacks/manager.py:192}}
Sep 23 23:52:22.580748 n-d-713498-18 neutron-server[106379]: INFO neutron.wsgi [None req-595125bf-879f-42c9-8dcf-c6bcb8da1603 admin admin] 10.222.0.24 "GET /v2.0/security-groups?tenant_id=c3921788aa57467ebc8dfae546734330&name=default HTTP/1.1" status: 200 len: 2979 time: 0.9405742
Sep 23 23:52:22.586434 n-d-713498-18 neutron-server[106379]: DEBUG neutron.wsgi [-] (106379) accepted ('10.222.0.24', 37004) {{(pid=106379) server /usr/local/lib/python3.8/dist-packages/eventlet/wsgi.py:982}}
Sep 23 23:52:22.604274 n-d-713498-18 neutron-server[106378]: DEBUG neutron_lib.callbacks.manager [None req-d1eacc89-28a6-4c1d-8743-7c4b3a961cfd admin admin] Notify callbacks ['neutron.plugins.ml2.plugin.SecurityGroupDbMixin._ensure_default_security_group_handler-662840'] for port, before_update {{(pid=106378) _notify_loop /usr/local/lib/python3.8/dist-packages/neutron_lib/callbacks/manager.py:192}}
Sep 23 23:52:22.689280 n-d-713498-18 neutron-server[106379]: DEBUG neutron.pecan_wsgi.hooks.policy_enforcement [req-745dabe7-c8c3-4980-aaeb-67165338342e req-81161b69-2a9f-4680-b1fb-d59649e20f01 tempest-DeleteServersAdminTestJSON-1510828251 tempest-DeleteServersAdminTestJSON-1510828251-project] Attributes excluded by policy engine: ['standard_attr_id', 'binding:profile', 'binding:host_id', 'binding:vif_type', 'binding:vif_details'] {{(pid=106379) _exclude_attributes_by_policy /opt/stack/neutron/neutron/pecan_wsgi/hooks/policy_enforcement.py:255}}
Sep 23 23:52:22.699246 n-d-713498-18 neutron-server[106379]: INFO neutron.wsgi [req-745dabe7-c8c3-4980-aaeb-67165338342e req-81161b69-2a9f-4680-b1fb-d59649e20f01 tempest-DeleteServersAdminTestJSON-1510828251 tempest-DeleteServersAdminTestJSON-1510828251-project] 10.222.0.24 "GET /v2.0/ports?device_id=1f0c70cc-3888-422b-93e9-2188d7391f09 HTTP/1.1" status: 200 len: 950 time: 0.3359759
Sep 23 23:52:22.733873 n-d-713498-18 neutron-server[106379]: DEBUG neutron.pecan_wsgi.hooks.policy_enforcement [req-3e039dff-4838-4dfa-8a59-9f6794fae8c9 req-7b5fc7b0-fd3f-4d29-a041-7d82af79ad02 tempest-LiveMigrationTest-1387029803 tempest-LiveMigrationTest-1387029803-project] Attributes excluded by policy engine: ['standard_attr_id', 'binding:profile', 'binding:host_id', 'binding:vif_type', 'binding:vif_details'] {{(pid=106379) _exclude_attributes_by_policy /opt/stack/neutron/neutron/pecan_wsgi/hooks/policy_enforcement.py:255}}
Sep 23 23:52:22.735940 n-d-713498-18 neutron-server[106379]: INFO neutron.wsgi [req-3e039dff-4838-4dfa-8a59-9f6794fae8c9 req-7b5fc7b0-fd3f-4d29-a041-7d82af79ad02 tempest-LiveMigrationTest-1387029803 tempest-LiveMigrationTest-1387029803-project] 10.222.0.24 "GET /v2.0/ports?device_id=095fd411-e8e0-4cb7-9c0c-ae035f0e1801 HTTP/1.1" status: 200 len: 946 time: 0.3872461
Sep 23 23:52:22.774905 n-d-713498-18 neutron-server[106379]: DEBUG neutron.api.rpc.handlers.resources_rpc [None req-595125bf-879f-42c9-8dcf-c6bcb8da1603 admin admin] Pushing event updated for resources: {'SecurityGroup': ['ID=ee5db2ab-ab2a-4eaf-b6e7-827b344d49b1,revision_number=1']} {{(pid=106379) push /opt/stack/neutron/neutron/api/rpc/handlers/resources_rpc.py:237}}
Sep 23 23:52:22.782142 n-d-713498-18 neutron-server[106379]: DEBUG neutron_lib.callbacks.manager [None req-2b8382a4-3a52-49b9-9e2b-6beae9c16963 admin admin] Notify callbacks ['neutron.plugins.ml2.ovo_rpc._ObjectChangeHandler.handle_event-487892'] for security_group, after_delete {{(pid=106379) _notify_loop /usr/local/lib/python3.8/dist-packages/neutron_lib/callbacks/manager.py:192}}
Sep 23 23:52:22.784945 n-d-713498-18 neutron-server[106379]: DEBUG neutron_lib.callbacks.manager [None req-2b8382a4-3a52-49b9-9e2b-6beae9c16963 admin admin] Notify callbacks [] for security_group, before_response {{(pid=106379) _notify_loop /usr/local/lib/python3.8/dist-packages/neutron_lib/callbacks/manager.py:192}}
Sep 23 23:52:22.792561 n-d-713498-18 neutron-server[106379]: INFO neutron.wsgi [None req-2b8382a4-3a52-49b9-9e2b-6beae9c16963 admin admin] 10.222.0.24 "DELETE /v2.0/security-groups/3379f01d-9aac-45eb-8aac-73c442b49dcc HTTP/1.1" status: 204 len: 168 time: 0.6590531
Sep 23 23:52:22.842517 n-d-713498-18 neutron-server[106380]: DEBUG neutron.db.provisioning_blocks [None req-3055bb76-b9e5-47bb-9a41-f4076b456e04 None None] Provisioning complete for port f48419ee-5645-41df-b714-dfa599556982 triggered by entity DHCP. {{(pid=106380) provisioning_complete /opt/stack/neutron/neutron/db/provisioning_blocks.py:139}}
Sep 23 23:52:22.843135 n-d-713498-18 neutron-server[106380]: DEBUG neutron_lib.callbacks.manager [None req-3055bb76-b9e5-47bb-9a41-f4076b456e04 None None] Notify callbacks ['neutron.plugins.ml2.plugin.Ml2Plugin._port_provisioned-652260'] for port, provisioning_complete {{(pid=106380) _notify_loop /usr/local/lib/python3.8/dist-packages/neutron_lib/callbacks/manager.py:192}}
Sep 23 23:52:22.849000 n-d-713498-18 neutron-server[106379]: INFO neutron.wsgi [req-745dabe7-c8c3-4980-aaeb-67165338342e req-cb720a2e-a2a5-4526-beb2-bfe69e77b1af tempest-DeleteServersAdminTestJSON-1510828251 tempest-DeleteServersAdminTestJSON-1510828251-project] 10.222.0.24 "GET /v2.0/security-groups?id=8e3f5ee7-7b08-48f9-9ef8-e963f662782c&fields=id&fields=name HTTP/1.1" status: 200 len: 286 time: 0.1486444
Sep 23 23:52:22.864124 n-d-713498-18 neutron-server[106379]: DEBUG neutron.api.rpc.handlers.resources_rpc [None req-2b8382a4-3a52-49b9-9e2b-6beae9c16963 admin admin] Pushing event deleted for resources: {'SecurityGroup': ['ID=3379f01d-9aac-45eb-8aac-73c442b49dcc,revision_number=None']} {{(pid=106379) push /opt/stack/neutron/neutron/api/rpc/handlers/resources_rpc.py:237}}
Sep 23 23:52:22.912310 n-d-713498-18 neutron-server[106379]: INFO neutron.wsgi [req-3e039dff-4838-4dfa-8a59-9f6794fae8c9 req-aa0ba844-cc80-4403-ba59-35efaf92c266 tempest-LiveMigrationTest-1387029803 tempest-LiveMigrationTest-1387029803-project] 10.222.0.24 "GET /v2.0/security-groups?id=20a91afe-44cc-4cda-8039-46b83b3a9115&fields=id&fields=name HTTP/1.1" status: 200 len: 286 time: 0.1555591
Sep 23 23:52:22.917382 n-d-713498-18 neutron-server[106378]: DEBUG neutron_lib.callbacks.manager [None req-d1eacc89-28a6-4c1d-8743-7c4b3a961cfd admin admin] Notify callbacks [] for port, precommit_update {{(pid=106378) _notify_loop /usr/local/lib/python3.8/dist-packages/neutron_lib/callbacks/manager.py:192}}
Sep 23 23:52:22.917595 n-d-713498-18 neutron-server[106379]: DEBUG neutron_lib.callbacks.manager [None req-196027a1-a181-42ee-97b3-4cfee976eb32 admin admin] Notify callbacks [] for security_group, before_delete {{(pid=106379) _notify_loop /usr/local/lib/python3.8/dist-packages/neutron_lib/callbacks/manager.py:192}}
