Sep 17 22:02:27.046885 n-d-713498-17 neutron-server[101660]: DEBUG neutron.scheduler.dhcp_agent_scheduler [None req-9949a02f-da2e-48ec-9606-841bbd8549b7 admin admin] Network hostable DHCP agents. Network: 0ba456b8-929a-4900-bd06-6dc13df9191e, hostable agents: ['bc2b3873-7290-4fde-8065-0579718a0466'], hosted agents: [] {{(pid=101660) _get_network_hostable_dhcp_agents /opt/stack/neutron/neutron/scheduler/dhcp_agent_scheduler.py:329}}
Sep 17 22:02:27.051804 n-d-713498-17 neutron-server[101660]: DEBUG neutron.api.rpc.handlers.resources_rpc [None req-9949a02f-da2e-48ec-9606-841bbd8549b7 admin admin] Pushing event updated for resources: {'Subnet': ['ID=2644d6ad-3a80-4d91-a438-f3dfbefde921,revision_number=0']} {{(pid=101660) push /opt/stack/neutron/neutron/api/rpc/handlers/resources_rpc.py:237}}
Sep 17 22:02:27.108768 n-d-713498-17 neutron-server[101661]: DEBUG neutron_lib.callbacks.manager [None req-3e3304c0-62bc-47a4-ab15-e3d3b74e05d1 admin admin] Notify callbacks [] for security_group, before_create {{(pid=101661) _notify_loop /usr/local/lib/python3.8/dist-packages/neutron_lib/callbacks/manager.py:192}}
Sep 17 22:02:27.123622 n-d-713498-17 neutron-server[101660]: DEBUG neutron.scheduler.dhcp_agent_scheduler [None req-9949a02f-da2e-48ec-9606-841bbd8549b7 admin admin] Network 0ba456b8-929a-4900-bd06-6dc13df9191e is scheduled to be hosted by DHCP agent bc2b3873-7290-4fde-8065-0579718a0466 with binding_index 1 {{(pid=101660) bind /opt/stack/neutron/neutron/scheduler/dhcp_agent_scheduler.py:227}}
Sep 17 22:02:27.181005 n-d-713498-17 neutron-server[101661]: DEBUG neutron.wsgi [-] (101661) accepted ('10.222.0.13', 52260) {{(pid=101661) server /usr/local/lib/python3.8/dist-packages/eventlet/wsgi.py:982}}
Sep 17 22:02:27.209563 n-d-713498-17 neutron-server[101660]: DEBUG neutron.scheduler.base_scheduler [None req-9949a02f-da2e-48ec-9606-841bbd8549b7 admin admin] Resources bound (agent type, host, resource id): (DHCP agent, n-d-713498-17, 0ba456b8-929a-4900-bd06-6dc13df9191e) {{(pid=101660) schedule /opt/stack/neutron/neutron/scheduler/base_scheduler.py:57}}
Sep 17 22:02:27.212650 n-d-713498-17 neutron-server[101661]: DEBUG neutron_lib.callbacks.manager [None req-3e3304c0-62bc-47a4-ab15-e3d3b74e05d1 admin admin] Notify callbacks [] for security_group, precommit_create {{(pid=101661) _notify_loop /usr/local/lib/python3.8/dist-packages/neutron_lib/callbacks/manager.py:192}}
Sep 17 22:02:27.214900 n-d-713498-17 neutron-server[101660]: DEBUG neutron.pecan_wsgi.hooks.policy_enforcement [None req-9949a02f-da2e-48ec-9606-841bbd8549b7 admin admin] Attributes excluded by policy engine: ['standard_attr_id', 'shared', 'network'] {{(pid=101660) _exclude_attributes_by_policy /opt/stack/neutron/neutron/pecan_wsgi/hooks/policy_enforcement.py:255}}
Sep 17 22:02:27.215580 n-d-713498-17 neutron-server[101660]: DEBUG neutron_lib.callbacks.manager [None req-9949a02f-da2e-48ec-9606-841bbd8549b7 admin admin] Notify callbacks ['neutron.api.rpc.agentnotifiers.dhcp_rpc_agent_api.DhcpAgentNotifyAPI._send_dhcp_notification-16479276'] for subnet, before_response {{(pid=101660) _notify_loop /usr/local/lib/python3.8/dist-packages/neutron_lib/callbacks/manager.py:192}}
Sep 17 22:02:27.222015 n-d-713498-17 neutron-server[101662]: DEBUG neutron.api.rpc.handlers.dhcp_rpc [None req-9f001be4-5eb2-46a3-bba9-db7c2cff4b02 None None] Network 0ba456b8-929a-4900-bd06-6dc13df9191e requested from n-d-713498-17 {{(pid=101662) get_network_info /opt/stack/neutron/neutron/api/rpc/handlers/dhcp_rpc.py:218}}
Sep 17 22:02:27.312270 n-d-713498-17 neutron-server[101661]: DEBUG neutron_lib.callbacks.manager [None req-3e3304c0-62bc-47a4-ab15-e3d3b74e05d1 admin admin] Notify callbacks ['neutron.plugins.ml2.ovo_rpc._ObjectChangeHandler.handle_event-16496857'] for security_group, after_create {{(pid=101661) _notify_loop /usr/local/lib/python3.8/dist-packages/neutron_lib/callbacks/manager.py:192}}
Sep 17 22:02:27.351174 n-d-713498-17 neutron-server[101661]: INFO neutron.wsgi [None req-3e3304c0-62bc-47a4-ab15-e3d3b74e05d1 admin admin] 10.222.0.13 "GET /v2.0/security-groups?tenant_id=8a30aca76d654b9ba8a5f6bd20942900&name=default HTTP/1.1" status: 200 len: 2975 time: 0.5115354
Sep 17 22:02:27.352866 n-d-713498-17 neutron-server[101662]: DEBUG neutron.api.rpc.handlers.dhcp_rpc [None req-8055e482-b462-490f-bfdf-3ba03bd9063d None None] Network 0ba456b8-929a-4900-bd06-6dc13df9191e requested from n-d-713498-17 {{(pid=101662) get_network_info /opt/stack/neutron/neutron/api/rpc/handlers/dhcp_rpc.py:218}}
Sep 17 22:02:27.353714 n-d-713498-17 neutron-server[101661]: DEBUG neutron.wsgi [-] (101661) accepted ('10.222.0.13', 52266) {{(pid=101661) server /usr/local/lib/python3.8/dist-packages/eventlet/wsgi.py:982}}
Sep 17 22:02:27.360676 n-d-713498-17 neutron-server[101661]: DEBUG neutron.api.rpc.handlers.resources_rpc [None req-3e3304c0-62bc-47a4-ab15-e3d3b74e05d1 admin admin] Pushing event updated for resources: {'SecurityGroup': ['ID=229fb2f9-20f3-4588-ae50-22fd07847689,revision_number=1']} {{(pid=101661) push /opt/stack/neutron/neutron/api/rpc/handlers/resources_rpc.py:237}}
Sep 17 22:02:27.429506 n-d-713498-17 neutron-server[101661]: DEBUG neutron_lib.callbacks.manager [None req-0de850c9-f364-439a-be2a-70d92a1912d0 admin admin] Notify callbacks [] for security_group, before_delete {{(pid=101661) _notify_loop /usr/local/lib/python3.8/dist-packages/neutron_lib/callbacks/manager.py:192}}
Sep 17 22:02:27.451761 n-d-713498-17 neutron-server[101660]: INFO neutron.wsgi [None req-9949a02f-da2e-48ec-9606-841bbd8549b7 admin admin] 10.222.0.13 "POST /v2.0/subnets HTTP/1.1" status: 201 len: 845 time: 0.8596842
Sep 17 22:02:27.467848 n-d-713498-17 neutron-server[101661]: DEBUG neutron_lib.callbacks.manager [None req-0de850c9-f364-439a-be2a-70d92a1912d0 admin admin] Notify callbacks [] for security_group, precommit_delete {{(pid=101661) _notify_loop /usr/local/lib/python3.8/dist-packages/neutron_lib/callbacks/manager.py:192}}
Sep 17 22:02:27.565833 n-d-713498-17 neutron-server[101661]: DEBUG neutron_lib.callbacks.manager [None req-5879f4d9-3dff-445d-b78e-1c756f1123f4 admin admin] Notify callbacks [] for security_group, before_create {{(pid=101661) _notify_loop /usr/local/lib/python3.8/dist-packages/neutron_lib/callbacks/manager.py:192}}
Sep 17 22:02:27.573972 n-d-713498-17 neutron-server[101661]: DEBUG neutron_lib.callbacks.manager [None req-0de850c9-f364-439a-be2a-70d92a1912d0 admin admin] Notify callbacks ['neutron.plugins.ml2.ovo_rpc._ObjectChangeHandler.handle_event-16496857'] for security_group, after_delete {{(pid=101661) _notify_loop /usr/local/lib/python3.8/dist-packages/neutron_lib/callbacks/manager.py:192}}
Sep 17 22:02:27.576642 n-d-713498-17 neutron-server[101661]: DEBUG neutron_lib.callbacks.manager [None req-0de850c9-f364-439a-be2a-70d92a1912d0 admin admin] Notify callbacks [] for security_group, before_response {{(pid=101661) _notify_loop /usr/local/lib/python3.8/dist-packages/neutron_lib/callbacks/manager.py:192}}
Sep 17 22:02:27.577776 n-d-713498-17 neutron-server[101661]: INFO neutron.wsgi [None req-0de850c9-f364-439a-be2a-70d92a1912d0 admin admin] 10.222.0.13 "DELETE /v2.0/security-groups/229fb2f9-20f3-4588-ae50-22fd07847689 HTTP/1.1" status: 204 len: 168 time: 0.2224863
Sep 17 22:02:27.590431 n-d-713498-17 neutron-server[101661]: DEBUG neutron.api.rpc.handlers.resources_rpc [None req-0de850c9-f364-439a-be2a-70d92a1912d0 admin admin] Pushing event deleted for resources: {'SecurityGroup': ['ID=229fb2f9-20f3-4588-ae50-22fd07847689,revision_number=None']} {{(pid=101661) push /opt/stack/neutron/neutron/api/rpc/handlers/resources_rpc.py:237}}
Sep 17 22:02:27.669254 n-d-713498-17 neutron-server[101661]: DEBUG neutron_lib.callbacks.manager [None req-5879f4d9-3dff-445d-b78e-1c756f1123f4 admin admin] Notify callbacks [] for security_group, precommit_create {{(pid=101661) _notify_loop /usr/local/lib/python3.8/dist-packages/neutron_lib/callbacks/manager.py:192}}
Sep 17 22:02:27.763639 n-d-713498-17 neutron-server[101661]: DEBUG neutron_lib.callbacks.manager [None req-5879f4d9-3dff-445d-b78e-1c756f1123f4 admin admin] Notify callbacks ['neutron.plugins.ml2.ovo_rpc._ObjectChangeHandler.handle_event-16496857'] for security_group, after_create {{(pid=101661) _notify_loop /usr/local/lib/python3.8/dist-packages/neutron_lib/callbacks/manager.py:192}}
Sep 17 22:02:27.803753 n-d-713498-17 neutron-server[101661]: INFO neutron.wsgi [None req-5879f4d9-3dff-445d-b78e-1c756f1123f4 admin admin] 10.222.0.13 "GET /v2.0/security-groups?tenant_id=6e814134acca40f688d4395c0d243f91&name=default HTTP/1.1" status: 200 len: 2975 time: 0.6218457
Sep 17 22:02:27.804572 n-d-713498-17 neutron-server[101661]: DEBUG neutron.api.rpc.handlers.resources_rpc [None req-5879f4d9-3dff-445d-b78e-1c756f1123f4 admin admin] Pushing event updated for resources: {'SecurityGroup': ['ID=5ebe1f3f-15b2-4d7c-9f4d-faf8b6bfae41,revision_number=1']} {{(pid=101661) push /opt/stack/neutron/neutron/api/rpc/handlers/resources_rpc.py:237}}
Sep 17 22:02:27.806730 n-d-713498-17 neutron-server[101660]: DEBUG neutron.wsgi [-] (101660) accepted ('10.222.0.13', 52288) {{(pid=101660) server /usr/local/lib/python3.8/dist-packages/eventlet/wsgi.py:982}}
Sep 17 22:02:27.866353 n-d-713498-17 neutron-server[101660]: DEBUG neutron_lib.callbacks.manager [None req-da6d44cd-f276-400f-b5cb-704fe6999692 admin admin] Notify callbacks [] for security_group, before_delete {{(pid=101660) _notify_loop /usr/local/lib/python3.8/dist-packages/neutron_lib/callbacks/manager.py:192}}
Sep 17 22:02:27.870655 n-d-713498-17 neutron-server[101661]: DEBUG neutron.wsgi [-] (101661) accepted ('10.222.0.13', 52290) {{(pid=101661) server /usr/local/lib/python3.8/dist-packages/eventlet/wsgi.py:982}}
Sep 17 22:02:27.884367 n-d-713498-17 neutron-server[101661]: DEBUG neutron_lib.callbacks.manager [None req-e11b82e2-7903-46e8-ab24-6b05cae723c0 admin admin] Notify callbacks [] for security_group, before_create {{(pid=101661) _notify_loop /usr/local/lib/python3.8/dist-packages/neutron_lib/callbacks/manager.py:192}}
Sep 17 22:02:27.887921 n-d-713498-17 neutron-server[101660]: DEBUG neutron_lib.callbacks.manager [None req-da6d44cd-f276-400f-b5cb-704fe6999692 admin admin] Notify callbacks [] for security_group, precommit_delete {{(pid=101660) _notify_loop /usr/local/lib/python3.8/dist-packages/neutron_lib/callbacks/manager.py:192}}
Sep 17 22:02:28.063732 n-d-713498-17 neutron-server[101660]: DEBUG neutron_lib.callbacks.manager [None req-da6d44cd-f276-400f-b5cb-704fe6999692 admin admin] Notify callbacks ['neutron.plugins.ml2.ovo_rpc._ObjectChangeHandler.handle_event-16496857'] for security_group, after_delete {{(pid=101660) _notify_loop /usr/local/lib/python3.8/dist-packages/neutron_lib/callbacks/manager.py:192}}
Sep 17 22:02:28.066280 n-d-713498-17 neutron-server[101660]: DEBUG neutron_lib.callbacks.manager [None req-da6d44cd-f276-400f-b5cb-704fe6999692 admin admin] Notify callbacks [] for security_group, before_response {{(pid=101660) _notify_loop /usr/local/lib/python3.8/dist-packages/neutron_lib/callbacks/manager.py:192}}
Sep 17 22:02:28.069223 n-d-713498-17 neutron-server[101660]: INFO neutron.wsgi [None req-da6d44cd-f276-400f-b5cb-704fe6999692 admin admin] 10.222.0.13 "DELETE /v2.0/security-groups/5ebe1f3f-15b2-4d7c-9f4d-faf8b6bfae41 HTTP/1.1" status: 204 len: 168 time: 0.2614255
Sep 17 22:02:28.078910 n-d-713498-17 neutron-server[101660]: DEBUG neutron.api.rpc.handlers.resources_rpc [None req-da6d44cd-f276-400f-b5cb-704fe6999692 admin admin] Pushing event deleted for resources: {'SecurityGroup': ['ID=5ebe1f3f-15b2-4d7c-9f4d-faf8b6bfae41,revision_number=None']} {{(pid=101660) push /opt/stack/neutron/neutron/api/rpc/handlers/resources_rpc.py:237}}
Sep 17 22:02:28.123506 n-d-713498-17 neutron-server[101661]: DEBUG neutron_lib.callbacks.manager [None req-e11b82e2-7903-46e8-ab24-6b05cae723c0 admin admin] Notify callbacks [] for security_group, precommit_create {{(pid=101661) _notify_loop /usr/local/lib/python3.8/dist-packages/neutron_lib/callbacks/manager.py:192}}
Sep 17 22:02:28.203837 n-d-713498-17 neutron-server[101661]: DEBUG neutron_lib.callbacks.manager [None req-e11b82e2-7903-46e8-ab24-6b05cae723c0 admin admin] Notify callbacks ['neutron.plugins.ml2.ovo_rpc._ObjectChangeHandler.handle_event-16496857'] for security_group, after_create {{(pid=101661) _notify_loop /usr/local/lib/python3.8/dist-packages/neutron_lib/callbacks/manager.py:192}}
Sep 17 22:02:28.245007 n-d-713498-17 neutron-server[101661]: INFO neutron.wsgi [None req-e11b82e2-7903-46e8-ab24-6b05cae723c0 admin admin] 10.222.0.13 "GET /v2.0/security-groups?tenant_id=1fdec22c5d914f51bc5799da80d71c2a&name=default HTTP/1.1" status: 200 len: 2975 time: 0.3732231
Sep 17 22:02:28.246364 n-d-713498-17 neutron-server[101661]: DEBUG neutron.api.rpc.handlers.resources_rpc [None req-e11b82e2-7903-46e8-ab24-6b05cae723c0 admin admin] Pushing event updated for resources: {'SecurityGroup': ['ID=295eb06a-0e1b-41f0-8c41-b327d13be1ab,revision_number=1']} {{(pid=101661) push /opt/stack/neutron/neutron/api/rpc/handlers/resources_rpc.py:237}}
Sep 17 22:02:28.248042 n-d-713498-17 neutron-server[101660]: DEBUG neutron.wsgi [-] (101660) accepted ('10.222.0.13', 52310) {{(pid=101660) server /usr/local/lib/python3.8/dist-packages/eventlet/wsgi.py:982}}
Sep 17 22:02:28.309838 n-d-713498-17 neutron-server[101660]: DEBUG neutron_lib.callbacks.manager [None req-905e8ca6-32b5-453e-93f3-b4e45aff838f admin admin] Notify callbacks [] for security_group, before_delete {{(pid=101660) _notify_loop /usr/local/lib/python3.8/dist-packages/neutron_lib/callbacks/manager.py:192}}
Sep 17 22:02:28.330567 n-d-713498-17 neutron-server[101660]: DEBUG neutron_lib.callbacks.manager [None req-905e8ca6-32b5-453e-93f3-b4e45aff838f admin admin] Notify callbacks [] for security_group, precommit_delete {{(pid=101660) _notify_loop /usr/local/lib/python3.8/dist-packages/neutron_lib/callbacks/manager.py:192}}
Sep 17 22:02:28.455023 n-d-713498-17 neutron-server[101660]: DEBUG neutron_lib.callbacks.manager [None req-905e8ca6-32b5-453e-93f3-b4e45aff838f admin admin] Notify callbacks ['neutron.plugins.ml2.ovo_rpc._ObjectChangeHandler.handle_event-16496857'] for security_group, after_delete {{(pid=101660) _notify_loop /usr/local/lib/python3.8/dist-packages/neutron_lib/callbacks/manager.py:192}}
Sep 17 22:02:28.457599 n-d-713498-17 neutron-server[101660]: DEBUG neutron_lib.callbacks.manager [None req-905e8ca6-32b5-453e-93f3-b4e45aff838f admin admin] Notify callbacks [] for security_group, before_response {{(pid=101660) _notify_loop /usr/local/lib/python3.8/dist-packages/neutron_lib/callbacks/manager.py:192}}
Sep 17 22:02:28.458749 n-d-713498-17 neutron-server[101660]: INFO neutron.wsgi [None req-905e8ca6-32b5-453e-93f3-b4e45aff838f admin admin] 10.222.0.13 "DELETE /v2.0/security-groups/295eb06a-0e1b-41f0-8c41-b327d13be1ab HTTP/1.1" status: 204 len: 168 time: 0.2073534
Sep 17 22:02:28.466293 n-d-713498-17 neutron-server[101660]: DEBUG neutron.api.rpc.handlers.resources_rpc [None req-905e8ca6-32b5-453e-93f3-b4e45aff838f admin admin] Pushing event deleted for resources: {'SecurityGroup': ['ID=295eb06a-0e1b-41f0-8c41-b327d13be1ab,revision_number=None']} {{(pid=101660) push /opt/stack/neutron/neutron/api/rpc/handlers/resources_rpc.py:237}}
Sep 17 22:02:28.607103 n-d-713498-17 neutron-server[101661]: DEBUG neutron.wsgi [-] (101661) accepted ('10.222.0.13', 52316) {{(pid=101661) server /usr/local/lib/python3.8/dist-packages/eventlet/wsgi.py:982}}
Sep 17 22:02:28.618409 n-d-713498-17 neutron-server[101661]: DEBUG neutron_lib.callbacks.manager [None req-6e21da46-c7fc-44d5-812d-c67526e1a4da admin admin] Notify callbacks [] for security_group, before_create {{(pid=101661) _notify_loop /usr/local/lib/python3.8/dist-packages/neutron_lib/callbacks/manager.py:192}}
Sep 17 22:02:28.704271 n-d-713498-17 neutron-server[101661]: DEBUG neutron_lib.callbacks.manager [None req-6e21da46-c7fc-44d5-812d-c67526e1a4da admin admin] Notify callbacks [] for security_group, precommit_create {{(pid=101661) _notify_loop /usr/local/lib/python3.8/dist-packages/neutron_lib/callbacks/manager.py:192}}
Sep 17 22:02:28.799960 n-d-713498-17 neutron-server[101661]: DEBUG neutron.wsgi [-] (101661) accepted ('10.222.0.13', 52326) {{(pid=101661) server /usr/local/lib/python3.8/dist-packages/eventlet/wsgi.py:982}}
Sep 17 22:02:28.803319 n-d-713498-17 neutron-server[101661]: WARNING keystonemiddleware.auth_token [-] A valid token was submitted as a service token, but it was not a valid service token. This is incorrect but backwards compatible behaviour. This will be removed in future releases.
Sep 17 22:02:28.831667 n-d-713498-17 neutron-server[101661]: DEBUG neutron_lib.callbacks.manager [None req-6e21da46-c7fc-44d5-812d-c67526e1a4da admin admin] Notify callbacks ['neutron.plugins.ml2.ovo_rpc._ObjectChangeHandler.handle_event-16496857'] for security_group, after_create {{(pid=101661) _notify_loop /usr/local/lib/python3.8/dist-packages/neutron_lib/callbacks/manager.py:192}}
Sep 17 22:02:28.837569 n-d-713498-17 neutron-server[101661]: INFO neutron.wsgi [req-243c3627-379c-479b-86e3-c086e3aa86e1 req-8ab386c8-c53f-45b6-8c76-2fd6feff6492 tempest-AggregatesAdminTestJSON-1306349767 tempest-AggregatesAdminTestJSON-1306349767-project] 10.222.0.13 "GET /v2.0/networks?tenant_id=9bfee748c24148c6a6bafc59757cae4f&shared=False HTTP/1.1" status: 200 len: 213 time: 0.0354989
Sep 17 22:02:28.916323 n-d-713498-17 neutron-server[101661]: DEBUG neutron.api.rpc.handlers.resources_rpc [None req-6e21da46-c7fc-44d5-812d-c67526e1a4da admin admin] Pushing event updated for resources: {'SecurityGroup': ['ID=2fa0edc3-a390-4ed9-a53d-61190a649988,revision_number=1']} {{(pid=101661) push /opt/stack/neutron/neutron/api/rpc/handlers/resources_rpc.py:237}}
Sep 17 22:02:28.933738 n-d-713498-17 neutron-server[101661]: INFO neutron.wsgi [None req-6e21da46-c7fc-44d5-812d-c67526e1a4da admin admin] 10.222.0.13 "GET /v2.0/security-groups?tenant_id=36117d14b4cb46cea7fcb41f491c56c6&name=default HTTP/1.1" status: 200 len: 2975 time: 0.3291755
Sep 17 22:02:28.936516 n-d-713498-17 neutron-server[101660]: DEBUG neutron.wsgi [-] (101660) accepted ('10.222.0.13', 52334) {{(pid=101660) server /usr/local/lib/python3.8/dist-packages/eventlet/wsgi.py:982}}
Sep 17 22:02:28.984843 n-d-713498-17 neutron-server[101660]: DEBUG neutron_lib.callbacks.manager [None req-07c39b53-7b00-4fe4-a85d-9a89d47139aa admin admin] Notify callbacks [] for security_group, before_delete {{(pid=101660) _notify_loop /usr/local/lib/python3.8/dist-packages/neutron_lib/callbacks/manager.py:192}}
Sep 17 22:02:29.006332 n-d-713498-17 neutron-server[101660]: DEBUG neutron_lib.callbacks.manager [None req-07c39b53-7b00-4fe4-a85d-9a89d47139aa admin admin] Notify callbacks [] for security_group, precommit_delete {{(pid=101660) _notify_loop /usr/local/lib/python3.8/dist-packages/neutron_lib/callbacks/manager.py:192}}
Sep 17 22:02:29.072265 n-d-713498-17 neutron-server[101661]: DEBUG neutron.pecan_wsgi.hooks.policy_enforcement [req-243c3627-379c-479b-86e3-c086e3aa86e1 req-511ae032-aaef-4563-b077-6f9bafd44497 tempest-AggregatesAdminTestJSON-1306349767 tempest-AggregatesAdminTestJSON-1306349767-project] Attributes excluded by policy engine: ['standard_attr_id', 'vlan_transparent', 'provider:network_type', 'provider:physical_network', 'provider:segmentation_id'] {{(pid=101661) _exclude_attributes_by_policy /opt/stack/neutron/neutron/pecan_wsgi/hooks/policy_enforcement.py:255}}
Sep 17 22:02:29.075277 n-d-713498-17 neutron-server[101661]: INFO neutron.wsgi [req-243c3627-379c-479b-86e3-c086e3aa86e1 req-511ae032-aaef-4563-b077-6f9bafd44497 tempest-AggregatesAdminTestJSON-1306349767 tempest-AggregatesAdminTestJSON-1306349767-project] 10.222.0.13 "GET /v2.0/networks?shared=True HTTP/1.1" status: 200 len: 769 time: 0.2251661
Sep 17 22:02:29.091739 n-d-713498-17 neutron-server[101661]: INFO neutron.wsgi [req-243c3627-379c-479b-86e3-c086e3aa86e1 req-b1a30d69-7660-4000-8b9b-1476197d0806 tempest-AggregatesAdminTestJSON-1306349767 tempest-AggregatesAdminTestJSON-1306349767-project] 10.222.0.13 "GET /v2.0/quotas/9bfee748c24148c6a6bafc59757cae4f HTTP/1.1" status: 200 len: 375 time: 0.0113883
Sep 17 22:02:29.183277 n-d-713498-17 neutron-server[101661]: INFO neutron.wsgi [req-243c3627-379c-479b-86e3-c086e3aa86e1 req-027eb0b7-7ad8-48ea-82d7-adacd4e0a507 tempest-AggregatesAdminTestJSON-1306349767 tempest-AggregatesAdminTestJSON-1306349767-project] 10.222.0.13 "GET /v2.0/ports?tenant_id=9bfee748c24148c6a6bafc59757cae4f&fields=id HTTP/1.1" status: 200 len: 210 time: 0.0835118
Sep 17 22:02:29.242985 n-d-713498-17 neutron-server[101661]: DEBUG neutron.wsgi [-] (101661) accepted ('10.222.0.13', 52344) {{(pid=101661) server /usr/local/lib/python3.8/dist-packages/eventlet/wsgi.py:982}}
Sep 17 22:02:29.257326 n-d-713498-17 neutron-server[101661]: DEBUG neutron_lib.callbacks.manager [None req-6eb9e535-3525-4fcb-9e44-48a3bc2b7cf2 admin admin] Notify callbacks [] for security_group, before_create {{(pid=101661) _notify_loop /usr/local/lib/python3.8/dist-packages/neutron_lib/callbacks/manager.py:192}}
Sep 17 22:02:29.278733 n-d-713498-17 neutron-server[101660]: DEBUG neutron_lib.callbacks.manager [None req-07c39b53-7b00-4fe4-a85d-9a89d47139aa admin admin] Notify callbacks ['neutron.plugins.ml2.ovo_rpc._ObjectChangeHandler.handle_event-16496857'] for security_group, after_delete {{(pid=101660) _notify_loop /usr/local/lib/python3.8/dist-packages/neutron_lib/callbacks/manager.py:192}}
Sep 17 22:02:29.283573 n-d-713498-17 neutron-server[101660]: DEBUG neutron_lib.callbacks.manager [None req-07c39b53-7b00-4fe4-a85d-9a89d47139aa admin admin] Notify callbacks [] for security_group, before_response {{(pid=101660) _notify_loop /usr/local/lib/python3.8/dist-packages/neutron_lib/callbacks/manager.py:192}}
Sep 17 22:02:29.293672 n-d-713498-17 neutron-server[101660]: INFO neutron.wsgi [None req-07c39b53-7b00-4fe4-a85d-9a89d47139aa admin admin] 10.222.0.13 "DELETE /v2.0/security-groups/2fa0edc3-a390-4ed9-a53d-61190a649988 HTTP/1.1" status: 204 len: 168 time: 0.3484173
Sep 17 22:02:29.297103 n-d-713498-17 neutron-server[101660]: DEBUG neutron.api.rpc.handlers.resources_rpc [None req-07c39b53-7b00-4fe4-a85d-9a89d47139aa admin admin] Pushing event deleted for resources: {'SecurityGroup': ['ID=2fa0edc3-a390-4ed9-a53d-61190a649988,revision_number=None']} {{(pid=101660) push /opt/stack/neutron/neutron/api/rpc/handlers/resources_rpc.py:237}}
Sep 17 22:02:29.360444 n-d-713498-17 neutron-server[101661]: DEBUG neutron_lib.callbacks.manager [None req-6eb9e535-3525-4fcb-9e44-48a3bc2b7cf2 admin admin] Notify callbacks [] for security_group, precommit_create {{(pid=101661) _notify_loop /usr/local/lib/python3.8/dist-packages/neutron_lib/callbacks/manager.py:192}}
Sep 17 22:02:29.432745 n-d-713498-17 neutron-server[101661]: DEBUG neutron_lib.callbacks.manager [None req-6eb9e535-3525-4fcb-9e44-48a3bc2b7cf2 admin admin] Notify callbacks ['neutron.plugins.ml2.ovo_rpc._ObjectChangeHandler.handle_event-16496857'] for security_group, after_create {{(pid=101661) _notify_loop /usr/local/lib/python3.8/dist-packages/neutron_lib/callbacks/manager.py:192}}
Sep 17 22:02:29.504490 n-d-713498-17 neutron-server[101660]: DEBUG neutron.wsgi [-] (101660) accepted ('10.222.0.13', 52368) {{(pid=101660) server /usr/local/lib/python3.8/dist-packages/eventlet/wsgi.py:982}}
Sep 17 22:02:29.518363 n-d-713498-17 neutron-server[101661]: INFO neutron.wsgi [None req-6eb9e535-3525-4fcb-9e44-48a3bc2b7cf2 admin admin] 10.222.0.13 "GET /v2.0/security-groups?tenant_id=055684e20e0a4e1c85da82ba6e47d36e&name=default HTTP/1.1" status: 200 len: 2975 time: 0.2739611
Sep 17 22:02:29.521092 n-d-713498-17 neutron-server[101661]: DEBUG neutron.api.rpc.handlers.resources_rpc [None req-6eb9e535-3525-4fcb-9e44-48a3bc2b7cf2 admin admin] Pushing event updated for resources: {'SecurityGroup': ['ID=ae9f0a02-0801-4a73-96a5-b4a0716484d0,revision_number=1']} {{(pid=101661) push /opt/stack/neutron/neutron/api/rpc/handlers/resources_rpc.py:237}}
Sep 17 22:02:29.566459 n-d-713498-17 neutron-server[101660]: DEBUG neutron_lib.callbacks.manager [None req-86a788b4-b8ca-44df-8d50-cb8abc8280e1 admin admin] Notify callbacks [] for security_group, before_delete {{(pid=101660) _notify_loop /usr/local/lib/python3.8/dist-packages/neutron_lib/callbacks/manager.py:192}}
Sep 17 22:02:29.590327 n-d-713498-17 neutron-server[101660]: DEBUG neutron_lib.callbacks.manager [None req-86a788b4-b8ca-44df-8d50-cb8abc8280e1 admin admin] Notify callbacks [] for security_group, precommit_delete {{(pid=101660) _notify_loop /usr/local/lib/python3.8/dist-packages/neutron_lib/callbacks/manager.py:192}}
Sep 17 22:02:29.597027 n-d-713498-17 neutron-server[101661]: INFO neutron.wsgi [req-3ba9e9fb-b725-42ce-834a-9e482f269aa6 req-53d5eac0-7b9c-4f72-b333-4a92de004287 tempest-AggregatesAdminTestJSON-1306349767 tempest-AggregatesAdminTestJSON-1306349767-project] 10.222.0.13 "GET /v2.0/ports?device_id=261b03a9-0391-4092-bb1d-229e9c1b583c HTTP/1.1" status: 200 len: 210 time: 0.0774481
Sep 17 22:02:29.652137 n-d-713498-17 neutron-server[101663]: DEBUG neutron.db.agents_db [None req-d01337da-660b-4001-a61c-2220527e64b8 None None] Agent healthcheck: found 7 active agents {{(pid=101663) agent_health_check /opt/stack/neutron/neutron/db/agents_db.py:317}}
Sep 17 22:02:29.695252 n-d-713498-17 neutron-server[101660]: DEBUG neutron_lib.callbacks.manager [None req-86a788b4-b8ca-44df-8d50-cb8abc8280e1 admin admin] Notify callbacks ['neutron.plugins.ml2.ovo_rpc._ObjectChangeHandler.handle_event-16496857'] for security_group, after_delete {{(pid=101660) _notify_loop /usr/local/lib/python3.8/dist-packages/neutron_lib/callbacks/manager.py:192}}
Sep 17 22:02:29.697690 n-d-713498-17 neutron-server[101660]: DEBUG neutron_lib.callbacks.manager [None req-86a788b4-b8ca-44df-8d50-cb8abc8280e1 admin admin] Notify callbacks [] for security_group, before_response {{(pid=101660) _notify_loop /usr/local/lib/python3.8/dist-packages/neutron_lib/callbacks/manager.py:192}}
Sep 17 22:02:29.699107 n-d-713498-17 neutron-server[101660]: INFO neutron.wsgi [None req-86a788b4-b8ca-44df-8d50-cb8abc8280e1 admin admin] 10.222.0.13 "DELETE /v2.0/security-groups/ae9f0a02-0801-4a73-96a5-b4a0716484d0 HTTP/1.1" status: 204 len: 168 time: 0.1931810
Sep 17 22:02:29.701448 n-d-713498-17 neutron-server[101661]: DEBUG neutron.wsgi [-] (101661) accepted ('10.222.0.13', 52382) {{(pid=101661) server /usr/local/lib/python3.8/dist-packages/eventlet/wsgi.py:982}}
Sep 17 22:02:29.713030 n-d-713498-17 neutron-server[101660]: DEBUG neutron.api.rpc.handlers.resources_rpc [None req-86a788b4-b8ca-44df-8d50-cb8abc8280e1 admin admin] Pushing event deleted for resources: {'SecurityGroup': ['ID=ae9f0a02-0801-4a73-96a5-b4a0716484d0,revision_number=None']} {{(pid=101660) push /opt/stack/neutron/neutron/api/rpc/handlers/resources_rpc.py:237}}
Sep 17 22:02:29.938456 n-d-713498-17 neutron-server[101661]: DEBUG neutron.pecan_wsgi.hooks.policy_enforcement [req-3a2a7d85-4e63-42f6-888b-e090067d19fc req-2543ce94-442d-4d08-9399-cb4a28af41db tempest-LiveMigrationTest-1614627105 tempest-LiveMigrationTest-1614627105-project] Attributes excluded by policy engine: ['standard_attr_id', 'vlan_transparent', 'provider:network_type', 'provider:physical_network', 'provider:segmentation_id'] {{(pid=101661) _exclude_attributes_by_policy /opt/stack/neutron/neutron/pecan_wsgi/hooks/policy_enforcement.py:255}}
Sep 17 22:02:29.940128 n-d-713498-17 neutron-server[101661]: INFO neutron.wsgi [req-3a2a7d85-4e63-42f6-888b-e090067d19fc req-2543ce94-442d-4d08-9399-cb4a28af41db tempest-LiveMigrationTest-1614627105 tempest-LiveMigrationTest-1614627105-project] 10.222.0.13 "GET /v2.0/networks?id=7a78a37b-139c-48e6-ab97-586948877df4 HTTP/1.1" status: 200 len: 808 time: 0.2372637
Sep 17 22:02:29.959206 n-d-713498-17 neutron-server[101661]: INFO neutron.wsgi [req-3a2a7d85-4e63-42f6-888b-e090067d19fc req-e44e99cb-5d03-48e1-95dc-a0752d564a70 tempest-LiveMigrationTest-1614627105 tempest-LiveMigrationTest-1614627105-project] 10.222.0.13 "GET /v2.0/quotas/f8d6f0a567fa4f3ea465d8c3cf9da54f HTTP/1.1" status: 200 len: 375 time: 0.0120263
Sep 17 22:02:29.995049 n-d-713498-17 neutron-server[101661]: INFO neutron.wsgi [req-3a2a7d85-4e63-42f6-888b-e090067d19fc req-7a6a34cd-2c5b-48d1-ac0d-84ac1e649274 tempest-LiveMigrationTest-1614627105 tempest-LiveMigrationTest-1614627105-project] 10.222.0.13 "GET /v2.0/ports?tenant_id=f8d6f0a567fa4f3ea465d8c3cf9da54f&fields=id HTTP/1.1" status: 200 len: 210 time: 0.0301275
Sep 17 22:02:30.488033 n-d-713498-17 neutron-server[101661]: DEBUG neutron.wsgi [req-3a2a7d85-4e63-42f6-888b-e090067d19fc req-87211abc-fb1e-4497-a996-2f65ce829111 service neutron] http://10.222.0.13:9696/v2.0/extensions returned with HTTP 200 {{(pid=101661) __call__ /opt/stack/neutron/neutron/wsgi.py:729}}
Sep 17 22:02:30.490969 n-d-713498-17 neutron-server[101661]: INFO neutron.wsgi [req-3a2a7d85-4e63-42f6-888b-e090067d19fc req-87211abc-fb1e-4497-a996-2f65ce829111 service neutron] 10.222.0.13 "GET /v2.0/extensions HTTP/1.1" status: 200 len: 13640 time: 0.1186500
Sep 17 22:02:30.626501 n-d-713498-17 neutron-server[101661]: INFO neutron.wsgi [req-3a2a7d85-4e63-42f6-888b-e090067d19fc req-13069725-55c4-4438-b179-5c2977b05a52 service neutron] 10.222.0.13 "GET /v2.0/networks/7a78a37b-139c-48e6-ab97-586948877df4?fields=segments HTTP/1.1" status: 200 len: 212 time: 0.1268699
Sep 17 22:02:30.723141 n-d-713498-17 neutron-server[101661]: INFO neutron.wsgi [req-3a2a7d85-4e63-42f6-888b-e090067d19fc req-e5118aaa-02ae-441b-b7ac-d7a236afd06c service neutron] 10.222.0.13 "GET /v2.0/networks/7a78a37b-139c-48e6-ab97-586948877df4?fields=provider%3Aphysical_network&fields=provider%3Anetwork_type HTTP/1.1" status: 200 len: 281 time: 0.0892715
Sep 17 22:02:30.792284 n-d-713498-17 neutron-server[101661]: INFO neutron.wsgi [req-791d26e7-48d1-4cf4-972e-14154dc8a944 req-7c1edb93-73b2-4343-a0a2-0e06448363d4 tempest-DeleteServersAdminTestJSON-599406849 tempest-DeleteServersAdminTestJSON-599406849-project] 10.222.0.13 "GET /v2.0/networks?tenant_id=ed9fa84592794a8d9009c129e419bb9b&shared=False HTTP/1.1" status: 200 len: 213 time: 0.0272703
Sep 17 22:02:30.916905 n-d-713498-17 neutron-server[101661]: DEBUG neutron.pecan_wsgi.hooks.policy_enforcement [req-791d26e7-48d1-4cf4-972e-14154dc8a944 req-750ffcd9-cc68-4fb0-8fd2-144a5b20d736 tempest-DeleteServersAdminTestJSON-599406849 tempest-DeleteServersAdminTestJSON-599406849-project] Attributes excluded by policy engine: ['standard_attr_id', 'vlan_transparent', 'provider:network_type', 'provider:physical_network', 'provider:segmentation_id'] {{(pid=101661) _exclude_attributes_by_policy /opt/stack/neutron/neutron/pecan_wsgi/hooks/policy_enforcement.py:255}}
Sep 17 22:02:30.923592 n-d-713498-17 neutron-server[101661]: INFO neutron.wsgi [req-791d26e7-48d1-4cf4-972e-14154dc8a944 req-750ffcd9-cc68-4fb0-8fd2-144a5b20d736 tempest-DeleteServersAdminTestJSON-599406849 tempest-DeleteServersAdminTestJSON-599406849-project] 10.222.0.13 "GET /v2.0/networks?shared=True HTTP/1.1" status: 200 len: 769 time: 0.1244752
Sep 17 22:02:30.936257 n-d-713498-17 neutron-server[101661]: INFO neutron.wsgi [req-791d26e7-48d1-4cf4-972e-14154dc8a944 req-15d26157-19be-4a68-8074-1ea2b8e976dc tempest-DeleteServersAdminTestJSON-599406849 tempest-DeleteServersAdminTestJSON-599406849-project] 10.222.0.13 "GET /v2.0/quotas/ed9fa84592794a8d9009c129e419bb9b HTTP/1.1" status: 200 len: 375 time: 0.0116308
Sep 17 22:02:30.987535 n-d-713498-17 neutron-server[101661]: INFO neutron.wsgi [req-791d26e7-48d1-4cf4-972e-14154dc8a944 req-9659fdfc-5889-4c0e-90a1-483400c03a59 tempest-DeleteServersAdminTestJSON-599406849 tempest-DeleteServersAdminTestJSON-599406849-project] 10.222.0.13 "GET /v2.0/ports?tenant_id=ed9fa84592794a8d9009c129e419bb9b&fields=id HTTP/1.1" status: 200 len: 210 time: 0.0350389
Sep 17 22:02:31.067818 n-d-713498-17 neutron-server[101661]: INFO neutron.wsgi [req-c73aa163-7c0e-479c-897b-7f7fb794a2f7 req-faefd8c7-4aa7-4d30-85a4-63e2c53b745d tempest-AggregatesAdminTestJSON-1306349767 tempest-AggregatesAdminTestJSON-1306349767-project] 10.222.0.13 "GET /v2.0/ports?device_id=261b03a9-0391-4092-bb1d-229e9c1b583c HTTP/1.1" status: 200 len: 210 time: 0.0418029
Sep 17 22:02:31.169765 n-d-713498-17 neutron-server[101661]: INFO neutron.wsgi [req-8eea0bdd-d88e-457a-bc36-c968543478a4 req-fc007b08-b4f1-4a52-96ed-e524cd6d512c tempest-LiveMigrationTest-1614627105 tempest-LiveMigrationTest-1614627105-project] 10.222.0.13 "GET /v2.0/ports?device_id=4cb0abb8-3792-4514-99ec-96f144ed97ed HTTP/1.1" status: 200 len: 210 time: 0.0519104
Sep 17 22:02:31.293459 n-d-713498-17 neutron-server[101661]: INFO neutron.wsgi [req-7f376c14-629e-4284-8212-f2a4eff42a04 req-cfdaa485-f875-4af9-931d-f4012df36907 tempest-DeleteServersAdminTestJSON-599406849 tempest-DeleteServersAdminTestJSON-599406849-project] 10.222.0.13 "GET /v2.0/ports?device_id=7add4750-eeb7-48c3-b473-dae5202e4602 HTTP/1.1" status: 200 len: 210 time: 0.0467281
Sep 17 22:02:31.878223 n-d-713498-17 neutron-server[101660]: DEBUG neutron.wsgi [-] (101660) accepted ('10.222.0.13', 52518) {{(pid=101660) server /usr/local/lib/python3.8/dist-packages/eventlet/wsgi.py:982}}
Sep 17 22:02:32.208836 n-d-713498-17 neutron-server[101660]: DEBUG neutron.api.v2.base [None req-ecb3306b-cf80-4b72-8268-1b2f3c823596 admin admin] Request body: {'network': {'name': 'tempest-LiveMigrationRemoteConsolesV26Test-500188429-network', 'tenant_id': 'bc93d55801ba42ce9664839d08679a32'}} {{(pid=101660) prepare_request_body /opt/stack/neutron/neutron/api/v2/base.py:730}}
Sep 17 22:02:32.259073 n-d-713498-17 neutron-server[101661]: INFO neutron.wsgi [req-63b485cf-9ea1-42fd-8d70-e1043bc8bbc7 req-7464680b-9c37-4926-90c5-3d8152f9ed3c tempest-LiveMigrationTest-1614627105 tempest-LiveMigrationTest-1614627105-project] 10.222.0.13 "GET /v2.0/ports?device_id=4cb0abb8-3792-4514-99ec-96f144ed97ed HTTP/1.1" status: 200 len: 210 time: 0.0349727
Sep 17 22:02:32.285462 n-d-713498-17 neutron-server[101660]: DEBUG neutron.pecan_wsgi.hooks.quota_enforcement [None req-ecb3306b-cf80-4b72-8268-1b2f3c823596 admin admin] Made reservation on behalf of bc93d55801ba42ce9664839d08679a32 for: {'network': 1} {{(pid=101660) before /opt/stack/neutron/neutron/pecan_wsgi/hooks/quota_enforcement.py:53}}
Sep 17 22:02:32.292399 n-d-713498-17 neutron-server[101660]: DEBUG neutron_lib.callbacks.manager [None req-ecb3306b-cf80-4b72-8268-1b2f3c823596 admin admin] Notify callbacks ['neutron.plugins.ml2.plugin.SecurityGroupDbMixin._ensure_default_security_group_handler-16127281'] for network, before_create {{(pid=101660) _notify_loop /usr/local/lib/python3.8/dist-packages/neutron_lib/callbacks/manager.py:192}}
Sep 17 22:02:32.313795 n-d-713498-17 neutron-server[101660]: DEBUG neutron_lib.callbacks.manager [None req-ecb3306b-cf80-4b72-8268-1b2f3c823596 admin admin] Notify callbacks [] for security_group, before_create {{(pid=101660) _notify_loop /usr/local/lib/python3.8/dist-packages/neutron_lib/callbacks/manager.py:192}}
Sep 17 22:02:32.355788 n-d-713498-17 neutron-server[101661]: INFO neutron.wsgi [req-c55901ab-69ba-400d-9793-b82387f7e382 req-503c3f47-6c04-4ffa-b752-ca64b57166e4 tempest-AggregatesAdminTestJSON-1306349767 tempest-AggregatesAdminTestJSON-1306349767-project] 10.222.0.13 "GET /v2.0/ports?device_id=261b03a9-0391-4092-bb1d-229e9c1b583c HTTP/1.1" status: 200 len: 210 time: 0.0432105
Sep 17 22:02:32.427170 n-d-713498-17 neutron-server[101661]: INFO neutron.wsgi [req-9dea30e3-ba0b-46e6-aca9-07d64b3b11c3 req-e6295861-8e45-4003-a69d-9842daf4fb83 tempest-DeleteServersAdminTestJSON-599406849 tempest-DeleteServersAdminTestJSON-599406849-project] 10.222.0.13 "GET /v2.0/ports?device_id=7add4750-eeb7-48c3-b473-dae5202e4602 HTTP/1.1" status: 200 len: 210 time: 0.0477142
Sep 17 22:02:32.454728 n-d-713498-17 neutron-server[101660]: DEBUG neutron_lib.callbacks.manager [None req-ecb3306b-cf80-4b72-8268-1b2f3c823596 admin admin] Notify callbacks [] for security_group, precommit_create {{(pid=101660) _notify_loop /usr/local/lib/python3.8/dist-packages/neutron_lib/callbacks/manager.py:192}}
Sep 17 22:02:32.524381 n-d-713498-17 neutron-server[101660]: DEBUG neutron_lib.callbacks.manager [None req-ecb3306b-cf80-4b72-8268-1b2f3c823596 admin admin] Notify callbacks ['neutron.plugins.ml2.ovo_rpc._ObjectChangeHandler.handle_event-16496857'] for security_group, after_create {{(pid=101660) _notify_loop /usr/local/lib/python3.8/dist-packages/neutron_lib/callbacks/manager.py:192}}
Sep 17 22:02:32.550285 n-d-713498-17 neutron-server[101660]: DEBUG neutron.plugins.ml2.drivers.helpers [None req-ecb3306b-cf80-4b72-8268-1b2f3c823596 admin admin] vlan segment allocate from pool success with {'vlan_id': 74, 'physical_network': 'physnet1'} {{(pid=101660) allocate_partially_specified_segment /opt/stack/neutron/neutron/plugins/ml2/drivers/helpers.py:153}}
Sep 17 22:02:32.574509 n-d-713498-17 neutron-server[101660]: DEBUG neutron_lib.callbacks.manager [None req-ecb3306b-cf80-4b72-8268-1b2f3c823596 admin admin] Notify callbacks ['neutron.plugins.ml2.plugin.Ml2Plugin._handle_segment_change-628756'] for segment, precommit_create {{(pid=101660) _notify_loop /usr/local/lib/python3.8/dist-packages/neutron_lib/callbacks/manager.py:192}}
Sep 17 22:02:32.575165 n-d-713498-17 neutron-server[101660]: INFO neutron.db.segments_db [None req-ecb3306b-cf80-4b72-8268-1b2f3c823596 admin admin] Added segment f96ab7d5-a383-41f5-b875-d42906382e51 of type vlan for network 2f0fe464-60b7-46b7-9f04-c5389e4031f5
Sep 17 22:02:32.576643 n-d-713498-17 neutron-server[101660]: DEBUG neutron.api.rpc.handlers.resources_rpc [None req-ecb3306b-cf80-4b72-8268-1b2f3c823596 admin admin] Pushing event updated for resources: {'SecurityGroup': ['ID=8aebc6bd-324d-45ef-82b5-a255a579e74c,revision_number=1']} {{(pid=101660) push /opt/stack/neutron/neutron/api/rpc/handlers/resources_rpc.py:237}}
Sep 17 22:02:32.629286 n-d-713498-17 neutron-server[101660]: DEBUG neutron_lib.callbacks.manager [None req-ecb3306b-cf80-4b72-8268-1b2f3c823596 admin admin] Notify callbacks ['neutron.services.auto_allocate.db._ensure_external_network_default_value_callback-8730485302263'] for network, precommit_create {{(pid=101660) _notify_loop /usr/local/lib/python3.8/dist-packages/neutron_lib/callbacks/manager.py:192}}
Sep 17 22:02:32.747110 n-d-713498-17 neutron-server[101660]: DEBUG neutron_lib.callbacks.manager [None req-ecb3306b-cf80-4b72-8268-1b2f3c823596 admin admin] Notify callbacks ['neutron.plugins.ml2.ovo_rpc._ObjectChangeHandler.handle_event-16490507', 'neutron.api.rpc.agentnotifiers.dhcp_rpc_agent_api.DhcpAgentNotifyAPI._native_event_send_dhcp_notification-16479294'] for network, after_create {{(pid=101660) _notify_loop /usr/local/lib/python3.8/dist-packages/neutron_lib/callbacks/manager.py:192}}
Sep 17 22:02:32.748275 n-d-713498-17 neutron-server[101660]: DEBUG neutron.pecan_wsgi.hooks.policy_enforcement [None req-ecb3306b-cf80-4b72-8268-1b2f3c823596 admin admin] Attributes excluded by policy engine: ['standard_attr_id', 'vlan_transparent'] {{(pid=101660) _exclude_attributes_by_policy /opt/stack/neutron/neutron/pecan_wsgi/hooks/policy_enforcement.py:255}}
Sep 17 22:02:32.749160 n-d-713498-17 neutron-server[101660]: DEBUG neutron_lib.callbacks.manager [None req-ecb3306b-cf80-4b72-8268-1b2f3c823596 admin admin] Notify callbacks ['neutron.api.rpc.agentnotifiers.dhcp_rpc_agent_api.DhcpAgentNotifyAPI._send_dhcp_notification-16479276'] for network, before_response {{(pid=101660) _notify_loop /usr/local/lib/python3.8/dist-packages/neutron_lib/callbacks/manager.py:192}}
Sep 17 22:02:32.814947 n-d-713498-17 neutron-server[101661]: DEBUG neutron.wsgi [-] (101661) accepted ('10.222.0.32', 50934) {{(pid=101661) server /usr/local/lib/python3.8/dist-packages/eventlet/wsgi.py:982}}
Sep 17 22:02:32.828573 n-d-713498-17 neutron-server[101660]: DEBUG neutron.api.rpc.handlers.resources_rpc [None req-ecb3306b-cf80-4b72-8268-1b2f3c823596 admin admin] Pushing event updated for resources: {'Network': ['ID=2f0fe464-60b7-46b7-9f04-c5389e4031f5,revision_number=1']} {{(pid=101660) push /opt/stack/neutron/neutron/api/rpc/handlers/resources_rpc.py:237}}
Sep 17 22:02:32.845982 n-d-713498-17 neutron-server[101662]: DEBUG neutron.plugins.ml2.rpc [None req-f5c845b1-e0dd-4162-90f8-9cb87962ae9a None None] Network 2f0fe464-60b7-46b7-9f04-c5389e4031f5 details requested by agent ovs-agent-n-d-713498-17 with host n-d-713498-17 {{(pid=101662) get_network_details /opt/stack/neutron/neutron/plugins/ml2/rpc.py:248}}
Sep 17 22:02:32.846935 n-d-713498-17 neutron-server[101661]: INFO neutron.wsgi [req-243c3627-379c-479b-86e3-c086e3aa86e1 req-f4e11588-3b4c-4919-8de0-b14d3c4281e4 tempest-AggregatesAdminTestJSON-1306349767 tempest-AggregatesAdminTestJSON-1306349767-project] 10.222.0.32 "GET /v2.0/networks?tenant_id=9bfee748c24148c6a6bafc59757cae4f&shared=False HTTP/1.1" status: 200 len: 213 time: 0.0289552
Sep 17 22:02:32.867752 n-d-713498-17 neutron-server[101660]: INFO neutron.wsgi [None req-ecb3306b-cf80-4b72-8268-1b2f3c823596 admin admin] 10.222.0.13 "POST /v2.0/networks HTTP/1.1" status: 201 len: 896 time: 0.9878685
Sep 17 22:02:32.870514 n-d-713498-17 neutron-server[101660]: DEBUG neutron.wsgi [-] (101660) accepted ('10.222.0.13', 52566) {{(pid=101660) server /usr/local/lib/python3.8/dist-packages/eventlet/wsgi.py:982}}
Sep 17 22:02:32.875410 n-d-713498-17 neutron-server[101660]: DEBUG neutron.api.v2.base [None req-ed9a63b7-c8a6-4805-b906-3f0243a055e9 admin admin] Request body: {'subnet': {'network_id': '2f0fe464-60b7-46b7-9f04-c5389e4031f5', 'cidr': '172.20.0.0/28', 'name': 'tempest-LiveMigrationRemoteConsolesV26Test-500188429-subnet', 'tenant_id': 'bc93d55801ba42ce9664839d08679a32', 'enable_dhcp': False, 'ip_version': 4}} {{(pid=101660) prepare_request_body /opt/stack/neutron/neutron/api/v2/base.py:730}}
Sep 17 22:02:32.971263 n-d-713498-17 neutron-server[101661]: DEBUG neutron.pecan_wsgi.hooks.policy_enforcement [req-243c3627-379c-479b-86e3-c086e3aa86e1 req-90c92ab5-cc85-4de5-8cbd-0405955b0094 tempest-AggregatesAdminTestJSON-1306349767 tempest-AggregatesAdminTestJSON-1306349767-project] Attributes excluded by policy engine: ['standard_attr_id', 'vlan_transparent', 'provider:network_type', 'provider:physical_network', 'provider:segmentation_id'] {{(pid=101661) _exclude_attributes_by_policy /opt/stack/neutron/neutron/pecan_wsgi/hooks/policy_enforcement.py:255}}
Sep 17 22:02:32.973497 n-d-713498-17 neutron-server[101661]: INFO neutron.wsgi [req-243c3627-379c-479b-86e3-c086e3aa86e1 req-90c92ab5-cc85-4de5-8cbd-0405955b0094 tempest-AggregatesAdminTestJSON-1306349767 tempest-AggregatesAdminTestJSON-1306349767-project] 10.222.0.32 "GET /v2.0/networks?shared=True HTTP/1.1" status: 200 len: 769 time: 0.1216676
Sep 17 22:02:33.003502 n-d-713498-17 neutron-server[101660]: DEBUG neutron.pecan_wsgi.hooks.quota_enforcement [None req-ed9a63b7-c8a6-4805-b906-3f0243a055e9 admin admin] Made reservation on behalf of bc93d55801ba42ce9664839d08679a32 for: {'subnet': 1} {{(pid=101660) before /opt/stack/neutron/neutron/pecan_wsgi/hooks/quota_enforcement.py:53}}
Sep 17 22:02:33.007641 n-d-713498-17 neutron-server[101660]: DEBUG neutron_lib.callbacks.manager [None req-ed9a63b7-c8a6-4805-b906-3f0243a055e9 admin admin] Notify callbacks [] for subnet, before_create {{(pid=101660) _notify_loop /usr/local/lib/python3.8/dist-packages/neutron_lib/callbacks/manager.py:192}}
Sep 17 22:02:33.061960 n-d-713498-17 neutron-server[101661]: DEBUG neutron.api.v2.base [req-243c3627-379c-479b-86e3-c086e3aa86e1 req-b522480b-1f77-43de-92a0-a062b3669e95 tempest-AggregatesAdminTestJSON-1306349767 tempest-AggregatesAdminTestJSON-1306349767-project] Request body: {'port': {'device_id': '261b03a9-0391-4092-bb1d-229e9c1b583c', 'network_id': '9d90f441-9cff-4bd7-800b-7aeb308128a9', 'admin_state_up': True, 'tenant_id': '9bfee748c24148c6a6bafc59757cae4f'}} {{(pid=101661) prepare_request_body /opt/stack/neutron/neutron/api/v2/base.py:730}}
Sep 17 22:02:33.290338 n-d-713498-17 neutron-server[101660]: DEBUG neutron_lib.callbacks.manager [None req-ed9a63b7-c8a6-4805-b906-3f0243a055e9 admin admin] Notify callbacks ['neutron.plugins.ml2.ovo_rpc._ObjectChangeHandler.handle_event-16490623', 'neutron.api.rpc.agentnotifiers.dhcp_rpc_agent_api.DhcpAgentNotifyAPI._native_event_send_dhcp_notification-16479294'] for subnet, after_create {{(pid=101660) _notify_loop /usr/local/lib/python3.8/dist-packages/neutron_lib/callbacks/manager.py:192}}
Sep 17 22:02:33.340498 n-d-713498-17 neutron-server[101661]: DEBUG neutron.wsgi [-] (101661) accepted ('10.222.0.13', 52590) {{(pid=101661) server /usr/local/lib/python3.8/dist-packages/eventlet/wsgi.py:982}}
Sep 17 22:02:33.349383 n-d-713498-17 neutron-server[101660]: DEBUG neutron.api.rpc.handlers.resources_rpc [None req-ed9a63b7-c8a6-4805-b906-3f0243a055e9 admin admin] Pushing event updated for resources: {'Subnet': ['ID=e2c906c9-898e-41da-a402-de2ea4829c43,revision_number=0']} {{(pid=101660) push /opt/stack/neutron/neutron/api/rpc/handlers/resources_rpc.py:237}}
Sep 17 22:02:33.381080 n-d-713498-17 neutron-server[101660]: DEBUG neutron.plugins.ml2.drivers.mech_agent [None req-ed9a63b7-c8a6-4805-b906-3f0243a055e9 admin admin] Checking segment: {'id': 'f96ab7d5-a383-41f5-b875-d42906382e51', 'network_type': 'vlan', 'physical_network': 'physnet1', 'segmentation_id': 74, 'network_id': '2f0fe464-60b7-46b7-9f04-c5389e4031f5'} for mappings: {'physnet1': 'br-data'} with network types: ['local', 'flat', 'vlan'] {{(pid=101660) check_segment_for_agent /opt/stack/neutron/neutron/plugins/ml2/drivers/mech_agent.py:358}}
Sep 17 22:02:33.381794 n-d-713498-17 neutron-server[101660]: DEBUG neutron.scheduler.dhcp_agent_scheduler [None req-ed9a63b7-c8a6-4805-b906-3f0243a055e9 admin admin] Network hostable DHCP agents. Network: 2f0fe464-60b7-46b7-9f04-c5389e4031f5, hostable agents: ['bc2b3873-7290-4fde-8065-0579718a0466'], hosted agents: [] {{(pid=101660) _get_network_hostable_dhcp_agents /opt/stack/neutron/neutron/scheduler/dhcp_agent_scheduler.py:329}}
Sep 17 22:02:33.405128 n-d-713498-17 neutron-server[101661]: INFO neutron.wsgi [req-40150560-8c00-4ab4-afa4-74a9aa3dd780 req-2792b135-69ac-45c7-b40c-7ecb277ef6c3 tempest-LiveMigrationTest-1614627105 tempest-LiveMigrationTest-1614627105-project] 10.222.0.13 "GET /v2.0/ports?device_id=4cb0abb8-3792-4514-99ec-96f144ed97ed HTTP/1.1" status: 200 len: 210 time: 0.0455518
Sep 17 22:02:33.418694 n-d-713498-17 neutron-server[101661]: DEBUG neutron.pecan_wsgi.hooks.quota_enforcement [req-243c3627-379c-479b-86e3-c086e3aa86e1 req-b522480b-1f77-43de-92a0-a062b3669e95 tempest-AggregatesAdminTestJSON-1306349767 tempest-AggregatesAdminTestJSON-1306349767-project] Made reservation on behalf of 9bfee748c24148c6a6bafc59757cae4f for: {'port': 1} {{(pid=101661) before /opt/stack/neutron/neutron/pecan_wsgi/hooks/quota_enforcement.py:53}}
Sep 17 22:02:33.422627 n-d-713498-17 neutron-server[101661]: DEBUG neutron_lib.callbacks.manager [req-243c3627-379c-479b-86e3-c086e3aa86e1 req-b522480b-1f77-43de-92a0-a062b3669e95 tempest-AggregatesAdminTestJSON-1306349767 tempest-AggregatesAdminTestJSON-1306349767-project] Notify callbacks ['neutron.plugins.ml2.plugin.SecurityGroupDbMixin._ensure_default_security_group_handler-16127281'] for port, before_create {{(pid=101661) _notify_loop /usr/local/lib/python3.8/dist-packages/neutron_lib/callbacks/manager.py:192}}
Sep 17 22:02:33.432241 n-d-713498-17 neutron-server[101661]: DEBUG neutron_lib.callbacks.manager [req-243c3627-379c-479b-86e3-c086e3aa86e1 req-b522480b-1f77-43de-92a0-a062b3669e95 tempest-AggregatesAdminTestJSON-1306349767 tempest-AggregatesAdminTestJSON-1306349767-project] Notify callbacks [] for security_group, before_create {{(pid=101661) _notify_loop /usr/local/lib/python3.8/dist-packages/neutron_lib/callbacks/manager.py:192}}
Sep 17 22:02:33.461070 n-d-713498-17 neutron-server[101660]: DEBUG neutron.scheduler.dhcp_agent_scheduler [None req-ed9a63b7-c8a6-4805-b906-3f0243a055e9 admin admin] Network 2f0fe464-60b7-46b7-9f04-c5389e4031f5 is scheduled to be hosted by DHCP agent bc2b3873-7290-4fde-8065-0579718a0466 with binding_index 1 {{(pid=101660) bind /opt/stack/neutron/neutron/scheduler/dhcp_agent_scheduler.py:227}}
Sep 17 22:02:33.535574 n-d-713498-17 neutron-server[101660]: DEBUG neutron.scheduler.base_scheduler [None req-ed9a63b7-c8a6-4805-b906-3f0243a055e9 admin admin] Resources bound (agent type, host, resource id): (DHCP agent, n-d-713498-17, 2f0fe464-60b7-46b7-9f04-c5389e4031f5) {{(pid=101660) schedule /opt/stack/neutron/neutron/scheduler/base_scheduler.py:57}}
Sep 17 22:02:33.541241 n-d-713498-17 neutron-server[101660]: DEBUG neutron.pecan_wsgi.hooks.policy_enforcement [None req-ed9a63b7-c8a6-4805-b906-3f0243a055e9 admin admin] Attributes excluded by policy engine: ['standard_attr_id', 'shared', 'network'] {{(pid=101660) _exclude_attributes_by_policy /opt/stack/neutron/neutron/pecan_wsgi/hooks/policy_enforcement.py:255}}
Sep 17 22:02:33.542068 n-d-713498-17 neutron-server[101660]: DEBUG neutron_lib.callbacks.manager [None req-ed9a63b7-c8a6-4805-b906-3f0243a055e9 admin admin] Notify callbacks ['neutron.api.rpc.agentnotifiers.dhcp_rpc_agent_api.DhcpAgentNotifyAPI._send_dhcp_notification-16479276'] for subnet, before_response {{(pid=101660) _notify_loop /usr/local/lib/python3.8/dist-packages/neutron_lib/callbacks/manager.py:192}}
Sep 17 22:02:33.545325 n-d-713498-17 neutron-server[101662]: DEBUG neutron.api.rpc.handlers.dhcp_rpc [None req-db50f3ba-1184-436f-90fe-0b6ce4fa2b54 None None] Network 2f0fe464-60b7-46b7-9f04-c5389e4031f5 requested from n-d-713498-17 {{(pid=101662) get_network_info /opt/stack/neutron/neutron/api/rpc/handlers/dhcp_rpc.py:218}}
Sep 17 22:02:33.553169 n-d-713498-17 neutron-server[101661]: DEBUG neutron_lib.callbacks.manager [req-243c3627-379c-479b-86e3-c086e3aa86e1 req-b522480b-1f77-43de-92a0-a062b3669e95 tempest-AggregatesAdminTestJSON-1306349767 tempest-AggregatesAdminTestJSON-1306349767-project] Notify callbacks [] for security_group, precommit_create {{(pid=101661) _notify_loop /usr/local/lib/python3.8/dist-packages/neutron_lib/callbacks/manager.py:192}}
