Aug 11 02:07:08.523450 n-d-713498-10 neutron-server[94653]: DEBUG neutron_lib.callbacks.manager [None req-6791af48-bc72-4636-8ef9-19f9cc65c39c admin admin] Notify callbacks ['neutron.plugins.ml2.ovo_rpc._ObjectChangeHandler.handle_event-1834166'] for security_group, after_delete {{(pid=94653) _notify_loop /usr/local/lib/python3.8/dist-packages/neutron_lib/callbacks/manager.py:192}}
Aug 11 02:07:08.526611 n-d-713498-10 neutron-server[94653]: DEBUG neutron_lib.callbacks.manager [None req-6791af48-bc72-4636-8ef9-19f9cc65c39c admin admin] Notify callbacks [] for security_group, before_response {{(pid=94653) _notify_loop /usr/local/lib/python3.8/dist-packages/neutron_lib/callbacks/manager.py:192}}
Aug 11 02:07:08.527737 n-d-713498-10 neutron-server[94653]: INFO neutron.wsgi [None req-6791af48-bc72-4636-8ef9-19f9cc65c39c admin admin] 10.222.0.68 "DELETE /v2.0/security-groups/ff00bd83-bbd0-45f3-abac-a2719115a4f9 HTTP/1.1" status: 204 len: 168 time: 0.5601890
Aug 11 02:07:08.546417 n-d-713498-10 neutron-server[94653]: DEBUG neutron.api.rpc.handlers.resources_rpc [None req-61a9f678-9940-4fae-b9ff-61975218de19 admin admin] Pushing event deleted for resources: {'SecurityGroup': ['ID=99e55958-fc34-4ae3-a14d-38baad1f32fe,revision_number=None']} {{(pid=94653) push /opt/stack/neutron/neutron/api/rpc/handlers/resources_rpc.py:237}}
Aug 11 02:07:08.584853 n-d-713498-10 neutron-server[94653]: DEBUG neutron.api.rpc.handlers.resources_rpc [None req-6791af48-bc72-4636-8ef9-19f9cc65c39c admin admin] Pushing event deleted for resources: {'SecurityGroup': ['ID=ff00bd83-bbd0-45f3-abac-a2719115a4f9,revision_number=None']} {{(pid=94653) push /opt/stack/neutron/neutron/api/rpc/handlers/resources_rpc.py:237}}
Aug 11 02:07:08.628548 n-d-713498-10 neutron-server[94653]: DEBUG neutron_lib.callbacks.manager [req-69c4e4e2-d225-4ee7-b56c-721d352249be req-17c5f65c-d1f6-4ebf-ac0b-5a0c45cb9689 service neutron] Notify callbacks ['neutron.plugins.ml2.plugin.SecurityGroupDbMixin._ensure_default_security_group_handler-685281'] for port, before_update {{(pid=94653) _notify_loop /usr/local/lib/python3.8/dist-packages/neutron_lib/callbacks/manager.py:192}}
Aug 11 02:07:08.837317 n-d-713498-10 neutron-server[94652]: INFO neutron.wsgi [req-3ec28fb3-7c22-429c-96a4-f987642c6e69 req-942d28ea-76e9-4b53-82c2-a9ef8c5791ff tempest-DeleteServersAdminTestJSON-1714503654 tempest-DeleteServersAdminTestJSON-1714503654-project] 10.222.0.68 "GET /v2.0/security-groups?id=badb48e3-bf18-44d5-8a39-c994d1bf43a9&fields=id&fields=name HTTP/1.1" status: 200 len: 286 time: 0.5346532
Aug 11 02:07:09.222421 n-d-713498-10 neutron-server[94652]: DEBUG neutron_lib.callbacks.manager [None req-eea799ee-169e-40f5-952e-3fb49ddf83a7 admin admin] Notify callbacks [] for router_gateway, after_create {{(pid=94652) _notify_loop /usr/local/lib/python3.8/dist-packages/neutron_lib/callbacks/manager.py:192}}
Aug 11 02:07:09.451237 n-d-713498-10 neutron-server[94653]: DEBUG neutron_lib.callbacks.manager [None req-adef4232-3821-4d30-a816-85e9f6139216 admin admin] Notify callbacks [] for security_group, precommit_create {{(pid=94653) _notify_loop /usr/local/lib/python3.8/dist-packages/neutron_lib/callbacks/manager.py:192}}
Aug 11 02:07:09.474889 n-d-713498-10 neutron-server[94653]: DEBUG neutron_lib.callbacks.manager [None req-adef4232-3821-4d30-a816-85e9f6139216 admin admin] Notify callbacks ['neutron.plugins.ml2.ovo_rpc._ObjectChangeHandler.handle_event-1834166'] for security_group, after_create {{(pid=94653) _notify_loop /usr/local/lib/python3.8/dist-packages/neutron_lib/callbacks/manager.py:192}}
Aug 11 02:07:09.617097 n-d-713498-10 neutron-server[94653]: INFO neutron.wsgi [None req-adef4232-3821-4d30-a816-85e9f6139216 admin admin] 10.222.0.68 "GET /v2.0/security-groups?tenant_id=a6d31cc4692947c4903758372c556dd5&name=default HTTP/1.1" status: 200 len: 2975 time: 2.6236718
Aug 11 02:07:09.644700 n-d-713498-10 neutron-server[94653]: DEBUG neutron.wsgi [-] (94653) accepted ('10.222.0.68', 58472) {{(pid=94653) server /usr/local/lib/python3.8/dist-packages/eventlet/wsgi.py:982}}
Aug 11 02:07:09.645740 n-d-713498-10 neutron-server[94653]: DEBUG neutron.api.rpc.handlers.resources_rpc [None req-adef4232-3821-4d30-a816-85e9f6139216 admin admin] Pushing event updated for resources: {'SecurityGroup': ['ID=41503f55-8b20-4a38-9441-69370eb5e253,revision_number=1']} {{(pid=94653) push /opt/stack/neutron/neutron/api/rpc/handlers/resources_rpc.py:237}}
Aug 11 02:07:09.697436 n-d-713498-10 neutron-server[94652]: INFO neutron.wsgi [req-28fa7cd2-4455-4e5d-ae7e-74dae6d9b9b6 req-ac27ec79-2a3f-4078-bdb6-e6acc34fbbcb tempest-AggregatesAdminTestJSON-1125586911 tempest-AggregatesAdminTestJSON-1125586911-project] 10.222.0.68 "GET /v2.0/ports?device_id=cfdf2827-de83-4d53-9fe3-251eb107059d HTTP/1.1" status: 200 len: 210 time: 0.3544629
Aug 11 02:07:09.711636 n-d-713498-10 neutron-server[94652]: DEBUG neutron.pecan_wsgi.hooks.quota_enforcement [req-d8994091-6af5-4f67-8c7f-28a4dde4d8f8 req-c8bd831c-b7e0-4091-8c24-a71501b39606 tempest-AggregatesAdminTestJSON-1125586911 tempest-AggregatesAdminTestJSON-1125586911-project] Made reservation on behalf of b0e2dc58a9e84af7abd8488824261dbd for: {'port': 1} {{(pid=94652) before /opt/stack/neutron/neutron/pecan_wsgi/hooks/quota_enforcement.py:53}}
Aug 11 02:07:09.725216 n-d-713498-10 neutron-server[94652]: DEBUG neutron_lib.callbacks.manager [req-d8994091-6af5-4f67-8c7f-28a4dde4d8f8 req-c8bd831c-b7e0-4091-8c24-a71501b39606 tempest-AggregatesAdminTestJSON-1125586911 tempest-AggregatesAdminTestJSON-1125586911-project] Notify callbacks ['neutron.plugins.ml2.plugin.SecurityGroupDbMixin._ensure_default_security_group_handler-685281'] for port, before_create {{(pid=94652) _notify_loop /usr/local/lib/python3.8/dist-packages/neutron_lib/callbacks/manager.py:192}}
Aug 11 02:07:09.907276 n-d-713498-10 neutron-server[94653]: DEBUG neutron_lib.callbacks.manager [None req-f07ecb5e-89d5-4ba2-8c17-730c95a70f34 admin admin] Notify callbacks [] for security_group, before_delete {{(pid=94653) _notify_loop /usr/local/lib/python3.8/dist-packages/neutron_lib/callbacks/manager.py:192}}
Aug 11 02:07:10.007438 n-d-713498-10 neutron-server[94653]: DEBUG neutron_lib.callbacks.manager [None req-f07ecb5e-89d5-4ba2-8c17-730c95a70f34 admin admin] Notify callbacks [] for security_group, precommit_delete {{(pid=94653) _notify_loop /usr/local/lib/python3.8/dist-packages/neutron_lib/callbacks/manager.py:192}}
Aug 11 02:07:10.023040 n-d-713498-10 neutron-server[94654]: DEBUG neutron.api.rpc.handlers.dhcp_rpc [None req-a45a9234-cd94-4a62-bf44-2ca18025987a None None] Network 2da3e81b-abc3-44c9-bf4c-4c3bb35469f5 requested from n-d-713498-10 {{(pid=94654) get_network_info /opt/stack/neutron/neutron/api/rpc/handlers/dhcp_rpc.py:218}}
Aug 11 02:07:10.037175 n-d-713498-10 neutron-server[94653]: DEBUG neutron.notifiers.nova [req-69c4e4e2-d225-4ee7-b56c-721d352249be req-17c5f65c-d1f6-4ebf-ac0b-5a0c45cb9689 service neutron] Ignoring state change previous_port_status: DOWN current_port_status: DOWN port_id 23b003f5-3e8f-4584-938c-615b13045f5b {{(pid=94653) record_port_status_changed /opt/stack/neutron/neutron/notifiers/nova.py:224}}
Aug 11 02:07:10.062880 n-d-713498-10 neutron-server[94653]: DEBUG neutron_lib.callbacks.manager [req-69c4e4e2-d225-4ee7-b56c-721d352249be req-17c5f65c-d1f6-4ebf-ac0b-5a0c45cb9689 service neutron] Notify callbacks [] for port, precommit_update {{(pid=94653) _notify_loop /usr/local/lib/python3.8/dist-packages/neutron_lib/callbacks/manager.py:192}}
Aug 11 02:07:10.105385 n-d-713498-10 neutron-server[94652]: DEBUG neutron_lib.callbacks.manager [req-d8994091-6af5-4f67-8c7f-28a4dde4d8f8 req-c8bd831c-b7e0-4091-8c24-a71501b39606 tempest-AggregatesAdminTestJSON-1125586911 tempest-AggregatesAdminTestJSON-1125586911-project] Notify callbacks [] for security_group, before_create {{(pid=94652) _notify_loop /usr/local/lib/python3.8/dist-packages/neutron_lib/callbacks/manager.py:192}}
Aug 11 02:07:10.171137 n-d-713498-10 neutron-server[94654]: DEBUG neutron.plugins.ml2.rpc [None req-29273788-324a-4527-9fcc-426b85e424a6 None None] Device 3907fcfa-926a-45e5-a83c-ea3be687abda up at agent ovs-agent-n-d-713498-10 {{(pid=94654) update_device_up /opt/stack/neutron/neutron/plugins/ml2/rpc.py:296}}
Aug 11 02:07:10.184318 n-d-713498-10 neutron-server[94653]: DEBUG neutron.db.provisioning_blocks [req-69c4e4e2-d225-4ee7-b56c-721d352249be req-17c5f65c-d1f6-4ebf-ac0b-5a0c45cb9689 service neutron] Transition to ACTIVE for port object 23b003f5-3e8f-4584-938c-615b13045f5b will not be triggered until provisioned by entity L2. {{(pid=94653) add_provisioning_component /opt/stack/neutron/neutron/db/provisioning_blocks.py:73}}
Aug 11 02:07:10.202367 n-d-713498-10 neutron-server[94653]: DEBUG neutron.wsgi [-] (94653) accepted ('10.222.0.68', 58480) {{(pid=94653) server /usr/local/lib/python3.8/dist-packages/eventlet/wsgi.py:982}}
Aug 11 02:07:10.212427 n-d-713498-10 neutron-server[94653]: DEBUG neutron_lib.callbacks.manager [req-69c4e4e2-d225-4ee7-b56c-721d352249be req-17c5f65c-d1f6-4ebf-ac0b-5a0c45cb9689 service neutron] Notify callbacks ['neutron.plugins.ml2.plugin.SecurityGroupServerNotifierRpcMixin._notify_sg_on_port_change-685647', 'neutron.plugins.ml2.ovo_rpc._ObjectChangeHandler.handle_event-433114', 'neutron.api.rpc.agentnotifiers.dhcp_rpc_agent_api.DhcpAgentNotifyAPI._native_event_send_dhcp_notification-1682489', 'neutron.db.l3_db.L3RpcNotifierMixin._notify_gateway_port_ip_changed-8783419144605', 'neutron.db.l3_dvrscheduler_db._notify_l3_agent_port_update-8783418753302', 'neutron.db.l3_hascheduler_db._notify_l3_agent_ha_port_update-8783418753320'] for port, after_update {{(pid=94653) _notify_loop /usr/local/lib/python3.8/dist-packages/neutron_lib/callbacks/manager.py:192}}
Aug 11 02:07:10.304493 n-d-713498-10 neutron-server[94654]: DEBUG neutron.db.provisioning_blocks [None req-b88385af-ba87-4f79-8bfb-ad7db73b8bda None None] Provisioning for port 1a4f2af6-5db4-440c-80bb-6e713ce7c925 completed by entity DHCP. {{(pid=94654) provisioning_complete /opt/stack/neutron/neutron/db/provisioning_blocks.py:133}}
Aug 11 02:07:10.371331 n-d-713498-10 neutron-server[94654]: DEBUG neutron_lib.callbacks.manager [None req-7e9bf63a-7583-4e6a-a7cf-34eb4ddb3c7d None None] Notify callbacks ['neutron.services.segments.db._update_segment_host_mapping_for_agent-8783419314436', 'neutron.plugins.ml2.plugin.Ml2Plugin._retry_binding_revived_agents-878424'] for agent, after_update {{(pid=94654) _notify_loop /usr/local/lib/python3.8/dist-packages/neutron_lib/callbacks/manager.py:192}}
Aug 11 02:07:10.377256 n-d-713498-10 neutron-server[94653]: DEBUG neutron_lib.callbacks.manager [None req-2f9d0ce3-0df5-4076-87c8-bdcd988b0bf5 admin admin] Notify callbacks [] for security_group, before_create {{(pid=94653) _notify_loop /usr/local/lib/python3.8/dist-packages/neutron_lib/callbacks/manager.py:192}}
Aug 11 02:07:10.437414 n-d-713498-10 neutron-server[94653]: DEBUG neutron.api.rpc.handlers.resources_rpc [None req-17c5f65c-d1f6-4ebf-ac0b-5a0c45cb9689 service neutron] Pushing event updated for resources: {'Port': ['ID=23b003f5-3e8f-4584-938c-615b13045f5b,revision_number=2']} {{(pid=94653) push /opt/stack/neutron/neutron/api/rpc/handlers/resources_rpc.py:237}}
Aug 11 02:07:10.446516 n-d-713498-10 neutron-server[94653]: DEBUG neutron_lib.callbacks.manager [None req-f07ecb5e-89d5-4ba2-8c17-730c95a70f34 admin admin] Notify callbacks ['neutron.plugins.ml2.ovo_rpc._ObjectChangeHandler.handle_event-1834166'] for security_group, after_delete {{(pid=94653) _notify_loop /usr/local/lib/python3.8/dist-packages/neutron_lib/callbacks/manager.py:192}}
Aug 11 02:07:10.449263 n-d-713498-10 neutron-server[94653]: DEBUG neutron_lib.callbacks.manager [None req-f07ecb5e-89d5-4ba2-8c17-730c95a70f34 admin admin] Notify callbacks [] for security_group, before_response {{(pid=94653) _notify_loop /usr/local/lib/python3.8/dist-packages/neutron_lib/callbacks/manager.py:192}}
Aug 11 02:07:10.457384 n-d-713498-10 neutron-server[94653]: INFO neutron.wsgi [None req-f07ecb5e-89d5-4ba2-8c17-730c95a70f34 admin admin] 10.222.0.68 "DELETE /v2.0/security-groups/41503f55-8b20-4a38-9441-69370eb5e253 HTTP/1.1" status: 204 len: 168 time: 0.8063486
Aug 11 02:07:10.538436 n-d-713498-10 neutron-server[94653]: DEBUG neutron.api.rpc.handlers.resources_rpc [None req-f07ecb5e-89d5-4ba2-8c17-730c95a70f34 admin admin] Pushing event deleted for resources: {'SecurityGroup': ['ID=41503f55-8b20-4a38-9441-69370eb5e253,revision_number=None']} {{(pid=94653) push /opt/stack/neutron/neutron/api/rpc/handlers/resources_rpc.py:237}}
Aug 11 02:07:10.555034 n-d-713498-10 neutron-server[94654]: DEBUG neutron_lib.callbacks.manager [None req-84e7e658-e844-4ca6-a491-d096428914a3 None None] Notify callbacks ['neutron.services.segments.db._update_segment_host_mapping_for_agent-8783419314436', 'neutron.plugins.ml2.plugin.Ml2Plugin._retry_binding_revived_agents-878424'] for agent, after_update {{(pid=94654) _notify_loop /usr/local/lib/python3.8/dist-packages/neutron_lib/callbacks/manager.py:192}}
Aug 11 02:07:10.672269 n-d-713498-10 neutron-server[94652]: DEBUG neutron.pecan_wsgi.hooks.policy_enforcement [req-07dbd6dc-5056-41e3-9fe2-a49d958601f8 req-abf22c44-e407-4846-a00e-c06630fe4faa tempest-DeleteServersAdminTestJSON-1714503654 tempest-DeleteServersAdminTestJSON-1714503654-project] Attributes excluded by policy engine: ['standard_attr_id', 'binding:profile', 'binding:host_id', 'binding:vif_type', 'binding:vif_details'] {{(pid=94652) _exclude_attributes_by_policy /opt/stack/neutron/neutron/pecan_wsgi/hooks/policy_enforcement.py:255}}
Aug 11 02:07:10.680399 n-d-713498-10 neutron-server[94652]: INFO neutron.wsgi [req-07dbd6dc-5056-41e3-9fe2-a49d958601f8 req-abf22c44-e407-4846-a00e-c06630fe4faa tempest-DeleteServersAdminTestJSON-1714503654 tempest-DeleteServersAdminTestJSON-1714503654-project] 10.222.0.68 "GET /v2.0/ports?device_id=68dfae0e-e53f-40a8-9f11-b105594635eb HTTP/1.1" status: 200 len: 947 time: 0.5073230
Aug 11 02:07:10.685886 n-d-713498-10 neutron-server[94652]: DEBUG neutron_lib.callbacks.manager [None req-eea799ee-169e-40f5-952e-3fb49ddf83a7 admin admin] Notify callbacks ['neutron.services.l3_router.l3_router_plugin.L3_HA_NAT_db_mixin._after_router_create-1739628', 'neutron.services.l3_router.l3_router_plugin.DVRResourceOperationHandler._create_snat_interfaces_after_change-1930215'] for router, after_create {{(pid=94652) _notify_loop /usr/local/lib/python3.8/dist-packages/neutron_lib/callbacks/manager.py:192}}
Aug 11 02:07:10.729175 n-d-713498-10 neutron-server[94653]: DEBUG neutron.plugins.ml2.managers [req-69c4e4e2-d225-4ee7-b56c-721d352249be req-17c5f65c-d1f6-4ebf-ac0b-5a0c45cb9689 service neutron] Attempting to bind port 23b003f5-3e8f-4584-938c-615b13045f5b on host n-h2-713498-10 for vnic_type normal with profile {{(pid=94653) bind_port /opt/stack/neutron/neutron/plugins/ml2/managers.py:790}}
Aug 11 02:07:10.731695 n-d-713498-10 neutron-server[94653]: DEBUG neutron.plugins.ml2.managers [req-69c4e4e2-d225-4ee7-b56c-721d352249be req-17c5f65c-d1f6-4ebf-ac0b-5a0c45cb9689 service neutron] Attempting to bind port 23b003f5-3e8f-4584-938c-615b13045f5b by drivers openvswitch,hyperv on host n-h2-713498-10 at level 0 using segments [{'id': '50f05fb9-510d-4e43-9d63-9f390460af17', 'network_type': 'vlan', 'physical_network': 'physnet1', 'segmentation_id': 734, 'network_id': '0d375fd1-e65a-4a89-b485-3ef0933ea8d8'}] {{(pid=94653) _bind_port_level /opt/stack/neutron/neutron/plugins/ml2/managers.py:815}}
Aug 11 02:07:10.733104 n-d-713498-10 neutron-server[94653]: DEBUG neutron.plugins.ml2.drivers.mech_agent [req-69c4e4e2-d225-4ee7-b56c-721d352249be req-17c5f65c-d1f6-4ebf-ac0b-5a0c45cb9689 service neutron] Attempting to bind port 23b003f5-3e8f-4584-938c-615b13045f5b on network 0d375fd1-e65a-4a89-b485-3ef0933ea8d8 {{(pid=94653) bind_port /opt/stack/neutron/neutron/plugins/ml2/drivers/mech_agent.py:85}}
Aug 11 02:07:10.743916 n-d-713498-10 neutron-server[94653]: DEBUG neutron.plugins.ml2.drivers.mech_agent [req-69c4e4e2-d225-4ee7-b56c-721d352249be req-17c5f65c-d1f6-4ebf-ac0b-5a0c45cb9689 service neutron] Port 23b003f5-3e8f-4584-938c-615b13045f5b on network 0d375fd1-e65a-4a89-b485-3ef0933ea8d8 not bound, no agent of type Open vSwitch agent registered on host n-h2-713498-10 {{(pid=94653) bind_port /opt/stack/neutron/neutron/plugins/ml2/drivers/mech_agent.py:97}}
Aug 11 02:07:10.747465 n-d-713498-10 neutron-server[94653]: DEBUG neutron.plugins.ml2.drivers.mech_agent [req-69c4e4e2-d225-4ee7-b56c-721d352249be req-17c5f65c-d1f6-4ebf-ac0b-5a0c45cb9689 service neutron] Attempting to bind port 23b003f5-3e8f-4584-938c-615b13045f5b on network 0d375fd1-e65a-4a89-b485-3ef0933ea8d8 {{(pid=94653) bind_port /opt/stack/neutron/neutron/plugins/ml2/drivers/mech_agent.py:85}}
Aug 11 02:07:10.751870 n-d-713498-10 neutron-server[94654]: DEBUG neutron.db.provisioning_blocks [None req-29273788-324a-4527-9fcc-426b85e424a6 None None] Provisioning for port 3907fcfa-926a-45e5-a83c-ea3be687abda completed by entity L2. {{(pid=94654) provisioning_complete /opt/stack/neutron/neutron/db/provisioning_blocks.py:133}}
Aug 11 02:07:10.762003 n-d-713498-10 neutron-server[94653]: DEBUG neutron.plugins.ml2.drivers.mech_agent [req-69c4e4e2-d225-4ee7-b56c-721d352249be req-17c5f65c-d1f6-4ebf-ac0b-5a0c45cb9689 service neutron] Checking agent: {'id': 'c52efd8d-1ae8-494a-87a7-afd1d4f72a23', 'agent_type': 'HyperV agent', 'binary': 'neutron-hyperv-agent', 'topic': 'N/A', 'host': 'n-h2-713498-10', 'admin_state_up': True, 'created_at': datetime.datetime(2021, 8, 11, 2, 4, 40), 'started_at': datetime.datetime(2021, 8, 11, 2, 4, 40), 'heartbeat_timestamp': datetime.datetime(2021, 8, 11, 2, 7, 10), 'description': None, 'resources_synced': None, 'availability_zone': None, 'alive': True, 'configurations': {'vswitch_mappings': {'physnet1$': 'br-data'}}, 'resource_versions': {}} {{(pid=94653) bind_port /opt/stack/neutron/neutron/plugins/ml2/drivers/mech_agent.py:104}}
Aug 11 02:07:10.762782 n-d-713498-10 neutron-server[94653]: DEBUG neutron.plugins.ml2.drivers.mech_agent [req-69c4e4e2-d225-4ee7-b56c-721d352249be req-17c5f65c-d1f6-4ebf-ac0b-5a0c45cb9689 service neutron] Checking segment: {'id': '50f05fb9-510d-4e43-9d63-9f390460af17', 'network_type': 'vlan', 'physical_network': 'physnet1', 'segmentation_id': 734, 'network_id': '0d375fd1-e65a-4a89-b485-3ef0933ea8d8'} for mappings: {'physnet1$': 'br-data'} with network types: ['local', 'flat', 'vlan'] {{(pid=94653) check_segment_for_agent /opt/stack/neutron/neutron/plugins/ml2/drivers/mech_agent.py:352}}
Aug 11 02:07:10.765442 n-d-713498-10 neutron-server[94653]: DEBUG neutron.plugins.ml2.drivers.mech_agent [req-69c4e4e2-d225-4ee7-b56c-721d352249be req-17c5f65c-d1f6-4ebf-ac0b-5a0c45cb9689 service neutron] Bound using segment: {'id': '50f05fb9-510d-4e43-9d63-9f390460af17', 'network_type': 'vlan', 'physical_network': 'physnet1', 'segmentation_id': 734, 'network_id': '0d375fd1-e65a-4a89-b485-3ef0933ea8d8'} {{(pid=94653) bind_port /opt/stack/neutron/neutron/plugins/ml2/drivers/mech_agent.py:114}}
Aug 11 02:07:10.766354 n-d-713498-10 neutron-server[94653]: DEBUG neutron.plugins.ml2.managers [req-69c4e4e2-d225-4ee7-b56c-721d352249be req-17c5f65c-d1f6-4ebf-ac0b-5a0c45cb9689 service neutron] Bound port: 23b003f5-3e8f-4584-938c-615b13045f5b, host: n-h2-713498-10, vif_type: hyperv, vif_details: {"connectivity": "legacy", "port_filter": false}, binding_levels: [{'bound_driver': 'hyperv', 'bound_segment': {'id': '50f05fb9-510d-4e43-9d63-9f390460af17', 'network_type': 'vlan', 'physical_network': 'physnet1', 'segmentation_id': 734, 'network_id': '0d375fd1-e65a-4a89-b485-3ef0933ea8d8'}}] {{(pid=94653) _bind_port_level /opt/stack/neutron/neutron/plugins/ml2/managers.py:928}}
Aug 11 02:07:10.767283 n-d-713498-10 neutron-server[94653]: DEBUG neutron_lib.callbacks.manager [req-69c4e4e2-d225-4ee7-b56c-721d352249be req-17c5f65c-d1f6-4ebf-ac0b-5a0c45cb9689 service neutron] Notify callbacks ['neutron.plugins.ml2.plugin.SecurityGroupDbMixin._ensure_default_security_group_handler-685281'] for port, before_update {{(pid=94653) _notify_loop /usr/local/lib/python3.8/dist-packages/neutron_lib/callbacks/manager.py:192}}
Aug 11 02:07:10.779179 n-d-713498-10 neutron-server[94654]: DEBUG neutron.db.provisioning_blocks [None req-29273788-324a-4527-9fcc-426b85e424a6 None None] Provisioning complete for port 3907fcfa-926a-45e5-a83c-ea3be687abda triggered by entity L2. {{(pid=94654) provisioning_complete /opt/stack/neutron/neutron/db/provisioning_blocks.py:139}}
Aug 11 02:07:10.779799 n-d-713498-10 neutron-server[94654]: DEBUG neutron_lib.callbacks.manager [None req-29273788-324a-4527-9fcc-426b85e424a6 None None] Notify callbacks ['neutron.plugins.ml2.plugin.Ml2Plugin._port_provisioned-878505'] for port, provisioning_complete {{(pid=94654) _notify_loop /usr/local/lib/python3.8/dist-packages/neutron_lib/callbacks/manager.py:192}}
Aug 11 02:07:10.945834 n-d-713498-10 neutron-server[94653]: DEBUG neutron.plugins.ml2.db [req-69c4e4e2-d225-4ee7-b56c-721d352249be req-17c5f65c-d1f6-4ebf-ac0b-5a0c45cb9689 service neutron] For port 23b003f5-3e8f-4584-938c-615b13045f5b, host n-h2-713498-10, cleared binding levels {{(pid=94653) clear_binding_levels /opt/stack/neutron/neutron/plugins/ml2/db.py:87}}
Aug 11 02:07:10.961771 n-d-713498-10 neutron-server[94653]: DEBUG neutron.plugins.ml2.db [req-69c4e4e2-d225-4ee7-b56c-721d352249be req-17c5f65c-d1f6-4ebf-ac0b-5a0c45cb9689 service neutron] For port 23b003f5-3e8f-4584-938c-615b13045f5b, host n-h2-713498-10, set binding levels [PortBindingLevel(driver='hyperv',host='n-h2-713498-10',level=0,port_id=23b003f5-3e8f-4584-938c-615b13045f5b,segment=NetworkSegment(50f05fb9-510d-4e43-9d63-9f390460af17),segment_id=50f05fb9-510d-4e43-9d63-9f390460af17)] {{(pid=94653) set_binding_levels /opt/stack/neutron/neutron/plugins/ml2/db.py:59}}
Aug 11 02:07:10.974133 n-d-713498-10 neutron-server[94653]: DEBUG neutron_lib.callbacks.manager [req-69c4e4e2-d225-4ee7-b56c-721d352249be req-17c5f65c-d1f6-4ebf-ac0b-5a0c45cb9689 service neutron] Notify callbacks ['neutron.plugins.ml2.plugin.SecurityGroupServerNotifierRpcMixin._notify_sg_on_port_change-685647', 'neutron.plugins.ml2.ovo_rpc._ObjectChangeHandler.handle_event-433114', 'neutron.api.rpc.agentnotifiers.dhcp_rpc_agent_api.DhcpAgentNotifyAPI._native_event_send_dhcp_notification-1682489', 'neutron.db.l3_db.L3RpcNotifierMixin._notify_gateway_port_ip_changed-8783419144605', 'neutron.db.l3_dvrscheduler_db._notify_l3_agent_port_update-8783418753302', 'neutron.db.l3_hascheduler_db._notify_l3_agent_ha_port_update-8783418753320'] for port, after_update {{(pid=94653) _notify_loop /usr/local/lib/python3.8/dist-packages/neutron_lib/callbacks/manager.py:192}}
Aug 11 02:07:11.131673 n-d-713498-10 neutron-server[94652]: INFO neutron.wsgi [req-07dbd6dc-5056-41e3-9fe2-a49d958601f8 req-ce9e2d0c-a52b-4ac4-8450-23eb4e0b8406 tempest-DeleteServersAdminTestJSON-1714503654 tempest-DeleteServersAdminTestJSON-1714503654-project] 10.222.0.68 "GET /v2.0/security-groups?id=badb48e3-bf18-44d5-8a39-c994d1bf43a9&fields=id&fields=name HTTP/1.1" status: 200 len: 286 time: 0.4497952
Aug 11 02:07:11.178539 n-d-713498-10 neutron-server[94652]: INFO neutron.wsgi [req-ed038d77-1961-439c-92b5-9dea60036621 req-eec24ed6-8d13-415d-ae6f-889db87dc3a6 tempest-AggregatesAdminTestJSON-1125586911 tempest-AggregatesAdminTestJSON-1125586911-project] 10.222.0.68 "GET /v2.0/ports?device_id=cfdf2827-de83-4d53-9fe3-251eb107059d HTTP/1.1" status: 200 len: 210 time: 0.0761938
Aug 11 02:07:11.234043 n-d-713498-10 neutron-server[94652]: DEBUG neutron.scheduler.l3_agent_scheduler [None req-eea799ee-169e-40f5-952e-3fb49ddf83a7 admin admin] Router 7be28dc8-c4f3-494a-abdf-0a27ff65c57f is scheduled to L3 agent b81d719c-38f0-4cd1-a2cd-273c21f86970 with binding_index 1 {{(pid=94652) bind_router /opt/stack/neutron/neutron/scheduler/l3_agent_scheduler.py:210}}
Aug 11 02:07:11.295817 n-d-713498-10 neutron-server[94654]: DEBUG neutron_lib.callbacks.manager [None req-29273788-324a-4527-9fcc-426b85e424a6 None None] Notify callbacks ['neutron.plugins.ml2.plugin.SecurityGroupDbMixin._ensure_default_security_group_handler-685281'] for port, before_update {{(pid=94654) _notify_loop /usr/local/lib/python3.8/dist-packages/neutron_lib/callbacks/manager.py:192}}
Aug 11 02:07:11.452051 n-d-713498-10 neutron-server[94653]: DEBUG neutron.pecan_wsgi.hooks.policy_enforcement [req-69c4e4e2-d225-4ee7-b56c-721d352249be req-17c5f65c-d1f6-4ebf-ac0b-5a0c45cb9689 service neutron] Attributes excluded by policy engine: ['standard_attr_id'] {{(pid=94653) _exclude_attributes_by_policy /opt/stack/neutron/neutron/pecan_wsgi/hooks/policy_enforcement.py:255}}
Aug 11 02:07:11.455297 n-d-713498-10 neutron-server[94653]: DEBUG neutron_lib.callbacks.manager [req-69c4e4e2-d225-4ee7-b56c-721d352249be req-17c5f65c-d1f6-4ebf-ac0b-5a0c45cb9689 service neutron] Notify callbacks ['neutron.notifiers.nova.Notifier._send_nova_notification-194409', 'neutron.api.rpc.agentnotifiers.dhcp_rpc_agent_api.DhcpAgentNotifyAPI._send_dhcp_notification-1682471'] for port, before_response {{(pid=94653) _notify_loop /usr/local/lib/python3.8/dist-packages/neutron_lib/callbacks/manager.py:192}}
Aug 11 02:07:11.456994 n-d-713498-10 neutron-server[94653]: INFO neutron.wsgi [req-69c4e4e2-d225-4ee7-b56c-721d352249be req-17c5f65c-d1f6-4ebf-ac0b-5a0c45cb9689 service neutron] 10.222.0.61 "PUT /v2.0/ports/23b003f5-3e8f-4584-938c-615b13045f5b HTTP/1.1" status: 200 len: 1096 time: 3.2116094
Aug 11 02:07:11.466176 n-d-713498-10 neutron-server[94653]: DEBUG neutron.notifiers.nova [-] Sending events: [{'name': 'network-changed', 'server_uuid': '68dfae0e-e53f-40a8-9f11-b105594635eb', 'tag': '23b003f5-3e8f-4584-938c-615b13045f5b'}] {{(pid=94653) send_events /opt/stack/neutron/neutron/notifiers/nova.py:262}}
Aug 11 02:07:11.528642 n-d-713498-10 neutron-server[94652]: DEBUG neutron.api.rpc.agentnotifiers.l3_rpc_agent_api [None req-eea799ee-169e-40f5-952e-3fb49ddf83a7 admin admin] Notify agent at l3_agent.n-d-713498-10 the message routers_updated {{(pid=94652) _agent_notification /opt/stack/neutron/neutron/api/rpc/agentnotifiers/l3_rpc_agent_api.py:65}}
Aug 11 02:07:11.543550 n-d-713498-10 neutron-server[94655]: DEBUG neutron.api.rpc.handlers.l3_rpc [None req-d9606e69-649f-4561-819a-8575f46ea7b5 None None] Sync routers for ids ['7be28dc8-c4f3-494a-abdf-0a27ff65c57f'] in n-d-713498-10 {{(pid=94655) sync_routers /opt/stack/neutron/neutron/api/rpc/handlers/l3_rpc.py:125}}
Aug 11 02:07:11.602487 n-d-713498-10 neutron-server[94655]: DEBUG neutron.db.l3_dvrscheduler_db [None req-d9606e69-649f-4561-819a-8575f46ea7b5 None None] Routers {'7be28dc8-c4f3-494a-abdf-0a27ff65c57f'} bound to L3 agent in host n-d-713498-10 {{(pid=94655) _get_router_ids_for_agent /opt/stack/neutron/neutron/db/l3_dvrscheduler_db.py:420}}
Aug 11 02:07:11.603145 n-d-713498-10 neutron-server[94655]: DEBUG neutron.db.l3_hamode_db [None req-d9606e69-649f-4561-819a-8575f46ea7b5 None None] neutron.services.l3_router.l3_router_plugin.L3RouterPlugin method get_ha_sync_data_for_host called with arguments (, 'n-d-713498-10', Agent(admin_state_up=True,agent_type='L3 agent',availability_zone='nova',binary='neutron-l3-agent',configurations={"agent_mode": "legacy", "ex_gw_ports": 1, "extensions": [], "floating_ips": 0, "handle_internal_only_routers": true, "interface_driver": "openvswitch", "interfaces": 1, "log_agent_heartbeats": false, "routers": 1},created_at=2021-08-11T01:56:55Z,description=,heartbeat_timestamp=2021-08-11T02:06:55Z,host='n-d-713498-10',id=b81d719c-38f0-4cd1-a2cd-273c21f86970,load=0,resource_versions=,resources_synced=,started_at=2021-08-11T01:56:55Z,topic='l3_agent')) {'router_ids': ['7be28dc8-c4f3-494a-abdf-0a27ff65c57f'], 'active': True} {{(pid=94655) wrapper /usr/local/lib/python3.8/dist-packages/oslo_log/helpers.py:65}}
Aug 11 02:07:11.657278 n-d-713498-10 neutron-server[94652]: DEBUG neutron_lib.callbacks.manager [req-d8994091-6af5-4f67-8c7f-28a4dde4d8f8 req-c8bd831c-b7e0-4091-8c24-a71501b39606 tempest-AggregatesAdminTestJSON-1125586911 tempest-AggregatesAdminTestJSON-1125586911-project] Notify callbacks [] for security_group, precommit_create {{(pid=94652) _notify_loop /usr/local/lib/python3.8/dist-packages/neutron_lib/callbacks/manager.py:192}}
Aug 11 02:07:11.666929 n-d-713498-10 neutron-server[94652]: DEBUG neutron_lib.callbacks.manager [req-d8994091-6af5-4f67-8c7f-28a4dde4d8f8 req-c8bd831c-b7e0-4091-8c24-a71501b39606 tempest-AggregatesAdminTestJSON-1125586911 tempest-AggregatesAdminTestJSON-1125586911-project] Notify callbacks ['neutron.plugins.ml2.ovo_rpc._ObjectChangeHandler.handle_event-1834166'] for security_group, after_create {{(pid=94652) _notify_loop /usr/local/lib/python3.8/dist-packages/neutron_lib/callbacks/manager.py:192}}
Aug 11 02:07:11.783950 n-d-713498-10 neutron-server[94654]: DEBUG neutron.plugins.ml2.db [None req-29273788-324a-4527-9fcc-426b85e424a6 None None] For port 3907fcfa-926a-45e5-a83c-ea3be687abda, host n-d-713498-10, got binding levels [PortBindingLevel(driver='openvswitch',host='n-d-713498-10',level=0,port_id=3907fcfa-926a-45e5-a83c-ea3be687abda,segment=NetworkSegment(a1a90fcc-fc24-439a-a837-aa0a6f1fb44f),segment_id=a1a90fcc-fc24-439a-a837-aa0a6f1fb44f)] {{(pid=94654) get_binding_level_objs /opt/stack/neutron/neutron/plugins/ml2/db.py:74}}
Aug 11 02:07:11.820866 n-d-713498-10 neutron-server[94654]: DEBUG neutron_lib.callbacks.manager [None req-29273788-324a-4527-9fcc-426b85e424a6 None None] Notify callbacks ['neutron.plugins.ml2.plugin.SecurityGroupServerNotifierRpcMixin._notify_sg_on_port_change-685647', 'neutron.plugins.ml2.ovo_rpc._ObjectChangeHandler.handle_event-433114', 'neutron.api.rpc.agentnotifiers.dhcp_rpc_agent_api.DhcpAgentNotifyAPI._native_event_send_dhcp_notification-1682489', 'neutron.db.l3_db.L3RpcNotifierMixin._notify_gateway_port_ip_changed-8783419144605', 'neutron.db.l3_dvrscheduler_db._notify_l3_agent_port_update-8783418753302', 'neutron.db.l3_hascheduler_db._notify_l3_agent_ha_port_update-8783418753320'] for port, after_update {{(pid=94654) _notify_loop /usr/local/lib/python3.8/dist-packages/neutron_lib/callbacks/manager.py:192}}
Aug 11 02:07:11.824498 n-d-713498-10 neutron-server[94654]: DEBUG neutron.plugins.ml2.rpc [None req-29273788-324a-4527-9fcc-426b85e424a6 None None] Device 1a4f2af6-5db4-440c-80bb-6e713ce7c925 up at agent ovs-agent-n-d-713498-10 {{(pid=94654) update_device_up /opt/stack/neutron/neutron/plugins/ml2/rpc.py:296}}
Aug 11 02:07:11.985921 n-d-713498-10 neutron-server[94653]: DEBUG neutron_lib.callbacks.manager [None req-2f9d0ce3-0df5-4076-87c8-bdcd988b0bf5 admin admin] Notify callbacks [] for security_group, precommit_create {{(pid=94653) _notify_loop /usr/local/lib/python3.8/dist-packages/neutron_lib/callbacks/manager.py:192}}
Aug 11 02:07:12.073209 n-d-713498-10 neutron-server[94654]: DEBUG neutron.api.rpc.handlers.resources_rpc [None req-29273788-324a-4527-9fcc-426b85e424a6 None None] Pushing event updated for resources: {'Port': ['ID=3907fcfa-926a-45e5-a83c-ea3be687abda,revision_number=5']} {{(pid=94654) push /opt/stack/neutron/neutron/api/rpc/handlers/resources_rpc.py:237}}
Aug 11 02:07:12.095853 n-d-713498-10 neutron-server[94653]: DEBUG neutron_lib.callbacks.manager [None req-2f9d0ce3-0df5-4076-87c8-bdcd988b0bf5 admin admin] Notify callbacks ['neutron.plugins.ml2.ovo_rpc._ObjectChangeHandler.handle_event-1834166'] for security_group, after_create {{(pid=94653) _notify_loop /usr/local/lib/python3.8/dist-packages/neutron_lib/callbacks/manager.py:192}}
Aug 11 02:07:12.137589 n-d-713498-10 neutron-server[94655]: DEBUG neutron.db.l3_dvr_db [None req-d9606e69-649f-4561-819a-8575f46ea7b5 None None] Set router 7be28dc8-c4f3-494a-abdf-0a27ff65c57f gateway port host: n-d-713498-10 {{(pid=94655) _build_routers_list /opt/stack/neutron/neutron/db/l3_dvr_db.py:906}}
Aug 11 02:07:12.140061 n-d-713498-10 neutron-server[94652]: DEBUG neutron.db.db_base_plugin_common [req-d8994091-6af5-4f67-8c7f-28a4dde4d8f8 req-c8bd831c-b7e0-4091-8c24-a71501b39606 tempest-AggregatesAdminTestJSON-1125586911 tempest-AggregatesAdminTestJSON-1125586911-project] Allocated IP 192.168.233.68 (0d375fd1-e65a-4a89-b485-3ef0933ea8d8/805115f4-1e51-45d8-b42e-5f029540bc66/422984e1-5803-422b-8258-5c6ca3ccc557) {{(pid=94652) _store_ip_allocation /opt/stack/neutron/neutron/db/db_base_plugin_common.py:131}}
Aug 11 02:07:12.146809 n-d-713498-10 neutron-server[94654]: DEBUG neutron.db.provisioning_blocks [None req-29273788-324a-4527-9fcc-426b85e424a6 None None] Provisioning for port 1a4f2af6-5db4-440c-80bb-6e713ce7c925 completed by entity L2. {{(pid=94654) provisioning_complete /opt/stack/neutron/neutron/db/provisioning_blocks.py:133}}
Aug 11 02:07:12.197467 n-d-713498-10 neutron-server[94654]: DEBUG neutron.db.provisioning_blocks [None req-29273788-324a-4527-9fcc-426b85e424a6 None None] Provisioning complete for port 1a4f2af6-5db4-440c-80bb-6e713ce7c925 triggered by entity L2. {{(pid=94654) provisioning_complete /opt/stack/neutron/neutron/db/provisioning_blocks.py:139}}
Aug 11 02:07:12.200619 n-d-713498-10 neutron-server[94654]: DEBUG neutron_lib.callbacks.manager [None req-29273788-324a-4527-9fcc-426b85e424a6 None None] Notify callbacks ['neutron.plugins.ml2.plugin.Ml2Plugin._port_provisioned-878505'] for port, provisioning_complete {{(pid=94654) _notify_loop /usr/local/lib/python3.8/dist-packages/neutron_lib/callbacks/manager.py:192}}
Aug 11 02:07:12.227558 n-d-713498-10 neutron-server[94653]: INFO neutron.wsgi [None req-2f9d0ce3-0df5-4076-87c8-bdcd988b0bf5 admin admin] 10.222.0.68 "GET /v2.0/security-groups?tenant_id=8b8b650a663d423094e1d406f2afce91&name=default HTTP/1.1" status: 200 len: 2975 time: 2.0228386
Aug 11 02:07:12.246339 n-d-713498-10 neutron-server[94652]: DEBUG neutron.wsgi [-] (94652) accepted ('10.222.0.68', 58516) {{(pid=94652) server /usr/local/lib/python3.8/dist-packages/eventlet/wsgi.py:982}}
Aug 11 02:07:12.328112 n-d-713498-10 neutron-server[94652]: DEBUG neutron_lib.callbacks.manager [None req-eea799ee-169e-40f5-952e-3fb49ddf83a7 admin admin] Notify callbacks [] for router, before_response {{(pid=94652) _notify_loop /usr/local/lib/python3.8/dist-packages/neutron_lib/callbacks/manager.py:192}}
Aug 11 02:07:12.333762 n-d-713498-10 neutron-server[94652]: INFO neutron.wsgi [None req-eea799ee-169e-40f5-952e-3fb49ddf83a7 admin admin] 10.222.0.68 "POST /v2.0/routers HTTP/1.1" status: 201 len: 935 time: 9.0715795
Aug 11 02:07:12.345647 n-d-713498-10 neutron-server[94653]: DEBUG neutron.wsgi [-] (94653) accepted ('10.222.0.68', 58520) {{(pid=94653) server /usr/local/lib/python3.8/dist-packages/eventlet/wsgi.py:982}}
Aug 11 02:07:12.475523 n-d-713498-10 neutron-server[94654]: DEBUG neutron_lib.callbacks.manager [None req-29273788-324a-4527-9fcc-426b85e424a6 None None] Notify callbacks ['neutron.plugins.ml2.plugin.SecurityGroupDbMixin._ensure_default_security_group_handler-685281'] for port, before_update {{(pid=94654) _notify_loop /usr/local/lib/python3.8/dist-packages/neutron_lib/callbacks/manager.py:192}}
Aug 11 02:07:12.570232 n-d-713498-10 neutron-server[94653]: DEBUG neutron.api.rpc.handlers.resources_rpc [None req-17c5f65c-d1f6-4ebf-ac0b-5a0c45cb9689 service neutron] Pushing event updated for resources: {'Port': ['ID=23b003f5-3e8f-4584-938c-615b13045f5b,revision_number=3']} {{(pid=94653) push /opt/stack/neutron/neutron/api/rpc/handlers/resources_rpc.py:237}}
Aug 11 02:07:12.596456 n-d-713498-10 neutron-server[94654]: DEBUG neutron.plugins.ml2.db [None req-29273788-324a-4527-9fcc-426b85e424a6 None None] For port 1a4f2af6-5db4-440c-80bb-6e713ce7c925, host n-d-713498-10, got binding levels [PortBindingLevel(driver='openvswitch',host='n-d-713498-10',level=0,port_id=1a4f2af6-5db4-440c-80bb-6e713ce7c925,segment=NetworkSegment(61505ecb-3051-4a47-bdf4-dfb5cfcfe8aa),segment_id=61505ecb-3051-4a47-bdf4-dfb5cfcfe8aa)] {{(pid=94654) get_binding_level_objs /opt/stack/neutron/neutron/plugins/ml2/db.py:74}}
Aug 11 02:07:12.603576 n-d-713498-10 neutron-server[94654]: DEBUG neutron_lib.callbacks.manager [None req-29273788-324a-4527-9fcc-426b85e424a6 None None] Notify callbacks ['neutron.plugins.ml2.plugin.SecurityGroupServerNotifierRpcMixin._notify_sg_on_port_change-685647', 'neutron.plugins.ml2.ovo_rpc._ObjectChangeHandler.handle_event-433114', 'neutron.api.rpc.agentnotifiers.dhcp_rpc_agent_api.DhcpAgentNotifyAPI._native_event_send_dhcp_notification-1682489', 'neutron.db.l3_db.L3RpcNotifierMixin._notify_gateway_port_ip_changed-8783419144605', 'neutron.db.l3_dvrscheduler_db._notify_l3_agent_port_update-8783418753302', 'neutron.db.l3_hascheduler_db._notify_l3_agent_ha_port_update-8783418753320'] for port, after_update {{(pid=94654) _notify_loop /usr/local/lib/python3.8/dist-packages/neutron_lib/callbacks/manager.py:192}}
Aug 11 02:07:12.721426 n-d-713498-10 neutron-server[94653]: DEBUG novaclient.v2.client [-] REQ: curl -g -i --cacert "/opt/stack/data/ca-bundle.pem" -X POST http://10.222.0.68/compute/v2.1/os-server-external-events -H "Accept: application/json" -H "Content-Type: application/json" -H "User-Agent: python-novaclient" -H "X-Auth-Token: {SHA256}82d58085a0680a7eb9bd68e6707dab1e683f44b8ac7479edb1cdf944a9b5b166" -H "X-OpenStack-Nova-API-Version: 2.1" -H "X-OpenStack-Request-ID: req-bffa2e18-42ea-4ff3-98d2-ad86fd9a6cbc" -d '{"events": [{"name": "network-changed", "server_uuid": "68dfae0e-e53f-40a8-9f11-b105594635eb", "tag": "23b003f5-3e8f-4584-938c-615b13045f5b"}]}' {{(pid=94653) _http_log_request /usr/local/lib/python3.8/dist-packages/keystoneauth1/session.py:519}}
Aug 11 02:07:12.730375 n-d-713498-10 neutron-server[94653]: DEBUG neutron.api.rpc.handlers.resources_rpc [None req-2f9d0ce3-0df5-4076-87c8-bdcd988b0bf5 admin admin] Pushing event updated for resources: {'SecurityGroup': ['ID=59610005-0c9e-452a-b773-3637d55e3a5b,revision_number=1']} {{(pid=94653) push /opt/stack/neutron/neutron/api/rpc/handlers/resources_rpc.py:237}}
Aug 11 02:07:12.811474 n-d-713498-10 neutron-server[94654]: DEBUG neutron.plugins.ml2.rpc [None req-29273788-324a-4527-9fcc-426b85e424a6 None None] Device 3907fcfa-926a-45e5-a83c-ea3be687abda up at agent ovs-agent-n-d-713498-10 {{(pid=94654) update_device_up /opt/stack/neutron/neutron/plugins/ml2/rpc.py:296}}
Aug 11 02:07:12.813253 n-d-713498-10 neutron-server[94653]: DEBUG neutron.pecan_wsgi.hooks.policy_enforcement [req-69c4e4e2-d225-4ee7-b56c-721d352249be req-2aa9e03e-c16c-43a5-a37e-21b27671b2ca service neutron] Attributes excluded by policy engine: ['standard_attr_id'] {{(pid=94653) _exclude_attributes_by_policy /opt/stack/neutron/neutron/pecan_wsgi/hooks/policy_enforcement.py:255}}
Aug 11 02:07:12.815737 n-d-713498-10 neutron-server[94653]: INFO neutron.wsgi [req-69c4e4e2-d225-4ee7-b56c-721d352249be req-2aa9e03e-c16c-43a5-a37e-21b27671b2ca service neutron] 10.222.0.61 "GET /v2.0/ports?tenant_id=bf28c1e1a75a44e9bc79926a7fd08e9f&device_id=68dfae0e-e53f-40a8-9f11-b105594635eb HTTP/1.1" status: 200 len: 1099 time: 0.8154993
Aug 11 02:07:12.918929 n-d-713498-10 neutron-server[94654]: DEBUG neutron.api.rpc.handlers.resources_rpc [None req-29273788-324a-4527-9fcc-426b85e424a6 None None] Pushing event updated for resources: {'Port': ['ID=1a4f2af6-5db4-440c-80bb-6e713ce7c925,revision_number=3']} {{(pid=94654) push /opt/stack/neutron/neutron/api/rpc/handlers/resources_rpc.py:237}}
Aug 11 02:07:12.961399 n-d-713498-10 neutron-server[94655]: DEBUG neutron.db.l3_hamode_db [None req-d9606e69-649f-4561-819a-8575f46ea7b5 None None] neutron.services.l3_router.l3_router_plugin.L3RouterPlugin method _process_sync_ha_data called with arguments (, [{'id': '7be28dc8-c4f3-494a-abdf-0a27ff65c57f', 'name': 'tempest-ServersWithSpecificFlavorTestJSON-1496864701-router', 'tenant_id': 'a6b454b208214fce9f6d670b67e01069', 'admin_state_up': True, 'status': 'ACTIVE', 'external_gateway_info': {'network_id': 'd79a2d27-fabe-43aa-8cf9-5f99d19d8f72', 'external_fixed_ips': [{'subnet_id': 'f2c414f2-329a-42e7-be55-6c1c5d7cac62', 'ip_address': '172.25.3.25'}], 'enable_snat': True}, 'gw_port_id': 'b03a9fac-56b6-4781-9c84-3da7513eda92', 'description': '', 'availability_zones': ['nova'], 'distributed': False, 'ha': False, 'ha_vr_id': 0, 'availability_zone_hints': [], 'routes': [], 'flavor_id': None, 'tags': [], 'created_at': '2021-08-11T02:07:03Z', 'updated_at': '2021-08-11T02:07:08Z', 'revision_number': 3, 'project_id': 'a6b454b208214fce9f6d670b67e01069', 'gw_port': {'id': 'b03a9fac-56b6-4781-9c84-3da7513eda92', 'name': '', 'network_id': 'd79a2d27-fabe-43aa-8cf9-5f99d19d8f72', 'tenant_id': '', 'mac_address': 'fa:16:3e:30:e2:48', 'admin_state_up': True, 'status': 'DOWN', 'device_id': '7be28dc8-c4f3-494a-abdf-0a27ff65c57f', 'device_owner': 'network:router_gateway', 'standard_attr_id': 63, 'fixed_ips': [{'subnet_id': 'f2c414f2-329a-42e7-be55-6c1c5d7cac62', 'ip_address': '172.25.3.25', 'prefixlen': 24}], 'allowed_address_pairs': [], 'extra_dhcp_opts': [], 'security_groups': [], 'description': '', 'binding:vnic_type': 'normal', 'binding:profile': {}, 'binding:host_id': '', 'binding:vif_type': 'unbound', 'binding:vif_details': {}, 'port_security_enabled': False, 'tags': [], 'created_at': '2021-08-11T02:07:05Z', 'updated_at': '2021-08-11T02:07:06Z', 'revision_number': 1, 'project_id': '', 'subnets': [{'id': 'f2c414f2-329a-42e7-be55-6c1c5d7cac62', 'cidr': '172.25.3.0/24', 'gateway_ip': '172.25.3.1', 'dns_nameservers': [], 'ipv6_ra_mode': None, 'subnetpool_id': None}], 'extra_subnets': [], 'address_scopes': {4: None, 6: None}, 'mtu': 1500}, 'enable_snat': True, 'gw_port_host': 'n-d-713498-10'}], 'n-d-713498-10', False) {} {{(pid=94655) wrapper /usr/local/lib/python3.8/dist-packages/oslo_log/helpers.py:65}}
Aug 11 02:07:13.029848 n-d-713498-10 neutron-server[94655]: DEBUG neutron.api.rpc.handlers.l3_rpc [None req-d9606e69-649f-4561-819a-8575f46ea7b5 None None] Checking router: 7be28dc8-c4f3-494a-abdf-0a27ff65c57f for host: n-d-713498-10 {{(pid=94655) _ensure_host_set_on_ports /opt/stack/neutron/neutron/api/rpc/handlers/l3_rpc.py:155}}
Aug 11 02:07:13.030579 n-d-713498-10 neutron-server[94655]: DEBUG neutron.api.rpc.handlers.l3_rpc [None req-d9606e69-649f-4561-819a-8575f46ea7b5 None None] Updating router 7be28dc8-c4f3-494a-abdf-0a27ff65c57f port b03a9fac-56b6-4781-9c84-3da7513eda92 binding host n-d-713498-10 {{(pid=94655) _ensure_host_set_on_port /opt/stack/neutron/neutron/api/rpc/handlers/l3_rpc.py:205}}
Aug 11 02:07:13.067846 n-d-713498-10 neutron-server[94653]: INFO neutron.wsgi [req-69c4e4e2-d225-4ee7-b56c-721d352249be req-2a7fa8b9-7aae-437c-9356-96c45a2b8d7b service neutron] 10.222.0.61 "GET /v2.0/floatingips?fixed_ip_address=192.168.233.14&port_id=23b003f5-3e8f-4584-938c-615b13045f5b HTTP/1.1" status: 200 len: 217 time: 0.2376540
Aug 11 02:07:13.091473 n-d-713498-10 neutron-server[94654]: DEBUG neutron.db.provisioning_blocks [None req-29273788-324a-4527-9fcc-426b85e424a6 None None] Provisioning complete for port 3907fcfa-926a-45e5-a83c-ea3be687abda triggered by entity L2. {{(pid=94654) provisioning_complete /opt/stack/neutron/neutron/db/provisioning_blocks.py:139}}
Aug 11 02:07:13.099049 n-d-713498-10 neutron-server[94654]: DEBUG neutron_lib.callbacks.manager [None req-29273788-324a-4527-9fcc-426b85e424a6 None None] Notify callbacks ['neutron.plugins.ml2.plugin.Ml2Plugin._port_provisioned-878505'] for port, provisioning_complete {{(pid=94654) _notify_loop /usr/local/lib/python3.8/dist-packages/neutron_lib/callbacks/manager.py:192}}
Aug 11 02:07:13.128581 n-d-713498-10 neutron-server[94655]: DEBUG neutron_lib.callbacks.manager [None req-d9606e69-649f-4561-819a-8575f46ea7b5 None None] Notify callbacks ['neutron.plugins.ml2.plugin.SecurityGroupDbMixin._ensure_default_security_group_handler-685281'] for port, before_update {{(pid=94655) _notify_loop /usr/local/lib/python3.8/dist-packages/neutron_lib/callbacks/manager.py:192}}
Aug 11 02:07:13.196205 n-d-713498-10 neutron-server[94652]: INFO neutron.wsgi [req-a1788af2-4ef0-4e31-befa-2023c2131dbd req-34c7747e-219f-46d2-8505-266ec845300a tempest-AggregatesAdminTestJSON-1125586911 tempest-AggregatesAdminTestJSON-1125586911-project] 10.222.0.68 "GET /v2.0/ports?device_id=cfdf2827-de83-4d53-9fe3-251eb107059d HTTP/1.1" status: 200 len: 210 time: 0.7377751
Aug 11 02:07:13.277340 n-d-713498-10 neutron-server[94652]: DEBUG neutron.api.rpc.handlers.resources_rpc [None req-c8bd831c-b7e0-4091-8c24-a71501b39606 tempest-AggregatesAdminTestJSON-1125586911 tempest-AggregatesAdminTestJSON-1125586911-project] Pushing event updated for resources: {'SecurityGroup': ['ID=fd801c2a-9f1c-4077-8a26-42a01131d545,revision_number=1']} {{(pid=94652) push /opt/stack/neutron/neutron/api/rpc/handlers/resources_rpc.py:237}}
Aug 11 02:07:13.416240 n-d-713498-10 neutron-server[94653]: DEBUG neutron.pecan_wsgi.hooks.policy_enforcement [req-69c4e4e2-d225-4ee7-b56c-721d352249be req-ec33401b-8125-4d75-8ec1-22c5eec65279 service neutron] Attributes excluded by policy engine: ['standard_attr_id', 'shared'] {{(pid=94653) _exclude_attributes_by_policy /opt/stack/neutron/neutron/pecan_wsgi/hooks/policy_enforcement.py:255}}
Aug 11 02:07:13.425780 n-d-713498-10 neutron-server[94653]: INFO neutron.wsgi [req-69c4e4e2-d225-4ee7-b56c-721d352249be req-ec33401b-8125-4d75-8ec1-22c5eec65279 service neutron] 10.222.0.61 "GET /v2.0/subnets?id=805115f4-1e51-45d8-b42e-5f029540bc66 HTTP/1.1" status: 200 len: 843 time: 0.3459787
Aug 11 02:07:13.434167 n-d-713498-10 neutron-server[94652]: DEBUG neutron.pecan_wsgi.hooks.policy_enforcement [req-e9dc4afa-d3e9-4070-b2a9-bc3f475a7bcc req-422ffebb-9af5-43ac-9f74-32d3ef3e6824 tempest-DeleteServersAdminTestJSON-1714503654 tempest-DeleteServersAdminTestJSON-1714503654-project] Attributes excluded by policy engine: ['standard_attr_id', 'binding:profile', 'binding:host_id', 'binding:vif_type', 'binding:vif_details'] {{(pid=94652) _exclude_attributes_by_policy /opt/stack/neutron/neutron/pecan_wsgi/hooks/policy_enforcement.py:255}}
Aug 11 02:07:13.445007 n-d-713498-10 neutron-server[94652]: INFO neutron.wsgi [req-e9dc4afa-d3e9-4070-b2a9-bc3f475a7bcc req-422ffebb-9af5-43ac-9f74-32d3ef3e6824 tempest-DeleteServersAdminTestJSON-1714503654 tempest-DeleteServersAdminTestJSON-1714503654-project] 10.222.0.68 "GET /v2.0/ports?device_id=68dfae0e-e53f-40a8-9f11-b105594635eb HTTP/1.1" status: 200 len: 947 time: 1.0894365
Aug 11 02:07:13.476137 n-d-713498-10 neutron-server[94652]: DEBUG neutron_lib.callbacks.manager [None req-17997a1d-1171-4e9c-91ba-2d6659be2dfa admin admin] Notify callbacks [] for security_group, before_delete {{(pid=94652) _notify_loop /usr/local/lib/python3.8/dist-packages/neutron_lib/callbacks/manager.py:192}}
Aug 11 02:07:13.534329 n-d-713498-10 neutron-server[94652]: DEBUG neutron_lib.callbacks.manager [req-d8994091-6af5-4f67-8c7f-28a4dde4d8f8 req-c8bd831c-b7e0-4091-8c24-a71501b39606 tempest-AggregatesAdminTestJSON-1125586911 tempest-AggregatesAdminTestJSON-1125586911-project] Notify callbacks [] for port, precommit_create {{(pid=94652) _notify_loop /usr/local/lib/python3.8/dist-packages/neutron_lib/callbacks/manager.py:192}}
Aug 11 02:07:13.578786 n-d-713498-10 neutron-server[94652]: INFO neutron.wsgi [req-e9dc4afa-d3e9-4070-b2a9-bc3f475a7bcc req-c003a668-cf50-4c7e-8137-d08ca4c654a8 tempest-DeleteServersAdminTestJSON-1714503654 tempest-DeleteServersAdminTestJSON-1714503654-project] 10.222.0.68 "GET /v2.0/security-groups?id=badb48e3-bf18-44d5-8a39-c994d1bf43a9&fields=id&fields=name HTTP/1.1" status: 200 len: 286 time: 0.1297591
Aug 11 02:07:13.587120 n-d-713498-10 neutron-server[94652]: DEBUG neutron_lib.callbacks.manager [None req-17997a1d-1171-4e9c-91ba-2d6659be2dfa admin admin] Notify callbacks [] for security_group, precommit_delete {{(pid=94652) _notify_loop /usr/local/lib/python3.8/dist-packages/neutron_lib/callbacks/manager.py:192}}
Aug 11 02:07:13.611500 n-d-713498-10 neutron-server[94652]: DEBUG neutron.db.provisioning_blocks [req-d8994091-6af5-4f67-8c7f-28a4dde4d8f8 req-c8bd831c-b7e0-4091-8c24-a71501b39606 tempest-AggregatesAdminTestJSON-1125586911 tempest-AggregatesAdminTestJSON-1125586911-project] Transition to ACTIVE for port object 422984e1-5803-422b-8258-5c6ca3ccc557 will not be triggered until provisioned by entity DHCP. {{(pid=94652) add_provisioning_component /opt/stack/neutron/neutron/db/provisioning_blocks.py:73}}
Aug 11 02:07:13.776245 n-d-713498-10 neutron-server[94653]: DEBUG neutron.pecan_wsgi.hooks.policy_enforcement [req-69c4e4e2-d225-4ee7-b56c-721d352249be req-c9451bbe-b0cc-4102-9717-de3eaa3bc167 service neutron] Attributes excluded by policy engine: ['standard_attr_id'] {{(pid=94653) _exclude_attributes_by_policy /opt/stack/neutron/neutron/pecan_wsgi/hooks/policy_enforcement.py:255}}
Aug 11 02:07:13.788041 n-d-713498-10 neutron-server[94653]: INFO neutron.wsgi [req-69c4e4e2-d225-4ee7-b56c-721d352249be req-c9451bbe-b0cc-4102-9717-de3eaa3bc167 service neutron] 10.222.0.61 "GET /v2.0/ports?network_id=0d375fd1-e65a-4a89-b485-3ef0933ea8d8&device_owner=network%3Adhcp HTTP/1.1" status: 200 len: 1167 time: 0.3446062
Aug 11 02:07:13.817836 n-d-713498-10 neutron-server[94652]: DEBUG neutron_lib.callbacks.manager [req-d8994091-6af5-4f67-8c7f-28a4dde4d8f8 req-c8bd831c-b7e0-4091-8c24-a71501b39606 tempest-AggregatesAdminTestJSON-1125586911 tempest-AggregatesAdminTestJSON-1125586911-project] Notify callbacks ['neutron.plugins.ml2.plugin.SecurityGroupServerNotifierRpcMixin._notify_sg_on_port_change-685647', 'neutron.plugins.ml2.ovo_rpc._ObjectChangeHandler.handle_event-433114', 'neutron.api.rpc.agentnotifiers.dhcp_rpc_agent_api.DhcpAgentNotifyAPI._native_event_send_dhcp_notification-1682489', 'neutron.db.l3_dvrscheduler_db._notify_l3_agent_new_port-8783418753284'] for port, after_create {{(pid=94652) _notify_loop /usr/local/lib/python3.8/dist-packages/neutron_lib/callbacks/manager.py:192}}
