Nov 11 00:40:57.990654 n-d-713301-25 neutron-server[115056]: DEBUG neutron_lib.callbacks.manager [req-f0794b92-e48b-4fe4-bd0f-3b24aa0aa54a req-6c851130-ca6f-4d0f-a819-abd820192ece tempest-AggregatesAdminTestJSON-1273842226 tempest-AggregatesAdminTestJSON-1273842226-project] Publish callbacks ['neutron.plugins.ml2.ovo_rpc._ObjectChangeHandler.handle_event-1578179'] for security_group, after_create {{(pid=115056) _notify_loop /usr/local/lib/python3.8/dist-packages/neutron_lib/callbacks/manager.py:175}}
Nov 11 00:40:57.991014 n-d-713301-25 neutron-server[115055]: DEBUG neutron_lib.callbacks.manager [None req-24c7fffc-2438-4d73-89e0-6c1323d117a6 admin admin] Publish callbacks ['neutron.plugins.ml2.ovo_rpc._ObjectChangeHandler.handle_event-1578179'] for security_group, after_delete {{(pid=115055) _notify_loop /usr/local/lib/python3.8/dist-packages/neutron_lib/callbacks/manager.py:175}}
Nov 11 00:40:57.995606 n-d-713301-25 neutron-server[115055]: DEBUG neutron_lib.callbacks.manager [None req-24c7fffc-2438-4d73-89e0-6c1323d117a6 admin admin] Publish callbacks [] for security_group, before_response {{(pid=115055) _notify_loop /usr/local/lib/python3.8/dist-packages/neutron_lib/callbacks/manager.py:175}}
Nov 11 00:40:57.996087 n-d-713301-25 neutron-server[115055]: INFO neutron.wsgi [None req-24c7fffc-2438-4d73-89e0-6c1323d117a6 admin admin] 10.222.0.53 "DELETE /v2.0/security-groups/a0bc1c27-a670-4565-8949-b827778650a3 HTTP/1.1" status: 204 len: 168 time: 0.2005754
Nov 11 00:40:58.007494 n-d-713301-25 neutron-server[115055]: DEBUG neutron.api.rpc.handlers.resources_rpc [None req-24c7fffc-2438-4d73-89e0-6c1323d117a6 admin admin] Pushing event deleted for resources: {'SecurityGroup': ['ID=a0bc1c27-a670-4565-8949-b827778650a3,revision_number=None']} {{(pid=115055) push /opt/stack/neutron/neutron/api/rpc/handlers/resources_rpc.py:237}}
Nov 11 00:40:58.101733 n-d-713301-25 neutron-server[115056]: DEBUG neutron.api.rpc.handlers.resources_rpc [None req-6c851130-ca6f-4d0f-a819-abd820192ece tempest-AggregatesAdminTestJSON-1273842226 tempest-AggregatesAdminTestJSON-1273842226-project] Pushing event updated for resources: {'SecurityGroup': ['ID=4efe10c3-5a8e-4986-b392-4f51fae11a45,revision_number=1']} {{(pid=115056) push /opt/stack/neutron/neutron/api/rpc/handlers/resources_rpc.py:237}}
Nov 11 00:40:58.257366 n-d-713301-25 neutron-server[115056]: DEBUG neutron.db.db_base_plugin_common [req-f0794b92-e48b-4fe4-bd0f-3b24aa0aa54a req-6c851130-ca6f-4d0f-a819-abd820192ece tempest-AggregatesAdminTestJSON-1273842226 tempest-AggregatesAdminTestJSON-1273842226-project] Allocated IP 192.168.233.187 (73ae828c-16b1-4d70-b7d4-37455ad9d3e9/ef058b4c-40ba-4557-af7f-1facbf6d94a9/8a263fe5-9791-4e24-aca2-59c6235f910b) {{(pid=115056) _store_ip_allocation /opt/stack/neutron/neutron/db/db_base_plugin_common.py:131}}
Nov 11 00:40:58.420270 n-d-713301-25 neutron-server[115056]: DEBUG neutron_lib.callbacks.manager [req-f0794b92-e48b-4fe4-bd0f-3b24aa0aa54a req-6c851130-ca6f-4d0f-a819-abd820192ece tempest-AggregatesAdminTestJSON-1273842226 tempest-AggregatesAdminTestJSON-1273842226-project] Publish callbacks [] for port, precommit_create {{(pid=115056) _notify_loop /usr/local/lib/python3.8/dist-packages/neutron_lib/callbacks/manager.py:175}}
Nov 11 00:40:58.502611 n-d-713301-25 neutron-server[115056]: INFO neutron.wsgi [req-b376566b-2568-4da0-bfd9-3b97eef0c0de req-c241d88e-068b-4877-825b-a96ea9335947 tempest-AggregatesAdminTestJSON-1273842226 tempest-AggregatesAdminTestJSON-1273842226-project] 10.222.0.53 "GET /v2.0/ports?device_id=5e0f5ace-8916-4717-b68b-092a545f6a69 HTTP/1.1" status: 200 len: 210 time: 0.0285456
Nov 11 00:40:58.504146 n-d-713301-25 neutron-server[115056]: DEBUG neutron_lib.callbacks.manager [req-f0794b92-e48b-4fe4-bd0f-3b24aa0aa54a req-6c851130-ca6f-4d0f-a819-abd820192ece tempest-AggregatesAdminTestJSON-1273842226 tempest-AggregatesAdminTestJSON-1273842226-project] Publish callbacks ['neutron.plugins.ml2.plugin.SecurityGroupServerNotifierRpcMixin._notify_sg_on_port_change-1472479', 'neutron.plugins.ml2.ovo_rpc._ObjectChangeHandler.handle_event-1993099', 'neutron.api.rpc.agentnotifiers.dhcp_rpc_agent_api.DhcpAgentNotifyAPI._native_event_send_dhcp_notification-1615529', 'neutron.db.l3_dvrscheduler_db._notify_l3_agent_new_port-8775858166649'] for port, after_create {{(pid=115056) _notify_loop /usr/local/lib/python3.8/dist-packages/neutron_lib/callbacks/manager.py:175}}
Nov 11 00:40:58.518261 n-d-713301-25 neutron-server[115058]: DEBUG neutron.db.agents_db [None req-669b7f53-910a-4b0c-8946-2d2d02288d43 None None] Agent healthcheck: found 7 active agents {{(pid=115058) agent_health_check /opt/stack/neutron/neutron/db/agents_db.py:317}}
Nov 11 00:40:58.586789 n-d-713301-25 neutron-server[115056]: DEBUG neutron.scheduler.dhcp_agent_scheduler [req-f0794b92-e48b-4fe4-bd0f-3b24aa0aa54a req-6c851130-ca6f-4d0f-a819-abd820192ece tempest-AggregatesAdminTestJSON-1273842226 tempest-AggregatesAdminTestJSON-1273842226-project] Network 73ae828c-16b1-4d70-b7d4-37455ad9d3e9 is already hosted by enough agents. {{(pid=115056) _get_dhcp_agents_hosting_network /opt/stack/neutron/neutron/scheduler/dhcp_agent_scheduler.py:275}}
Nov 11 00:40:58.597108 n-d-713301-25 neutron-server[115056]: DEBUG neutron.scheduler.base_scheduler [req-f0794b92-e48b-4fe4-bd0f-3b24aa0aa54a req-6c851130-ca6f-4d0f-a819-abd820192ece tempest-AggregatesAdminTestJSON-1273842226 tempest-AggregatesAdminTestJSON-1273842226-project] Resources bound (agent type, host, resource id): {{(pid=115056) schedule /opt/stack/neutron/neutron/scheduler/base_scheduler.py:57}}
Nov 11 00:40:58.600202 n-d-713301-25 neutron-server[115056]: DEBUG neutron.db.l3_dvrscheduler_db [req-f0794b92-e48b-4fe4-bd0f-3b24aa0aa54a req-6c851130-ca6f-4d0f-a819-abd820192ece tempest-AggregatesAdminTestJSON-1273842226 tempest-AggregatesAdminTestJSON-1273842226-project] Received port after_create {{(pid=115056) _notify_l3_agent_new_port /opt/stack/neutron/neutron/db/l3_dvrscheduler_db.py:535}}
Nov 11 00:40:58.606166 n-d-713301-25 neutron-server[115056]: DEBUG neutron.pecan_wsgi.hooks.policy_enforcement [req-f0794b92-e48b-4fe4-bd0f-3b24aa0aa54a req-6c851130-ca6f-4d0f-a819-abd820192ece tempest-AggregatesAdminTestJSON-1273842226 tempest-AggregatesAdminTestJSON-1273842226-project] Attributes excluded by policy engine: ['standard_attr_id', 'binding:profile', 'binding:host_id', 'binding:vif_type', 'binding:vif_details', 'network'] {{(pid=115056) _exclude_attributes_by_policy /opt/stack/neutron/neutron/pecan_wsgi/hooks/policy_enforcement.py:255}}
Nov 11 00:40:58.606783 n-d-713301-25 neutron-server[115056]: DEBUG neutron_lib.callbacks.manager [req-f0794b92-e48b-4fe4-bd0f-3b24aa0aa54a req-6c851130-ca6f-4d0f-a819-abd820192ece tempest-AggregatesAdminTestJSON-1273842226 tempest-AggregatesAdminTestJSON-1273842226-project] Publish callbacks ['neutron.notifiers.nova.Notifier._send_nova_notification-45303', 'neutron.api.rpc.agentnotifiers.dhcp_rpc_agent_api.DhcpAgentNotifyAPI._send_dhcp_notification-1615551'] for port, before_response {{(pid=115056) _notify_loop /usr/local/lib/python3.8/dist-packages/neutron_lib/callbacks/manager.py:175}}
Nov 11 00:40:58.619601 n-d-713301-25 neutron-server[115056]: DEBUG neutron.api.rpc.handlers.resources_rpc [None req-6c851130-ca6f-4d0f-a819-abd820192ece tempest-AggregatesAdminTestJSON-1273842226 tempest-AggregatesAdminTestJSON-1273842226-project] Pushing event updated for resources: {'Port': ['ID=8a263fe5-9791-4e24-aca2-59c6235f910b,revision_number=1']} {{(pid=115056) push /opt/stack/neutron/neutron/api/rpc/handlers/resources_rpc.py:237}}
Nov 11 00:40:58.757146 n-d-713301-25 neutron-server[115056]: INFO neutron.wsgi [req-f0794b92-e48b-4fe4-bd0f-3b24aa0aa54a req-6c851130-ca6f-4d0f-a819-abd820192ece tempest-AggregatesAdminTestJSON-1273842226 tempest-AggregatesAdminTestJSON-1273842226-project] 10.222.0.49 "POST /v2.0/ports HTTP/1.1" status: 201 len: 938 time: 1.3555648
Nov 11 00:40:58.767259 n-d-713301-25 neutron-server[115056]: DEBUG neutron.wsgi [req-f0794b92-e48b-4fe4-bd0f-3b24aa0aa54a req-eb840b1b-7546-4359-bbd2-c76cbb26de9e tempest-AggregatesAdminTestJSON-1273842226 tempest-AggregatesAdminTestJSON-1273842226-project] http://10.222.0.53:9696/v2.0/extensions returned with HTTP 200 {{(pid=115056) __call__ /opt/stack/neutron/neutron/wsgi.py:729}}
Nov 11 00:40:58.768368 n-d-713301-25 neutron-server[115056]: INFO neutron.wsgi [req-f0794b92-e48b-4fe4-bd0f-3b24aa0aa54a req-eb840b1b-7546-4359-bbd2-c76cbb26de9e tempest-AggregatesAdminTestJSON-1273842226 tempest-AggregatesAdminTestJSON-1273842226-project] 10.222.0.49 "GET /v2.0/extensions HTTP/1.1" status: 200 len: 14082 time: 0.0056243
Nov 11 00:40:58.812826 n-d-713301-25 neutron-server[115057]: DEBUG neutron.db.provisioning_blocks [None req-fa79cd62-a379-4133-8bac-a5caec01a614 None None] Provisioning complete for port 8a263fe5-9791-4e24-aca2-59c6235f910b triggered by entity DHCP. {{(pid=115057) provisioning_complete /opt/stack/neutron/neutron/db/provisioning_blocks.py:139}}
Nov 11 00:40:58.813848 n-d-713301-25 neutron-server[115057]: DEBUG neutron_lib.callbacks.manager [None req-fa79cd62-a379-4133-8bac-a5caec01a614 None None] Publish callbacks ['neutron.plugins.ml2.plugin.Ml2Plugin._port_provisioned-1441836'] for port, provisioning_complete {{(pid=115057) _notify_loop /usr/local/lib/python3.8/dist-packages/neutron_lib/callbacks/manager.py:175}}
Nov 11 00:40:58.854781 n-d-713301-25 neutron-server[115057]: DEBUG neutron.plugins.ml2.plugin [None req-fa79cd62-a379-4133-8bac-a5caec01a614 None None] Port 8a263fe5-9791-4e24-aca2-59c6235f910b cannot update to ACTIVE because it is not bound. {{(pid=115057) _port_provisioned /opt/stack/neutron/neutron/plugins/ml2/plugin.py:342}}
Nov 11 00:40:59.130631 n-d-713301-25 neutron-server[115055]: DEBUG neutron.wsgi [-] (115055) accepted ('10.222.0.53', 58504) {{(pid=115055) server /usr/local/lib/python3.8/dist-packages/eventlet/wsgi.py:982}}
Nov 11 00:40:59.146122 n-d-713301-25 neutron-server[115055]: DEBUG neutron_lib.callbacks.manager [None req-8ae5159d-f990-40c6-b766-f21faf12c9a4 admin admin] Publish callbacks [] for security_group, before_create {{(pid=115055) _notify_loop /usr/local/lib/python3.8/dist-packages/neutron_lib/callbacks/manager.py:175}}
Nov 11 00:40:59.289223 n-d-713301-25 neutron-server[115055]: DEBUG neutron_lib.callbacks.manager [None req-8ae5159d-f990-40c6-b766-f21faf12c9a4 admin admin] Publish callbacks [] for security_group, precommit_create {{(pid=115055) _notify_loop /usr/local/lib/python3.8/dist-packages/neutron_lib/callbacks/manager.py:175}}
Nov 11 00:40:59.505031 n-d-713301-25 neutron-server[115055]: DEBUG neutron_lib.callbacks.manager [None req-8ae5159d-f990-40c6-b766-f21faf12c9a4 admin admin] Publish callbacks ['neutron.plugins.ml2.ovo_rpc._ObjectChangeHandler.handle_event-1578179'] for security_group, after_create {{(pid=115055) _notify_loop /usr/local/lib/python3.8/dist-packages/neutron_lib/callbacks/manager.py:175}}
Nov 11 00:40:59.586458 n-d-713301-25 neutron-server[115056]: DEBUG neutron.wsgi [-] (115056) accepted ('10.222.0.53', 58518) {{(pid=115056) server /usr/local/lib/python3.8/dist-packages/eventlet/wsgi.py:982}}
Nov 11 00:40:59.590727 n-d-713301-25 neutron-server[115055]: INFO neutron.wsgi [None req-8ae5159d-f990-40c6-b766-f21faf12c9a4 admin admin] 10.222.0.53 "GET /v2.0/security-groups?tenant_id=893204554cf040f1a2f5dfc9ce32453c&name=default HTTP/1.1" status: 200 len: 2996 time: 0.4589288
Nov 11 00:40:59.600269 n-d-713301-25 neutron-server[115055]: DEBUG neutron.api.rpc.handlers.resources_rpc [None req-8ae5159d-f990-40c6-b766-f21faf12c9a4 admin admin] Pushing event updated for resources: {'SecurityGroup': ['ID=2cb56013-f5ab-47c5-b2da-44036e2cf551,revision_number=1']} {{(pid=115055) push /opt/stack/neutron/neutron/api/rpc/handlers/resources_rpc.py:237}}
Nov 11 00:40:59.676443 n-d-713301-25 neutron-server[115056]: DEBUG neutron_lib.callbacks.manager [None req-b1762dbc-51a7-4d08-adee-d82d75495a2d admin admin] Publish callbacks [] for security_group, before_delete {{(pid=115056) _notify_loop /usr/local/lib/python3.8/dist-packages/neutron_lib/callbacks/manager.py:175}}
Nov 11 00:40:59.741924 n-d-713301-25 neutron-server[115056]: DEBUG neutron_lib.callbacks.manager [None req-b1762dbc-51a7-4d08-adee-d82d75495a2d admin admin] Publish callbacks [] for security_group, precommit_delete {{(pid=115056) _notify_loop /usr/local/lib/python3.8/dist-packages/neutron_lib/callbacks/manager.py:175}}
Nov 11 00:40:59.771035 n-d-713301-25 neutron-server[115056]: DEBUG neutron.pecan_wsgi.hooks.policy_enforcement [req-36318f0f-5917-45e7-8c05-b4e5944f20a5 req-41b8d406-9abc-4eba-849f-96640b9b807c tempest-AggregatesAdminTestJSON-1273842226 tempest-AggregatesAdminTestJSON-1273842226-project] Attributes excluded by policy engine: ['standard_attr_id', 'binding:profile', 'binding:host_id', 'binding:vif_type', 'binding:vif_details'] {{(pid=115056) _exclude_attributes_by_policy /opt/stack/neutron/neutron/pecan_wsgi/hooks/policy_enforcement.py:255}}
Nov 11 00:40:59.772604 n-d-713301-25 neutron-server[115056]: INFO neutron.wsgi [req-36318f0f-5917-45e7-8c05-b4e5944f20a5 req-41b8d406-9abc-4eba-849f-96640b9b807c tempest-AggregatesAdminTestJSON-1273842226 tempest-AggregatesAdminTestJSON-1273842226-project] 10.222.0.53 "GET /v2.0/ports?device_id=5e0f5ace-8916-4717-b68b-092a545f6a69 HTTP/1.1" status: 200 len: 936 time: 0.1316438
Nov 11 00:40:59.863045 n-d-713301-25 neutron-server[115056]: INFO neutron.wsgi [req-36318f0f-5917-45e7-8c05-b4e5944f20a5 req-8ba53f4c-3966-43f4-90bf-8e5efd9bf03c tempest-AggregatesAdminTestJSON-1273842226 tempest-AggregatesAdminTestJSON-1273842226-project] 10.222.0.53 "GET /v2.0/security-groups?id=4efe10c3-5a8e-4986-b392-4f51fae11a45&fields=id&fields=name HTTP/1.1" status: 200 len: 286 time: 0.0782871
Nov 11 00:41:00.168607 n-d-713301-25 neutron-server[115056]: DEBUG neutron_lib.callbacks.manager [None req-b1762dbc-51a7-4d08-adee-d82d75495a2d admin admin] Publish callbacks ['neutron.plugins.ml2.ovo_rpc._ObjectChangeHandler.handle_event-1578179'] for security_group, after_delete {{(pid=115056) _notify_loop /usr/local/lib/python3.8/dist-packages/neutron_lib/callbacks/manager.py:175}}
Nov 11 00:41:00.173208 n-d-713301-25 neutron-server[115056]: DEBUG neutron_lib.callbacks.manager [None req-b1762dbc-51a7-4d08-adee-d82d75495a2d admin admin] Publish callbacks [] for security_group, before_response {{(pid=115056) _notify_loop /usr/local/lib/python3.8/dist-packages/neutron_lib/callbacks/manager.py:175}}
Nov 11 00:41:00.174404 n-d-713301-25 neutron-server[115056]: INFO neutron.wsgi [None req-b1762dbc-51a7-4d08-adee-d82d75495a2d admin admin] 10.222.0.53 "DELETE /v2.0/security-groups/2cb56013-f5ab-47c5-b2da-44036e2cf551 HTTP/1.1" status: 204 len: 168 time: 0.5860689
Nov 11 00:41:00.197966 n-d-713301-25 neutron-server[115056]: DEBUG neutron.api.rpc.handlers.resources_rpc [None req-b1762dbc-51a7-4d08-adee-d82d75495a2d admin admin] Pushing event deleted for resources: {'SecurityGroup': ['ID=2cb56013-f5ab-47c5-b2da-44036e2cf551,revision_number=None']} {{(pid=115056) push /opt/stack/neutron/neutron/api/rpc/handlers/resources_rpc.py:237}}
Nov 11 00:41:01.031559 n-d-713301-25 neutron-server[115056]: DEBUG neutron.pecan_wsgi.hooks.policy_enforcement [req-fdb79e98-8605-4d6a-8d26-ee99928ac2c9 req-976bf08d-8139-41ce-9f44-2fbf0797e3ed tempest-AggregatesAdminTestJSON-1273842226 tempest-AggregatesAdminTestJSON-1273842226-project] Attributes excluded by policy engine: ['standard_attr_id', 'binding:profile', 'binding:host_id', 'binding:vif_type', 'binding:vif_details'] {{(pid=115056) _exclude_attributes_by_policy /opt/stack/neutron/neutron/pecan_wsgi/hooks/policy_enforcement.py:255}}
Nov 11 00:41:01.035311 n-d-713301-25 neutron-server[115056]: INFO neutron.wsgi [req-fdb79e98-8605-4d6a-8d26-ee99928ac2c9 req-976bf08d-8139-41ce-9f44-2fbf0797e3ed tempest-AggregatesAdminTestJSON-1273842226 tempest-AggregatesAdminTestJSON-1273842226-project] 10.222.0.53 "GET /v2.0/ports?device_id=5e0f5ace-8916-4717-b68b-092a545f6a69 HTTP/1.1" status: 200 len: 936 time: 0.0641079
Nov 11 00:41:01.090463 n-d-713301-25 neutron-server[115056]: INFO neutron.wsgi [req-fdb79e98-8605-4d6a-8d26-ee99928ac2c9 req-6fa7e2ce-992f-4645-80e1-e97a67838f9e tempest-AggregatesAdminTestJSON-1273842226 tempest-AggregatesAdminTestJSON-1273842226-project] 10.222.0.53 "GET /v2.0/security-groups?id=4efe10c3-5a8e-4986-b392-4f51fae11a45&fields=id&fields=name HTTP/1.1" status: 200 len: 286 time: 0.0461075
Nov 11 00:41:02.347567 n-d-713301-25 neutron-server[115056]: DEBUG neutron.pecan_wsgi.hooks.policy_enforcement [req-3733381b-aa51-46ee-809e-fcb1e9589fb5 req-fe8cdaf7-c1b0-4c0c-966e-7550df399838 tempest-AggregatesAdminTestJSON-1273842226 tempest-AggregatesAdminTestJSON-1273842226-project] Attributes excluded by policy engine: ['standard_attr_id', 'binding:profile', 'binding:host_id', 'binding:vif_type', 'binding:vif_details'] {{(pid=115056) _exclude_attributes_by_policy /opt/stack/neutron/neutron/pecan_wsgi/hooks/policy_enforcement.py:255}}
Nov 11 00:41:02.349345 n-d-713301-25 neutron-server[115056]: INFO neutron.wsgi [req-3733381b-aa51-46ee-809e-fcb1e9589fb5 req-fe8cdaf7-c1b0-4c0c-966e-7550df399838 tempest-AggregatesAdminTestJSON-1273842226 tempest-AggregatesAdminTestJSON-1273842226-project] 10.222.0.53 "GET /v2.0/ports?device_id=5e0f5ace-8916-4717-b68b-092a545f6a69 HTTP/1.1" status: 200 len: 936 time: 0.0593233
Nov 11 00:41:02.403800 n-d-713301-25 neutron-server[115056]: INFO neutron.wsgi [req-3733381b-aa51-46ee-809e-fcb1e9589fb5 req-0e2b9ba0-d8d7-4683-a5e5-f62f609e999e tempest-AggregatesAdminTestJSON-1273842226 tempest-AggregatesAdminTestJSON-1273842226-project] 10.222.0.53 "GET /v2.0/security-groups?id=4efe10c3-5a8e-4986-b392-4f51fae11a45&fields=id&fields=name HTTP/1.1" status: 200 len: 286 time: 0.0473320
Nov 11 00:41:03.062814 n-d-713301-25 neutron-server[115056]: DEBUG neutron.wsgi [-] (115056) accepted ('10.222.0.53', 58674) {{(pid=115056) server /usr/local/lib/python3.8/dist-packages/eventlet/wsgi.py:982}}
Nov 11 00:41:03.542248 n-d-713301-25 neutron-server[115056]: DEBUG neutron.pecan_wsgi.hooks.policy_enforcement [req-668e02d3-c474-470b-8053-b024c35e24f5 req-53764634-b7a4-4a33-93bb-c3afb03c4a39 tempest-AggregatesAdminTestJSON-1273842226 tempest-AggregatesAdminTestJSON-1273842226-project] Attributes excluded by policy engine: ['standard_attr_id', 'binding:profile', 'binding:host_id', 'binding:vif_type', 'binding:vif_details'] {{(pid=115056) _exclude_attributes_by_policy /opt/stack/neutron/neutron/pecan_wsgi/hooks/policy_enforcement.py:255}}
Nov 11 00:41:03.543881 n-d-713301-25 neutron-server[115056]: INFO neutron.wsgi [req-668e02d3-c474-470b-8053-b024c35e24f5 req-53764634-b7a4-4a33-93bb-c3afb03c4a39 tempest-AggregatesAdminTestJSON-1273842226 tempest-AggregatesAdminTestJSON-1273842226-project] 10.222.0.53 "GET /v2.0/ports?device_id=5e0f5ace-8916-4717-b68b-092a545f6a69 HTTP/1.1" status: 200 len: 936 time: 0.0671167
Nov 11 00:41:03.589939 n-d-713301-25 neutron-server[115056]: DEBUG neutron.api.v2.base [None req-b22c6636-3266-42de-8976-2cb1fba1cb8b admin admin] Request body: {'network': {'name': 'tempest-LiveAutoBlockMigrationV225Test-1722441983-network', 'tenant_id': '7997a71cf9cd488ab9ce1e636d67ff8f'}} {{(pid=115056) prepare_request_body /opt/stack/neutron/neutron/api/v2/base.py:729}}
Nov 11 00:41:03.639211 n-d-713301-25 neutron-server[115056]: INFO neutron.wsgi [req-668e02d3-c474-470b-8053-b024c35e24f5 req-1e8c0bd7-df4e-4341-9541-9b240b25ad43 tempest-AggregatesAdminTestJSON-1273842226 tempest-AggregatesAdminTestJSON-1273842226-project] 10.222.0.53 "GET /v2.0/security-groups?id=4efe10c3-5a8e-4986-b392-4f51fae11a45&fields=id&fields=name HTTP/1.1" status: 200 len: 286 time: 0.0887220
Nov 11 00:41:03.676633 n-d-713301-25 neutron-server[115055]: DEBUG neutron.wsgi [-] (115055) accepted ('10.222.0.53', 58700) {{(pid=115055) server /usr/local/lib/python3.8/dist-packages/eventlet/wsgi.py:982}}
Nov 11 00:41:03.693117 n-d-713301-25 neutron-server[115056]: DEBUG neutron.pecan_wsgi.hooks.quota_enforcement [None req-b22c6636-3266-42de-8976-2cb1fba1cb8b admin admin] Made reservation on behalf of 7997a71cf9cd488ab9ce1e636d67ff8f for: {'network': 1} {{(pid=115056) before /opt/stack/neutron/neutron/pecan_wsgi/hooks/quota_enforcement.py:53}}
Nov 11 00:41:03.696082 n-d-713301-25 neutron-server[115056]: DEBUG neutron_lib.callbacks.manager [None req-b22c6636-3266-42de-8976-2cb1fba1cb8b admin admin] Publish callbacks ['neutron.plugins.ml2.plugin.SecurityGroupDbMixin._ensure_default_security_group_handler-1482596'] for network, before_create {{(pid=115056) _notify_loop /usr/local/lib/python3.8/dist-packages/neutron_lib/callbacks/manager.py:175}}
Nov 11 00:41:03.706342 n-d-713301-25 neutron-server[115056]: DEBUG neutron_lib.callbacks.manager [None req-b22c6636-3266-42de-8976-2cb1fba1cb8b admin admin] Publish callbacks [] for security_group, before_create {{(pid=115056) _notify_loop /usr/local/lib/python3.8/dist-packages/neutron_lib/callbacks/manager.py:175}}
Nov 11 00:41:03.714177 n-d-713301-25 neutron-server[115055]: DEBUG neutron.wsgi [-] (115055) accepted ('10.222.0.53', 58704) {{(pid=115055) server /usr/local/lib/python3.8/dist-packages/eventlet/wsgi.py:982}}
Nov 11 00:41:03.840366 n-d-713301-25 neutron-server[115056]: DEBUG neutron_lib.callbacks.manager [None req-b22c6636-3266-42de-8976-2cb1fba1cb8b admin admin] Publish callbacks [] for security_group, precommit_create {{(pid=115056) _notify_loop /usr/local/lib/python3.8/dist-packages/neutron_lib/callbacks/manager.py:175}}
Nov 11 00:41:03.909458 n-d-713301-25 neutron-server[115055]: DEBUG neutron_lib.callbacks.manager [None req-21aace1c-6f65-4d6a-8089-f454ba6c77ee admin admin] Publish callbacks [] for security_group, before_create {{(pid=115055) _notify_loop /usr/local/lib/python3.8/dist-packages/neutron_lib/callbacks/manager.py:175}}
Nov 11 00:41:03.959519 n-d-713301-25 neutron-server[115055]: DEBUG neutron_lib.callbacks.manager [None req-fadf1439-cdca-406a-8d2a-0fa92c31e5a2 admin admin] Publish callbacks [] for security_group, before_create {{(pid=115055) _notify_loop /usr/local/lib/python3.8/dist-packages/neutron_lib/callbacks/manager.py:175}}
Nov 11 00:41:04.064521 n-d-713301-25 neutron-server[115055]: DEBUG neutron_lib.callbacks.manager [None req-21aace1c-6f65-4d6a-8089-f454ba6c77ee admin admin] Publish callbacks [] for security_group, precommit_create {{(pid=115055) _notify_loop /usr/local/lib/python3.8/dist-packages/neutron_lib/callbacks/manager.py:175}}
Nov 11 00:41:04.097122 n-d-713301-25 neutron-server[115055]: DEBUG neutron_lib.callbacks.manager [None req-fadf1439-cdca-406a-8d2a-0fa92c31e5a2 admin admin] Publish callbacks [] for security_group, precommit_create {{(pid=115055) _notify_loop /usr/local/lib/python3.8/dist-packages/neutron_lib/callbacks/manager.py:175}}
Nov 11 00:41:04.693816 n-d-713301-25 neutron-server[115056]: DEBUG neutron_lib.callbacks.manager [None req-b22c6636-3266-42de-8976-2cb1fba1cb8b admin admin] Publish callbacks ['neutron.plugins.ml2.ovo_rpc._ObjectChangeHandler.handle_event-1578179'] for security_group, after_create {{(pid=115056) _notify_loop /usr/local/lib/python3.8/dist-packages/neutron_lib/callbacks/manager.py:175}}
Nov 11 00:41:04.698213 n-d-713301-25 neutron-server[115055]: DEBUG neutron_lib.callbacks.manager [None req-fadf1439-cdca-406a-8d2a-0fa92c31e5a2 admin admin] Publish callbacks ['neutron.plugins.ml2.ovo_rpc._ObjectChangeHandler.handle_event-1578179'] for security_group, after_create {{(pid=115055) _notify_loop /usr/local/lib/python3.8/dist-packages/neutron_lib/callbacks/manager.py:175}}
Nov 11 00:41:04.709792 n-d-713301-25 neutron-server[115055]: DEBUG neutron_lib.callbacks.manager [None req-21aace1c-6f65-4d6a-8089-f454ba6c77ee admin admin] Publish callbacks ['neutron.plugins.ml2.ovo_rpc._ObjectChangeHandler.handle_event-1578179'] for security_group, after_create {{(pid=115055) _notify_loop /usr/local/lib/python3.8/dist-packages/neutron_lib/callbacks/manager.py:175}}
Nov 11 00:41:04.724058 n-d-713301-25 neutron-server[115056]: DEBUG neutron.plugins.ml2.drivers.helpers [None req-b22c6636-3266-42de-8976-2cb1fba1cb8b admin admin] vlan segment allocate from pool success with {'vlan_id': 648, 'physical_network': 'physnet1'} {{(pid=115056) allocate_partially_specified_segment /opt/stack/neutron/neutron/plugins/ml2/drivers/helpers.py:153}}
Nov 11 00:41:04.754585 n-d-713301-25 neutron-server[115056]: DEBUG neutron.api.rpc.handlers.resources_rpc [None req-b22c6636-3266-42de-8976-2cb1fba1cb8b admin admin] Pushing event updated for resources: {'SecurityGroup': ['ID=ee3d8d90-cb5a-40e2-9062-67e2934d0973,revision_number=1']} {{(pid=115056) push /opt/stack/neutron/neutron/api/rpc/handlers/resources_rpc.py:237}}
Nov 11 00:41:04.772758 n-d-713301-25 neutron-server[115055]: INFO neutron.wsgi [None req-21aace1c-6f65-4d6a-8089-f454ba6c77ee admin admin] 10.222.0.53 "GET /v2.0/security-groups?tenant_id=407c88e0baf840869625e62daab829d1&name=default HTTP/1.1" status: 200 len: 2996 time: 1.0948169
Nov 11 00:41:04.783501 n-d-713301-25 neutron-server[115055]: DEBUG neutron.wsgi [-] (115055) accepted ('10.222.0.53', 58714) {{(pid=115055) server /usr/local/lib/python3.8/dist-packages/eventlet/wsgi.py:982}}
Nov 11 00:41:04.794833 n-d-713301-25 neutron-server[115056]: DEBUG neutron_lib.callbacks.manager [None req-b22c6636-3266-42de-8976-2cb1fba1cb8b admin admin] Publish callbacks ['neutron.plugins.ml2.plugin.Ml2Plugin._handle_segment_change-1447647'] for segment, precommit_create {{(pid=115056) _notify_loop /usr/local/lib/python3.8/dist-packages/neutron_lib/callbacks/manager.py:175}}
Nov 11 00:41:04.795416 n-d-713301-25 neutron-server[115056]: INFO neutron.db.segments_db [None req-b22c6636-3266-42de-8976-2cb1fba1cb8b admin admin] Added segment 43d45469-45f0-49bd-bfe7-3fa2b318912b of type vlan for network 025d3808-8bd2-474a-b5a1-e322ebb12b8f
Nov 11 00:41:04.805339 n-d-713301-25 neutron-server[115057]: DEBUG neutron_lib.callbacks.manager [None req-5ef6a8d1-7315-432d-be3e-2969ccb8dc88 None None] Publish callbacks ['neutron.services.segments.db._update_segment_host_mapping_for_agent-8775858516179', 'neutron.plugins.ml2.plugin.Ml2Plugin._retry_binding_revived_agents-1441885'] for agent, after_update {{(pid=115057) _notify_loop /usr/local/lib/python3.8/dist-packages/neutron_lib/callbacks/manager.py:175}}
Nov 11 00:41:04.876941 n-d-713301-25 neutron-server[115056]: DEBUG neutron_lib.callbacks.manager [None req-b22c6636-3266-42de-8976-2cb1fba1cb8b admin admin] Publish callbacks ['neutron.services.auto_allocate.db._ensure_external_network_default_value_callback-8775858183379'] for network, precommit_create {{(pid=115056) _notify_loop /usr/local/lib/python3.8/dist-packages/neutron_lib/callbacks/manager.py:175}}
Nov 11 00:41:04.887141 n-d-713301-25 neutron-server[115056]: DEBUG neutron.pecan_wsgi.hooks.policy_enforcement [req-c10c4203-4601-4bf9-a8df-0f8d52ee9237 req-e55d9029-6e65-4765-87d2-c0dcfa52c5f8 tempest-AggregatesAdminTestJSON-1273842226 tempest-AggregatesAdminTestJSON-1273842226-project] Attributes excluded by policy engine: ['standard_attr_id', 'binding:profile', 'binding:host_id', 'binding:vif_type', 'binding:vif_details'] {{(pid=115056) _exclude_attributes_by_policy /opt/stack/neutron/neutron/pecan_wsgi/hooks/policy_enforcement.py:255}}
Nov 11 00:41:04.888684 n-d-713301-25 neutron-server[115056]: INFO neutron.wsgi [req-c10c4203-4601-4bf9-a8df-0f8d52ee9237 req-e55d9029-6e65-4765-87d2-c0dcfa52c5f8 tempest-AggregatesAdminTestJSON-1273842226 tempest-AggregatesAdminTestJSON-1273842226-project] 10.222.0.53 "GET /v2.0/ports?device_id=5e0f5ace-8916-4717-b68b-092a545f6a69 HTTP/1.1" status: 200 len: 936 time: 0.1502254
Nov 11 00:41:04.903525 n-d-713301-25 neutron-server[115055]: INFO neutron.wsgi [None req-fadf1439-cdca-406a-8d2a-0fa92c31e5a2 admin admin] 10.222.0.53 "GET /v2.0/security-groups?tenant_id=16f8bfe2dc9c457ebce5e38414e22c7e&name=default HTTP/1.1" status: 200 len: 2996 time: 1.1902647
Nov 11 00:41:04.907139 n-d-713301-25 neutron-server[115055]: DEBUG neutron_lib.callbacks.manager [None req-e3963cb6-07ca-40c3-b386-f4121778d5f5 admin admin] Publish callbacks [] for security_group, before_delete {{(pid=115055) _notify_loop /usr/local/lib/python3.8/dist-packages/neutron_lib/callbacks/manager.py:175}}
Nov 11 00:41:04.908177 n-d-713301-25 neutron-server[115055]: DEBUG neutron.api.rpc.handlers.resources_rpc [None req-fadf1439-cdca-406a-8d2a-0fa92c31e5a2 admin admin] Pushing event updated for resources: {'SecurityGroup': ['ID=c58cafde-9e3d-4641-a4fa-817cf1e6aae1,revision_number=1']} {{(pid=115055) push /opt/stack/neutron/neutron/api/rpc/handlers/resources_rpc.py:237}}
Nov 11 00:41:04.911174 n-d-713301-25 neutron-server[115055]: DEBUG neutron.wsgi [-] (115055) accepted ('10.222.0.53', 58722) {{(pid=115055) server /usr/local/lib/python3.8/dist-packages/eventlet/wsgi.py:982}}
Nov 11 00:41:04.964282 n-d-713301-25 neutron-server[115056]: INFO neutron.wsgi [req-c10c4203-4601-4bf9-a8df-0f8d52ee9237 req-8d7553db-8153-41bb-b692-c9b28f3caf33 tempest-AggregatesAdminTestJSON-1273842226 tempest-AggregatesAdminTestJSON-1273842226-project] 10.222.0.53 "GET /v2.0/security-groups?id=4efe10c3-5a8e-4986-b392-4f51fae11a45&fields=id&fields=name HTTP/1.1" status: 200 len: 286 time: 0.0586824
Nov 11 00:41:04.997962 n-d-713301-25 neutron-server[115055]: DEBUG neutron_lib.callbacks.manager [None req-e3963cb6-07ca-40c3-b386-f4121778d5f5 admin admin] Publish callbacks [] for security_group, precommit_delete {{(pid=115055) _notify_loop /usr/local/lib/python3.8/dist-packages/neutron_lib/callbacks/manager.py:175}}
Nov 11 00:41:05.004551 n-d-713301-25 neutron-server[115055]: DEBUG neutron.api.rpc.handlers.resources_rpc [None req-21aace1c-6f65-4d6a-8089-f454ba6c77ee admin admin] Pushing event updated for resources: {'SecurityGroup': ['ID=cd481f99-c24a-4175-a647-7f4d869680cd,revision_number=1']} {{(pid=115055) push /opt/stack/neutron/neutron/api/rpc/handlers/resources_rpc.py:237}}
Nov 11 00:41:05.057815 n-d-713301-25 neutron-server[115056]: DEBUG neutron_lib.callbacks.manager [None req-b22c6636-3266-42de-8976-2cb1fba1cb8b admin admin] Publish callbacks ['neutron.plugins.ml2.ovo_rpc._ObjectChangeHandler.handle_event-1602413', 'neutron.api.rpc.agentnotifiers.dhcp_rpc_agent_api.DhcpAgentNotifyAPI._native_event_send_dhcp_notification-1615529'] for network, after_create {{(pid=115056) _notify_loop /usr/local/lib/python3.8/dist-packages/neutron_lib/callbacks/manager.py:175}}
Nov 11 00:41:05.058767 n-d-713301-25 neutron-server[115056]: DEBUG neutron.pecan_wsgi.hooks.policy_enforcement [None req-b22c6636-3266-42de-8976-2cb1fba1cb8b admin admin] Attributes excluded by policy engine: ['standard_attr_id', 'vlan_transparent'] {{(pid=115056) _exclude_attributes_by_policy /opt/stack/neutron/neutron/pecan_wsgi/hooks/policy_enforcement.py:255}}
Nov 11 00:41:05.059642 n-d-713301-25 neutron-server[115056]: DEBUG neutron_lib.callbacks.manager [None req-b22c6636-3266-42de-8976-2cb1fba1cb8b admin admin] Publish callbacks ['neutron.api.rpc.agentnotifiers.dhcp_rpc_agent_api.DhcpAgentNotifyAPI._send_dhcp_notification-1615551'] for network, before_response {{(pid=115056) _notify_loop /usr/local/lib/python3.8/dist-packages/neutron_lib/callbacks/manager.py:175}}
Nov 11 00:41:05.061891 n-d-713301-25 neutron-server[115055]: DEBUG neutron_lib.callbacks.manager [None req-5771de8a-6d7d-4d20-9e6e-a85c5d4a5a05 admin admin] Publish callbacks [] for security_group, before_delete {{(pid=115055) _notify_loop /usr/local/lib/python3.8/dist-packages/neutron_lib/callbacks/manager.py:175}}
Nov 11 00:41:05.096967 n-d-713301-25 neutron-server[115055]: DEBUG neutron_lib.callbacks.manager [None req-5771de8a-6d7d-4d20-9e6e-a85c5d4a5a05 admin admin] Publish callbacks [] for security_group, precommit_delete {{(pid=115055) _notify_loop /usr/local/lib/python3.8/dist-packages/neutron_lib/callbacks/manager.py:175}}
Nov 11 00:41:05.149590 n-d-713301-25 neutron-server[115056]: INFO neutron.wsgi [None req-b22c6636-3266-42de-8976-2cb1fba1cb8b admin admin] 10.222.0.53 "POST /v2.0/networks HTTP/1.1" status: 201 len: 894 time: 2.0848222
Nov 11 00:41:05.152629 n-d-713301-25 neutron-server[115056]: DEBUG neutron.wsgi [-] (115056) accepted ('10.222.0.53', 58726) {{(pid=115056) server /usr/local/lib/python3.8/dist-packages/eventlet/wsgi.py:982}}
Nov 11 00:41:05.157971 n-d-713301-25 neutron-server[115056]: DEBUG neutron.api.v2.base [None req-24386ece-27a2-4dbc-bd58-bbbf57446e99 admin admin] Request body: {'subnet': {'network_id': '025d3808-8bd2-474a-b5a1-e322ebb12b8f', 'cidr': '172.20.0.0/28', 'name': 'tempest-LiveAutoBlockMigrationV225Test-1722441983-subnet', 'tenant_id': '7997a71cf9cd488ab9ce1e636d67ff8f', 'enable_dhcp': False, 'ip_version': 4}} {{(pid=115056) prepare_request_body /opt/stack/neutron/neutron/api/v2/base.py:729}}
Nov 11 00:41:05.163723 n-d-713301-25 neutron-server[115056]: DEBUG neutron.api.rpc.handlers.resources_rpc [None req-b22c6636-3266-42de-8976-2cb1fba1cb8b admin admin] Pushing event updated for resources: {'Network': ['ID=025d3808-8bd2-474a-b5a1-e322ebb12b8f,revision_number=1']} {{(pid=115056) push /opt/stack/neutron/neutron/api/rpc/handlers/resources_rpc.py:237}}
Nov 11 00:41:05.191211 n-d-713301-25 neutron-server[115055]: DEBUG neutron_lib.callbacks.manager [None req-e3963cb6-07ca-40c3-b386-f4121778d5f5 admin admin] Publish callbacks ['neutron.plugins.ml2.ovo_rpc._ObjectChangeHandler.handle_event-1578179'] for security_group, after_delete {{(pid=115055) _notify_loop /usr/local/lib/python3.8/dist-packages/neutron_lib/callbacks/manager.py:175}}
Nov 11 00:41:05.191655 n-d-713301-25 neutron-server[115057]: DEBUG neutron.plugins.ml2.rpc [None req-84f59607-9f81-439b-b72a-11d883f64037 None None] Network 025d3808-8bd2-474a-b5a1-e322ebb12b8f details requested by agent ovs-agent-n-d-713301-25 with host n-d-713301-25 {{(pid=115057) get_network_details /opt/stack/neutron/neutron/plugins/ml2/rpc.py:248}}
Nov 11 00:41:05.192059 n-d-713301-25 neutron-server[115055]: DEBUG neutron_lib.callbacks.manager [None req-e3963cb6-07ca-40c3-b386-f4121778d5f5 admin admin] Publish callbacks [] for security_group, before_response {{(pid=115055) _notify_loop /usr/local/lib/python3.8/dist-packages/neutron_lib/callbacks/manager.py:175}}
Nov 11 00:41:05.192059 n-d-713301-25 neutron-server[115055]: INFO neutron.wsgi [None req-e3963cb6-07ca-40c3-b386-f4121778d5f5 admin admin] 10.222.0.53 "DELETE /v2.0/security-groups/cd481f99-c24a-4175-a647-7f4d869680cd HTTP/1.1" status: 204 len: 168 time: 0.4064903
Nov 11 00:41:05.201812 n-d-713301-25 neutron-server[115055]: DEBUG neutron.api.rpc.handlers.resources_rpc [None req-e3963cb6-07ca-40c3-b386-f4121778d5f5 admin admin] Pushing event deleted for resources: {'SecurityGroup': ['ID=cd481f99-c24a-4175-a647-7f4d869680cd,revision_number=None']} {{(pid=115055) push /opt/stack/neutron/neutron/api/rpc/handlers/resources_rpc.py:237}}
Nov 11 00:41:05.235822 n-d-713301-25 neutron-server[115056]: DEBUG neutron.wsgi [-] (115056) accepted ('10.222.0.53', 58734) {{(pid=115056) server /usr/local/lib/python3.8/dist-packages/eventlet/wsgi.py:982}}
Nov 11 00:41:05.265362 n-d-713301-25 neutron-server[115055]: DEBUG neutron_lib.callbacks.manager [None req-5771de8a-6d7d-4d20-9e6e-a85c5d4a5a05 admin admin] Publish callbacks ['neutron.plugins.ml2.ovo_rpc._ObjectChangeHandler.handle_event-1578179'] for security_group, after_delete {{(pid=115055) _notify_loop /usr/local/lib/python3.8/dist-packages/neutron_lib/callbacks/manager.py:175}}
Nov 11 00:41:05.268831 n-d-713301-25 neutron-server[115055]: DEBUG neutron_lib.callbacks.manager [None req-5771de8a-6d7d-4d20-9e6e-a85c5d4a5a05 admin admin] Publish callbacks [] for security_group, before_response {{(pid=115055) _notify_loop /usr/local/lib/python3.8/dist-packages/neutron_lib/callbacks/manager.py:175}}
Nov 11 00:41:05.270851 n-d-713301-25 neutron-server[115055]: INFO neutron.wsgi [None req-5771de8a-6d7d-4d20-9e6e-a85c5d4a5a05 admin admin] 10.222.0.53 "DELETE /v2.0/security-groups/c58cafde-9e3d-4641-a4fa-817cf1e6aae1 HTTP/1.1" status: 204 len: 168 time: 0.3575969
Nov 11 00:41:05.276608 n-d-713301-25 neutron-server[115056]: DEBUG neutron.pecan_wsgi.hooks.quota_enforcement [None req-24386ece-27a2-4dbc-bd58-bbbf57446e99 admin admin] Made reservation on behalf of 7997a71cf9cd488ab9ce1e636d67ff8f for: {'subnet': 1} {{(pid=115056) before /opt/stack/neutron/neutron/pecan_wsgi/hooks/quota_enforcement.py:53}}
Nov 11 00:41:05.280064 n-d-713301-25 neutron-server[115056]: DEBUG neutron_lib.callbacks.manager [None req-24386ece-27a2-4dbc-bd58-bbbf57446e99 admin admin] Publish callbacks [] for subnet, before_create {{(pid=115056) _notify_loop /usr/local/lib/python3.8/dist-packages/neutron_lib/callbacks/manager.py:175}}
Nov 11 00:41:05.285955 n-d-713301-25 neutron-server[115055]: DEBUG neutron.api.rpc.handlers.resources_rpc [None req-5771de8a-6d7d-4d20-9e6e-a85c5d4a5a05 admin admin] Pushing event deleted for resources: {'SecurityGroup': ['ID=c58cafde-9e3d-4641-a4fa-817cf1e6aae1,revision_number=None']} {{(pid=115055) push /opt/stack/neutron/neutron/api/rpc/handlers/resources_rpc.py:237}}
Nov 11 00:41:05.639564 n-d-713301-25 neutron-server[115056]: DEBUG neutron_lib.callbacks.manager [None req-24386ece-27a2-4dbc-bd58-bbbf57446e99 admin admin] Publish callbacks ['neutron.plugins.ml2.ovo_rpc._ObjectChangeHandler.handle_event-1631006', 'neutron.api.rpc.agentnotifiers.dhcp_rpc_agent_api.DhcpAgentNotifyAPI._native_event_send_dhcp_notification-1615529'] for subnet, after_create {{(pid=115056) _notify_loop /usr/local/lib/python3.8/dist-packages/neutron_lib/callbacks/manager.py:175}}
Nov 11 00:41:05.824733 n-d-713301-25 neutron-server[115056]: DEBUG neutron_lib.callbacks.manager [None req-9a013377-f0ac-4af1-a938-08c3ae7171db admin admin] Publish callbacks [] for security_group, before_create {{(pid=115056) _notify_loop /usr/local/lib/python3.8/dist-packages/neutron_lib/callbacks/manager.py:175}}
Nov 11 00:41:05.859177 n-d-713301-25 neutron-server[115056]: DEBUG neutron.api.rpc.handlers.resources_rpc [None req-24386ece-27a2-4dbc-bd58-bbbf57446e99 admin admin] Pushing event updated for resources: {'Subnet': ['ID=c1ecebd7-70fa-4144-b566-c6ef4043f17e,revision_number=0']} {{(pid=115056) push /opt/stack/neutron/neutron/api/rpc/handlers/resources_rpc.py:237}}
Nov 11 00:41:05.889978 n-d-713301-25 neutron-server[115056]: DEBUG neutron.plugins.ml2.drivers.mech_agent [None req-24386ece-27a2-4dbc-bd58-bbbf57446e99 admin admin] Checking segment: {'id': '43d45469-45f0-49bd-bfe7-3fa2b318912b', 'network_type': 'vlan', 'physical_network': 'physnet1', 'segmentation_id': 648, 'network_id': '025d3808-8bd2-474a-b5a1-e322ebb12b8f'} for mappings: {'physnet1': 'br-data'} with network types: ['local', 'flat', 'vlan'] {{(pid=115056) check_segment_for_agent /opt/stack/neutron/neutron/plugins/ml2/drivers/mech_agent.py:371}}
Nov 11 00:41:05.890324 n-d-713301-25 neutron-server[115056]: DEBUG neutron.scheduler.dhcp_agent_scheduler [None req-24386ece-27a2-4dbc-bd58-bbbf57446e99 admin admin] Network hostable DHCP agents. Network: 025d3808-8bd2-474a-b5a1-e322ebb12b8f, hostable agents: ['75a8f980-1947-4676-a1f0-83a1216f1088'], hosted agents: [] {{(pid=115056) _get_network_hostable_dhcp_agents /opt/stack/neutron/neutron/scheduler/dhcp_agent_scheduler.py:329}}
Nov 11 00:41:05.957747 n-d-713301-25 neutron-server[115056]: DEBUG neutron_lib.callbacks.manager [None req-9a013377-f0ac-4af1-a938-08c3ae7171db admin admin] Publish callbacks [] for security_group, precommit_create {{(pid=115056) _notify_loop /usr/local/lib/python3.8/dist-packages/neutron_lib/callbacks/manager.py:175}}
Nov 11 00:41:06.084266 n-d-713301-25 neutron-server[115056]: DEBUG neutron.scheduler.dhcp_agent_scheduler [None req-24386ece-27a2-4dbc-bd58-bbbf57446e99 admin admin] Network 025d3808-8bd2-474a-b5a1-e322ebb12b8f is scheduled to be hosted by DHCP agent 75a8f980-1947-4676-a1f0-83a1216f1088 with binding_index 1 {{(pid=115056) bind /opt/stack/neutron/neutron/scheduler/dhcp_agent_scheduler.py:227}}
Nov 11 00:41:06.120011 n-d-713301-25 neutron-server[115056]: DEBUG neutron.pecan_wsgi.hooks.policy_enforcement [req-4d83b892-bba4-4ffe-9cf9-4647ab5dd395 req-e0959c9c-8a3e-4c9f-aefa-7ef8d4ee8ee4 tempest-AggregatesAdminTestJSON-1273842226 tempest-AggregatesAdminTestJSON-1273842226-project] Attributes excluded by policy engine: ['standard_attr_id', 'binding:profile', 'binding:host_id', 'binding:vif_type', 'binding:vif_details'] {{(pid=115056) _exclude_attributes_by_policy /opt/stack/neutron/neutron/pecan_wsgi/hooks/policy_enforcement.py:255}}
Nov 11 00:41:06.126849 n-d-713301-25 neutron-server[115056]: INFO neutron.wsgi [req-4d83b892-bba4-4ffe-9cf9-4647ab5dd395 req-e0959c9c-8a3e-4c9f-aefa-7ef8d4ee8ee4 tempest-AggregatesAdminTestJSON-1273842226 tempest-AggregatesAdminTestJSON-1273842226-project] 10.222.0.53 "GET /v2.0/ports?device_id=5e0f5ace-8916-4717-b68b-092a545f6a69 HTTP/1.1" status: 200 len: 936 time: 0.0666983
Nov 11 00:41:06.126849 n-d-713301-25 neutron-server[115056]: DEBUG neutron_lib.callbacks.manager [None req-9a013377-f0ac-4af1-a938-08c3ae7171db admin admin] Publish callbacks ['neutron.plugins.ml2.ovo_rpc._ObjectChangeHandler.handle_event-1578179'] for security_group, after_create {{(pid=115056) _notify_loop /usr/local/lib/python3.8/dist-packages/neutron_lib/callbacks/manager.py:175}}
Nov 11 00:41:06.178881 n-d-713301-25 neutron-server[115056]: INFO neutron.wsgi [None req-9a013377-f0ac-4af1-a938-08c3ae7171db admin admin] 10.222.0.53 "GET /v2.0/security-groups?tenant_id=6f83826bf132460ca0259fae6f3f4e67&name=default HTTP/1.1" status: 200 len: 2996 time: 0.9404187
Nov 11 00:41:06.181832 n-d-713301-25 neutron-server[115055]: DEBUG neutron.wsgi [-] (115055) accepted ('10.222.0.53', 58754) {{(pid=115055) server /usr/local/lib/python3.8/dist-packages/eventlet/wsgi.py:982}}
Nov 11 00:41:06.184657 n-d-713301-25 neutron-server[115056]: DEBUG neutron.api.rpc.handlers.resources_rpc [None req-9a013377-f0ac-4af1-a938-08c3ae7171db admin admin] Pushing event updated for resources: {'SecurityGroup': ['ID=63d0d3b8-1c1b-4d90-8c39-d21e7553bf5e,revision_number=1']} {{(pid=115056) push /opt/stack/neutron/neutron/api/rpc/handlers/resources_rpc.py:237}}
Nov 11 00:41:06.224180 n-d-713301-25 neutron-server[115056]: DEBUG neutron.scheduler.base_scheduler [None req-24386ece-27a2-4dbc-bd58-bbbf57446e99 admin admin] Resources bound (agent type, host, resource id): (DHCP agent, n-d-713301-25, 025d3808-8bd2-474a-b5a1-e322ebb12b8f) {{(pid=115056) schedule /opt/stack/neutron/neutron/scheduler/base_scheduler.py:57}}
Nov 11 00:41:06.231488 n-d-713301-25 neutron-server[115056]: DEBUG neutron.pecan_wsgi.hooks.policy_enforcement [None req-24386ece-27a2-4dbc-bd58-bbbf57446e99 admin admin] Attributes excluded by policy engine: ['standard_attr_id', 'shared', 'network'] {{(pid=115056) _exclude_attributes_by_policy /opt/stack/neutron/neutron/pecan_wsgi/hooks/policy_enforcement.py:255}}
Nov 11 00:41:06.232051 n-d-713301-25 neutron-server[115056]: DEBUG neutron_lib.callbacks.manager [None req-24386ece-27a2-4dbc-bd58-bbbf57446e99 admin admin] Publish callbacks ['neutron.api.rpc.agentnotifiers.dhcp_rpc_agent_api.DhcpAgentNotifyAPI._send_dhcp_notification-1615551'] for subnet, before_response {{(pid=115056) _notify_loop /usr/local/lib/python3.8/dist-packages/neutron_lib/callbacks/manager.py:175}}
Nov 11 00:41:06.233658 n-d-713301-25 neutron-server[115057]: DEBUG neutron.api.rpc.handlers.dhcp_rpc [None req-6e113f01-e5cc-4691-af95-5d5d480c9039 None None] Network 025d3808-8bd2-474a-b5a1-e322ebb12b8f requested from n-d-713301-25 {{(pid=115057) get_network_info /opt/stack/neutron/neutron/api/rpc/handlers/dhcp_rpc.py:218}}
Nov 11 00:41:06.240158 n-d-713301-25 neutron-server[115056]: INFO neutron.wsgi [req-4d83b892-bba4-4ffe-9cf9-4647ab5dd395 req-5a811ca7-52ee-468c-ada6-a283a20c8b10 tempest-AggregatesAdminTestJSON-1273842226 tempest-AggregatesAdminTestJSON-1273842226-project] 10.222.0.53 "GET /v2.0/security-groups?id=4efe10c3-5a8e-4986-b392-4f51fae11a45&fields=id&fields=name HTTP/1.1" status: 200 len: 286 time: 0.1108258
Nov 11 00:41:06.278154 n-d-713301-25 neutron-server[115055]: DEBUG neutron_lib.callbacks.manager [None req-5945dbf8-8de5-4640-90ba-3afd4eca4b08 admin admin] Publish callbacks [] for security_group, before_delete {{(pid=115055) _notify_loop /usr/local/lib/python3.8/dist-packages/neutron_lib/callbacks/manager.py:175}}
Nov 11 00:41:06.292755 n-d-713301-25 neutron-server[115056]: DEBUG neutron.wsgi [-] (115056) accepted ('10.222.0.53', 58756) {{(pid=115056) server /usr/local/lib/python3.8/dist-packages/eventlet/wsgi.py:982}}
Nov 11 00:41:06.311021 n-d-713301-25 neutron-server[115056]: DEBUG neutron_lib.callbacks.manager [None req-b0a9bab3-c965-4028-bbc9-bb911db1f187 admin admin] Publish callbacks [] for security_group, before_create {{(pid=115056) _notify_loop /usr/local/lib/python3.8/dist-packages/neutron_lib/callbacks/manager.py:175}}
Nov 11 00:41:06.319352 n-d-713301-25 neutron-server[115055]: DEBUG neutron_lib.callbacks.manager [None req-5945dbf8-8de5-4640-90ba-3afd4eca4b08 admin admin] Publish callbacks [] for security_group, precommit_delete {{(pid=115055) _notify_loop /usr/local/lib/python3.8/dist-packages/neutron_lib/callbacks/manager.py:175}}
Nov 11 00:41:06.370838 n-d-713301-25 neutron-server[115056]: INFO neutron.wsgi [None req-24386ece-27a2-4dbc-bd58-bbbf57446e99 admin admin] 10.222.0.53 "POST /v2.0/subnets HTTP/1.1" status: 201 len: 858 time: 1.2166965
Nov 11 00:41:06.407722 n-d-713301-25 neutron-server[115057]: DEBUG neutron.api.rpc.handlers.dhcp_rpc [None req-dda5dc28-fb63-47fb-afeb-fa1009d2fe12 None None] Network 025d3808-8bd2-474a-b5a1-e322ebb12b8f requested from n-d-713301-25 {{(pid=115057) get_network_info /opt/stack/neutron/neutron/api/rpc/handlers/dhcp_rpc.py:218}}
Nov 11 00:41:06.475634 n-d-713301-25 neutron-server[115056]: DEBUG neutron_lib.callbacks.manager [None req-b0a9bab3-c965-4028-bbc9-bb911db1f187 admin admin] Publish callbacks [] for security_group, precommit_create {{(pid=115056) _notify_loop /usr/local/lib/python3.8/dist-packages/neutron_lib/callbacks/manager.py:175}}
Nov 11 00:41:06.498980 n-d-713301-25 neutron-server[115055]: DEBUG neutron_lib.callbacks.manager [None req-5945dbf8-8de5-4640-90ba-3afd4eca4b08 admin admin] Publish callbacks ['neutron.plugins.ml2.ovo_rpc._ObjectChangeHandler.handle_event-1578179'] for security_group, after_delete {{(pid=115055) _notify_loop /usr/local/lib/python3.8/dist-packages/neutron_lib/callbacks/manager.py:175}}
Nov 11 00:41:06.501446 n-d-713301-25 neutron-server[115055]: DEBUG neutron_lib.callbacks.manager [None req-5945dbf8-8de5-4640-90ba-3afd4eca4b08 admin admin] Publish callbacks [] for security_group, before_response {{(pid=115055) _notify_loop /usr/local/lib/python3.8/dist-packages/neutron_lib/callbacks/manager.py:175}}
Nov 11 00:41:06.503801 n-d-713301-25 neutron-server[115055]: INFO neutron.wsgi [None req-5945dbf8-8de5-4640-90ba-3afd4eca4b08 admin admin] 10.222.0.53 "DELETE /v2.0/security-groups/63d0d3b8-1c1b-4d90-8c39-d21e7553bf5e HTTP/1.1" status: 204 len: 168 time: 0.3201711
Nov 11 00:41:06.511469 n-d-713301-25 neutron-server[115055]: DEBUG neutron.api.rpc.handlers.resources_rpc [None req-5945dbf8-8de5-4640-90ba-3afd4eca4b08 admin admin] Pushing event deleted for resources: {'SecurityGroup': ['ID=63d0d3b8-1c1b-4d90-8c39-d21e7553bf5e,revision_number=None']} {{(pid=115055) push /opt/stack/neutron/neutron/api/rpc/handlers/resources_rpc.py:237}}
Nov 11 00:41:06.598375 n-d-713301-25 neutron-server[115056]: DEBUG neutron.wsgi [-] (115056) accepted ('10.222.0.53', 58762) {{(pid=115056) server /usr/local/lib/python3.8/dist-packages/eventlet/wsgi.py:982}}
Nov 11 00:41:06.614119 n-d-713301-25 neutron-server[115056]: DEBUG neutron_lib.callbacks.manager [None req-b0a9bab3-c965-4028-bbc9-bb911db1f187 admin admin] Publish callbacks ['neutron.plugins.ml2.ovo_rpc._ObjectChangeHandler.handle_event-1578179'] for security_group, after_create {{(pid=115056) _notify_loop /usr/local/lib/python3.8/dist-packages/neutron_lib/callbacks/manager.py:175}}
Nov 11 00:41:06.722654 n-d-713301-25 neutron-server[115056]: DEBUG neutron.api.rpc.handlers.resources_rpc [None req-b0a9bab3-c965-4028-bbc9-bb911db1f187 admin admin] Pushing event updated for resources: {'SecurityGroup': ['ID=dcab7fe8-ac70-4aba-b42a-e0c042431fb1,revision_number=1']} {{(pid=115056) push /opt/stack/neutron/neutron/api/rpc/handlers/resources_rpc.py:237}}
Nov 11 00:41:06.722654 n-d-713301-25 neutron-server[115056]: DEBUG neutron_lib.callbacks.manager [None req-304e1581-86d0-4736-9359-e62273258452 admin admin] Publish callbacks [] for security_group, before_create {{(pid=115056) _notify_loop /usr/local/lib/python3.8/dist-packages/neutron_lib/callbacks/manager.py:175}}
Nov 11 00:41:06.735979 n-d-713301-25 neutron-server[115056]: INFO neutron.wsgi [None req-b0a9bab3-c965-4028-bbc9-bb911db1f187 admin admin] 10.222.0.53 "GET /v2.0/security-groups?tenant_id=b33c9409452e499d8f8ffd89e21ca87d&name=default HTTP/1.1" status: 200 len: 2996 time: 0.4421082
Nov 11 00:41:06.739078 n-d-713301-25 neutron-server[115055]: DEBUG neutron.wsgi [-] (115055) accepted ('10.222.0.53', 58766) {{(pid=115055) server /usr/local/lib/python3.8/dist-packages/eventlet/wsgi.py:982}}
Nov 11 00:41:06.779116 n-d-713301-25 neutron-server[115057]: DEBUG neutron_lib.callbacks.manager [None req-003d0c4e-1945-4ce8-ad85-ac059f31c933 None None] Publish callbacks ['neutron.services.segments.db._update_segment_host_mapping_for_agent-8775858516179', 'neutron.plugins.ml2.plugin.Ml2Plugin._retry_binding_revived_agents-1441885'] for agent, after_update {{(pid=115057) _notify_loop /usr/local/lib/python3.8/dist-packages/neutron_lib/callbacks/manager.py:175}}
Nov 11 00:41:06.808142 n-d-713301-25 neutron-server[115055]: DEBUG neutron_lib.callbacks.manager [None req-c57f3af9-d706-417c-ac3f-972b5d8b08f1 admin admin] Publish callbacks [] for security_group, before_delete {{(pid=115055) _notify_loop /usr/local/lib/python3.8/dist-packages/neutron_lib/callbacks/manager.py:175}}
