Feb 09 08:05:38.742841 n-d-712749-31 devstack@c-api.service[110808]: INFO cinder.volume.api [None req-470f9dba-082a-4b8d-afd5-21fc21bd1a56 tempest-VolumesAdminNegativeTest-561429038 tempest-VolumesAdminNegativeTest-561429038-project] Volume info retrieved successfully.
Feb 09 08:05:38.762435 n-d-712749-31 devstack@c-api.service[110808]: INFO cinder.api.openstack.wsgi [None req-470f9dba-082a-4b8d-afd5-21fc21bd1a56 tempest-VolumesAdminNegativeTest-561429038 tempest-VolumesAdminNegativeTest-561429038-project] http://10.222.0.18/volume/v3/9769ce26538048bcad66c77500318d65/volumes/074311f2-338f-4f67-a9c9-6eede267e52b returned with HTTP 200
Feb 09 08:05:38.768911 n-d-712749-31 devstack@c-api.service[110809]: INFO cinder.api.openstack.wsgi [req-5828b094-d1c0-435b-8185-7ab8fff61da6 req-93acafdc-c508-4d8e-9e2e-33e7e1fc4f6e tempest-VolumesGetTestJSON-1096913843 tempest-VolumesGetTestJSON-1096913843-project] http://10.222.0.18/volume/v3/8bf0c25e996249078c9ec2fe76c92776/volumes/5201bd39-5b2f-4bab-beea-250d5fd2fb5f returned with HTTP 200
Feb 09 08:05:38.769892 n-d-712749-31 devstack@c-api.service[110808]: [pid: 110808|app: 0|req: 218/410] 10.222.0.18 () {58 vars in 1324 bytes} [Wed Feb 9 08:05:38 2022] GET /volume/v3/9769ce26538048bcad66c77500318d65/volumes/074311f2-338f-4f67-a9c9-6eede267e52b => generated 917 bytes in 113 msecs (HTTP/1.1 200) 7 headers in 285 bytes (1 switches on core 0)
Feb 09 08:05:38.770386 n-d-712749-31 devstack@c-api.service[110809]: [pid: 110809|app: 0|req: 193/411] 10.222.0.18 () {60 vars in 1578 bytes} [Wed Feb 9 08:05:38 2022] GET /volume/v3/8bf0c25e996249078c9ec2fe76c92776/volumes/5201bd39-5b2f-4bab-beea-250d5fd2fb5f => generated 924 bytes in 99 msecs (HTTP/1.1 200) 7 headers in 285 bytes (2 switches on core 0)
Feb 09 08:05:39.782966 n-d-712749-31 devstack@c-api.service[110808]: INFO cinder.api.openstack.wsgi [None req-f14252b6-686b-4c56-ab95-6165bfdd64c2 tempest-VolumesAdminNegativeTest-561429038 tempest-VolumesAdminNegativeTest-561429038-project] GET http://10.222.0.18/volume/v3/9769ce26538048bcad66c77500318d65/volumes/074311f2-338f-4f67-a9c9-6eede267e52b
Feb 09 08:05:39.783787 n-d-712749-31 devstack@c-api.service[110808]: DEBUG cinder.api.openstack.wsgi [None req-f14252b6-686b-4c56-ab95-6165bfdd64c2 tempest-VolumesAdminNegativeTest-561429038 tempest-VolumesAdminNegativeTest-561429038-project] Empty body provided in request {{(pid=110808) get_body /opt/stack/cinder/cinder/api/openstack/wsgi.py:715}}
Feb 09 08:05:39.784848 n-d-712749-31 devstack@c-api.service[110808]: DEBUG cinder.api.openstack.wsgi [None req-f14252b6-686b-4c56-ab95-6165bfdd64c2 tempest-VolumesAdminNegativeTest-561429038 tempest-VolumesAdminNegativeTest-561429038-project] Calling method 'show' {{(pid=110808) _process_stack /opt/stack/cinder/cinder/api/openstack/wsgi.py:868}}
Feb 09 08:05:39.837208 n-d-712749-31 devstack@c-api.service[110809]: INFO cinder.api.openstack.wsgi [req-57c49287-cafe-4730-a8c2-69998236f9c5 req-7d5ef846-4988-4d28-b5be-1fb9ac34c2d6 tempest-VolumesGetTestJSON-1096913843 tempest-VolumesGetTestJSON-1096913843-project] GET http://10.222.0.18/volume/v3/8bf0c25e996249078c9ec2fe76c92776/volumes/5201bd39-5b2f-4bab-beea-250d5fd2fb5f
Feb 09 08:05:39.839371 n-d-712749-31 devstack@c-api.service[110809]: DEBUG cinder.api.openstack.wsgi [req-57c49287-cafe-4730-a8c2-69998236f9c5 req-7d5ef846-4988-4d28-b5be-1fb9ac34c2d6 tempest-VolumesGetTestJSON-1096913843 tempest-VolumesGetTestJSON-1096913843-project] Empty body provided in request {{(pid=110809) get_body /opt/stack/cinder/cinder/api/openstack/wsgi.py:715}}
Feb 09 08:05:39.840464 n-d-712749-31 devstack@c-api.service[110809]: DEBUG cinder.api.openstack.wsgi [req-57c49287-cafe-4730-a8c2-69998236f9c5 req-7d5ef846-4988-4d28-b5be-1fb9ac34c2d6 tempest-VolumesGetTestJSON-1096913843 tempest-VolumesGetTestJSON-1096913843-project] Calling method 'show' {{(pid=110809) _process_stack /opt/stack/cinder/cinder/api/openstack/wsgi.py:868}}
Feb 09 08:05:39.912920 n-d-712749-31 devstack@c-api.service[110809]: INFO cinder.api.openstack.wsgi [req-57c49287-cafe-4730-a8c2-69998236f9c5 req-7d5ef846-4988-4d28-b5be-1fb9ac34c2d6 tempest-VolumesGetTestJSON-1096913843 tempest-VolumesGetTestJSON-1096913843-project] http://10.222.0.18/volume/v3/8bf0c25e996249078c9ec2fe76c92776/volumes/5201bd39-5b2f-4bab-beea-250d5fd2fb5f returned with HTTP 404
Feb 09 08:05:39.917171 n-d-712749-31 devstack@c-api.service[110808]: /usr/local/lib/python3.8/dist-packages/oslo_context/context.py:105: DeprecationWarning: Policy enforcement is depending on the value of is_admin. This key is deprecated. Please update your policy file to use the standard policy values.
Feb 09 08:05:39.917171 n-d-712749-31 devstack@c-api.service[110808]: warnings.warn('Policy enforcement is depending on the value of '
Feb 09 08:05:39.922193 n-d-712749-31 devstack@c-api.service[110809]: [pid: 110809|app: 0|req: 194/412] 10.222.0.18 () {60 vars in 1578 bytes} [Wed Feb 9 08:05:39 2022] GET /volume/v3/8bf0c25e996249078c9ec2fe76c92776/volumes/5201bd39-5b2f-4bab-beea-250d5fd2fb5f => generated 109 bytes in 96 msecs (HTTP/1.1 404) 7 headers in 292 bytes (1 switches on core 0)
Feb 09 08:05:39.938474 n-d-712749-31 devstack@c-api.service[110808]: INFO cinder.volume.api [None req-f14252b6-686b-4c56-ab95-6165bfdd64c2 tempest-VolumesAdminNegativeTest-561429038 tempest-VolumesAdminNegativeTest-561429038-project] Volume info retrieved successfully.
Feb 09 08:05:39.961921 n-d-712749-31 devstack@c-api.service[110808]: INFO cinder.api.openstack.wsgi [None req-f14252b6-686b-4c56-ab95-6165bfdd64c2 tempest-VolumesAdminNegativeTest-561429038 tempest-VolumesAdminNegativeTest-561429038-project] http://10.222.0.18/volume/v3/9769ce26538048bcad66c77500318d65/volumes/074311f2-338f-4f67-a9c9-6eede267e52b returned with HTTP 200
Feb 09 08:05:39.962976 n-d-712749-31 devstack@c-api.service[110808]: [pid: 110808|app: 0|req: 219/413] 10.222.0.18 () {58 vars in 1324 bytes} [Wed Feb 9 08:05:39 2022] GET /volume/v3/9769ce26538048bcad66c77500318d65/volumes/074311f2-338f-4f67-a9c9-6eede267e52b => generated 917 bytes in 186 msecs (HTTP/1.1 200) 7 headers in 285 bytes (1 switches on core 0)
Feb 09 08:05:40.981377 n-d-712749-31 devstack@c-api.service[110809]: INFO cinder.api.openstack.wsgi [None req-0a7fae7f-0944-4f2b-b057-2dafdd6bdab7 tempest-VolumesAdminNegativeTest-561429038 tempest-VolumesAdminNegativeTest-561429038-project] GET http://10.222.0.18/volume/v3/9769ce26538048bcad66c77500318d65/volumes/074311f2-338f-4f67-a9c9-6eede267e52b
Feb 09 08:05:40.981967 n-d-712749-31 devstack@c-api.service[110809]: DEBUG cinder.api.openstack.wsgi [None req-0a7fae7f-0944-4f2b-b057-2dafdd6bdab7 tempest-VolumesAdminNegativeTest-561429038 tempest-VolumesAdminNegativeTest-561429038-project] Empty body provided in request {{(pid=110809) get_body /opt/stack/cinder/cinder/api/openstack/wsgi.py:715}}
Feb 09 08:05:40.982274 n-d-712749-31 devstack@c-api.service[110809]: DEBUG cinder.api.openstack.wsgi [None req-0a7fae7f-0944-4f2b-b057-2dafdd6bdab7 tempest-VolumesAdminNegativeTest-561429038 tempest-VolumesAdminNegativeTest-561429038-project] Calling method 'show' {{(pid=110809) _process_stack /opt/stack/cinder/cinder/api/openstack/wsgi.py:868}}
Feb 09 08:05:41.024936 n-d-712749-31 devstack@c-api.service[110809]: /usr/local/lib/python3.8/dist-packages/oslo_context/context.py:105: DeprecationWarning: Policy enforcement is depending on the value of is_admin. This key is deprecated. Please update your policy file to use the standard policy values.
Feb 09 08:05:41.024936 n-d-712749-31 devstack@c-api.service[110809]: warnings.warn('Policy enforcement is depending on the value of '
Feb 09 08:05:41.062228 n-d-712749-31 devstack@c-api.service[110809]: INFO cinder.volume.api [None req-0a7fae7f-0944-4f2b-b057-2dafdd6bdab7 tempest-VolumesAdminNegativeTest-561429038 tempest-VolumesAdminNegativeTest-561429038-project] Volume info retrieved successfully.
Feb 09 08:05:41.071980 n-d-712749-31 devstack@c-api.service[110809]: INFO cinder.api.openstack.wsgi [None req-0a7fae7f-0944-4f2b-b057-2dafdd6bdab7 tempest-VolumesAdminNegativeTest-561429038 tempest-VolumesAdminNegativeTest-561429038-project] http://10.222.0.18/volume/v3/9769ce26538048bcad66c77500318d65/volumes/074311f2-338f-4f67-a9c9-6eede267e52b returned with HTTP 200
Feb 09 08:05:41.072942 n-d-712749-31 devstack@c-api.service[110809]: [pid: 110809|app: 0|req: 195/414] 10.222.0.18 () {58 vars in 1324 bytes} [Wed Feb 9 08:05:40 2022] GET /volume/v3/9769ce26538048bcad66c77500318d65/volumes/074311f2-338f-4f67-a9c9-6eede267e52b => generated 917 bytes in 96 msecs (HTTP/1.1 200) 7 headers in 285 bytes (1 switches on core 0)
Feb 09 08:05:42.094098 n-d-712749-31 devstack@c-api.service[110808]: INFO cinder.api.openstack.wsgi [None req-2aa7be65-1f8e-4c68-9b6f-a0d288937d94 tempest-VolumesAdminNegativeTest-561429038 tempest-VolumesAdminNegativeTest-561429038-project] GET http://10.222.0.18/volume/v3/9769ce26538048bcad66c77500318d65/volumes/074311f2-338f-4f67-a9c9-6eede267e52b
Feb 09 08:05:42.096712 n-d-712749-31 devstack@c-api.service[110808]: DEBUG cinder.api.openstack.wsgi [None req-2aa7be65-1f8e-4c68-9b6f-a0d288937d94 tempest-VolumesAdminNegativeTest-561429038 tempest-VolumesAdminNegativeTest-561429038-project] Empty body provided in request {{(pid=110808) get_body /opt/stack/cinder/cinder/api/openstack/wsgi.py:715}}
Feb 09 08:05:42.098303 n-d-712749-31 devstack@c-api.service[110808]: DEBUG cinder.api.openstack.wsgi [None req-2aa7be65-1f8e-4c68-9b6f-a0d288937d94 tempest-VolumesAdminNegativeTest-561429038 tempest-VolumesAdminNegativeTest-561429038-project] Calling method 'show' {{(pid=110808) _process_stack /opt/stack/cinder/cinder/api/openstack/wsgi.py:868}}
Feb 09 08:05:42.131688 n-d-712749-31 devstack@c-api.service[110808]: /usr/local/lib/python3.8/dist-packages/oslo_context/context.py:105: DeprecationWarning: Policy enforcement is depending on the value of is_admin. This key is deprecated. Please update your policy file to use the standard policy values.
Feb 09 08:05:42.131688 n-d-712749-31 devstack@c-api.service[110808]: warnings.warn('Policy enforcement is depending on the value of '
Feb 09 08:05:42.155377 n-d-712749-31 devstack@c-api.service[110808]: INFO cinder.volume.api [None req-2aa7be65-1f8e-4c68-9b6f-a0d288937d94 tempest-VolumesAdminNegativeTest-561429038 tempest-VolumesAdminNegativeTest-561429038-project] Volume info retrieved successfully.
Feb 09 08:05:42.186041 n-d-712749-31 devstack@c-api.service[110808]: INFO cinder.api.openstack.wsgi [None req-2aa7be65-1f8e-4c68-9b6f-a0d288937d94 tempest-VolumesAdminNegativeTest-561429038 tempest-VolumesAdminNegativeTest-561429038-project] http://10.222.0.18/volume/v3/9769ce26538048bcad66c77500318d65/volumes/074311f2-338f-4f67-a9c9-6eede267e52b returned with HTTP 200
Feb 09 08:05:42.192942 n-d-712749-31 devstack@c-api.service[110808]: [pid: 110808|app: 0|req: 220/415] 10.222.0.18 () {58 vars in 1324 bytes} [Wed Feb 9 08:05:42 2022] GET /volume/v3/9769ce26538048bcad66c77500318d65/volumes/074311f2-338f-4f67-a9c9-6eede267e52b => generated 917 bytes in 105 msecs (HTTP/1.1 200) 7 headers in 285 bytes (1 switches on core 0)
Feb 09 08:05:43.207862 n-d-712749-31 devstack@c-api.service[110809]: INFO cinder.api.openstack.wsgi [None req-231430ac-84a2-4cb6-bccb-d9b5cf7f266a tempest-VolumesAdminNegativeTest-561429038 tempest-VolumesAdminNegativeTest-561429038-project] GET http://10.222.0.18/volume/v3/9769ce26538048bcad66c77500318d65/volumes/074311f2-338f-4f67-a9c9-6eede267e52b
Feb 09 08:05:43.208839 n-d-712749-31 devstack@c-api.service[110809]: DEBUG cinder.api.openstack.wsgi [None req-231430ac-84a2-4cb6-bccb-d9b5cf7f266a tempest-VolumesAdminNegativeTest-561429038 tempest-VolumesAdminNegativeTest-561429038-project] Empty body provided in request {{(pid=110809) get_body /opt/stack/cinder/cinder/api/openstack/wsgi.py:715}}
Feb 09 08:05:43.209418 n-d-712749-31 devstack@c-api.service[110809]: DEBUG cinder.api.openstack.wsgi [None req-231430ac-84a2-4cb6-bccb-d9b5cf7f266a tempest-VolumesAdminNegativeTest-561429038 tempest-VolumesAdminNegativeTest-561429038-project] Calling method 'show' {{(pid=110809) _process_stack /opt/stack/cinder/cinder/api/openstack/wsgi.py:868}}
Feb 09 08:05:43.250165 n-d-712749-31 devstack@c-api.service[110809]: /usr/local/lib/python3.8/dist-packages/oslo_context/context.py:105: DeprecationWarning: Policy enforcement is depending on the value of is_admin. This key is deprecated. Please update your policy file to use the standard policy values.
Feb 09 08:05:43.250165 n-d-712749-31 devstack@c-api.service[110809]: warnings.warn('Policy enforcement is depending on the value of '
Feb 09 08:05:43.287343 n-d-712749-31 devstack@c-api.service[110809]: INFO cinder.volume.api [None req-231430ac-84a2-4cb6-bccb-d9b5cf7f266a tempest-VolumesAdminNegativeTest-561429038 tempest-VolumesAdminNegativeTest-561429038-project] Volume info retrieved successfully.
Feb 09 08:05:43.311174 n-d-712749-31 devstack@c-api.service[110809]: INFO cinder.api.openstack.wsgi [None req-231430ac-84a2-4cb6-bccb-d9b5cf7f266a tempest-VolumesAdminNegativeTest-561429038 tempest-VolumesAdminNegativeTest-561429038-project] http://10.222.0.18/volume/v3/9769ce26538048bcad66c77500318d65/volumes/074311f2-338f-4f67-a9c9-6eede267e52b returned with HTTP 200
Feb 09 08:05:43.317754 n-d-712749-31 devstack@c-api.service[110809]: [pid: 110809|app: 0|req: 196/416] 10.222.0.18 () {58 vars in 1324 bytes} [Wed Feb 9 08:05:43 2022] GET /volume/v3/9769ce26538048bcad66c77500318d65/volumes/074311f2-338f-4f67-a9c9-6eede267e52b => generated 917 bytes in 118 msecs (HTTP/1.1 200) 7 headers in 285 bytes (1 switches on core 0)
Feb 09 08:05:43.869250 n-d-712749-31 devstack@c-api.service[110808]: INFO cinder.api.openstack.wsgi [None req-29d280f7-df86-421d-99bc-96418eda2331 tempest-VolumesTestJSON-740528261 tempest-VolumesTestJSON-740528261-project] POST http://10.222.0.18/volume/v3/9f933db538f446deb9331d895f8308a4/volumes
Feb 09 08:05:43.870633 n-d-712749-31 devstack@c-api.service[110808]: DEBUG cinder.api.openstack.wsgi [None req-29d280f7-df86-421d-99bc-96418eda2331 tempest-VolumesTestJSON-740528261 tempest-VolumesTestJSON-740528261-project] Action: 'create', calling method: create, body: {"volume": {"metadata": {"Type": "work"}, "size": 1, "display_name": "tempest-VolumesTestJSON-volume-2111771347"}} {{(pid=110808) _process_stack /opt/stack/cinder/cinder/api/openstack/wsgi.py:866}}
Feb 09 08:05:43.871697 n-d-712749-31 devstack@c-api.service[110808]: DEBUG cinder.api.v3.volumes [None req-29d280f7-df86-421d-99bc-96418eda2331 tempest-VolumesTestJSON-740528261 tempest-VolumesTestJSON-740528261-project] Create volume request body: {'volume': {'metadata': {'Type': 'work'}, 'size': 1, 'display_name': 'tempest-VolumesTestJSON-volume-2111771347'}} {{(pid=110808) create /opt/stack/cinder/cinder/api/v3/volumes.py:298}}
Feb 09 08:05:43.872270 n-d-712749-31 devstack@c-api.service[110808]: INFO cinder.api.v3.volumes [None req-29d280f7-df86-421d-99bc-96418eda2331 tempest-VolumesTestJSON-740528261 tempest-VolumesTestJSON-740528261-project] Create volume of 1 GB
Feb 09 08:05:43.880435 n-d-712749-31 devstack@c-api.service[110808]: INFO cinder.volume.api [None req-29d280f7-df86-421d-99bc-96418eda2331 tempest-VolumesTestJSON-740528261 tempest-VolumesTestJSON-740528261-project] Availability Zones retrieved successfully.
Feb 09 08:05:43.910528 n-d-712749-31 devstack@c-api.service[110808]: DEBUG cinder.volume.api [None req-29d280f7-df86-421d-99bc-96418eda2331 tempest-VolumesTestJSON-740528261 tempest-VolumesTestJSON-740528261-project] Flow 'volume_create_api' (9635084b-68ca-42f0-9e15-fa0c145bd268) transitioned into state 'RUNNING' from state 'PENDING' {{(pid=110808) _flow_receiver /usr/local/lib/python3.8/dist-packages/taskflow/listeners/logging.py:141}}
Feb 09 08:05:43.913501 n-d-712749-31 devstack@c-api.service[110808]: DEBUG cinder.volume.api [None req-29d280f7-df86-421d-99bc-96418eda2331 tempest-VolumesTestJSON-740528261 tempest-VolumesTestJSON-740528261-project] Task 'cinder.volume.flows.api.create_volume.ExtractVolumeRequestTask;volume:create' (d9a56371-a549-48c1-b43f-10850e50d3ac) transitioned into state 'RUNNING' from state 'PENDING' {{(pid=110808) _task_receiver /usr/local/lib/python3.8/dist-packages/taskflow/listeners/logging.py:190}}
Feb 09 08:05:43.916416 n-d-712749-31 devstack@c-api.service[110808]: DEBUG cinder.volume.flows.api.create_volume [None req-29d280f7-df86-421d-99bc-96418eda2331 tempest-VolumesTestJSON-740528261 tempest-VolumesTestJSON-740528261-project] Validating volume size '1' using validate_int {{(pid=110808) _extract_size /opt/stack/cinder/cinder/volume/flows/api/create_volume.py:225}}
Feb 09 08:05:44.049966 n-d-712749-31 devstack@c-api.service[110808]: DEBUG cinder.volume.api [None req-29d280f7-df86-421d-99bc-96418eda2331 tempest-VolumesTestJSON-740528261 tempest-VolumesTestJSON-740528261-project] Task 'cinder.volume.flows.api.create_volume.ExtractVolumeRequestTask;volume:create' (d9a56371-a549-48c1-b43f-10850e50d3ac) transitioned into state 'SUCCESS' from state 'RUNNING' with result '{'size': 1, 'snapshot_id': None, 'source_volid': None, 'volume_type': VolumeType(created_at=2022-02-09T07:45:12Z,deleted=False,deleted_at=None,description=None,extra_specs={volume_backend_name='lvmdriver-1'},id=42aa27be-0740-49c5-a95b-04d5ea310357,is_public=True,name='lvmdriver-1',projects=[],qos_specs=,qos_specs_id=None,updated_at=None), 'volume_type_id': '42aa27be-0740-49c5-a95b-04d5ea310357', 'encryption_key_id': None, 'qos_specs': None, 'consistencygroup_id': None, 'cgsnapshot_id': None, 'group_id': None, 'replication_status': 'disabled', 'refresh_az': False, 'backup_id': None, 'multiattach': False, 'availability_zones': ['nova']}' {{(pid=110808) _task_receiver /usr/local/lib/python3.8/dist-packages/taskflow/listeners/logging.py:178}}
Feb 09 08:05:44.077809 n-d-712749-31 devstack@c-api.service[110808]: DEBUG cinder.volume.api [None req-29d280f7-df86-421d-99bc-96418eda2331 tempest-VolumesTestJSON-740528261 tempest-VolumesTestJSON-740528261-project] Task 'cinder.volume.flows.api.create_volume.QuotaReserveTask;volume:create' (487c3f87-6017-4ccf-a478-cd4e11e303cf) transitioned into state 'RUNNING' from state 'PENDING' {{(pid=110808) _task_receiver /usr/local/lib/python3.8/dist-packages/taskflow/listeners/logging.py:190}}
Feb 09 08:05:44.107751 n-d-712749-31 devstack@c-api.service[110809]: INFO cinder.api.openstack.wsgi [req-5cecd018-695f-458a-9f5c-322b3446e704 req-988aff18-e3ab-4607-b7c5-8047383fb067 tempest-VolumesAdminNegativeTest-561429038 tempest-VolumesAdminNegativeTest-561429038-project] POST http://10.222.0.18/volume/v3/9769ce26538048bcad66c77500318d65/attachments/6ad69624-3561-4e39-9dd1-356da3fad59a/action
Feb 09 08:05:44.108742 n-d-712749-31 devstack@c-api.service[110809]: DEBUG cinder.api.openstack.wsgi [req-5cecd018-695f-458a-9f5c-322b3446e704 req-988aff18-e3ab-4607-b7c5-8047383fb067 tempest-VolumesAdminNegativeTest-561429038 tempest-VolumesAdminNegativeTest-561429038-project] Action body: b'{"os-complete": null}' {{(pid=110809) get_method /opt/stack/cinder/cinder/api/openstack/wsgi.py:983}}
Feb 09 08:05:44.110807 n-d-712749-31 devstack@c-api.service[110809]: DEBUG cinder.api.openstack.wsgi [req-5cecd018-695f-458a-9f5c-322b3446e704 req-988aff18-e3ab-4607-b7c5-8047383fb067 tempest-VolumesAdminNegativeTest-561429038 tempest-VolumesAdminNegativeTest-561429038-project] Action: 'action', calling method: complete, body: {"os-complete": null} {{(pid=110809) _process_stack /opt/stack/cinder/cinder/api/openstack/wsgi.py:866}}
Feb 09 08:05:44.190312 n-d-712749-31 devstack@c-api.service[110809]: /usr/local/lib/python3.8/dist-packages/oslo_context/context.py:105: DeprecationWarning: Policy enforcement is depending on the value of is_admin. This key is deprecated. Please update your policy file to use the standard policy values.
Feb 09 08:05:44.190312 n-d-712749-31 devstack@c-api.service[110809]: warnings.warn('Policy enforcement is depending on the value of '
Feb 09 08:05:44.234334 n-d-712749-31 devstack@c-api.service[110809]: INFO cinder.api.openstack.wsgi [req-5cecd018-695f-458a-9f5c-322b3446e704 req-988aff18-e3ab-4607-b7c5-8047383fb067 tempest-VolumesAdminNegativeTest-561429038 tempest-VolumesAdminNegativeTest-561429038-project] http://10.222.0.18/volume/v3/9769ce26538048bcad66c77500318d65/attachments/6ad69624-3561-4e39-9dd1-356da3fad59a/action returned with HTTP 204
Feb 09 08:05:44.238902 n-d-712749-31 devstack@c-api.service[110809]: [pid: 110809|app: 0|req: 197/417] 10.222.0.75 () {64 vars in 1498 bytes} [Wed Feb 9 08:05:44 2022] POST /volume/v3/9769ce26538048bcad66c77500318d65/attachments/6ad69624-3561-4e39-9dd1-356da3fad59a/action => generated 0 bytes in 145 msecs (HTTP/1.1 204) 7 headers in 292 bytes (1 switches on core 0)
Feb 09 08:05:44.322149 n-d-712749-31 devstack@c-api.service[110808]: DEBUG cinder.quota [None req-29d280f7-df86-421d-99bc-96418eda2331 tempest-VolumesTestJSON-740528261 tempest-VolumesTestJSON-740528261-project] Created reservations ['c0d8a766-6843-4008-b727-8d8fed762c9e', '503c7bb0-2f10-4034-bdd5-9ad1f144f984', '82022e8e-8a9b-4a83-b5e4-60fc2bdeebd2', '62a462a8-5428-449e-a7f1-db44e66081bf'] {{(pid=110808) reserve /opt/stack/cinder/cinder/quota.py:755}}
Feb 09 08:05:44.327339 n-d-712749-31 devstack@c-api.service[110808]: DEBUG cinder.volume.api [None req-29d280f7-df86-421d-99bc-96418eda2331 tempest-VolumesTestJSON-740528261 tempest-VolumesTestJSON-740528261-project] Task 'cinder.volume.flows.api.create_volume.QuotaReserveTask;volume:create' (487c3f87-6017-4ccf-a478-cd4e11e303cf) transitioned into state 'SUCCESS' from state 'RUNNING' with result '{'reservations': ['c0d8a766-6843-4008-b727-8d8fed762c9e', '503c7bb0-2f10-4034-bdd5-9ad1f144f984', '82022e8e-8a9b-4a83-b5e4-60fc2bdeebd2', '62a462a8-5428-449e-a7f1-db44e66081bf']}' {{(pid=110808) _task_receiver /usr/local/lib/python3.8/dist-packages/taskflow/listeners/logging.py:178}}
Feb 09 08:05:44.334514 n-d-712749-31 devstack@c-api.service[110808]: DEBUG cinder.volume.api [None req-29d280f7-df86-421d-99bc-96418eda2331 tempest-VolumesTestJSON-740528261 tempest-VolumesTestJSON-740528261-project] Task 'cinder.volume.flows.api.create_volume.EntryCreateTask;volume:create' (d12a0e60-16e2-440d-a05e-764a9a36a765) transitioned into state 'RUNNING' from state 'PENDING' {{(pid=110808) _task_receiver /usr/local/lib/python3.8/dist-packages/taskflow/listeners/logging.py:190}}
Feb 09 08:05:44.342632 n-d-712749-31 devstack@c-api.service[110809]: INFO cinder.api.openstack.wsgi [None req-f4b08aca-7e14-4ee3-8eb1-667474d36e1a tempest-VolumesAdminNegativeTest-561429038 tempest-VolumesAdminNegativeTest-561429038-project] GET http://10.222.0.18/volume/v3/9769ce26538048bcad66c77500318d65/volumes/074311f2-338f-4f67-a9c9-6eede267e52b
Feb 09 08:05:44.343129 n-d-712749-31 devstack@c-api.service[110809]: DEBUG cinder.api.openstack.wsgi [None req-f4b08aca-7e14-4ee3-8eb1-667474d36e1a tempest-VolumesAdminNegativeTest-561429038 tempest-VolumesAdminNegativeTest-561429038-project] Empty body provided in request {{(pid=110809) get_body /opt/stack/cinder/cinder/api/openstack/wsgi.py:715}}
Feb 09 08:05:44.343533 n-d-712749-31 devstack@c-api.service[110809]: DEBUG cinder.api.openstack.wsgi [None req-f4b08aca-7e14-4ee3-8eb1-667474d36e1a tempest-VolumesAdminNegativeTest-561429038 tempest-VolumesAdminNegativeTest-561429038-project] Calling method 'show' {{(pid=110809) _process_stack /opt/stack/cinder/cinder/api/openstack/wsgi.py:868}}
Feb 09 08:05:44.389515 n-d-712749-31 devstack@c-api.service[110809]: /usr/local/lib/python3.8/dist-packages/oslo_context/context.py:105: DeprecationWarning: Policy enforcement is depending on the value of is_admin. This key is deprecated. Please update your policy file to use the standard policy values.
Feb 09 08:05:44.389515 n-d-712749-31 devstack@c-api.service[110809]: warnings.warn('Policy enforcement is depending on the value of '
Feb 09 08:05:44.414352 n-d-712749-31 devstack@c-api.service[110809]: INFO cinder.volume.api [None req-f4b08aca-7e14-4ee3-8eb1-667474d36e1a tempest-VolumesAdminNegativeTest-561429038 tempest-VolumesAdminNegativeTest-561429038-project] Volume info retrieved successfully.
Feb 09 08:05:44.419222 n-d-712749-31 devstack@c-api.service[110808]: DEBUG cinder.volume.api [None req-29d280f7-df86-421d-99bc-96418eda2331 tempest-VolumesTestJSON-740528261 tempest-VolumesTestJSON-740528261-project] Task 'cinder.volume.flows.api.create_volume.EntryCreateTask;volume:create' (d12a0e60-16e2-440d-a05e-764a9a36a765) transitioned into state 'SUCCESS' from state 'RUNNING' with result '{'volume_id': '5d9a9da8-719f-4611-8853-b6fdcdd5feec', 'volume_properties': VolumeProperties(attach_status='detached',availability_zone='nova',cgsnapshot_id=None,consistencygroup_id=None,display_description=None,display_name='tempest-VolumesTestJSON-volume-2111771347',encryption_key_id=None,group_id=None,group_type_id=,metadata={Type='work'},multiattach=False,project_id='9f933db538f446deb9331d895f8308a4',qos_specs=None,replication_status=,reservations=['c0d8a766-6843-4008-b727-8d8fed762c9e','503c7bb0-2f10-4034-bdd5-9ad1f144f984','82022e8e-8a9b-4a83-b5e4-60fc2bdeebd2','62a462a8-5428-449e-a7f1-db44e66081bf'],size=1,snapshot_id=None,source_replicaid=,source_volid=None,status='creating',user_id='f2337c9271e74db6bf21f33107bd4f21',volume_type_id=42aa27be-0740-49c5-a95b-04d5ea310357), 'volume': Volume(_name_id=None,admin_metadata=,attach_status='detached',availability_zone='nova',bootable=False,cluster=,cluster_name=None,consistencygroup=,consistencygroup_id=None,created_at=2022-02-09T08:05:44Z,deleted=False,deleted_at=None,display_description=None,display_name='tempest-VolumesTestJSON-volume-2111771347',ec2_id=None,encryption_key_id=None,glance_metadata=,group=,group_id=None,host=None,id=5d9a9da8-719f-4611-8853-b6fdcdd5feec,launched_at=None,metadata={Type='work'},migration_status=None,multiattach=False,previous_status=None,project_id='9f933db538f446deb9331d895f8308a4',provider_auth=None,provider_geometry=None,provider_id=None,provider_location=None,replication_driver_data=None,replication_extended_status=None,replication_status=None,scheduled_at=None,service_uuid=None,shared_targets=True,size=1,snapshot_id=None,snapshots=,source_volid=None,status='creating',terminated_at=None,updated_at=None,use_quota=True,user_id='f2337c9271e74db6bf21f33107bd4f21',volume_attachment=VolumeAttachmentList,volume_type=VolumeType(42aa27be-0740-49c5-a95b-04d5ea310357),volume_type_id=42aa27be-0740-49c5-a95b-04d5ea310357)}' {{(pid=110808) _task_receiver /usr/local/lib/python3.8/dist-packages/taskflow/listeners/logging.py:178}}
Feb 09 08:05:44.423233 n-d-712749-31 devstack@c-api.service[110808]: DEBUG cinder.volume.api [None req-29d280f7-df86-421d-99bc-96418eda2331 tempest-VolumesTestJSON-740528261 tempest-VolumesTestJSON-740528261-project] Task 'cinder.volume.flows.api.create_volume.QuotaCommitTask;volume:create' (201056a7-0566-449f-9e35-b3f09532aba6) transitioned into state 'RUNNING' from state 'PENDING' {{(pid=110808) _task_receiver /usr/local/lib/python3.8/dist-packages/taskflow/listeners/logging.py:190}}
Feb 09 08:05:44.432057 n-d-712749-31 devstack@c-api.service[110809]: INFO cinder.api.openstack.wsgi [None req-f4b08aca-7e14-4ee3-8eb1-667474d36e1a tempest-VolumesAdminNegativeTest-561429038 tempest-VolumesAdminNegativeTest-561429038-project] http://10.222.0.18/volume/v3/9769ce26538048bcad66c77500318d65/volumes/074311f2-338f-4f67-a9c9-6eede267e52b returned with HTTP 200
Feb 09 08:05:44.454050 n-d-712749-31 devstack@c-api.service[110809]: [pid: 110809|app: 0|req: 198/418] 10.222.0.18 () {58 vars in 1324 bytes} [Wed Feb 9 08:05:44 2022] GET /volume/v3/9769ce26538048bcad66c77500318d65/volumes/074311f2-338f-4f67-a9c9-6eede267e52b => generated 1209 bytes in 125 msecs (HTTP/1.1 200) 7 headers in 286 bytes (1 switches on core 0)
Feb 09 08:05:44.464254 n-d-712749-31 devstack@c-api.service[110809]: INFO cinder.api.openstack.wsgi [None req-0be21e5f-925a-46d8-8216-d33f62c2a48a tempest-VolumesAdminNegativeTest-561429038 tempest-VolumesAdminNegativeTest-561429038-project] GET http://10.222.0.18/volume/v3/9769ce26538048bcad66c77500318d65/volumes/074311f2-338f-4f67-a9c9-6eede267e52b
Feb 09 08:05:44.466257 n-d-712749-31 devstack@c-api.service[110809]: DEBUG cinder.api.openstack.wsgi [None req-0be21e5f-925a-46d8-8216-d33f62c2a48a tempest-VolumesAdminNegativeTest-561429038 tempest-VolumesAdminNegativeTest-561429038-project] Empty body provided in request {{(pid=110809) get_body /opt/stack/cinder/cinder/api/openstack/wsgi.py:715}}
Feb 09 08:05:44.468234 n-d-712749-31 devstack@c-api.service[110809]: DEBUG cinder.api.openstack.wsgi [None req-0be21e5f-925a-46d8-8216-d33f62c2a48a tempest-VolumesAdminNegativeTest-561429038 tempest-VolumesAdminNegativeTest-561429038-project] Calling method 'show' {{(pid=110809) _process_stack /opt/stack/cinder/cinder/api/openstack/wsgi.py:868}}
Feb 09 08:05:44.499036 n-d-712749-31 devstack@c-api.service[110808]: DEBUG cinder.volume.api [None req-29d280f7-df86-421d-99bc-96418eda2331 tempest-VolumesTestJSON-740528261 tempest-VolumesTestJSON-740528261-project] Task 'cinder.volume.flows.api.create_volume.QuotaCommitTask;volume:create' (201056a7-0566-449f-9e35-b3f09532aba6) transitioned into state 'SUCCESS' from state 'RUNNING' with result '{'volume_properties': VolumeProperties(attach_status='detached',availability_zone='nova',cgsnapshot_id=None,consistencygroup_id=None,display_description=None,display_name='tempest-VolumesTestJSON-volume-2111771347',encryption_key_id=None,group_id=None,group_type_id=,metadata={Type='work'},multiattach=False,project_id='9f933db538f446deb9331d895f8308a4',qos_specs=None,replication_status=,reservations=['c0d8a766-6843-4008-b727-8d8fed762c9e','503c7bb0-2f10-4034-bdd5-9ad1f144f984','82022e8e-8a9b-4a83-b5e4-60fc2bdeebd2','62a462a8-5428-449e-a7f1-db44e66081bf'],size=1,snapshot_id=None,source_replicaid=,source_volid=None,status='creating',user_id='f2337c9271e74db6bf21f33107bd4f21',volume_type_id=42aa27be-0740-49c5-a95b-04d5ea310357)}' {{(pid=110808) _task_receiver /usr/local/lib/python3.8/dist-packages/taskflow/listeners/logging.py:178}}
Feb 09 08:05:44.499813 n-d-712749-31 devstack@c-api.service[110809]: /usr/local/lib/python3.8/dist-packages/oslo_context/context.py:105: DeprecationWarning: Policy enforcement is depending on the value of is_admin. This key is deprecated. Please update your policy file to use the standard policy values.
Feb 09 08:05:44.499813 n-d-712749-31 devstack@c-api.service[110809]: warnings.warn('Policy enforcement is depending on the value of '
Feb 09 08:05:44.504659 n-d-712749-31 devstack@c-api.service[110808]: DEBUG cinder.volume.api [None req-29d280f7-df86-421d-99bc-96418eda2331 tempest-VolumesTestJSON-740528261 tempest-VolumesTestJSON-740528261-project] Task 'cinder.volume.flows.api.create_volume.VolumeCastTask;volume:create' (44d64cfa-9943-42b8-adc7-fefa90aac406) transitioned into state 'RUNNING' from state 'PENDING' {{(pid=110808) _task_receiver /usr/local/lib/python3.8/dist-packages/taskflow/listeners/logging.py:190}}
Feb 09 08:05:44.518985 n-d-712749-31 devstack@c-api.service[110809]: INFO cinder.volume.api [None req-0be21e5f-925a-46d8-8216-d33f62c2a48a tempest-VolumesAdminNegativeTest-561429038 tempest-VolumesAdminNegativeTest-561429038-project] Volume info retrieved successfully.
Feb 09 08:05:44.541061 n-d-712749-31 devstack@c-api.service[110809]: INFO cinder.api.openstack.wsgi [None req-0be21e5f-925a-46d8-8216-d33f62c2a48a tempest-VolumesAdminNegativeTest-561429038 tempest-VolumesAdminNegativeTest-561429038-project] http://10.222.0.18/volume/v3/9769ce26538048bcad66c77500318d65/volumes/074311f2-338f-4f67-a9c9-6eede267e52b returned with HTTP 200
Feb 09 08:05:44.542974 n-d-712749-31 devstack@c-api.service[110809]: [pid: 110809|app: 0|req: 199/419] 10.222.0.18 () {58 vars in 1324 bytes} [Wed Feb 9 08:05:44 2022] GET /volume/v3/9769ce26538048bcad66c77500318d65/volumes/074311f2-338f-4f67-a9c9-6eede267e52b => generated 1209 bytes in 88 msecs (HTTP/1.1 200) 7 headers in 286 bytes (1 switches on core 0)
Feb 09 08:05:44.546616 n-d-712749-31 devstack@c-api.service[110808]: DEBUG cinder.volume.api [None req-29d280f7-df86-421d-99bc-96418eda2331 tempest-VolumesTestJSON-740528261 tempest-VolumesTestJSON-740528261-project] Task 'cinder.volume.flows.api.create_volume.VolumeCastTask;volume:create' (44d64cfa-9943-42b8-adc7-fefa90aac406) transitioned into state 'SUCCESS' from state 'RUNNING' with result 'None' {{(pid=110808) _task_receiver /usr/local/lib/python3.8/dist-packages/taskflow/listeners/logging.py:178}}
Feb 09 08:05:44.563372 n-d-712749-31 devstack@c-api.service[110808]: DEBUG cinder.volume.api [None req-29d280f7-df86-421d-99bc-96418eda2331 tempest-VolumesTestJSON-740528261 tempest-VolumesTestJSON-740528261-project] Flow 'volume_create_api' (9635084b-68ca-42f0-9e15-fa0c145bd268) transitioned into state 'SUCCESS' from state 'RUNNING' {{(pid=110808) _flow_receiver /usr/local/lib/python3.8/dist-packages/taskflow/listeners/logging.py:141}}
Feb 09 08:05:44.565630 n-d-712749-31 devstack@c-api.service[110808]: INFO cinder.volume.api [None req-29d280f7-df86-421d-99bc-96418eda2331 tempest-VolumesTestJSON-740528261 tempest-VolumesTestJSON-740528261-project] Create volume request issued successfully.
Feb 09 08:05:44.568411 n-d-712749-31 devstack@c-api.service[110808]: INFO cinder.api.openstack.wsgi [None req-29d280f7-df86-421d-99bc-96418eda2331 tempest-VolumesTestJSON-740528261 tempest-VolumesTestJSON-740528261-project] http://10.222.0.18/volume/v3/9f933db538f446deb9331d895f8308a4/volumes returned with HTTP 202
Feb 09 08:05:44.582342 n-d-712749-31 devstack@c-api.service[110808]: [pid: 110808|app: 0|req: 221/420] 10.222.0.18 () {60 vars in 1235 bytes} [Wed Feb 9 08:05:43 2022] POST /volume/v3/9f933db538f446deb9331d895f8308a4/volumes => generated 829 bytes in 877 msecs (HTTP/1.1 202) 7 headers in 291 bytes (1 switches on core 0)
Feb 09 08:05:44.588715 n-d-712749-31 devstack@c-api.service[110809]: INFO cinder.api.openstack.wsgi [None req-f65aa0b7-48bb-4fb6-a28e-942252b9f187 tempest-VolumesTestJSON-740528261 tempest-VolumesTestJSON-740528261-project] GET http://10.222.0.18/volume/v3/9f933db538f446deb9331d895f8308a4/volumes/5d9a9da8-719f-4611-8853-b6fdcdd5feec
Feb 09 08:05:44.589367 n-d-712749-31 devstack@c-api.service[110809]: DEBUG cinder.api.openstack.wsgi [None req-f65aa0b7-48bb-4fb6-a28e-942252b9f187 tempest-VolumesTestJSON-740528261 tempest-VolumesTestJSON-740528261-project] Empty body provided in request {{(pid=110809) get_body /opt/stack/cinder/cinder/api/openstack/wsgi.py:715}}
Feb 09 08:05:44.590056 n-d-712749-31 devstack@c-api.service[110809]: DEBUG cinder.api.openstack.wsgi [None req-f65aa0b7-48bb-4fb6-a28e-942252b9f187 tempest-VolumesTestJSON-740528261 tempest-VolumesTestJSON-740528261-project] Calling method 'show' {{(pid=110809) _process_stack /opt/stack/cinder/cinder/api/openstack/wsgi.py:868}}
Feb 09 08:05:44.610023 n-d-712749-31 devstack@c-api.service[110809]: /usr/local/lib/python3.8/dist-packages/oslo_context/context.py:105: DeprecationWarning: Policy enforcement is depending on the value of is_admin. This key is deprecated. Please update your policy file to use the standard policy values.
Feb 09 08:05:44.610023 n-d-712749-31 devstack@c-api.service[110809]: warnings.warn('Policy enforcement is depending on the value of '
Feb 09 08:05:44.620329 n-d-712749-31 devstack@c-api.service[110809]: INFO cinder.volume.api [None req-f65aa0b7-48bb-4fb6-a28e-942252b9f187 tempest-VolumesTestJSON-740528261 tempest-VolumesTestJSON-740528261-project] Volume info retrieved successfully.
Feb 09 08:05:44.635230 n-d-712749-31 devstack@c-api.service[110809]: INFO cinder.api.openstack.wsgi [None req-f65aa0b7-48bb-4fb6-a28e-942252b9f187 tempest-VolumesTestJSON-740528261 tempest-VolumesTestJSON-740528261-project] http://10.222.0.18/volume/v3/9f933db538f446deb9331d895f8308a4/volumes/5d9a9da8-719f-4611-8853-b6fdcdd5feec returned with HTTP 200
Feb 09 08:05:44.637890 n-d-712749-31 devstack@c-api.service[110809]: [pid: 110809|app: 0|req: 200/421] 10.222.0.18 () {58 vars in 1324 bytes} [Wed Feb 9 08:05:44 2022] GET /volume/v3/9f933db538f446deb9331d895f8308a4/volumes/5d9a9da8-719f-4611-8853-b6fdcdd5feec => generated 897 bytes in 55 msecs (HTTP/1.1 200) 7 headers in 285 bytes (1 switches on core 0)
Feb 09 08:05:45.498164 n-d-712749-31 devstack@c-api.service[110808]: INFO cinder.api.openstack.wsgi [req-5a46b190-45e7-4bdc-aa01-2ffdeda6a58e req-cf2ca157-c3d5-4e56-9e2f-f5d8c4a9d9b3 tempest-VolumesAdminNegativeTest-1319994167 tempest-VolumesAdminNegativeTest-1319994167-project-admin] GET http://10.222.0.18/volume/v3/485fcd03f8cd4365b221fe2ee4f7d71a/volumes/074311f2-338f-4f67-a9c9-6eede267e52b
Feb 09 08:05:45.498164 n-d-712749-31 devstack@c-api.service[110808]: DEBUG cinder.api.openstack.wsgi [req-5a46b190-45e7-4bdc-aa01-2ffdeda6a58e req-cf2ca157-c3d5-4e56-9e2f-f5d8c4a9d9b3 tempest-VolumesAdminNegativeTest-1319994167 tempest-VolumesAdminNegativeTest-1319994167-project-admin] Empty body provided in request {{(pid=110808) get_body /opt/stack/cinder/cinder/api/openstack/wsgi.py:715}}
Feb 09 08:05:45.499012 n-d-712749-31 devstack@c-api.service[110808]: DEBUG cinder.api.openstack.wsgi [req-5a46b190-45e7-4bdc-aa01-2ffdeda6a58e req-cf2ca157-c3d5-4e56-9e2f-f5d8c4a9d9b3 tempest-VolumesAdminNegativeTest-1319994167 tempest-VolumesAdminNegativeTest-1319994167-project-admin] Calling method 'show' {{(pid=110808) _process_stack /opt/stack/cinder/cinder/api/openstack/wsgi.py:868}}
Feb 09 08:05:45.553899 n-d-712749-31 devstack@c-api.service[110808]: /usr/local/lib/python3.8/dist-packages/oslo_context/context.py:105: DeprecationWarning: Policy enforcement is depending on the value of is_admin. This key is deprecated. Please update your policy file to use the standard policy values.
Feb 09 08:05:45.553899 n-d-712749-31 devstack@c-api.service[110808]: warnings.warn('Policy enforcement is depending on the value of '
Feb 09 08:05:45.575041 n-d-712749-31 devstack@c-api.service[110808]: INFO cinder.volume.api [req-5a46b190-45e7-4bdc-aa01-2ffdeda6a58e req-cf2ca157-c3d5-4e56-9e2f-f5d8c4a9d9b3 tempest-VolumesAdminNegativeTest-1319994167 tempest-VolumesAdminNegativeTest-1319994167-project-admin] Volume info retrieved successfully.
Feb 09 08:05:45.604284 n-d-712749-31 devstack@c-api.service[110808]: INFO cinder.api.openstack.wsgi [req-5a46b190-45e7-4bdc-aa01-2ffdeda6a58e req-cf2ca157-c3d5-4e56-9e2f-f5d8c4a9d9b3 tempest-VolumesAdminNegativeTest-1319994167 tempest-VolumesAdminNegativeTest-1319994167-project-admin] http://10.222.0.18/volume/v3/485fcd03f8cd4365b221fe2ee4f7d71a/volumes/074311f2-338f-4f67-a9c9-6eede267e52b returned with HTTP 200
Feb 09 08:05:45.617112 n-d-712749-31 devstack@c-api.service[110808]: [pid: 110808|app: 0|req: 222/422] 10.222.0.18 () {60 vars in 1578 bytes} [Wed Feb 9 08:05:45 2022] GET /volume/v3/485fcd03f8cd4365b221fe2ee4f7d71a/volumes/074311f2-338f-4f67-a9c9-6eede267e52b => generated 1393 bytes in 124 msecs (HTTP/1.1 200) 7 headers in 286 bytes (1 switches on core 0)
Feb 09 08:05:45.629074 n-d-712749-31 devstack@c-api.service[110809]: INFO cinder.api.openstack.wsgi [req-5a46b190-45e7-4bdc-aa01-2ffdeda6a58e req-dad1fe6d-8afa-45d3-a967-43badafea5ca tempest-VolumesAdminNegativeTest-1319994167 tempest-VolumesAdminNegativeTest-1319994167-project-admin] GET http://10.222.0.18/volume/v3/485fcd03f8cd4365b221fe2ee4f7d71a/volumes/1c8bdfc4-02ab-447b-b973-67caca07cdfe
Feb 09 08:05:45.629731 n-d-712749-31 devstack@c-api.service[110809]: DEBUG cinder.api.openstack.wsgi [req-5a46b190-45e7-4bdc-aa01-2ffdeda6a58e req-dad1fe6d-8afa-45d3-a967-43badafea5ca tempest-VolumesAdminNegativeTest-1319994167 tempest-VolumesAdminNegativeTest-1319994167-project-admin] Empty body provided in request {{(pid=110809) get_body /opt/stack/cinder/cinder/api/openstack/wsgi.py:715}}
Feb 09 08:05:45.630080 n-d-712749-31 devstack@c-api.service[110809]: DEBUG cinder.api.openstack.wsgi [req-5a46b190-45e7-4bdc-aa01-2ffdeda6a58e req-dad1fe6d-8afa-45d3-a967-43badafea5ca tempest-VolumesAdminNegativeTest-1319994167 tempest-VolumesAdminNegativeTest-1319994167-project-admin] Calling method 'show' {{(pid=110809) _process_stack /opt/stack/cinder/cinder/api/openstack/wsgi.py:868}}
Feb 09 08:05:45.654737 n-d-712749-31 devstack@c-api.service[110809]: INFO cinder.api.openstack.wsgi [req-5a46b190-45e7-4bdc-aa01-2ffdeda6a58e req-dad1fe6d-8afa-45d3-a967-43badafea5ca tempest-VolumesAdminNegativeTest-1319994167 tempest-VolumesAdminNegativeTest-1319994167-project-admin] http://10.222.0.18/volume/v3/485fcd03f8cd4365b221fe2ee4f7d71a/volumes/1c8bdfc4-02ab-447b-b973-67caca07cdfe returned with HTTP 404
Feb 09 08:05:45.655126 n-d-712749-31 devstack@c-api.service[110808]: INFO cinder.api.openstack.wsgi [None req-a288becb-26fc-4807-b76e-9d6ce1fdd896 tempest-VolumesTestJSON-740528261 tempest-VolumesTestJSON-740528261-project] GET http://10.222.0.18/volume/v3/9f933db538f446deb9331d895f8308a4/volumes/5d9a9da8-719f-4611-8853-b6fdcdd5feec
Feb 09 08:05:45.655576 n-d-712749-31 devstack@c-api.service[110808]: DEBUG cinder.api.openstack.wsgi [None req-a288becb-26fc-4807-b76e-9d6ce1fdd896 tempest-VolumesTestJSON-740528261 tempest-VolumesTestJSON-740528261-project] Empty body provided in request {{(pid=110808) get_body /opt/stack/cinder/cinder/api/openstack/wsgi.py:715}}
Feb 09 08:05:45.656037 n-d-712749-31 devstack@c-api.service[110809]: [pid: 110809|app: 0|req: 201/423] 10.222.0.18 () {60 vars in 1578 bytes} [Wed Feb 9 08:05:45 2022] GET /volume/v3/485fcd03f8cd4365b221fe2ee4f7d71a/volumes/1c8bdfc4-02ab-447b-b973-67caca07cdfe => generated 109 bytes in 32 msecs (HTTP/1.1 404) 7 headers in 292 bytes (1 switches on core 0)
Feb 09 08:05:45.656317 n-d-712749-31 devstack@c-api.service[110808]: DEBUG cinder.api.openstack.wsgi [None req-a288becb-26fc-4807-b76e-9d6ce1fdd896 tempest-VolumesTestJSON-740528261 tempest-VolumesTestJSON-740528261-project] Calling method 'show' {{(pid=110808) _process_stack /opt/stack/cinder/cinder/api/openstack/wsgi.py:868}}
Feb 09 08:05:45.679364 n-d-712749-31 devstack@c-api.service[110809]: INFO cinder.api.openstack.wsgi [None req-25583873-5f16-4987-a26e-7e8a7ce45b7b tempest-VolumesAdminNegativeTest-561429038 tempest-VolumesAdminNegativeTest-561429038-project] GET http://10.222.0.18/volume/v3/9769ce26538048bcad66c77500318d65/volumes/074311f2-338f-4f67-a9c9-6eede267e52b
Feb 09 08:05:45.680515 n-d-712749-31 devstack@c-api.service[110809]: DEBUG cinder.api.openstack.wsgi [None req-25583873-5f16-4987-a26e-7e8a7ce45b7b tempest-VolumesAdminNegativeTest-561429038 tempest-VolumesAdminNegativeTest-561429038-project] Empty body provided in request {{(pid=110809) get_body /opt/stack/cinder/cinder/api/openstack/wsgi.py:715}}
Feb 09 08:05:45.684735 n-d-712749-31 devstack@c-api.service[110809]: DEBUG cinder.api.openstack.wsgi [None req-25583873-5f16-4987-a26e-7e8a7ce45b7b tempest-VolumesAdminNegativeTest-561429038 tempest-VolumesAdminNegativeTest-561429038-project] Calling method 'show' {{(pid=110809) _process_stack /opt/stack/cinder/cinder/api/openstack/wsgi.py:868}}
Feb 09 08:05:45.685577 n-d-712749-31 devstack@c-api.service[110808]: /usr/local/lib/python3.8/dist-packages/oslo_context/context.py:105: DeprecationWarning: Policy enforcement is depending on the value of is_admin. This key is deprecated. Please update your policy file to use the standard policy values.
Feb 09 08:05:45.685577 n-d-712749-31 devstack@c-api.service[110808]: warnings.warn('Policy enforcement is depending on the value of '
Feb 09 08:05:45.714048 n-d-712749-31 devstack@c-api.service[110808]: INFO cinder.volume.api [None req-a288becb-26fc-4807-b76e-9d6ce1fdd896 tempest-VolumesTestJSON-740528261 tempest-VolumesTestJSON-740528261-project] Volume info retrieved successfully.
Feb 09 08:05:45.735400 n-d-712749-31 devstack@c-api.service[110809]: /usr/local/lib/python3.8/dist-packages/oslo_context/context.py:105: DeprecationWarning: Policy enforcement is depending on the value of is_admin. This key is deprecated. Please update your policy file to use the standard policy values.
Feb 09 08:05:45.735400 n-d-712749-31 devstack@c-api.service[110809]: warnings.warn('Policy enforcement is depending on the value of '
Feb 09 08:05:45.742185 n-d-712749-31 devstack@c-api.service[110808]: INFO cinder.api.openstack.wsgi [None req-a288becb-26fc-4807-b76e-9d6ce1fdd896 tempest-VolumesTestJSON-740528261 tempest-VolumesTestJSON-740528261-project] http://10.222.0.18/volume/v3/9f933db538f446deb9331d895f8308a4/volumes/5d9a9da8-719f-4611-8853-b6fdcdd5feec returned with HTTP 200
Feb 09 08:05:45.747666 n-d-712749-31 devstack@c-api.service[110808]: [pid: 110808|app: 0|req: 223/424] 10.222.0.18 () {58 vars in 1324 bytes} [Wed Feb 9 08:05:45 2022] GET /volume/v3/9f933db538f446deb9331d895f8308a4/volumes/5d9a9da8-719f-4611-8853-b6fdcdd5feec => generated 921 bytes in 96 msecs (HTTP/1.1 200) 7 headers in 285 bytes (2 switches on core 0)
Feb 09 08:05:45.758145 n-d-712749-31 devstack@c-api.service[110809]: INFO cinder.volume.api [None req-25583873-5f16-4987-a26e-7e8a7ce45b7b tempest-VolumesAdminNegativeTest-561429038 tempest-VolumesAdminNegativeTest-561429038-project] Volume info retrieved successfully.
Feb 09 08:05:45.782051 n-d-712749-31 devstack@c-api.service[110809]: INFO cinder.api.openstack.wsgi [None req-25583873-5f16-4987-a26e-7e8a7ce45b7b tempest-VolumesAdminNegativeTest-561429038 tempest-VolumesAdminNegativeTest-561429038-project] http://10.222.0.18/volume/v3/9769ce26538048bcad66c77500318d65/volumes/074311f2-338f-4f67-a9c9-6eede267e52b returned with HTTP 200
Feb 09 08:05:45.784321 n-d-712749-31 devstack@c-api.service[110809]: [pid: 110809|app: 0|req: 202/425] 10.222.0.18 () {58 vars in 1324 bytes} [Wed Feb 9 08:05:45 2022] GET /volume/v3/9769ce26538048bcad66c77500318d65/volumes/074311f2-338f-4f67-a9c9-6eede267e52b => generated 1209 bytes in 113 msecs (HTTP/1.1 200) 7 headers in 286 bytes (1 switches on core 0)
Feb 09 08:05:46.428176 n-d-712749-31 devstack@c-api.service[110808]: INFO cinder.api.openstack.wsgi [req-952c4875-f9f3-40e8-a212-2b7132dab96c req-ab8421d9-0dc4-4438-875b-fc9a979d8f48 tempest-VolumesAdminNegativeTest-561429038 tempest-VolumesAdminNegativeTest-561429038-project] GET http://10.222.0.18/volume/v3/9769ce26538048bcad66c77500318d65/volumes/074311f2-338f-4f67-a9c9-6eede267e52b
Feb 09 08:05:46.428860 n-d-712749-31 devstack@c-api.service[110808]: DEBUG cinder.api.openstack.wsgi [req-952c4875-f9f3-40e8-a212-2b7132dab96c req-ab8421d9-0dc4-4438-875b-fc9a979d8f48 tempest-VolumesAdminNegativeTest-561429038 tempest-VolumesAdminNegativeTest-561429038-project] Empty body provided in request {{(pid=110808) get_body /opt/stack/cinder/cinder/api/openstack/wsgi.py:715}}
Feb 09 08:05:46.429775 n-d-712749-31 devstack@c-api.service[110808]: DEBUG cinder.api.openstack.wsgi [req-952c4875-f9f3-40e8-a212-2b7132dab96c req-ab8421d9-0dc4-4438-875b-fc9a979d8f48 tempest-VolumesAdminNegativeTest-561429038 tempest-VolumesAdminNegativeTest-561429038-project] Calling method 'show' {{(pid=110808) _process_stack /opt/stack/cinder/cinder/api/openstack/wsgi.py:868}}
Feb 09 08:05:46.450266 n-d-712749-31 devstack@c-api.service[110808]: /usr/local/lib/python3.8/dist-packages/oslo_context/context.py:105: DeprecationWarning: Policy enforcement is depending on the value of is_admin. This key is deprecated. Please update your policy file to use the standard policy values.
Feb 09 08:05:46.450266 n-d-712749-31 devstack@c-api.service[110808]: warnings.warn('Policy enforcement is depending on the value of '
Feb 09 08:05:46.460026 n-d-712749-31 devstack@c-api.service[110808]: INFO cinder.volume.api [req-952c4875-f9f3-40e8-a212-2b7132dab96c req-ab8421d9-0dc4-4438-875b-fc9a979d8f48 tempest-VolumesAdminNegativeTest-561429038 tempest-VolumesAdminNegativeTest-561429038-project] Volume info retrieved successfully.
Feb 09 08:05:46.472046 n-d-712749-31 devstack@c-api.service[110808]: INFO cinder.api.openstack.wsgi [req-952c4875-f9f3-40e8-a212-2b7132dab96c req-ab8421d9-0dc4-4438-875b-fc9a979d8f48 tempest-VolumesAdminNegativeTest-561429038 tempest-VolumesAdminNegativeTest-561429038-project] http://10.222.0.18/volume/v3/9769ce26538048bcad66c77500318d65/volumes/074311f2-338f-4f67-a9c9-6eede267e52b returned with HTTP 200
Feb 09 08:05:46.485581 n-d-712749-31 devstack@c-api.service[110808]: [pid: 110808|app: 0|req: 224/426] 10.222.0.18 () {60 vars in 1578 bytes} [Wed Feb 9 08:05:46 2022] GET /volume/v3/9769ce26538048bcad66c77500318d65/volumes/074311f2-338f-4f67-a9c9-6eede267e52b => generated 1209 bytes in 62 msecs (HTTP/1.1 200) 7 headers in 286 bytes (1 switches on core 0)
Feb 09 08:05:46.511917 n-d-712749-31 devstack@c-api.service[110809]: INFO cinder.api.openstack.wsgi [req-952c4875-f9f3-40e8-a212-2b7132dab96c req-ccf2ba05-d0d1-42bb-b533-023b459f18a3 tempest-VolumesAdminNegativeTest-561429038 tempest-VolumesAdminNegativeTest-561429038-project] POST http://10.222.0.18/volume/v3/9769ce26538048bcad66c77500318d65/volumes/074311f2-338f-4f67-a9c9-6eede267e52b/action
Feb 09 08:05:46.513156 n-d-712749-31 devstack@c-api.service[110809]: DEBUG cinder.api.openstack.wsgi [req-952c4875-f9f3-40e8-a212-2b7132dab96c req-ccf2ba05-d0d1-42bb-b533-023b459f18a3 tempest-VolumesAdminNegativeTest-561429038 tempest-VolumesAdminNegativeTest-561429038-project] Action body: b'{"os-begin_detaching": null}' {{(pid=110809) get_method /opt/stack/cinder/cinder/api/openstack/wsgi.py:983}}
Feb 09 08:05:46.514860 n-d-712749-31 devstack@c-api.service[110809]: DEBUG cinder.api.openstack.wsgi [req-952c4875-f9f3-40e8-a212-2b7132dab96c req-ccf2ba05-d0d1-42bb-b533-023b459f18a3 tempest-VolumesAdminNegativeTest-561429038 tempest-VolumesAdminNegativeTest-561429038-project] Action: 'action', calling method: _begin_detaching, body: {"os-begin_detaching": null} {{(pid=110809) _process_stack /opt/stack/cinder/cinder/api/openstack/wsgi.py:866}}
