Feb 02 17:38:41.097882 n-d-712749-29 devstack@n-api.service[124246]: DEBUG nova.api.openstack.wsgi [None req-48b65b7c-0cd2-4a15-9ba3-ecc33750d5c0 tempest-HypervisorAdminNegativeUnderV252Test-1879118077 tempest-HypervisorAdminNegativeUnderV252Test-1879118077-project] Returning 403 to user: Policy doesn't allow os_compute_api:os-hypervisors:servers to be performed. {{(pid=124246) __call__ /opt/stack/nova/nova/api/openstack/wsgi.py:936}}
Feb 02 17:38:41.099192 n-d-712749-29 devstack@n-api.service[124246]: INFO nova.api.openstack.requestlog [None req-48b65b7c-0cd2-4a15-9ba3-ecc33750d5c0 tempest-HypervisorAdminNegativeUnderV252Test-1879118077 tempest-HypervisorAdminNegativeUnderV252Test-1879118077-project] 10.222.0.58 "GET /compute/v2.1/os-hypervisors/1/servers" status: 403 len: 118 microversion: 2.1 time: 0.014113
Feb 02 17:38:41.102205 n-d-712749-29 devstack@n-api.service[124246]: [pid: 124246|app: 0|req: 72/85] 10.222.0.58 () {58 vars in 1175 bytes} [Wed Feb 2 17:38:41 2022] GET /compute/v2.1/os-hypervisors/1/servers => generated 118 bytes in 18 msecs (HTTP/1.1 403) 9 headers in 379 bytes (1 switches on core 0)
Feb 02 17:38:41.109278 n-d-712749-29 devstack@n-api.service[124246]: DEBUG nova.api.openstack.wsgi [None req-e40e34bf-b9b1-40ec-885a-27b265aebfeb tempest-FlavorsAccessNegativeTestJSON-2068367601 tempest-FlavorsAccessNegativeTestJSON-2068367601-project-admin] Calling method '>' {{(pid=124246) _process_stack /opt/stack/nova/nova/api/openstack/wsgi.py:513}}
Feb 02 17:38:41.110979 n-d-712749-29 devstack@n-api.service[124246]: /usr/local/lib/python3.8/dist-packages/oslo_policy/policy.py:1119: UserWarning: Policy "os_compute_api:os-flavor-access": "rule:system_reader_api" failed scope check. The token used to make the request was project scoped but the policy requires ['system'] scope. This behavior may change in the future where using the intended scope is required
Feb 02 17:38:41.110979 n-d-712749-29 devstack@n-api.service[124246]: warnings.warn(msg)
Feb 02 17:38:41.122180 n-d-712749-29 devstack@n-api.service[124246]: INFO nova.api.openstack.wsgi [None req-e40e34bf-b9b1-40ec-885a-27b265aebfeb tempest-FlavorsAccessNegativeTestJSON-2068367601 tempest-FlavorsAccessNegativeTestJSON-2068367601-project-admin] HTTP exception thrown: Access list not available for public flavors.
Feb 02 17:38:41.134571 n-d-712749-29 devstack@n-api.service[124246]: DEBUG nova.api.openstack.wsgi [None req-e40e34bf-b9b1-40ec-885a-27b265aebfeb tempest-FlavorsAccessNegativeTestJSON-2068367601 tempest-FlavorsAccessNegativeTestJSON-2068367601-project-admin] Returning 404 to user: Access list not available for public flavors. {{(pid=124246) __call__ /opt/stack/nova/nova/api/openstack/wsgi.py:936}}
Feb 02 17:38:41.143928 n-d-712749-29 devstack@n-api.service[124246]: INFO nova.api.openstack.requestlog [None req-e40e34bf-b9b1-40ec-885a-27b265aebfeb tempest-FlavorsAccessNegativeTestJSON-2068367601 tempest-FlavorsAccessNegativeTestJSON-2068367601-project-admin] 10.222.0.58 "GET /compute/v2.1/flavors/1416560725/os-flavor-access" status: 404 len: 91 microversion: 2.1 time: 0.034758
Feb 02 17:38:41.146797 n-d-712749-29 devstack@n-api.service[124246]: [pid: 124246|app: 0|req: 73/86] 10.222.0.58 () {58 vars in 1208 bytes} [Wed Feb 2 17:38:41 2022] GET /compute/v2.1/flavors/1416560725/os-flavor-access => generated 91 bytes in 43 msecs (HTTP/1.1 404) 9 headers in 378 bytes (1 switches on core 0)
Feb 02 17:38:41.160004 n-d-712749-29 devstack@n-api.service[124246]: DEBUG nova.api.openstack.wsgi [None req-c682e88f-a355-4033-a7a6-b93774a6731a tempest-HypervisorAdminNegativeUnderV252Test-1129026197 tempest-HypervisorAdminNegativeUnderV252Test-1129026197-project-admin] Calling method '.version_select at 0x7f1f084f0a60>' {{(pid=124246) _process_stack /opt/stack/nova/nova/api/openstack/wsgi.py:513}}
Feb 02 17:38:41.176304 n-d-712749-29 devstack@n-api.service[124246]: DEBUG oslo_concurrency.lockutils [None req-c682e88f-a355-4033-a7a6-b93774a6731a tempest-HypervisorAdminNegativeUnderV252Test-1129026197 tempest-HypervisorAdminNegativeUnderV252Test-1129026197-project-admin] Lock "7fb5f492-970d-4bc9-be51-36682e51c454" acquired by "nova.context.set_target_cell..get_or_set_cached_cell_and_set_connections" :: waited 0.000s {{(pid=124246) inner /usr/local/lib/python3.8/dist-packages/oslo_concurrency/lockutils.py:386}}
Feb 02 17:38:41.176952 n-d-712749-29 devstack@n-api.service[124246]: DEBUG oslo_concurrency.lockutils [None req-c682e88f-a355-4033-a7a6-b93774a6731a tempest-HypervisorAdminNegativeUnderV252Test-1129026197 tempest-HypervisorAdminNegativeUnderV252Test-1129026197-project-admin] Lock "7fb5f492-970d-4bc9-be51-36682e51c454" "released" by "nova.context.set_target_cell..get_or_set_cached_cell_and_set_connections" :: held 0.001s {{(pid=124246) inner /usr/local/lib/python3.8/dist-packages/oslo_concurrency/lockutils.py:400}}
Feb 02 17:38:41.181533 n-d-712749-29 devstack@n-api.service[124247]: DEBUG nova.api.openstack.wsgi [None req-ecfda3d9-fef7-46f5-a4d3-4be4aee58d9f tempest-HypervisorAdminV253TestBase-1971692 tempest-HypervisorAdminV253TestBase-1971692-project-admin] Calling method '.version_select at 0x7f1f085f40d0>' {{(pid=124247) _process_stack /opt/stack/nova/nova/api/openstack/wsgi.py:513}}
Feb 02 17:38:41.183582 n-d-712749-29 devstack@n-api.service[124247]: /usr/local/lib/python3.8/dist-packages/oslo_policy/policy.py:1119: UserWarning: Policy "os_compute_api:os-hypervisors:list-detail": "rule:system_reader_api" failed scope check. The token used to make the request was project scoped but the policy requires ['system'] scope. This behavior may change in the future where using the intended scope is required
Feb 02 17:38:41.183582 n-d-712749-29 devstack@n-api.service[124247]: warnings.warn(msg)
Feb 02 17:38:41.196911 n-d-712749-29 devstack@n-api.service[124246]: INFO nova.api.openstack.wsgi [None req-c682e88f-a355-4033-a7a6-b93774a6731a tempest-HypervisorAdminNegativeUnderV252Test-1129026197 tempest-HypervisorAdminNegativeUnderV252Test-1129026197-project-admin] HTTP exception thrown: No hypervisor matching '14f68c5e-ba05-4034-9e9c-b8cb2a47eff1' could be found.
Feb 02 17:38:41.198618 n-d-712749-29 devstack@n-api.service[124246]: DEBUG nova.api.openstack.wsgi [None req-c682e88f-a355-4033-a7a6-b93774a6731a tempest-HypervisorAdminNegativeUnderV252Test-1129026197 tempest-HypervisorAdminNegativeUnderV252Test-1129026197-project-admin] Returning 404 to user: No hypervisor matching '14f68c5e-ba05-4034-9e9c-b8cb2a47eff1' could be found. {{(pid=124246) __call__ /opt/stack/nova/nova/api/openstack/wsgi.py:936}}
Feb 02 17:38:41.199660 n-d-712749-29 devstack@n-api.service[124247]: DEBUG nova.compute.api [None req-ecfda3d9-fef7-46f5-a4d3-4be4aee58d9f tempest-HypervisorAdminV253TestBase-1971692 tempest-HypervisorAdminV253TestBase-1971692-project-admin] Found 2 cells: 00000000-0000-0000-0000-000000000000(cell0),7fb5f492-970d-4bc9-be51-36682e51c454(cell1) {{(pid=124247) load_cells /opt/stack/nova/nova/compute/api.py:302}}
Feb 02 17:38:41.199896 n-d-712749-29 devstack@n-api.service[124246]: INFO nova.api.openstack.requestlog [None req-c682e88f-a355-4033-a7a6-b93774a6731a tempest-HypervisorAdminNegativeUnderV252Test-1129026197 tempest-HypervisorAdminNegativeUnderV252Test-1129026197-project-admin] 10.222.0.58 "GET /compute/v2.1/os-hypervisors/14f68c5e-ba05-4034-9e9c-b8cb2a47eff1/servers" status: 404 len: 123 microversion: 2.1 time: 0.051806
Feb 02 17:38:41.200918 n-d-712749-29 devstack@n-api.service[124246]: [pid: 124246|app: 0|req: 74/87] 10.222.0.58 () {58 vars in 1280 bytes} [Wed Feb 2 17:38:41 2022] GET /compute/v2.1/os-hypervisors/14f68c5e-ba05-4034-9e9c-b8cb2a47eff1/servers => generated 123 bytes in 53 msecs (HTTP/1.1 404) 9 headers in 379 bytes (1 switches on core 0)
Feb 02 17:38:41.202832 n-d-712749-29 devstack@n-api.service[124247]: DEBUG oslo_concurrency.lockutils [None req-ecfda3d9-fef7-46f5-a4d3-4be4aee58d9f tempest-HypervisorAdminV253TestBase-1971692 tempest-HypervisorAdminV253TestBase-1971692-project-admin] Lock "7fb5f492-970d-4bc9-be51-36682e51c454" acquired by "nova.context.set_target_cell..get_or_set_cached_cell_and_set_connections" :: waited 0.000s {{(pid=124247) inner /usr/local/lib/python3.8/dist-packages/oslo_concurrency/lockutils.py:386}}
Feb 02 17:38:41.205729 n-d-712749-29 devstack@n-api.service[124247]: DEBUG oslo_concurrency.lockutils [None req-ecfda3d9-fef7-46f5-a4d3-4be4aee58d9f tempest-HypervisorAdminV253TestBase-1971692 tempest-HypervisorAdminV253TestBase-1971692-project-admin] Lock "7fb5f492-970d-4bc9-be51-36682e51c454" "released" by "nova.context.set_target_cell..get_or_set_cached_cell_and_set_connections" :: held 0.001s {{(pid=124247) inner /usr/local/lib/python3.8/dist-packages/oslo_concurrency/lockutils.py:400}}
Feb 02 17:38:41.207131 n-d-712749-29 devstack@n-api.service[124246]: DEBUG nova.api.openstack.wsgi [None req-efd27969-6621-4322-92d8-c1b2bf37d56b tempest-FlavorsAccessNegativeTestJSON-2068367601 tempest-FlavorsAccessNegativeTestJSON-2068367601-project-admin] Calling method '>' {{(pid=124246) _process_stack /opt/stack/nova/nova/api/openstack/wsgi.py:513}}
Feb 02 17:38:41.208311 n-d-712749-29 devstack@n-api.service[124246]: /usr/local/lib/python3.8/dist-packages/oslo_policy/policy.py:1119: UserWarning: Policy "os_compute_api:os-flavor-manage:delete": "rule:system_admin_api" failed scope check. The token used to make the request was project scoped but the policy requires ['system'] scope. This behavior may change in the future where using the intended scope is required
Feb 02 17:38:41.208311 n-d-712749-29 devstack@n-api.service[124246]: warnings.warn(msg)
Feb 02 17:38:41.231520 n-d-712749-29 devstack@n-api.service[124247]: DEBUG oslo_concurrency.lockutils [None req-ecfda3d9-fef7-46f5-a4d3-4be4aee58d9f tempest-HypervisorAdminV253TestBase-1971692 tempest-HypervisorAdminV253TestBase-1971692-project-admin] Lock "7fb5f492-970d-4bc9-be51-36682e51c454" acquired by "nova.context.set_target_cell..get_or_set_cached_cell_and_set_connections" :: waited 0.000s {{(pid=124247) inner /usr/local/lib/python3.8/dist-packages/oslo_concurrency/lockutils.py:386}}
Feb 02 17:38:41.232476 n-d-712749-29 devstack@n-api.service[124247]: DEBUG oslo_concurrency.lockutils [None req-ecfda3d9-fef7-46f5-a4d3-4be4aee58d9f tempest-HypervisorAdminV253TestBase-1971692 tempest-HypervisorAdminV253TestBase-1971692-project-admin] Lock "7fb5f492-970d-4bc9-be51-36682e51c454" "released" by "nova.context.set_target_cell..get_or_set_cached_cell_and_set_connections" :: held 0.001s {{(pid=124247) inner /usr/local/lib/python3.8/dist-packages/oslo_concurrency/lockutils.py:400}}
Feb 02 17:38:41.256324 n-d-712749-29 devstack@n-api.service[124246]: INFO nova.api.openstack.requestlog [None req-efd27969-6621-4322-92d8-c1b2bf37d56b tempest-FlavorsAccessNegativeTestJSON-2068367601 tempest-FlavorsAccessNegativeTestJSON-2068367601-project-admin] 10.222.0.58 "DELETE /compute/v2.1/flavors/1416560725" status: 202 len: 0 microversion: 2.1 time: 0.054010
Feb 02 17:38:41.257447 n-d-712749-29 devstack@n-api.service[124246]: [pid: 124246|app: 0|req: 75/88] 10.222.0.58 () {58 vars in 1160 bytes} [Wed Feb 2 17:38:41 2022] DELETE /compute/v2.1/flavors/1416560725 => generated 0 bytes in 56 msecs (HTTP/1.1 202) 9 headers in 361 bytes (1 switches on core 0)
Feb 02 17:38:41.276931 n-d-712749-29 devstack@n-api.service[124246]: DEBUG nova.api.openstack.wsgi [None req-e05ad8da-4af6-4fb0-b5f7-3e8bdfb59163 tempest-FlavorsAccessNegativeTestJSON-2068367601 tempest-FlavorsAccessNegativeTestJSON-2068367601-project-admin] Calling method '>' {{(pid=124246) _process_stack /opt/stack/nova/nova/api/openstack/wsgi.py:513}}
Feb 02 17:38:41.313200 n-d-712749-29 devstack@n-api.service[124247]: DEBUG oslo_concurrency.lockutils [None req-ecfda3d9-fef7-46f5-a4d3-4be4aee58d9f tempest-HypervisorAdminV253TestBase-1971692 tempest-HypervisorAdminV253TestBase-1971692-project-admin] Lock "7fb5f492-970d-4bc9-be51-36682e51c454" acquired by "nova.context.set_target_cell..get_or_set_cached_cell_and_set_connections" :: waited 0.000s {{(pid=124247) inner /usr/local/lib/python3.8/dist-packages/oslo_concurrency/lockutils.py:386}}
Feb 02 17:38:41.331608 n-d-712749-29 devstack@n-api.service[124247]: DEBUG oslo_concurrency.lockutils [None req-ecfda3d9-fef7-46f5-a4d3-4be4aee58d9f tempest-HypervisorAdminV253TestBase-1971692 tempest-HypervisorAdminV253TestBase-1971692-project-admin] Lock "7fb5f492-970d-4bc9-be51-36682e51c454" "released" by "nova.context.set_target_cell..get_or_set_cached_cell_and_set_connections" :: held 0.005s {{(pid=124247) inner /usr/local/lib/python3.8/dist-packages/oslo_concurrency/lockutils.py:400}}
Feb 02 17:38:41.333674 n-d-712749-29 devstack@n-api.service[124246]: INFO nova.api.openstack.requestlog [None req-e05ad8da-4af6-4fb0-b5f7-3e8bdfb59163 tempest-FlavorsAccessNegativeTestJSON-2068367601 tempest-FlavorsAccessNegativeTestJSON-2068367601-project-admin] 10.222.0.58 "GET /compute/v2.1/flavors/detail" status: 200 len: 4991 microversion: 2.1 time: 0.071368
Feb 02 17:38:41.334320 n-d-712749-29 devstack@n-api.service[124246]: [pid: 124246|app: 0|req: 76/89] 10.222.0.58 () {58 vars in 1145 bytes} [Wed Feb 2 17:38:41 2022] GET /compute/v2.1/flavors/detail => generated 4991 bytes in 73 msecs (HTTP/1.1 200) 9 headers in 358 bytes (1 switches on core 0)
Feb 02 17:38:41.363038 n-d-712749-29 devstack@n-api.service[124247]: DEBUG oslo_concurrency.lockutils [None req-ecfda3d9-fef7-46f5-a4d3-4be4aee58d9f tempest-HypervisorAdminV253TestBase-1971692 tempest-HypervisorAdminV253TestBase-1971692-project-admin] Lock "7fb5f492-970d-4bc9-be51-36682e51c454" acquired by "nova.context.set_target_cell..get_or_set_cached_cell_and_set_connections" :: waited 0.000s {{(pid=124247) inner /usr/local/lib/python3.8/dist-packages/oslo_concurrency/lockutils.py:386}}
Feb 02 17:38:41.363530 n-d-712749-29 devstack@n-api.service[124246]: DEBUG nova.api.openstack.wsgi [None req-eb988b94-e5fc-43e8-af60-03b255d4b1d0 tempest-FlavorsAccessNegativeTestJSON-2068367601 tempest-FlavorsAccessNegativeTestJSON-2068367601-project-admin] Action: 'create', calling method: >, body: {"flavor": {"ram": 512, "vcpus": 1, "disk": 10, "name": "tempest-FlavorsAccessNegativeTestJSON-flavor-1869290162", "id": 1872457749, "os-flavor-access:is_public": "False"}} {{(pid=124246) _process_stack /opt/stack/nova/nova/api/openstack/wsgi.py:511}}
Feb 02 17:38:41.363646 n-d-712749-29 devstack@n-api.service[124247]: DEBUG oslo_concurrency.lockutils [None req-ecfda3d9-fef7-46f5-a4d3-4be4aee58d9f tempest-HypervisorAdminV253TestBase-1971692 tempest-HypervisorAdminV253TestBase-1971692-project-admin] Lock "7fb5f492-970d-4bc9-be51-36682e51c454" "released" by "nova.context.set_target_cell..get_or_set_cached_cell_and_set_connections" :: held 0.001s {{(pid=124247) inner /usr/local/lib/python3.8/dist-packages/oslo_concurrency/lockutils.py:400}}
Feb 02 17:38:41.396446 n-d-712749-29 devstack@n-api.service[124247]: DEBUG oslo_concurrency.lockutils [None req-ecfda3d9-fef7-46f5-a4d3-4be4aee58d9f tempest-HypervisorAdminV253TestBase-1971692 tempest-HypervisorAdminV253TestBase-1971692-project-admin] Lock "7fb5f492-970d-4bc9-be51-36682e51c454" acquired by "nova.context.set_target_cell..get_or_set_cached_cell_and_set_connections" :: waited 0.000s {{(pid=124247) inner /usr/local/lib/python3.8/dist-packages/oslo_concurrency/lockutils.py:386}}
Feb 02 17:38:41.397441 n-d-712749-29 devstack@n-api.service[124247]: DEBUG oslo_concurrency.lockutils [None req-ecfda3d9-fef7-46f5-a4d3-4be4aee58d9f tempest-HypervisorAdminV253TestBase-1971692 tempest-HypervisorAdminV253TestBase-1971692-project-admin] Lock "7fb5f492-970d-4bc9-be51-36682e51c454" "released" by "nova.context.set_target_cell..get_or_set_cached_cell_and_set_connections" :: held 0.001s {{(pid=124247) inner /usr/local/lib/python3.8/dist-packages/oslo_concurrency/lockutils.py:400}}
Feb 02 17:38:41.405015 n-d-712749-29 devstack@n-api.service[124246]: INFO nova.api.openstack.requestlog [None req-eb988b94-e5fc-43e8-af60-03b255d4b1d0 tempest-FlavorsAccessNegativeTestJSON-2068367601 tempest-FlavorsAccessNegativeTestJSON-2068367601-project-admin] 10.222.0.58 "POST /compute/v2.1/flavors" status: 200 len: 439 microversion: 2.1 time: 0.051862
Feb 02 17:38:41.409302 n-d-712749-29 devstack@n-api.service[124247]: INFO nova.api.openstack.requestlog [None req-ecfda3d9-fef7-46f5-a4d3-4be4aee58d9f tempest-HypervisorAdminV253TestBase-1971692 tempest-HypervisorAdminV253TestBase-1971692-project-admin] 10.222.0.58 "GET /compute/v2.1/os-hypervisors/detail?with_servers=True" status: 200 len: 1668 microversion: 2.53 time: 0.770503
Feb 02 17:38:41.412543 n-d-712749-29 devstack@n-api.service[124246]: [pid: 124246|app: 0|req: 77/90] 10.222.0.58 () {60 vars in 1146 bytes} [Wed Feb 2 17:38:41 2022] POST /compute/v2.1/flavors => generated 439 bytes in 60 msecs (HTTP/1.1 200) 9 headers in 357 bytes (1 switches on core 0)
Feb 02 17:38:41.413377 n-d-712749-29 devstack@n-api.service[124247]: [pid: 124247|app: 0|req: 14/91] 10.222.0.58 () {60 vars in 1242 bytes} [Wed Feb 2 17:38:40 2022] GET /compute/v2.1/os-hypervisors/detail?with_servers=True => generated 1668 bytes in 775 msecs (HTTP/1.1 200) 9 headers in 360 bytes (1 switches on core 0)
Feb 02 17:38:41.428044 n-d-712749-29 devstack@n-api.service[124247]: DEBUG nova.api.openstack.wsgi [None req-888f6559-4989-4822-b5c9-f35c07822c6e tempest-HypervisorAdminV253TestBase-1971692 tempest-HypervisorAdminV253TestBase-1971692-project-admin] Calling method '.version_select at 0x7f1f085e13a0>' {{(pid=124247) _process_stack /opt/stack/nova/nova/api/openstack/wsgi.py:513}}
Feb 02 17:38:41.429805 n-d-712749-29 devstack@n-api.service[124247]: /usr/local/lib/python3.8/dist-packages/oslo_policy/policy.py:1119: UserWarning: Policy "os_compute_api:os-hypervisors:list": "rule:system_reader_api" failed scope check. The token used to make the request was project scoped but the policy requires ['system'] scope. This behavior may change in the future where using the intended scope is required
Feb 02 17:38:41.429805 n-d-712749-29 devstack@n-api.service[124247]: warnings.warn(msg)
Feb 02 17:38:41.434000 n-d-712749-29 devstack@n-api.service[124247]: DEBUG oslo_concurrency.lockutils [None req-888f6559-4989-4822-b5c9-f35c07822c6e tempest-HypervisorAdminV253TestBase-1971692 tempest-HypervisorAdminV253TestBase-1971692-project-admin] Lock "7fb5f492-970d-4bc9-be51-36682e51c454" acquired by "nova.context.set_target_cell..get_or_set_cached_cell_and_set_connections" :: waited 0.000s {{(pid=124247) inner /usr/local/lib/python3.8/dist-packages/oslo_concurrency/lockutils.py:386}}
Feb 02 17:38:41.436743 n-d-712749-29 devstack@n-api.service[124247]: DEBUG oslo_concurrency.lockutils [None req-888f6559-4989-4822-b5c9-f35c07822c6e tempest-HypervisorAdminV253TestBase-1971692 tempest-HypervisorAdminV253TestBase-1971692-project-admin] Lock "7fb5f492-970d-4bc9-be51-36682e51c454" "released" by "nova.context.set_target_cell..get_or_set_cached_cell_and_set_connections" :: held 0.002s {{(pid=124247) inner /usr/local/lib/python3.8/dist-packages/oslo_concurrency/lockutils.py:400}}
Feb 02 17:38:41.472826 n-d-712749-29 devstack@n-api.service[124247]: DEBUG oslo_concurrency.lockutils [None req-888f6559-4989-4822-b5c9-f35c07822c6e tempest-HypervisorAdminV253TestBase-1971692 tempest-HypervisorAdminV253TestBase-1971692-project-admin] Lock "7fb5f492-970d-4bc9-be51-36682e51c454" acquired by "nova.context.set_target_cell..get_or_set_cached_cell_and_set_connections" :: waited 0.000s {{(pid=124247) inner /usr/local/lib/python3.8/dist-packages/oslo_concurrency/lockutils.py:386}}
Feb 02 17:38:41.473530 n-d-712749-29 devstack@n-api.service[124247]: DEBUG oslo_concurrency.lockutils [None req-888f6559-4989-4822-b5c9-f35c07822c6e tempest-HypervisorAdminV253TestBase-1971692 tempest-HypervisorAdminV253TestBase-1971692-project-admin] Lock "7fb5f492-970d-4bc9-be51-36682e51c454" "released" by "nova.context.set_target_cell..get_or_set_cached_cell_and_set_connections" :: held 0.001s {{(pid=124247) inner /usr/local/lib/python3.8/dist-packages/oslo_concurrency/lockutils.py:400}}
Feb 02 17:38:41.536276 n-d-712749-29 devstack@n-api.service[124247]: DEBUG oslo_concurrency.lockutils [None req-888f6559-4989-4822-b5c9-f35c07822c6e tempest-HypervisorAdminV253TestBase-1971692 tempest-HypervisorAdminV253TestBase-1971692-project-admin] Lock "7fb5f492-970d-4bc9-be51-36682e51c454" acquired by "nova.context.set_target_cell..get_or_set_cached_cell_and_set_connections" :: waited 0.000s {{(pid=124247) inner /usr/local/lib/python3.8/dist-packages/oslo_concurrency/lockutils.py:386}}
Feb 02 17:38:41.536983 n-d-712749-29 devstack@n-api.service[124247]: DEBUG oslo_concurrency.lockutils [None req-888f6559-4989-4822-b5c9-f35c07822c6e tempest-HypervisorAdminV253TestBase-1971692 tempest-HypervisorAdminV253TestBase-1971692-project-admin] Lock "7fb5f492-970d-4bc9-be51-36682e51c454" "released" by "nova.context.set_target_cell..get_or_set_cached_cell_and_set_connections" :: held 0.001s {{(pid=124247) inner /usr/local/lib/python3.8/dist-packages/oslo_concurrency/lockutils.py:400}}
Feb 02 17:38:41.566789 n-d-712749-29 devstack@n-api.service[124247]: DEBUG oslo_concurrency.lockutils [None req-888f6559-4989-4822-b5c9-f35c07822c6e tempest-HypervisorAdminV253TestBase-1971692 tempest-HypervisorAdminV253TestBase-1971692-project-admin] Lock "7fb5f492-970d-4bc9-be51-36682e51c454" acquired by "nova.context.set_target_cell..get_or_set_cached_cell_and_set_connections" :: waited 0.000s {{(pid=124247) inner /usr/local/lib/python3.8/dist-packages/oslo_concurrency/lockutils.py:386}}
Feb 02 17:38:41.567490 n-d-712749-29 devstack@n-api.service[124247]: DEBUG oslo_concurrency.lockutils [None req-888f6559-4989-4822-b5c9-f35c07822c6e tempest-HypervisorAdminV253TestBase-1971692 tempest-HypervisorAdminV253TestBase-1971692-project-admin] Lock "7fb5f492-970d-4bc9-be51-36682e51c454" "released" by "nova.context.set_target_cell..get_or_set_cached_cell_and_set_connections" :: held 0.001s {{(pid=124247) inner /usr/local/lib/python3.8/dist-packages/oslo_concurrency/lockutils.py:400}}
Feb 02 17:38:41.603259 n-d-712749-29 devstack@n-api.service[124247]: DEBUG oslo_concurrency.lockutils [None req-888f6559-4989-4822-b5c9-f35c07822c6e tempest-HypervisorAdminV253TestBase-1971692 tempest-HypervisorAdminV253TestBase-1971692-project-admin] Lock "7fb5f492-970d-4bc9-be51-36682e51c454" acquired by "nova.context.set_target_cell..get_or_set_cached_cell_and_set_connections" :: waited 0.001s {{(pid=124247) inner /usr/local/lib/python3.8/dist-packages/oslo_concurrency/lockutils.py:386}}
Feb 02 17:38:41.605378 n-d-712749-29 devstack@n-api.service[124247]: DEBUG oslo_concurrency.lockutils [None req-888f6559-4989-4822-b5c9-f35c07822c6e tempest-HypervisorAdminV253TestBase-1971692 tempest-HypervisorAdminV253TestBase-1971692-project-admin] Lock "7fb5f492-970d-4bc9-be51-36682e51c454" "released" by "nova.context.set_target_cell..get_or_set_cached_cell_and_set_connections" :: held 0.004s {{(pid=124247) inner /usr/local/lib/python3.8/dist-packages/oslo_concurrency/lockutils.py:400}}
Feb 02 17:38:41.624856 n-d-712749-29 devstack@n-api.service[124247]: INFO nova.api.openstack.requestlog [None req-888f6559-4989-4822-b5c9-f35c07822c6e tempest-HypervisorAdminV253TestBase-1971692 tempest-HypervisorAdminV253TestBase-1971692-project-admin] 10.222.0.58 "GET /compute/v2.1/os-hypervisors?with_servers=True" status: 200 len: 359 microversion: 2.53 time: 0.199556
Feb 02 17:38:41.626232 n-d-712749-29 devstack@n-api.service[124247]: [pid: 124247|app: 0|req: 15/92] 10.222.0.58 () {60 vars in 1221 bytes} [Wed Feb 2 17:38:41 2022] GET /compute/v2.1/os-hypervisors?with_servers=True => generated 359 bytes in 204 msecs (HTTP/1.1 200) 9 headers in 359 bytes (2 switches on core 0)
Feb 02 17:38:41.638162 n-d-712749-29 devstack@n-api.service[124247]: DEBUG nova.api.openstack.wsgi [None req-7f57fdf9-a9a2-4f11-9096-11e736cb2ee9 tempest-AggregatesAdminTestJSON-1341559317 tempest-AggregatesAdminTestJSON-1341559317-project] Calling method '>' {{(pid=124247) _process_stack /opt/stack/nova/nova/api/openstack/wsgi.py:513}}
Feb 02 17:38:41.641205 n-d-712749-29 devstack@n-api.service[124247]: DEBUG nova.compute.api [None req-7f57fdf9-a9a2-4f11-9096-11e736cb2ee9 tempest-AggregatesAdminTestJSON-1341559317 tempest-AggregatesAdminTestJSON-1341559317-project] [instance: bd1d8060-19fa-4fa1-9e00-4c731e7a989c] Fetching instance by UUID {{(pid=124247) get /opt/stack/nova/nova/compute/api.py:2865}}
Feb 02 17:38:41.654828 n-d-712749-29 devstack@n-api.service[124247]: DEBUG oslo_concurrency.lockutils [None req-7f57fdf9-a9a2-4f11-9096-11e736cb2ee9 tempest-AggregatesAdminTestJSON-1341559317 tempest-AggregatesAdminTestJSON-1341559317-project] Lock "7fb5f492-970d-4bc9-be51-36682e51c454" acquired by "nova.context.set_target_cell..get_or_set_cached_cell_and_set_connections" :: waited 0.000s {{(pid=124247) inner /usr/local/lib/python3.8/dist-packages/oslo_concurrency/lockutils.py:386}}
Feb 02 17:38:41.655614 n-d-712749-29 devstack@n-api.service[124247]: DEBUG oslo_concurrency.lockutils [None req-7f57fdf9-a9a2-4f11-9096-11e736cb2ee9 tempest-AggregatesAdminTestJSON-1341559317 tempest-AggregatesAdminTestJSON-1341559317-project] Lock "7fb5f492-970d-4bc9-be51-36682e51c454" "released" by "nova.context.set_target_cell..get_or_set_cached_cell_and_set_connections" :: held 0.001s {{(pid=124247) inner /usr/local/lib/python3.8/dist-packages/oslo_concurrency/lockutils.py:400}}
Feb 02 17:38:41.657518 n-d-712749-29 devstack@n-api.service[124247]: DEBUG oslo_concurrency.lockutils [None req-7f57fdf9-a9a2-4f11-9096-11e736cb2ee9 tempest-AggregatesAdminTestJSON-1341559317 tempest-AggregatesAdminTestJSON-1341559317-project] Lock "7fb5f492-970d-4bc9-be51-36682e51c454" acquired by "nova.context.set_target_cell..get_or_set_cached_cell_and_set_connections" :: waited 0.000s {{(pid=124247) inner /usr/local/lib/python3.8/dist-packages/oslo_concurrency/lockutils.py:386}}
Feb 02 17:38:41.658198 n-d-712749-29 devstack@n-api.service[124247]: DEBUG oslo_concurrency.lockutils [None req-7f57fdf9-a9a2-4f11-9096-11e736cb2ee9 tempest-AggregatesAdminTestJSON-1341559317 tempest-AggregatesAdminTestJSON-1341559317-project] Lock "7fb5f492-970d-4bc9-be51-36682e51c454" "released" by "nova.context.set_target_cell..get_or_set_cached_cell_and_set_connections" :: held 0.001s {{(pid=124247) inner /usr/local/lib/python3.8/dist-packages/oslo_concurrency/lockutils.py:400}}
Feb 02 17:38:41.926998 n-d-712749-29 devstack@n-api.service[124247]: DEBUG nova.policy [None req-7f57fdf9-a9a2-4f11-9096-11e736cb2ee9 tempest-AggregatesAdminTestJSON-1341559317 tempest-AggregatesAdminTestJSON-1341559317-project] Policy check for os_compute_api:os-extended-server-attributes failed with credentials {'is_admin': False, 'user_id': 'e8c5b7e823c54e60aa9b376220bee79e', 'user_domain_id': 'default', 'system_scope': None, 'domain_id': None, 'project_id': 'ab6d79fcf6ff4a53b3a29c92534069fd', 'project_domain_id': 'default', 'roles': ['reader', 'member'], 'is_admin_project': True, 'service_user_id': None, 'service_user_domain_id': None, 'service_project_id': None, 'service_project_domain_id': None, 'service_roles': []} {{(pid=124247) authorize /opt/stack/nova/nova/policy.py:199}}
Feb 02 17:38:41.943055 n-d-712749-29 devstack@n-api.service[124247]: INFO nova.api.openstack.requestlog [None req-7f57fdf9-a9a2-4f11-9096-11e736cb2ee9 tempest-AggregatesAdminTestJSON-1341559317 tempest-AggregatesAdminTestJSON-1341559317-project] 10.222.0.58 "GET /compute/v2.1/servers/bd1d8060-19fa-4fa1-9e00-4c731e7a989c" status: 200 len: 1337 microversion: 2.1 time: 0.315483
Feb 02 17:38:41.944071 n-d-712749-29 devstack@n-api.service[124247]: [pid: 124247|app: 0|req: 16/93] 10.222.0.58 () {58 vars in 1235 bytes} [Wed Feb 2 17:38:41 2022] GET /compute/v2.1/servers/bd1d8060-19fa-4fa1-9e00-4c731e7a989c => generated 1337 bytes in 317 msecs (HTTP/1.1 200) 9 headers in 358 bytes (1 switches on core 0)
Feb 02 17:38:41.945962 n-d-712749-29 devstack@n-api.service[124246]: DEBUG nova.api.openstack.wsgi [None req-f8c5931b-484a-4c66-957c-b7fe12ee9590 tempest-FlavorsAccessNegativeTestJSON-857375084 tempest-FlavorsAccessNegativeTestJSON-857375084-project] Action: 'action', calling method: >, body: {"addTenantAccess": {"tenant": "1e3aa434d97b4774821ddc8a41be3dca"}} {{(pid=124246) _process_stack /opt/stack/nova/nova/api/openstack/wsgi.py:511}}
Feb 02 17:38:41.948137 n-d-712749-29 devstack@n-api.service[124246]: /usr/local/lib/python3.8/dist-packages/oslo_policy/policy.py:1119: UserWarning: Policy "os_compute_api:os-flavor-access:add_tenant_access": "rule:system_admin_api" failed scope check. The token used to make the request was project scoped but the policy requires ['system'] scope. This behavior may change in the future where using the intended scope is required
Feb 02 17:38:41.948137 n-d-712749-29 devstack@n-api.service[124246]: warnings.warn(msg)
Feb 02 17:38:41.949906 n-d-712749-29 devstack@n-api.service[124247]: DEBUG nova.api.openstack.wsgi [None req-fcd16130-7d1a-4e8e-8c85-50f5eaf3c7ae tempest-HypervisorAdminV253TestBase-1971692 tempest-HypervisorAdminV253TestBase-1971692-project-admin] Calling method '.version_select at 0x7f1f084d7280>' {{(pid=124247) _process_stack /opt/stack/nova/nova/api/openstack/wsgi.py:513}}
Feb 02 17:38:41.950807 n-d-712749-29 devstack@n-api.service[124246]: DEBUG nova.policy [None req-f8c5931b-484a-4c66-957c-b7fe12ee9590 tempest-FlavorsAccessNegativeTestJSON-857375084 tempest-FlavorsAccessNegativeTestJSON-857375084-project] Policy check for os_compute_api:os-flavor-access:add_tenant_access failed with credentials {'is_admin': False, 'user_id': 'd8bd273efc0b4f068043adf8456969dd', 'user_domain_id': 'default', 'system_scope': None, 'domain_id': None, 'project_id': '1e3aa434d97b4774821ddc8a41be3dca', 'project_domain_id': 'default', 'roles': ['reader', 'member'], 'is_admin_project': True, 'service_user_id': None, 'service_user_domain_id': None, 'service_project_id': None, 'service_project_domain_id': None, 'service_roles': []} {{(pid=124246) authorize /opt/stack/nova/nova/policy.py:199}}
Feb 02 17:38:41.951730 n-d-712749-29 devstack@n-api.service[124247]: /usr/local/lib/python3.8/dist-packages/oslo_policy/policy.py:1119: UserWarning: Policy "os_compute_api:os-hypervisors:show": "rule:system_reader_api" failed scope check. The token used to make the request was project scoped but the policy requires ['system'] scope. This behavior may change in the future where using the intended scope is required
Feb 02 17:38:41.951730 n-d-712749-29 devstack@n-api.service[124247]: warnings.warn(msg)
Feb 02 17:38:41.954446 n-d-712749-29 devstack@n-api.service[124247]: DEBUG oslo_concurrency.lockutils [None req-fcd16130-7d1a-4e8e-8c85-50f5eaf3c7ae tempest-HypervisorAdminV253TestBase-1971692 tempest-HypervisorAdminV253TestBase-1971692-project-admin] Lock "7fb5f492-970d-4bc9-be51-36682e51c454" acquired by "nova.context.set_target_cell..get_or_set_cached_cell_and_set_connections" :: waited 0.000s {{(pid=124247) inner /usr/local/lib/python3.8/dist-packages/oslo_concurrency/lockutils.py:386}}
Feb 02 17:38:41.955011 n-d-712749-29 devstack@n-api.service[124247]: DEBUG oslo_concurrency.lockutils [None req-fcd16130-7d1a-4e8e-8c85-50f5eaf3c7ae tempest-HypervisorAdminV253TestBase-1971692 tempest-HypervisorAdminV253TestBase-1971692-project-admin] Lock "7fb5f492-970d-4bc9-be51-36682e51c454" "released" by "nova.context.set_target_cell..get_or_set_cached_cell_and_set_connections" :: held 0.001s {{(pid=124247) inner /usr/local/lib/python3.8/dist-packages/oslo_concurrency/lockutils.py:400}}
Feb 02 17:38:41.955987 n-d-712749-29 devstack@n-api.service[124246]: DEBUG nova.api.openstack.wsgi [None req-f8c5931b-484a-4c66-957c-b7fe12ee9590 tempest-FlavorsAccessNegativeTestJSON-857375084 tempest-FlavorsAccessNegativeTestJSON-857375084-project] Returning 403 to user: Policy doesn't allow os_compute_api:os-flavor-access:add_tenant_access to be performed. {{(pid=124246) __call__ /opt/stack/nova/nova/api/openstack/wsgi.py:936}}
Feb 02 17:38:41.959471 n-d-712749-29 devstack@n-api.service[124246]: INFO nova.api.openstack.requestlog [None req-f8c5931b-484a-4c66-957c-b7fe12ee9590 tempest-FlavorsAccessNegativeTestJSON-857375084 tempest-FlavorsAccessNegativeTestJSON-857375084-project] 10.222.0.58 "POST /compute/v2.1/flavors/1872457749/action" status: 403 len: 130 microversion: 2.1 time: 0.545876
Feb 02 17:38:41.962204 n-d-712749-29 devstack@n-api.service[124246]: [pid: 124246|app: 0|req: 78/94] 10.222.0.58 () {60 vars in 1199 bytes} [Wed Feb 2 17:38:41 2022] POST /compute/v2.1/flavors/1872457749/action => generated 130 bytes in 548 msecs (HTTP/1.1 403) 9 headers in 379 bytes (1 switches on core 0)
Feb 02 17:38:41.970149 n-d-712749-29 devstack@n-api.service[124246]: DEBUG nova.api.openstack.wsgi [None req-fa95088a-647e-400c-ae2b-0c7822cd5b4f tempest-FlavorsAccessNegativeTestJSON-2068367601 tempest-FlavorsAccessNegativeTestJSON-2068367601-project-admin] Calling method '>' {{(pid=124246) _process_stack /opt/stack/nova/nova/api/openstack/wsgi.py:513}}
Feb 02 17:38:41.978675 n-d-712749-29 devstack@n-api.service[124247]: DEBUG oslo_concurrency.lockutils [None req-fcd16130-7d1a-4e8e-8c85-50f5eaf3c7ae tempest-HypervisorAdminV253TestBase-1971692 tempest-HypervisorAdminV253TestBase-1971692-project-admin] Lock "7fb5f492-970d-4bc9-be51-36682e51c454" acquired by "nova.context.set_target_cell..get_or_set_cached_cell_and_set_connections" :: waited 0.000s {{(pid=124247) inner /usr/local/lib/python3.8/dist-packages/oslo_concurrency/lockutils.py:386}}
Feb 02 17:38:41.979316 n-d-712749-29 devstack@n-api.service[124247]: DEBUG oslo_concurrency.lockutils [None req-fcd16130-7d1a-4e8e-8c85-50f5eaf3c7ae tempest-HypervisorAdminV253TestBase-1971692 tempest-HypervisorAdminV253TestBase-1971692-project-admin] Lock "7fb5f492-970d-4bc9-be51-36682e51c454" "released" by "nova.context.set_target_cell..get_or_set_cached_cell_and_set_connections" :: held 0.001s {{(pid=124247) inner /usr/local/lib/python3.8/dist-packages/oslo_concurrency/lockutils.py:400}}
Feb 02 17:38:41.989617 n-d-712749-29 devstack@n-api.service[124247]: INFO nova.api.openstack.requestlog [None req-fcd16130-7d1a-4e8e-8c85-50f5eaf3c7ae tempest-HypervisorAdminV253TestBase-1971692 tempest-HypervisorAdminV253TestBase-1971692-project-admin] 10.222.0.58 "GET /compute/v2.1/os-hypervisors/631bc53e-8379-444e-8801-a71ae42f858b" status: 200 len: 794 microversion: 2.53 time: 0.044315
Feb 02 17:38:41.997082 n-d-712749-29 devstack@n-api.service[124247]: [pid: 124247|app: 0|req: 17/95] 10.222.0.58 () {60 vars in 1297 bytes} [Wed Feb 2 17:38:41 2022] GET /compute/v2.1/os-hypervisors/631bc53e-8379-444e-8801-a71ae42f858b => generated 794 bytes in 52 msecs (HTTP/1.1 200) 9 headers in 359 bytes (1 switches on core 0)
Feb 02 17:38:42.012377 n-d-712749-29 devstack@n-api.service[124246]: INFO nova.api.openstack.requestlog [None req-fa95088a-647e-400c-ae2b-0c7822cd5b4f tempest-FlavorsAccessNegativeTestJSON-2068367601 tempest-FlavorsAccessNegativeTestJSON-2068367601-project-admin] 10.222.0.58 "DELETE /compute/v2.1/flavors/1872457749" status: 202 len: 0 microversion: 2.1 time: 0.046527
Feb 02 17:38:42.013694 n-d-712749-29 devstack@n-api.service[124246]: [pid: 124246|app: 0|req: 79/96] 10.222.0.58 () {58 vars in 1160 bytes} [Wed Feb 2 17:38:41 2022] DELETE /compute/v2.1/flavors/1872457749 => generated 0 bytes in 48 msecs (HTTP/1.1 202) 9 headers in 361 bytes (1 switches on core 0)
Feb 02 17:38:42.024472 n-d-712749-29 devstack@n-api.service[124247]: DEBUG nova.api.openstack.wsgi [None req-80ddca3a-32b8-4304-95da-67ada9a92fd4 tempest-FlavorsAccessNegativeTestJSON-2068367601 tempest-FlavorsAccessNegativeTestJSON-2068367601-project-admin] Calling method '>' {{(pid=124247) _process_stack /opt/stack/nova/nova/api/openstack/wsgi.py:513}}
Feb 02 17:38:42.058377 n-d-712749-29 devstack@n-api.service[124247]: INFO nova.api.openstack.requestlog [None req-80ddca3a-32b8-4304-95da-67ada9a92fd4 tempest-FlavorsAccessNegativeTestJSON-2068367601 tempest-FlavorsAccessNegativeTestJSON-2068367601-project-admin] 10.222.0.58 "GET /compute/v2.1/flavors/detail" status: 200 len: 4991 microversion: 2.1 time: 0.039969
Feb 02 17:38:42.059364 n-d-712749-29 devstack@n-api.service[124247]: [pid: 124247|app: 0|req: 18/97] 10.222.0.58 () {58 vars in 1145 bytes} [Wed Feb 2 17:38:42 2022] GET /compute/v2.1/flavors/detail => generated 4991 bytes in 42 msecs (HTTP/1.1 200) 9 headers in 358 bytes (1 switches on core 0)
Feb 02 17:38:42.076175 n-d-712749-29 devstack@n-api.service[124246]: DEBUG nova.api.openstack.wsgi [None req-3151b795-c29a-4dc9-8680-858649675f6e tempest-FlavorsAccessNegativeTestJSON-2068367601 tempest-FlavorsAccessNegativeTestJSON-2068367601-project-admin] Action: 'create', calling method: >, body: {"flavor": {"ram": 512, "vcpus": 1, "disk": 10, "name": "tempest-FlavorsAccessNegativeTestJSON-flavor-522183863", "id": 682586191, "os-flavor-access:is_public": "False"}} {{(pid=124246) _process_stack /opt/stack/nova/nova/api/openstack/wsgi.py:511}}
Feb 02 17:38:42.135253 n-d-712749-29 devstack@n-api.service[124246]: INFO nova.api.openstack.requestlog [None req-3151b795-c29a-4dc9-8680-858649675f6e tempest-FlavorsAccessNegativeTestJSON-2068367601 tempest-FlavorsAccessNegativeTestJSON-2068367601-project-admin] 10.222.0.58 "POST /compute/v2.1/flavors" status: 200 len: 435 microversion: 2.1 time: 0.062833
Feb 02 17:38:42.138211 n-d-712749-29 devstack@n-api.service[124246]: [pid: 124246|app: 0|req: 80/98] 10.222.0.58 () {60 vars in 1146 bytes} [Wed Feb 2 17:38:42 2022] POST /compute/v2.1/flavors => generated 435 bytes in 67 msecs (HTTP/1.1 200) 9 headers in 357 bytes (1 switches on core 0)
Feb 02 17:38:42.146655 n-d-712749-29 devstack@n-api.service[124247]: DEBUG nova.api.openstack.wsgi [None req-4601cade-868d-4653-b743-033f196b6899 tempest-FlavorsAccessNegativeTestJSON-2068367601 tempest-FlavorsAccessNegativeTestJSON-2068367601-project-admin] Action: 'action', calling method: >, body: {"addTenantAccess": {"tenant": "1e3aa434d97b4774821ddc8a41be3dca"}} {{(pid=124247) _process_stack /opt/stack/nova/nova/api/openstack/wsgi.py:511}}
Feb 02 17:38:42.147943 n-d-712749-29 devstack@n-api.service[124247]: /usr/local/lib/python3.8/dist-packages/oslo_policy/policy.py:1119: UserWarning: Policy "os_compute_api:os-flavor-access:add_tenant_access": "rule:system_admin_api" failed scope check. The token used to make the request was project scoped but the policy requires ['system'] scope. This behavior may change in the future where using the intended scope is required
Feb 02 17:38:42.147943 n-d-712749-29 devstack@n-api.service[124247]: warnings.warn(msg)
Feb 02 17:38:42.953183 n-d-712749-29 devstack@n-api.service[124247]: INFO nova.api.openstack.requestlog [None req-4601cade-868d-4653-b743-033f196b6899 tempest-FlavorsAccessNegativeTestJSON-2068367601 tempest-FlavorsAccessNegativeTestJSON-2068367601-project-admin] 10.222.0.58 "POST /compute/v2.1/flavors/682586191/action" status: 200 len: 96 microversion: 2.1 time: 0.810097
Feb 02 17:38:42.953904 n-d-712749-29 devstack@n-api.service[124247]: [pid: 124247|app: 0|req: 19/99] 10.222.0.58 () {60 vars in 1196 bytes} [Wed Feb 2 17:38:42 2022] POST /compute/v2.1/flavors/682586191/action => generated 96 bytes in 811 msecs (HTTP/1.1 200) 9 headers in 356 bytes (2 switches on core 0)
Feb 02 17:38:42.967870 n-d-712749-29 devstack@n-api.service[124246]: DEBUG nova.api.openstack.wsgi [None req-86aa9c48-330a-4b32-9f74-6021885a33c8 tempest-FlavorsAccessNegativeTestJSON-857375084 tempest-FlavorsAccessNegativeTestJSON-857375084-project] Action: 'action', calling method: >, body: {"removeTenantAccess": {"tenant": "1e3aa434d97b4774821ddc8a41be3dca"}} {{(pid=124246) _process_stack /opt/stack/nova/nova/api/openstack/wsgi.py:511}}
Feb 02 17:38:42.969421 n-d-712749-29 devstack@n-api.service[124246]: /usr/local/lib/python3.8/dist-packages/oslo_policy/policy.py:1119: UserWarning: Policy "os_compute_api:os-flavor-access:remove_tenant_access": "rule:system_admin_api" failed scope check. The token used to make the request was project scoped but the policy requires ['system'] scope. This behavior may change in the future where using the intended scope is required
Feb 02 17:38:42.969421 n-d-712749-29 devstack@n-api.service[124246]: warnings.warn(msg)
Feb 02 17:38:42.970794 n-d-712749-29 devstack@n-api.service[124246]: DEBUG nova.policy [None req-86aa9c48-330a-4b32-9f74-6021885a33c8 tempest-FlavorsAccessNegativeTestJSON-857375084 tempest-FlavorsAccessNegativeTestJSON-857375084-project] Policy check for os_compute_api:os-flavor-access:remove_tenant_access failed with credentials {'is_admin': False, 'user_id': 'd8bd273efc0b4f068043adf8456969dd', 'user_domain_id': 'default', 'system_scope': None, 'domain_id': None, 'project_id': '1e3aa434d97b4774821ddc8a41be3dca', 'project_domain_id': 'default', 'roles': ['reader', 'member'], 'is_admin_project': True, 'service_user_id': None, 'service_user_domain_id': None, 'service_project_id': None, 'service_project_domain_id': None, 'service_roles': []} {{(pid=124246) authorize /opt/stack/nova/nova/policy.py:199}}
Feb 02 17:38:42.971386 n-d-712749-29 devstack@n-api.service[124247]: DEBUG nova.api.openstack.wsgi [None req-a2d949d8-b312-4e9e-b8cc-f86a7164e410 tempest-AggregatesAdminTestJSON-1341559317 tempest-AggregatesAdminTestJSON-1341559317-project] Calling method '>' {{(pid=124247) _process_stack /opt/stack/nova/nova/api/openstack/wsgi.py:513}}
Feb 02 17:38:42.972012 n-d-712749-29 devstack@n-api.service[124247]: DEBUG nova.compute.api [None req-a2d949d8-b312-4e9e-b8cc-f86a7164e410 tempest-AggregatesAdminTestJSON-1341559317 tempest-AggregatesAdminTestJSON-1341559317-project] [instance: bd1d8060-19fa-4fa1-9e00-4c731e7a989c] Fetching instance by UUID {{(pid=124247) get /opt/stack/nova/nova/compute/api.py:2865}}
Feb 02 17:38:42.972527 n-d-712749-29 devstack@n-api.service[124246]: DEBUG nova.api.openstack.wsgi [None req-86aa9c48-330a-4b32-9f74-6021885a33c8 tempest-FlavorsAccessNegativeTestJSON-857375084 tempest-FlavorsAccessNegativeTestJSON-857375084-project] Returning 403 to user: Policy doesn't allow os_compute_api:os-flavor-access:remove_tenant_access to be performed. {{(pid=124246) __call__ /opt/stack/nova/nova/api/openstack/wsgi.py:936}}
Feb 02 17:38:42.976211 n-d-712749-29 devstack@n-api.service[124246]: INFO nova.api.openstack.requestlog [None req-86aa9c48-330a-4b32-9f74-6021885a33c8 tempest-FlavorsAccessNegativeTestJSON-857375084 tempest-FlavorsAccessNegativeTestJSON-857375084-project] 10.222.0.58 "POST /compute/v2.1/flavors/682586191/action" status: 403 len: 133 microversion: 2.1 time: 0.013042
Feb 02 17:38:42.983320 n-d-712749-29 devstack@n-api.service[124246]: [pid: 124246|app: 0|req: 81/100] 10.222.0.58 () {60 vars in 1196 bytes} [Wed Feb 2 17:38:42 2022] POST /compute/v2.1/flavors/682586191/action => generated 133 bytes in 24 msecs (HTTP/1.1 403) 9 headers in 379 bytes (1 switches on core 0)
Feb 02 17:38:42.996557 n-d-712749-29 devstack@n-api.service[124246]: DEBUG nova.api.openstack.wsgi [None req-72e8b517-6c83-4750-be96-964c1bccebd0 tempest-FlavorsAccessNegativeTestJSON-2068367601 tempest-FlavorsAccessNegativeTestJSON-2068367601-project-admin] Action: 'action', calling method: >, body: {"removeTenantAccess": {"tenant": "1e3aa434d97b4774821ddc8a41be3dca"}} {{(pid=124246) _process_stack /opt/stack/nova/nova/api/openstack/wsgi.py:511}}
Feb 02 17:38:42.999763 n-d-712749-29 devstack@n-api.service[124247]: DEBUG oslo_concurrency.lockutils [None req-a2d949d8-b312-4e9e-b8cc-f86a7164e410 tempest-AggregatesAdminTestJSON-1341559317 tempest-AggregatesAdminTestJSON-1341559317-project] Lock "7fb5f492-970d-4bc9-be51-36682e51c454" acquired by "nova.context.set_target_cell..get_or_set_cached_cell_and_set_connections" :: waited 0.000s {{(pid=124247) inner /usr/local/lib/python3.8/dist-packages/oslo_concurrency/lockutils.py:386}}
Feb 02 17:38:43.000259 n-d-712749-29 devstack@n-api.service[124247]: DEBUG oslo_concurrency.lockutils [None req-a2d949d8-b312-4e9e-b8cc-f86a7164e410 tempest-AggregatesAdminTestJSON-1341559317 tempest-AggregatesAdminTestJSON-1341559317-project] Lock "7fb5f492-970d-4bc9-be51-36682e51c454" "released" by "nova.context.set_target_cell..get_or_set_cached_cell_and_set_connections" :: held 0.001s {{(pid=124247) inner /usr/local/lib/python3.8/dist-packages/oslo_concurrency/lockutils.py:400}}
Feb 02 17:38:43.001065 n-d-712749-29 devstack@n-api.service[124247]: DEBUG oslo_concurrency.lockutils [None req-a2d949d8-b312-4e9e-b8cc-f86a7164e410 tempest-AggregatesAdminTestJSON-1341559317 tempest-AggregatesAdminTestJSON-1341559317-project] Lock "7fb5f492-970d-4bc9-be51-36682e51c454" acquired by "nova.context.set_target_cell..get_or_set_cached_cell_and_set_connections" :: waited 0.000s {{(pid=124247) inner /usr/local/lib/python3.8/dist-packages/oslo_concurrency/lockutils.py:386}}
Feb 02 17:38:43.001499 n-d-712749-29 devstack@n-api.service[124247]: DEBUG oslo_concurrency.lockutils [None req-a2d949d8-b312-4e9e-b8cc-f86a7164e410 tempest-AggregatesAdminTestJSON-1341559317 tempest-AggregatesAdminTestJSON-1341559317-project] Lock "7fb5f492-970d-4bc9-be51-36682e51c454" "released" by "nova.context.set_target_cell..get_or_set_cached_cell_and_set_connections" :: held 0.000s {{(pid=124247) inner /usr/local/lib/python3.8/dist-packages/oslo_concurrency/lockutils.py:400}}
Feb 02 17:38:43.393743 n-d-712749-29 devstack@n-api.service[124247]: DEBUG nova.policy [None req-a2d949d8-b312-4e9e-b8cc-f86a7164e410 tempest-AggregatesAdminTestJSON-1341559317 tempest-AggregatesAdminTestJSON-1341559317-project] Policy check for os_compute_api:os-extended-server-attributes failed with credentials {'is_admin': False, 'user_id': 'e8c5b7e823c54e60aa9b376220bee79e', 'user_domain_id': 'default', 'system_scope': None, 'domain_id': None, 'project_id': 'ab6d79fcf6ff4a53b3a29c92534069fd', 'project_domain_id': 'default', 'roles': ['reader', 'member'], 'is_admin_project': True, 'service_user_id': None, 'service_user_domain_id': None, 'service_project_id': None, 'service_project_domain_id': None, 'service_roles': []} {{(pid=124247) authorize /opt/stack/nova/nova/policy.py:199}}
Feb 02 17:38:43.407619 n-d-712749-29 devstack@n-api.service[124247]: INFO nova.api.openstack.requestlog [None req-a2d949d8-b312-4e9e-b8cc-f86a7164e410 tempest-AggregatesAdminTestJSON-1341559317 tempest-AggregatesAdminTestJSON-1341559317-project] 10.222.0.58 "GET /compute/v2.1/servers/bd1d8060-19fa-4fa1-9e00-4c731e7a989c" status: 200 len: 1337 microversion: 2.1 time: 0.440236
Feb 02 17:38:43.422201 n-d-712749-29 devstack@n-api.service[124247]: [pid: 124247|app: 0|req: 20/101] 10.222.0.58 () {58 vars in 1235 bytes} [Wed Feb 2 17:38:42 2022] GET /compute/v2.1/servers/bd1d8060-19fa-4fa1-9e00-4c731e7a989c => generated 1337 bytes in 455 msecs (HTTP/1.1 200) 9 headers in 358 bytes (1 switches on core 0)
Feb 02 17:38:44.259299 n-d-712749-29 devstack@n-api.service[124246]: INFO nova.api.openstack.requestlog [None req-72e8b517-6c83-4750-be96-964c1bccebd0 tempest-FlavorsAccessNegativeTestJSON-2068367601 tempest-FlavorsAccessNegativeTestJSON-2068367601-project-admin] 10.222.0.58 "POST /compute/v2.1/flavors/682586191/action" status: 200 len: 21 microversion: 2.1 time: 1.274099
Feb 02 17:38:44.259984 n-d-712749-29 devstack@n-api.service[124246]: [pid: 124246|app: 0|req: 82/102] 10.222.0.58 () {60 vars in 1196 bytes} [Wed Feb 2 17:38:42 2022] POST /compute/v2.1/flavors/682586191/action => generated 21 bytes in 1276 msecs (HTTP/1.1 200) 9 headers in 356 bytes (1 switches on core 0)
Feb 02 17:38:44.269592 n-d-712749-29 devstack@n-api.service[124247]: DEBUG nova.api.openstack.wsgi [None req-8ff7d5e2-b737-4874-93e0-a6d30e290007 tempest-FlavorsAccessNegativeTestJSON-2068367601 tempest-FlavorsAccessNegativeTestJSON-2068367601-project-admin] Calling method '>' {{(pid=124247) _process_stack /opt/stack/nova/nova/api/openstack/wsgi.py:513}}
Feb 02 17:38:44.277208 n-d-712749-29 devstack@n-api.service[124247]: /usr/local/lib/python3.8/dist-packages/oslo_policy/policy.py:1119: UserWarning: Policy "os_compute_api:os-flavor-manage:delete": "rule:system_admin_api" failed scope check. The token used to make the request was project scoped but the policy requires ['system'] scope. This behavior may change in the future where using the intended scope is required
Feb 02 17:38:44.277208 n-d-712749-29 devstack@n-api.service[124247]: warnings.warn(msg)
Feb 02 17:38:44.359893 n-d-712749-29 devstack@n-api.service[124247]: INFO nova.api.openstack.requestlog [None req-8ff7d5e2-b737-4874-93e0-a6d30e290007 tempest-FlavorsAccessNegativeTestJSON-2068367601 tempest-FlavorsAccessNegativeTestJSON-2068367601-project-admin] 10.222.0.58 "DELETE /compute/v2.1/flavors/682586191" status: 202 len: 0 microversion: 2.1 time: 0.093360
Feb 02 17:38:44.364633 n-d-712749-29 devstack@n-api.service[124247]: [pid: 124247|app: 0|req: 21/103] 10.222.0.58 () {58 vars in 1157 bytes} [Wed Feb 2 17:38:44 2022] DELETE /compute/v2.1/flavors/682586191 => generated 0 bytes in 100 msecs (HTTP/1.1 202) 9 headers in 361 bytes (1 switches on core 0)
Feb 02 17:38:44.369663 n-d-712749-29 devstack@n-api.service[124246]: DEBUG nova.api.openstack.wsgi [None req-82bf1093-338a-45d2-a5d6-603e78a4adfb tempest-FlavorsAccessNegativeTestJSON-2068367601 tempest-FlavorsAccessNegativeTestJSON-2068367601-project-admin] Calling method '>' {{(pid=124246) _process_stack /opt/stack/nova/nova/api/openstack/wsgi.py:513}}
Feb 02 17:38:44.418912 n-d-712749-29 devstack@n-api.service[124246]: INFO nova.api.openstack.requestlog [None req-82bf1093-338a-45d2-a5d6-603e78a4adfb tempest-FlavorsAccessNegativeTestJSON-2068367601 tempest-FlavorsAccessNegativeTestJSON-2068367601-project-admin] 10.222.0.58 "GET /compute/v2.1/flavors/detail" status: 200 len: 4991 microversion: 2.1 time: 0.053368
Feb 02 17:38:44.422307 n-d-712749-29 devstack@n-api.service[124246]: [pid: 124246|app: 0|req: 83/104] 10.222.0.58 () {58 vars in 1145 bytes} [Wed Feb 2 17:38:44 2022] GET /compute/v2.1/flavors/detail => generated 4991 bytes in 57 msecs (HTTP/1.1 200) 9 headers in 358 bytes (1 switches on core 0)
