Feb 09 19:05:26.271676 n-d-712707-33 devstack@n-api.service[118681]: DEBUG nova.api.openstack.wsgi_app [-] oslo_messaging_rabbit.rabbit_ha_queues = False {{(pid=118681) log_opt_values /usr/local/lib/python3.8/dist-packages/oslo_config/cfg.py:2609}}
Feb 09 19:05:26.271676 n-d-712707-33 devstack@n-api.service[118681]: DEBUG nova.api.openstack.wsgi_app [-] oslo_messaging_rabbit.rabbit_interval_max = 30 {{(pid=118681) log_opt_values /usr/local/lib/python3.8/dist-packages/oslo_config/cfg.py:2609}}
Feb 09 19:05:26.271676 n-d-712707-33 devstack@n-api.service[118681]: DEBUG nova.api.openstack.wsgi_app [-] oslo_messaging_rabbit.rabbit_login_method = AMQPLAIN {{(pid=118681) log_opt_values /usr/local/lib/python3.8/dist-packages/oslo_config/cfg.py:2609}}
Feb 09 19:05:26.271676 n-d-712707-33 devstack@n-api.service[118681]: DEBUG nova.api.openstack.wsgi_app [-] oslo_messaging_rabbit.rabbit_qos_prefetch_count = 0 {{(pid=118681) log_opt_values /usr/local/lib/python3.8/dist-packages/oslo_config/cfg.py:2609}}
Feb 09 19:05:26.271676 n-d-712707-33 devstack@n-api.service[118681]: DEBUG nova.api.openstack.wsgi_app [-] oslo_messaging_rabbit.rabbit_retry_backoff = 2 {{(pid=118681) log_opt_values /usr/local/lib/python3.8/dist-packages/oslo_config/cfg.py:2609}}
Feb 09 19:05:26.272224 n-d-712707-33 devstack@n-api.service[118681]: DEBUG nova.api.openstack.wsgi_app [-] oslo_messaging_rabbit.rabbit_retry_interval = 1 {{(pid=118681) log_opt_values /usr/local/lib/python3.8/dist-packages/oslo_config/cfg.py:2609}}
Feb 09 19:05:26.272224 n-d-712707-33 devstack@n-api.service[118681]: DEBUG nova.api.openstack.wsgi_app [-] oslo_messaging_rabbit.rabbit_transient_queues_ttl = 1800 {{(pid=118681) log_opt_values /usr/local/lib/python3.8/dist-packages/oslo_config/cfg.py:2609}}
Feb 09 19:05:26.272224 n-d-712707-33 devstack@n-api.service[118681]: DEBUG nova.api.openstack.wsgi_app [-] oslo_messaging_rabbit.rpc_conn_pool_size = 30 {{(pid=118681) log_opt_values /usr/local/lib/python3.8/dist-packages/oslo_config/cfg.py:2609}}
Feb 09 19:05:26.272565 n-d-712707-33 devstack@n-api.service[118681]: DEBUG nova.api.openstack.wsgi_app [-] oslo_messaging_rabbit.ssl = False {{(pid=118681) log_opt_values /usr/local/lib/python3.8/dist-packages/oslo_config/cfg.py:2609}}
Feb 09 19:05:26.272869 n-d-712707-33 devstack@n-api.service[118681]: DEBUG nova.api.openstack.wsgi_app [-] oslo_messaging_rabbit.ssl_ca_file = {{(pid=118681) log_opt_values /usr/local/lib/python3.8/dist-packages/oslo_config/cfg.py:2609}}
Feb 09 19:05:26.273376 n-d-712707-33 devstack@n-api.service[118681]: DEBUG nova.api.openstack.wsgi_app [-] oslo_messaging_rabbit.ssl_cert_file = {{(pid=118681) log_opt_values /usr/local/lib/python3.8/dist-packages/oslo_config/cfg.py:2609}}
Feb 09 19:05:26.273925 n-d-712707-33 devstack@n-api.service[118681]: DEBUG nova.api.openstack.wsgi_app [-] oslo_messaging_rabbit.ssl_key_file = {{(pid=118681) log_opt_values /usr/local/lib/python3.8/dist-packages/oslo_config/cfg.py:2609}}
Feb 09 19:05:26.274180 n-d-712707-33 devstack@n-api.service[118681]: DEBUG nova.api.openstack.wsgi_app [-] oslo_messaging_rabbit.ssl_version = {{(pid=118681) log_opt_values /usr/local/lib/python3.8/dist-packages/oslo_config/cfg.py:2609}}
Feb 09 19:05:26.274624 n-d-712707-33 devstack@n-api.service[118681]: DEBUG nova.api.openstack.wsgi_app [-] oslo_messaging_notifications.driver = ['messagingv2'] {{(pid=118681) log_opt_values /usr/local/lib/python3.8/dist-packages/oslo_config/cfg.py:2609}}
Feb 09 19:05:26.275961 n-d-712707-33 devstack@n-api.service[118681]: DEBUG nova.api.openstack.wsgi_app [-] oslo_messaging_notifications.retry = -1 {{(pid=118681) log_opt_values /usr/local/lib/python3.8/dist-packages/oslo_config/cfg.py:2609}}
Feb 09 19:05:26.276418 n-d-712707-33 devstack@n-api.service[118681]: DEBUG nova.api.openstack.wsgi_app [-] oslo_messaging_notifications.topics = ['notifications'] {{(pid=118681) log_opt_values /usr/local/lib/python3.8/dist-packages/oslo_config/cfg.py:2609}}
Feb 09 19:05:26.276749 n-d-712707-33 devstack@n-api.service[118681]: DEBUG nova.api.openstack.wsgi_app [-] oslo_messaging_notifications.transport_url = **** {{(pid=118681) log_opt_values /usr/local/lib/python3.8/dist-packages/oslo_config/cfg.py:2609}}
Feb 09 19:05:26.277138 n-d-712707-33 devstack@n-api.service[118681]: DEBUG nova.api.openstack.wsgi_app [-] oslo_reports.file_event_handler = None {{(pid=118681) log_opt_values /usr/local/lib/python3.8/dist-packages/oslo_config/cfg.py:2609}}
Feb 09 19:05:26.277502 n-d-712707-33 devstack@n-api.service[118681]: DEBUG nova.api.openstack.wsgi_app [-] oslo_reports.file_event_handler_interval = 1 {{(pid=118681) log_opt_values /usr/local/lib/python3.8/dist-packages/oslo_config/cfg.py:2609}}
Feb 09 19:05:26.277857 n-d-712707-33 devstack@n-api.service[118681]: DEBUG nova.api.openstack.wsgi_app [-] oslo_reports.log_dir = None {{(pid=118681) log_opt_values /usr/local/lib/python3.8/dist-packages/oslo_config/cfg.py:2609}}
Feb 09 19:05:26.278080 n-d-712707-33 devstack@n-api.service[118681]: DEBUG nova.api.openstack.wsgi_app [-] ******************************************************************************** {{(pid=118681) log_opt_values /usr/local/lib/python3.8/dist-packages/oslo_config/cfg.py:2613}}
Feb 09 19:05:26.309422 n-d-712707-33 devstack@n-api.service[118681]: DEBUG oslo_db.sqlalchemy.engines [None req-129f4deb-db3f-4a4f-8494-bb4c0d1f8dcc None None] MySQL server mode set to STRICT_TRANS_TABLES,STRICT_ALL_TABLES,NO_ZERO_IN_DATE,NO_ZERO_DATE,ERROR_FOR_DIVISION_BY_ZERO,TRADITIONAL,NO_ENGINE_SUBSTITUTION {{(pid=118681) _check_effective_sql_mode /usr/local/lib/python3.8/dist-packages/oslo_db/sqlalchemy/engines.py:314}}
Feb 09 19:05:26.380509 n-d-712707-33 devstack@n-api.service[118681]: DEBUG nova.context [None req-129f4deb-db3f-4a4f-8494-bb4c0d1f8dcc None None] Found 2 cells: 00000000-0000-0000-0000-000000000000(cell0),23e7bcc9-bfdf-465d-841f-81cabde48660(cell1) {{(pid=118681) load_cells /opt/stack/nova/nova/context.py:464}}
Feb 09 19:05:26.385430 n-d-712707-33 devstack@n-api.service[118681]: DEBUG oslo_concurrency.lockutils [None req-129f4deb-db3f-4a4f-8494-bb4c0d1f8dcc None None] Lock "00000000-0000-0000-0000-000000000000" acquired by "nova.context.set_target_cell..get_or_set_cached_cell_and_set_connections" :: waited 0.000s {{(pid=118681) inner /usr/local/lib/python3.8/dist-packages/oslo_concurrency/lockutils.py:386}}
Feb 09 19:05:26.387032 n-d-712707-33 devstack@n-api.service[118681]: DEBUG oslo_concurrency.lockutils [None req-129f4deb-db3f-4a4f-8494-bb4c0d1f8dcc None None] Lock "00000000-0000-0000-0000-000000000000" "released" by "nova.context.set_target_cell..get_or_set_cached_cell_and_set_connections" :: held 0.002s {{(pid=118681) inner /usr/local/lib/python3.8/dist-packages/oslo_concurrency/lockutils.py:400}}
Feb 09 19:05:26.387875 n-d-712707-33 devstack@n-api.service[118681]: DEBUG oslo_concurrency.lockutils [None req-129f4deb-db3f-4a4f-8494-bb4c0d1f8dcc None None] Lock "23e7bcc9-bfdf-465d-841f-81cabde48660" acquired by "nova.context.set_target_cell..get_or_set_cached_cell_and_set_connections" :: waited 0.000s {{(pid=118681) inner /usr/local/lib/python3.8/dist-packages/oslo_concurrency/lockutils.py:386}}
Feb 09 19:05:26.389855 n-d-712707-33 devstack@n-api.service[118681]: DEBUG oslo_concurrency.lockutils [None req-129f4deb-db3f-4a4f-8494-bb4c0d1f8dcc None None] Lock "23e7bcc9-bfdf-465d-841f-81cabde48660" "released" by "nova.context.set_target_cell..get_or_set_cached_cell_and_set_connections" :: held 0.002s {{(pid=118681) inner /usr/local/lib/python3.8/dist-packages/oslo_concurrency/lockutils.py:400}}
Feb 09 19:05:26.401778 n-d-712707-33 devstack@n-api.service[118681]: DEBUG oslo_db.sqlalchemy.engines [None req-129f4deb-db3f-4a4f-8494-bb4c0d1f8dcc None None] MySQL server mode set to STRICT_TRANS_TABLES,STRICT_ALL_TABLES,NO_ZERO_IN_DATE,NO_ZERO_DATE,ERROR_FOR_DIVISION_BY_ZERO,TRADITIONAL,NO_ENGINE_SUBSTITUTION {{(pid=118681) _check_effective_sql_mode /usr/local/lib/python3.8/dist-packages/oslo_db/sqlalchemy/engines.py:314}}
Feb 09 19:05:26.405148 n-d-712707-33 devstack@n-api.service[118681]: DEBUG oslo_db.sqlalchemy.engines [None req-129f4deb-db3f-4a4f-8494-bb4c0d1f8dcc None None] MySQL server mode set to STRICT_TRANS_TABLES,STRICT_ALL_TABLES,NO_ZERO_IN_DATE,NO_ZERO_DATE,ERROR_FOR_DIVISION_BY_ZERO,TRADITIONAL,NO_ENGINE_SUBSTITUTION {{(pid=118681) _check_effective_sql_mode /usr/local/lib/python3.8/dist-packages/oslo_db/sqlalchemy/engines.py:314}}
Feb 09 19:05:26.440899 n-d-712707-33 devstack@n-api.service[118680]: DEBUG oslo_db.sqlalchemy.engines [None req-8cf7666a-22f2-48d8-ac6a-39ed27e55eed None None] MySQL server mode set to STRICT_TRANS_TABLES,STRICT_ALL_TABLES,NO_ZERO_IN_DATE,NO_ZERO_DATE,ERROR_FOR_DIVISION_BY_ZERO,TRADITIONAL,NO_ENGINE_SUBSTITUTION {{(pid=118680) _check_effective_sql_mode /usr/local/lib/python3.8/dist-packages/oslo_db/sqlalchemy/engines.py:314}}
Feb 09 19:05:26.573446 n-d-712707-33 devstack@n-api.service[118681]: DEBUG oslo_db.sqlalchemy.engines [None req-129f4deb-db3f-4a4f-8494-bb4c0d1f8dcc None None] MySQL server mode set to STRICT_TRANS_TABLES,STRICT_ALL_TABLES,NO_ZERO_IN_DATE,NO_ZERO_DATE,ERROR_FOR_DIVISION_BY_ZERO,TRADITIONAL,NO_ENGINE_SUBSTITUTION {{(pid=118681) _check_effective_sql_mode /usr/local/lib/python3.8/dist-packages/oslo_db/sqlalchemy/engines.py:314}}
Feb 09 19:05:26.797456 n-d-712707-33 devstack@n-api.service[118680]: WARNING keystonemiddleware.auth_token [None req-8cf7666a-22f2-48d8-ac6a-39ed27e55eed None None] AuthToken middleware is set with keystone_authtoken.service_token_roles_required set to False. This is backwards compatible but deprecated behaviour. Please set this to True.
Feb 09 19:05:26.804591 n-d-712707-33 devstack@n-api.service[118680]: WARNING keystonemiddleware.auth_token [None req-8cf7666a-22f2-48d8-ac6a-39ed27e55eed None None] Configuring www_authenticate_uri to point to the public identity endpoint is required; clients may not be able to authenticate against an admin endpoint
Feb 09 19:05:26.908451 n-d-712707-33 devstack@n-api.service[118681]: WARNING keystonemiddleware.auth_token [None req-129f4deb-db3f-4a4f-8494-bb4c0d1f8dcc None None] AuthToken middleware is set with keystone_authtoken.service_token_roles_required set to False. This is backwards compatible but deprecated behaviour. Please set this to True.
Feb 09 19:05:26.915952 n-d-712707-33 devstack@n-api.service[118681]: WARNING keystonemiddleware.auth_token [None req-129f4deb-db3f-4a4f-8494-bb4c0d1f8dcc None None] Configuring www_authenticate_uri to point to the public identity endpoint is required; clients may not be able to authenticate against an admin endpoint
Feb 09 19:05:27.180145 n-d-712707-33 devstack@n-api.service[118680]: WARNING keystonemiddleware.auth_token [None req-8cf7666a-22f2-48d8-ac6a-39ed27e55eed None None] AuthToken middleware is set with keystone_authtoken.service_token_roles_required set to False. This is backwards compatible but deprecated behaviour. Please set this to True.
Feb 09 19:05:27.186016 n-d-712707-33 devstack@n-api.service[118680]: WARNING keystonemiddleware.auth_token [None req-8cf7666a-22f2-48d8-ac6a-39ed27e55eed None None] Configuring www_authenticate_uri to point to the public identity endpoint is required; clients may not be able to authenticate against an admin endpoint
Feb 09 19:05:27.191532 n-d-712707-33 devstack@n-api.service[118680]: WSGI app 0 (mountpoint='') ready in 6 seconds on interpreter 0x557e780c69c0 pid: 118680 (default app)
Feb 09 19:05:27.259505 n-d-712707-33 devstack@n-api.service[118681]: WARNING keystonemiddleware.auth_token [None req-129f4deb-db3f-4a4f-8494-bb4c0d1f8dcc None None] AuthToken middleware is set with keystone_authtoken.service_token_roles_required set to False. This is backwards compatible but deprecated behaviour. Please set this to True.
Feb 09 19:05:27.264882 n-d-712707-33 devstack@n-api.service[118681]: WARNING keystonemiddleware.auth_token [None req-129f4deb-db3f-4a4f-8494-bb4c0d1f8dcc None None] Configuring www_authenticate_uri to point to the public identity endpoint is required; clients may not be able to authenticate against an admin endpoint
Feb 09 19:05:27.270019 n-d-712707-33 devstack@n-api.service[118681]: WSGI app 0 (mountpoint='') ready in 6 seconds on interpreter 0x557e780c69c0 pid: 118681 (default app)
Feb 09 19:06:08.765516 n-d-712707-33 devstack@n-api.service[118680]: DEBUG nova.api.openstack.wsgi [None req-1487a42c-59d6-43c3-b692-1f16ea6d84a5 tempest-AggregatesAdminTestV241-1724864174 tempest-AggregatesAdminTestV241-1724864174-project-admin] Calling method '.version_select at 0x7f992588c4c0>' {{(pid=118680) _process_stack /opt/stack/nova/nova/api/openstack/wsgi.py:513}}
Feb 09 19:06:08.782851 n-d-712707-33 devstack@n-api.service[118680]: /usr/local/lib/python3.8/dist-packages/oslo_policy/policy.py:1119: UserWarning: Policy "os_compute_api:os-hypervisors:list-detail": "rule:system_reader_api" failed scope check. The token used to make the request was project scoped but the policy requires ['system'] scope. This behavior may change in the future where using the intended scope is required
Feb 09 19:06:08.782851 n-d-712707-33 devstack@n-api.service[118680]: warnings.warn(msg)
Feb 09 19:06:08.800993 n-d-712707-33 devstack@n-api.service[118680]: DEBUG nova.compute.api [None req-1487a42c-59d6-43c3-b692-1f16ea6d84a5 tempest-AggregatesAdminTestV241-1724864174 tempest-AggregatesAdminTestV241-1724864174-project-admin] Found 2 cells: 00000000-0000-0000-0000-000000000000(cell0),23e7bcc9-bfdf-465d-841f-81cabde48660(cell1) {{(pid=118680) load_cells /opt/stack/nova/nova/compute/api.py:302}}
Feb 09 19:06:08.804402 n-d-712707-33 devstack@n-api.service[118680]: DEBUG oslo_concurrency.lockutils [None req-1487a42c-59d6-43c3-b692-1f16ea6d84a5 tempest-AggregatesAdminTestV241-1724864174 tempest-AggregatesAdminTestV241-1724864174-project-admin] Lock "23e7bcc9-bfdf-465d-841f-81cabde48660" acquired by "nova.context.set_target_cell..get_or_set_cached_cell_and_set_connections" :: waited 0.000s {{(pid=118680) inner /usr/local/lib/python3.8/dist-packages/oslo_concurrency/lockutils.py:386}}
Feb 09 19:06:08.804957 n-d-712707-33 devstack@n-api.service[118680]: DEBUG oslo_concurrency.lockutils [None req-1487a42c-59d6-43c3-b692-1f16ea6d84a5 tempest-AggregatesAdminTestV241-1724864174 tempest-AggregatesAdminTestV241-1724864174-project-admin] Lock "23e7bcc9-bfdf-465d-841f-81cabde48660" "released" by "nova.context.set_target_cell..get_or_set_cached_cell_and_set_connections" :: held 0.003s {{(pid=118680) inner /usr/local/lib/python3.8/dist-packages/oslo_concurrency/lockutils.py:400}}
Feb 09 19:06:08.876658 n-d-712707-33 devstack@n-api.service[118680]: DEBUG oslo_concurrency.lockutils [None req-1487a42c-59d6-43c3-b692-1f16ea6d84a5 tempest-AggregatesAdminTestV241-1724864174 tempest-AggregatesAdminTestV241-1724864174-project-admin] Lock "23e7bcc9-bfdf-465d-841f-81cabde48660" acquired by "nova.context.set_target_cell..get_or_set_cached_cell_and_set_connections" :: waited 0.000s {{(pid=118680) inner /usr/local/lib/python3.8/dist-packages/oslo_concurrency/lockutils.py:386}}
Feb 09 19:06:08.877601 n-d-712707-33 devstack@n-api.service[118680]: DEBUG oslo_concurrency.lockutils [None req-1487a42c-59d6-43c3-b692-1f16ea6d84a5 tempest-AggregatesAdminTestV241-1724864174 tempest-AggregatesAdminTestV241-1724864174-project-admin] Lock "23e7bcc9-bfdf-465d-841f-81cabde48660" "released" by "nova.context.set_target_cell..get_or_set_cached_cell_and_set_connections" :: held 0.001s {{(pid=118680) inner /usr/local/lib/python3.8/dist-packages/oslo_concurrency/lockutils.py:400}}
Feb 09 19:06:08.895133 n-d-712707-33 devstack@n-api.service[118680]: DEBUG oslo_concurrency.lockutils [None req-1487a42c-59d6-43c3-b692-1f16ea6d84a5 tempest-AggregatesAdminTestV241-1724864174 tempest-AggregatesAdminTestV241-1724864174-project-admin] Lock "23e7bcc9-bfdf-465d-841f-81cabde48660" acquired by "nova.context.set_target_cell..get_or_set_cached_cell_and_set_connections" :: waited 0.000s {{(pid=118680) inner /usr/local/lib/python3.8/dist-packages/oslo_concurrency/lockutils.py:386}}
Feb 09 19:06:08.895593 n-d-712707-33 devstack@n-api.service[118680]: DEBUG oslo_concurrency.lockutils [None req-1487a42c-59d6-43c3-b692-1f16ea6d84a5 tempest-AggregatesAdminTestV241-1724864174 tempest-AggregatesAdminTestV241-1724864174-project-admin] Lock "23e7bcc9-bfdf-465d-841f-81cabde48660" "released" by "nova.context.set_target_cell..get_or_set_cached_cell_and_set_connections" :: held 0.001s {{(pid=118680) inner /usr/local/lib/python3.8/dist-packages/oslo_concurrency/lockutils.py:400}}
Feb 09 19:06:08.907368 n-d-712707-33 devstack@n-api.service[118680]: INFO nova.api.openstack.requestlog [None req-1487a42c-59d6-43c3-b692-1f16ea6d84a5 tempest-AggregatesAdminTestV241-1724864174 tempest-AggregatesAdminTestV241-1724864174-project-admin] 10.222.0.85 "GET /compute/v2.1/os-hypervisors/detail" status: 200 len: 1427 microversion: 2.41 time: 1.848572
Feb 09 19:06:08.909091 n-d-712707-33 devstack@n-api.service[118680]: [pid: 118680|app: 0|req: 1/1] 10.222.0.85 () {60 vars in 1207 bytes} [Wed Feb 9 19:06:07 2022] GET /compute/v2.1/os-hypervisors/detail => generated 1427 bytes in 1852 msecs (HTTP/1.1 200) 9 headers in 360 bytes (1 switches on core 0)
Feb 09 19:06:08.936581 n-d-712707-33 devstack@n-api.service[118680]: DEBUG nova.api.openstack.wsgi [None req-21db7c7f-81e7-4261-beac-ca78f4a6a89e tempest-AggregatesAdminTestV241-1724864174 tempest-AggregatesAdminTestV241-1724864174-project-admin] Action: 'create', calling method: >, body: {"aggregate": {"name": "tempest-test_aggregate-1428433531"}} {{(pid=118680) _process_stack /opt/stack/nova/nova/api/openstack/wsgi.py:511}}
Feb 09 19:06:08.994045 n-d-712707-33 devstack@n-api.service[118680]: /usr/local/lib/python3.8/dist-packages/oslo_policy/policy.py:1119: UserWarning: Policy "os_compute_api:os-aggregates:create": "rule:system_admin_api" failed scope check. The token used to make the request was project scoped but the policy requires ['system'] scope. This behavior may change in the future where using the intended scope is required
Feb 09 19:06:08.994045 n-d-712707-33 devstack@n-api.service[118680]: warnings.warn(msg)
Feb 09 19:06:09.001085 n-d-712707-33 devstack@n-api.service[118680]: DEBUG nova.objects.aggregate [None req-21db7c7f-81e7-4261-beac-ca78f4a6a89e tempest-AggregatesAdminTestV241-1724864174 tempest-AggregatesAdminTestV241-1724864174-project-admin] Generated uuid 88715b8d-9b09-4c7d-9b77-f58c7fd2476f for aggregate {{(pid=118680) create /opt/stack/nova/nova/objects/aggregate.py:298}}
Feb 09 19:06:09.111546 n-d-712707-33 devstack@n-api.service[118681]: DEBUG nova.api.openstack.wsgi [None req-1c344c92-8129-4cd8-bdc2-05352953403c tempest-AggregatesAdminTestJSON-2078928829 tempest-AggregatesAdminTestJSON-2078928829-project-admin] Calling method '.version_select at 0x7f992588b4c0>' {{(pid=118681) _process_stack /opt/stack/nova/nova/api/openstack/wsgi.py:513}}
Feb 09 19:06:09.113355 n-d-712707-33 devstack@n-api.service[118681]: /usr/local/lib/python3.8/dist-packages/oslo_policy/policy.py:1119: UserWarning: Policy "os_compute_api:os-hypervisors:list-detail": "rule:system_reader_api" failed scope check. The token used to make the request was project scoped but the policy requires ['system'] scope. This behavior may change in the future where using the intended scope is required
Feb 09 19:06:09.113355 n-d-712707-33 devstack@n-api.service[118681]: warnings.warn(msg)
Feb 09 19:06:09.121839 n-d-712707-33 devstack@n-api.service[118681]: DEBUG nova.compute.api [None req-1c344c92-8129-4cd8-bdc2-05352953403c tempest-AggregatesAdminTestJSON-2078928829 tempest-AggregatesAdminTestJSON-2078928829-project-admin] Found 2 cells: 00000000-0000-0000-0000-000000000000(cell0),23e7bcc9-bfdf-465d-841f-81cabde48660(cell1) {{(pid=118681) load_cells /opt/stack/nova/nova/compute/api.py:302}}
Feb 09 19:06:09.122993 n-d-712707-33 devstack@n-api.service[118681]: DEBUG oslo_concurrency.lockutils [None req-1c344c92-8129-4cd8-bdc2-05352953403c tempest-AggregatesAdminTestJSON-2078928829 tempest-AggregatesAdminTestJSON-2078928829-project-admin] Lock "23e7bcc9-bfdf-465d-841f-81cabde48660" acquired by "nova.context.set_target_cell..get_or_set_cached_cell_and_set_connections" :: waited 0.000s {{(pid=118681) inner /usr/local/lib/python3.8/dist-packages/oslo_concurrency/lockutils.py:386}}
Feb 09 19:06:09.123588 n-d-712707-33 devstack@n-api.service[118681]: DEBUG oslo_concurrency.lockutils [None req-1c344c92-8129-4cd8-bdc2-05352953403c tempest-AggregatesAdminTestJSON-2078928829 tempest-AggregatesAdminTestJSON-2078928829-project-admin] Lock "23e7bcc9-bfdf-465d-841f-81cabde48660" "released" by "nova.context.set_target_cell..get_or_set_cached_cell_and_set_connections" :: held 0.001s {{(pid=118681) inner /usr/local/lib/python3.8/dist-packages/oslo_concurrency/lockutils.py:400}}
Feb 09 19:06:09.167367 n-d-712707-33 devstack@n-api.service[118681]: DEBUG oslo_concurrency.lockutils [None req-1c344c92-8129-4cd8-bdc2-05352953403c tempest-AggregatesAdminTestJSON-2078928829 tempest-AggregatesAdminTestJSON-2078928829-project-admin] Lock "23e7bcc9-bfdf-465d-841f-81cabde48660" acquired by "nova.context.set_target_cell..get_or_set_cached_cell_and_set_connections" :: waited 0.000s {{(pid=118681) inner /usr/local/lib/python3.8/dist-packages/oslo_concurrency/lockutils.py:386}}
Feb 09 19:06:09.172099 n-d-712707-33 devstack@n-api.service[118681]: DEBUG oslo_concurrency.lockutils [None req-1c344c92-8129-4cd8-bdc2-05352953403c tempest-AggregatesAdminTestJSON-2078928829 tempest-AggregatesAdminTestJSON-2078928829-project-admin] Lock "23e7bcc9-bfdf-465d-841f-81cabde48660" "released" by "nova.context.set_target_cell..get_or_set_cached_cell_and_set_connections" :: held 0.001s {{(pid=118681) inner /usr/local/lib/python3.8/dist-packages/oslo_concurrency/lockutils.py:400}}
Feb 09 19:06:09.193128 n-d-712707-33 devstack@n-api.service[118680]: INFO nova.api.openstack.requestlog [None req-21db7c7f-81e7-4261-beac-ca78f4a6a89e tempest-AggregatesAdminTestV241-1724864174 tempest-AggregatesAdminTestV241-1724864174-project-admin] 10.222.0.85 "POST /compute/v2.1/os-aggregates" status: 200 len: 246 microversion: 2.41 time: 0.260962
Feb 09 19:06:09.195270 n-d-712707-33 devstack@n-api.service[118680]: [pid: 118680|app: 0|req: 2/2] 10.222.0.85 () {62 vars in 1204 bytes} [Wed Feb 9 19:06:08 2022] POST /compute/v2.1/os-aggregates => generated 246 bytes in 264 msecs (HTTP/1.1 200) 9 headers in 359 bytes (2 switches on core 0)
Feb 09 19:06:09.196052 n-d-712707-33 devstack@n-api.service[118681]: DEBUG oslo_concurrency.lockutils [None req-1c344c92-8129-4cd8-bdc2-05352953403c tempest-AggregatesAdminTestJSON-2078928829 tempest-AggregatesAdminTestJSON-2078928829-project-admin] Lock "23e7bcc9-bfdf-465d-841f-81cabde48660" acquired by "nova.context.set_target_cell..get_or_set_cached_cell_and_set_connections" :: waited 0.000s {{(pid=118681) inner /usr/local/lib/python3.8/dist-packages/oslo_concurrency/lockutils.py:386}}
Feb 09 19:06:09.199830 n-d-712707-33 devstack@n-api.service[118681]: DEBUG oslo_concurrency.lockutils [None req-1c344c92-8129-4cd8-bdc2-05352953403c tempest-AggregatesAdminTestJSON-2078928829 tempest-AggregatesAdminTestJSON-2078928829-project-admin] Lock "23e7bcc9-bfdf-465d-841f-81cabde48660" "released" by "nova.context.set_target_cell..get_or_set_cached_cell_and_set_connections" :: held 0.001s {{(pid=118681) inner /usr/local/lib/python3.8/dist-packages/oslo_concurrency/lockutils.py:400}}
Feb 09 19:06:09.212651 n-d-712707-33 devstack@n-api.service[118681]: INFO nova.api.openstack.requestlog [None req-1c344c92-8129-4cd8-bdc2-05352953403c tempest-AggregatesAdminTestJSON-2078928829 tempest-AggregatesAdminTestJSON-2078928829-project-admin] 10.222.0.85 "GET /compute/v2.1/os-hypervisors/detail" status: 200 len: 1507 microversion: 2.1 time: 1.764569
Feb 09 19:06:09.219687 n-d-712707-33 devstack@n-api.service[118681]: [pid: 118681|app: 0|req: 1/3] 10.222.0.85 () {58 vars in 1166 bytes} [Wed Feb 9 19:06:07 2022] GET /compute/v2.1/os-hypervisors/detail => generated 1507 bytes in 1771 msecs (HTTP/1.1 200) 9 headers in 358 bytes (2 switches on core 0)
Feb 09 19:06:09.580012 n-d-712707-33 devstack@n-api.service[118680]: DEBUG nova.api.openstack.wsgi [None req-3eda19ec-fe19-40cb-a2bf-c1aed3ba730d tempest-AZAdminNegativeTestJSON-1610018535 tempest-AZAdminNegativeTestJSON-1610018535-project] Calling method '>' {{(pid=118680) _process_stack /opt/stack/nova/nova/api/openstack/wsgi.py:513}}
Feb 09 19:06:09.580012 n-d-712707-33 devstack@n-api.service[118680]: /usr/local/lib/python3.8/dist-packages/oslo_policy/policy.py:1119: UserWarning: Policy "os_compute_api:os-availability-zone:detail": "rule:system_reader_api" failed scope check. The token used to make the request was project scoped but the policy requires ['system'] scope. This behavior may change in the future where using the intended scope is required
Feb 09 19:06:09.580012 n-d-712707-33 devstack@n-api.service[118680]: warnings.warn(msg)
Feb 09 19:06:09.580012 n-d-712707-33 devstack@n-api.service[118680]: DEBUG nova.policy [None req-3eda19ec-fe19-40cb-a2bf-c1aed3ba730d tempest-AZAdminNegativeTestJSON-1610018535 tempest-AZAdminNegativeTestJSON-1610018535-project] Policy check for os_compute_api:os-availability-zone:detail failed with credentials {'is_admin': False, 'user_id': 'a7e7425f551a43488ab0629e6f61aea2', 'user_domain_id': 'default', 'system_scope': None, 'domain_id': None, 'project_id': '6492cdc7d4264718ada6ed090a3d353e', 'project_domain_id': 'default', 'roles': ['member', 'reader'], 'is_admin_project': True, 'service_user_id': None, 'service_user_domain_id': None, 'service_project_id': None, 'service_project_domain_id': None, 'service_roles': []} {{(pid=118680) authorize /opt/stack/nova/nova/policy.py:199}}
Feb 09 19:06:09.581182 n-d-712707-33 devstack@n-api.service[118680]: DEBUG nova.api.openstack.wsgi [None req-3eda19ec-fe19-40cb-a2bf-c1aed3ba730d tempest-AZAdminNegativeTestJSON-1610018535 tempest-AZAdminNegativeTestJSON-1610018535-project] Returning 403 to user: Policy doesn't allow os_compute_api:os-availability-zone:detail to be performed. {{(pid=118680) __call__ /opt/stack/nova/nova/api/openstack/wsgi.py:936}}
Feb 09 19:06:09.582693 n-d-712707-33 devstack@n-api.service[118680]: INFO nova.api.openstack.requestlog [None req-3eda19ec-fe19-40cb-a2bf-c1aed3ba730d tempest-AZAdminNegativeTestJSON-1610018535 tempest-AZAdminNegativeTestJSON-1610018535-project] 10.222.0.85 "GET /compute/v2.1/os-availability-zone/detail" status: 403 len: 123 microversion: 2.1 time: 0.385568
Feb 09 19:06:09.589355 n-d-712707-33 devstack@n-api.service[118680]: [pid: 118680|app: 0|req: 3/4] 10.222.0.85 () {58 vars in 1184 bytes} [Wed Feb 9 19:06:09 2022] GET /compute/v2.1/os-availability-zone/detail => generated 123 bytes in 388 msecs (HTTP/1.1 403) 9 headers in 379 bytes (1 switches on core 0)
Feb 09 19:06:09.594125 n-d-712707-33 devstack@n-api.service[118680]: DEBUG nova.api.openstack.wsgi [None req-ce1c2748-41cd-4bda-b832-ade3064faead tempest-AggregatesAdminTestV241-1724864174 tempest-AggregatesAdminTestV241-1724864174-project-admin] Action: 'update', calling method: >, body: {"aggregate": {"name": "tempest-test_aggregate-965468972"}} {{(pid=118680) _process_stack /opt/stack/nova/nova/api/openstack/wsgi.py:511}}
Feb 09 19:06:09.705279 n-d-712707-33 devstack@n-api.service[118680]: /usr/local/lib/python3.8/dist-packages/oslo_policy/policy.py:1119: UserWarning: Policy "os_compute_api:os-aggregates:update": "rule:system_admin_api" failed scope check. The token used to make the request was project scoped but the policy requires ['system'] scope. This behavior may change in the future where using the intended scope is required
Feb 09 19:06:09.705279 n-d-712707-33 devstack@n-api.service[118680]: warnings.warn(msg)
Feb 09 19:06:09.796803 n-d-712707-33 devstack@n-api.service[118681]: DEBUG nova.api.openstack.wsgi [None req-e078a20e-2820-414a-af1a-b0992f7e036b tempest-FlavorsAccessTestJSON-341157366 tempest-FlavorsAccessTestJSON-341157366-project-admin] Action: 'create', calling method: >, body: {"flavor": {"ram": 512, "vcpus": 1, "disk": 10, "name": "tempest-FlavorsAccessTestJSON-flavor-834459401", "id": 1119524468, "os-flavor-access:is_public": "False"}} {{(pid=118681) _process_stack /opt/stack/nova/nova/api/openstack/wsgi.py:511}}
Feb 09 19:06:09.833848 n-d-712707-33 devstack@n-api.service[118681]: /usr/local/lib/python3.8/dist-packages/oslo_policy/policy.py:1119: UserWarning: Policy "os_compute_api:os-flavor-manage:create": "rule:system_admin_api" failed scope check. The token used to make the request was project scoped but the policy requires ['system'] scope. This behavior may change in the future where using the intended scope is required
Feb 09 19:06:09.833848 n-d-712707-33 devstack@n-api.service[118681]: warnings.warn(msg)
Feb 09 19:06:09.841881 n-d-712707-33 devstack@n-api.service[118680]: INFO nova.api.openstack.requestlog [None req-ce1c2748-41cd-4bda-b832-ade3064faead tempest-AggregatesAdminTestV241-1724864174 tempest-AggregatesAdminTestV241-1724864174-project-admin] 10.222.0.85 "PUT /compute/v2.1/os-aggregates/1" status: 200 len: 298 microversion: 2.41 time: 0.248534
Feb 09 19:06:09.841881 n-d-712707-33 devstack@n-api.service[118680]: [pid: 118680|app: 0|req: 4/5] 10.222.0.85 () {62 vars in 1209 bytes} [Wed Feb 9 19:06:09 2022] PUT /compute/v2.1/os-aggregates/1 => generated 298 bytes in 251 msecs (HTTP/1.1 200) 9 headers in 359 bytes (1 switches on core 0)
Feb 09 19:06:09.841881 n-d-712707-33 devstack@n-api.service[118680]: DEBUG nova.api.openstack.wsgi [None req-ce1c2748-41cd-4bda-b832-ade3064faead tempest-AggregatesAdminTestV241-1724864174 tempest-AggregatesAdminTestV241-1724864174-project-admin] Calling method '>' {{(pid=118680) _process_stack /opt/stack/nova/nova/api/openstack/wsgi.py:513}}
Feb 09 19:06:09.841881 n-d-712707-33 devstack@n-api.service[118680]: INFO nova.api.openstack.requestlog [None req-ce1c2748-41cd-4bda-b832-ade3064faead tempest-AggregatesAdminTestV241-1724864174 tempest-AggregatesAdminTestV241-1724864174-project-admin] 10.222.0.85 "GET /compute//" status: 200 len: 377 microversion: - time: 0.001471
Feb 09 19:06:09.841881 n-d-712707-33 devstack@n-api.service[118680]: [pid: 118680|app: 0|req: 5/6] 10.222.0.85 () {56 vars in 885 bytes} [Wed Feb 9 19:06:09 2022] GET /compute/ => generated 377 bytes in 4 msecs (HTTP/1.1 200) 3 headers in 91 bytes (1 switches on core 0)
Feb 09 19:06:09.953718 n-d-712707-33 devstack@n-api.service[118681]: INFO nova.api.openstack.requestlog [None req-e078a20e-2820-414a-af1a-b0992f7e036b tempest-FlavorsAccessTestJSON-341157366 tempest-FlavorsAccessTestJSON-341157366-project-admin] 10.222.0.85 "POST /compute/v2.1/flavors" status: 200 len: 430 microversion: 2.1 time: 0.731597
Feb 09 19:06:09.959177 n-d-712707-33 devstack@n-api.service[118681]: [pid: 118681|app: 0|req: 2/7] 10.222.0.85 () {60 vars in 1146 bytes} [Wed Feb 9 19:06:09 2022] POST /compute/v2.1/flavors => generated 430 bytes in 733 msecs (HTTP/1.1 200) 9 headers in 357 bytes (1 switches on core 0)
Feb 09 19:06:09.964117 n-d-712707-33 devstack@n-api.service[118681]: DEBUG nova.api.openstack.wsgi [None req-d3cb5652-a5b2-46f0-b032-7651624b6260 tempest-AggregatesAdminTestV241-1724864174 tempest-AggregatesAdminTestV241-1724864174-project-admin] Calling method '>' {{(pid=118681) _process_stack /opt/stack/nova/nova/api/openstack/wsgi.py:513}}
Feb 09 19:06:09.968447 n-d-712707-33 devstack@n-api.service[118681]: /usr/local/lib/python3.8/dist-packages/oslo_policy/policy.py:1119: UserWarning: Policy "os_compute_api:os-aggregates:show": "rule:system_reader_api" failed scope check. The token used to make the request was project scoped but the policy requires ['system'] scope. This behavior may change in the future where using the intended scope is required
Feb 09 19:06:09.968447 n-d-712707-33 devstack@n-api.service[118681]: warnings.warn(msg)
Feb 09 19:06:09.984809 n-d-712707-33 devstack@n-api.service[118681]: INFO nova.api.openstack.requestlog [None req-d3cb5652-a5b2-46f0-b032-7651624b6260 tempest-AggregatesAdminTestV241-1724864174 tempest-AggregatesAdminTestV241-1724864174-project-admin] 10.222.0.85 "GET /compute/v2.1/os-aggregates/1" status: 200 len: 298 microversion: 2.41 time: 0.028733
Feb 09 19:06:09.985398 n-d-712707-33 devstack@n-api.service[118681]: [pid: 118681|app: 0|req: 3/8] 10.222.0.85 () {60 vars in 1189 bytes} [Wed Feb 9 19:06:09 2022] GET /compute/v2.1/os-aggregates/1 => generated 298 bytes in 30 msecs (HTTP/1.1 200) 9 headers in 359 bytes (1 switches on core 0)
Feb 09 19:06:09.990047 n-d-712707-33 devstack@n-api.service[118681]: DEBUG nova.api.openstack.wsgi [None req-eaa25ce9-d813-4f3a-89e3-f5ce831699f2 tempest-FlavorsAccessTestJSON-341157366 tempest-FlavorsAccessTestJSON-341157366-project-admin] Action: 'action', calling method: >, body: {"addTenantAccess": {"tenant": "2c0a774c25f7402cbdfcf9d5e99938cb"}} {{(pid=118681) _process_stack /opt/stack/nova/nova/api/openstack/wsgi.py:511}}
Feb 09 19:06:09.991491 n-d-712707-33 devstack@n-api.service[118681]: /usr/local/lib/python3.8/dist-packages/oslo_policy/policy.py:1119: UserWarning: Policy "os_compute_api:os-flavor-access:add_tenant_access": "rule:system_admin_api" failed scope check. The token used to make the request was project scoped but the policy requires ['system'] scope. This behavior may change in the future where using the intended scope is required
Feb 09 19:06:09.991491 n-d-712707-33 devstack@n-api.service[118681]: warnings.warn(msg)
Feb 09 19:06:10.273700 n-d-712707-33 devstack@n-api.service[118680]: DEBUG nova.api.openstack.wsgi [None req-9516a65a-904f-4b54-ae9a-3eb251340f26 tempest-DeleteServersAdminTestJSON-1102580114 tempest-DeleteServersAdminTestJSON-1102580114-project] Action: 'create', calling method: >, body: {"server": {"name": "tempest-DeleteServersAdminTestJSON-server-297365887", "imageRef": "a55a79d5-bd0f-4bf0-96a4-2202af4697cd", "flavorRef": "452"}} {{(pid=118680) _process_stack /opt/stack/nova/nova/api/openstack/wsgi.py:511}}
Feb 09 19:06:10.778477 n-d-712707-33 devstack@n-api.service[118681]: INFO nova.api.openstack.requestlog [None req-eaa25ce9-d813-4f3a-89e3-f5ce831699f2 tempest-FlavorsAccessTestJSON-341157366 tempest-FlavorsAccessTestJSON-341157366-project-admin] 10.222.0.85 "POST /compute/v2.1/flavors/1119524468/action" status: 200 len: 97 microversion: 2.1 time: 0.791805
Feb 09 19:06:10.779079 n-d-712707-33 devstack@n-api.service[118681]: [pid: 118681|app: 0|req: 4/9] 10.222.0.85 () {60 vars in 1199 bytes} [Wed Feb 9 19:06:09 2022] POST /compute/v2.1/flavors/1119524468/action => generated 97 bytes in 793 msecs (HTTP/1.1 200) 9 headers in 356 bytes (1 switches on core 0)
Feb 09 19:06:10.784265 n-d-712707-33 devstack@n-api.service[118681]: DEBUG nova.api.openstack.wsgi [None req-d65c279e-4aee-47f7-863b-ec9df1a295eb tempest-AggregatesAdminTestV241-1724864174 tempest-AggregatesAdminTestV241-1724864174-project-admin] Action: 'action', calling method: >, body: {"add_host": {"host": "n-h1-712707-33"}} {{(pid=118681) _process_stack /opt/stack/nova/nova/api/openstack/wsgi.py:511}}
Feb 09 19:06:10.786068 n-d-712707-33 devstack@n-api.service[118681]: /usr/local/lib/python3.8/dist-packages/oslo_policy/policy.py:1119: UserWarning: Policy "os_compute_api:os-aggregates:add_host": "rule:system_admin_api" failed scope check. The token used to make the request was project scoped but the policy requires ['system'] scope. This behavior may change in the future where using the intended scope is required
Feb 09 19:06:10.786068 n-d-712707-33 devstack@n-api.service[118681]: warnings.warn(msg)
Feb 09 19:06:10.849865 n-d-712707-33 devstack@n-api.service[118681]: DEBUG oslo_concurrency.lockutils [None req-d65c279e-4aee-47f7-863b-ec9df1a295eb tempest-AggregatesAdminTestV241-1724864174 tempest-AggregatesAdminTestV241-1724864174-project-admin] Lock "23e7bcc9-bfdf-465d-841f-81cabde48660" acquired by "nova.context.set_target_cell..get_or_set_cached_cell_and_set_connections" :: waited 0.000s {{(pid=118681) inner /usr/local/lib/python3.8/dist-packages/oslo_concurrency/lockutils.py:386}}
Feb 09 19:06:10.849865 n-d-712707-33 devstack@n-api.service[118681]: DEBUG oslo_concurrency.lockutils [None req-d65c279e-4aee-47f7-863b-ec9df1a295eb tempest-AggregatesAdminTestV241-1724864174 tempest-AggregatesAdminTestV241-1724864174-project-admin] Lock "23e7bcc9-bfdf-465d-841f-81cabde48660" "released" by "nova.context.set_target_cell..get_or_set_cached_cell_and_set_connections" :: held 0.001s {{(pid=118681) inner /usr/local/lib/python3.8/dist-packages/oslo_concurrency/lockutils.py:400}}
Feb 09 19:06:10.851410 n-d-712707-33 devstack@n-api.service[118680]: DEBUG nova.network.neutron [None req-9516a65a-904f-4b54-ae9a-3eb251340f26 tempest-DeleteServersAdminTestJSON-1102580114 tempest-DeleteServersAdminTestJSON-1102580114-project] validate_networks() for None {{(pid=118680) validate_networks /opt/stack/nova/nova/network/neutron.py:2554}}
Feb 09 19:06:11.557377 n-d-712707-33 devstack@n-api.service[118680]: DEBUG nova.virt.hardware [None req-9516a65a-904f-4b54-ae9a-3eb251340f26 tempest-DeleteServersAdminTestJSON-1102580114 tempest-DeleteServersAdminTestJSON-1102580114-project] Flavor limits 0:0:0 {{(pid=118680) get_cpu_topology_constraints /opt/stack/nova/nova/virt/hardware.py:343}}
Feb 09 19:06:11.557810 n-d-712707-33 devstack@n-api.service[118680]: DEBUG nova.virt.hardware [None req-9516a65a-904f-4b54-ae9a-3eb251340f26 tempest-DeleteServersAdminTestJSON-1102580114 tempest-DeleteServersAdminTestJSON-1102580114-project] Image limits 0:0:0 {{(pid=118680) get_cpu_topology_constraints /opt/stack/nova/nova/virt/hardware.py:347}}
Feb 09 19:06:11.558371 n-d-712707-33 devstack@n-api.service[118680]: DEBUG nova.virt.hardware [None req-9516a65a-904f-4b54-ae9a-3eb251340f26 tempest-DeleteServersAdminTestJSON-1102580114 tempest-DeleteServersAdminTestJSON-1102580114-project] Flavor pref 0:0:0 {{(pid=118680) get_cpu_topology_constraints /opt/stack/nova/nova/virt/hardware.py:383}}
Feb 09 19:06:11.558836 n-d-712707-33 devstack@n-api.service[118680]: DEBUG nova.virt.hardware [None req-9516a65a-904f-4b54-ae9a-3eb251340f26 tempest-DeleteServersAdminTestJSON-1102580114 tempest-DeleteServersAdminTestJSON-1102580114-project] Image pref 0:0:0 {{(pid=118680) get_cpu_topology_constraints /opt/stack/nova/nova/virt/hardware.py:387}}
Feb 09 19:06:11.559254 n-d-712707-33 devstack@n-api.service[118680]: DEBUG nova.virt.hardware [None req-9516a65a-904f-4b54-ae9a-3eb251340f26 tempest-DeleteServersAdminTestJSON-1102580114 tempest-DeleteServersAdminTestJSON-1102580114-project] Chose sockets=0, cores=0, threads=0; limits were sockets=65536, cores=65536, threads=65536 {{(pid=118680) get_cpu_topology_constraints /opt/stack/nova/nova/virt/hardware.py:425}}
Feb 09 19:06:11.587413 n-d-712707-33 devstack@n-api.service[118680]: DEBUG oslo_concurrency.lockutils [None req-9516a65a-904f-4b54-ae9a-3eb251340f26 tempest-DeleteServersAdminTestJSON-1102580114 tempest-DeleteServersAdminTestJSON-1102580114-project] Lock "00000000-0000-0000-0000-000000000000" acquired by "nova.context.set_target_cell..get_or_set_cached_cell_and_set_connections" :: waited 0.000s {{(pid=118680) inner /usr/local/lib/python3.8/dist-packages/oslo_concurrency/lockutils.py:386}}
Feb 09 19:06:11.592755 n-d-712707-33 devstack@n-api.service[118680]: DEBUG oslo_concurrency.lockutils [None req-9516a65a-904f-4b54-ae9a-3eb251340f26 tempest-DeleteServersAdminTestJSON-1102580114 tempest-DeleteServersAdminTestJSON-1102580114-project] Lock "00000000-0000-0000-0000-000000000000" "released" by "nova.context.set_target_cell..get_or_set_cached_cell_and_set_connections" :: held 0.001s {{(pid=118680) inner /usr/local/lib/python3.8/dist-packages/oslo_concurrency/lockutils.py:400}}
Feb 09 19:06:11.593750 n-d-712707-33 devstack@n-api.service[118680]: DEBUG oslo_concurrency.lockutils [None req-9516a65a-904f-4b54-ae9a-3eb251340f26 tempest-DeleteServersAdminTestJSON-1102580114 tempest-DeleteServersAdminTestJSON-1102580114-project] Lock "23e7bcc9-bfdf-465d-841f-81cabde48660" acquired by "nova.context.set_target_cell..get_or_set_cached_cell_and_set_connections" :: waited 0.000s {{(pid=118680) inner /usr/local/lib/python3.8/dist-packages/oslo_concurrency/lockutils.py:386}}
Feb 09 19:06:11.594568 n-d-712707-33 devstack@n-api.service[118680]: DEBUG oslo_concurrency.lockutils [None req-9516a65a-904f-4b54-ae9a-3eb251340f26 tempest-DeleteServersAdminTestJSON-1102580114 tempest-DeleteServersAdminTestJSON-1102580114-project] Lock "23e7bcc9-bfdf-465d-841f-81cabde48660" "released" by "nova.context.set_target_cell..get_or_set_cached_cell_and_set_connections" :: held 0.001s {{(pid=118680) inner /usr/local/lib/python3.8/dist-packages/oslo_concurrency/lockutils.py:400}}
Feb 09 19:06:11.637498 n-d-712707-33 devstack@n-api.service[118681]: INFO nova.api.openstack.requestlog [None req-d65c279e-4aee-47f7-863b-ec9df1a295eb tempest-AggregatesAdminTestV241-1724864174 tempest-AggregatesAdminTestV241-1724864174-project-admin] 10.222.0.85 "POST /compute/v2.1/os-aggregates/1/action" status: 200 len: 314 microversion: 2.41 time: 0.857059
Feb 09 19:06:11.639590 n-d-712707-33 devstack@n-api.service[118681]: [pid: 118681|app: 0|req: 5/10] 10.222.0.85 () {62 vars in 1231 bytes} [Wed Feb 9 19:06:10 2022] POST /compute/v2.1/os-aggregates/1/action => generated 314 bytes in 860 msecs (HTTP/1.1 200) 9 headers in 359 bytes (1 switches on core 0)
Feb 09 19:06:11.676119 n-d-712707-33 devstack@n-api.service[118680]: DEBUG nova.quota [None req-9516a65a-904f-4b54-ae9a-3eb251340f26 tempest-DeleteServersAdminTestJSON-1102580114 tempest-DeleteServersAdminTestJSON-1102580114-project] Getting quotas for project 51b99b5b8cf343ec9d47dde31374a5ca. Resources: {'ram', 'instances', 'cores'} {{(pid=118680) _get_quotas /opt/stack/nova/nova/quota.py:391}}
Feb 09 19:06:11.695539 n-d-712707-33 devstack@n-api.service[118680]: DEBUG nova.quota [None req-9516a65a-904f-4b54-ae9a-3eb251340f26 tempest-DeleteServersAdminTestJSON-1102580114 tempest-DeleteServersAdminTestJSON-1102580114-project] Getting quotas for user bc854b3dc4204923b64f3d796245fc2a and project 51b99b5b8cf343ec9d47dde31374a5ca. Resources: {'ram', 'instances', 'cores'} {{(pid=118680) _get_quotas /opt/stack/nova/nova/quota.py:381}}
Feb 09 19:06:11.753327 n-d-712707-33 devstack@n-api.service[118680]: DEBUG nova.compute.api [None req-9516a65a-904f-4b54-ae9a-3eb251340f26 tempest-DeleteServersAdminTestJSON-1102580114 tempest-DeleteServersAdminTestJSON-1102580114-project] Going to run 1 instances... {{(pid=118680) _provision_instances /opt/stack/nova/nova/compute/api.py:1351}}
Feb 09 19:06:11.761360 n-d-712707-33 devstack@n-api.service[118680]: DEBUG nova.compute.api [None req-9516a65a-904f-4b54-ae9a-3eb251340f26 tempest-DeleteServersAdminTestJSON-1102580114 tempest-DeleteServersAdminTestJSON-1102580114-project] [instance: 66fcdeef-02ee-4579-9424-0219b19e1797] block_device_mapping [BlockDeviceMapping(attachment_id=,boot_index=0,connection_info=None,created_at=,delete_on_termination=True,deleted=,deleted_at=,destination_type='local',device_name=None,device_type='disk',disk_bus=None,guest_format=None,id=,image_id='a55a79d5-bd0f-4bf0-96a4-2202af4697cd',instance=,instance_uuid=,no_device=False,snapshot_id=None,source_type='image',tag=None,updated_at=,uuid=,volume_id=None,volume_size=None,volume_type=None)] {{(pid=118680) _bdm_validate_set_size_and_instance /opt/stack/nova/nova/compute/api.py:1758}}
Feb 09 19:06:11.923062 n-d-712707-33 devstack@n-api.service[118681]: DEBUG nova.api.openstack.wsgi [None req-25cfe082-5f83-478f-899b-36a7cb6ba25f tempest-FlavorsAccessTestJSON-22632957 tempest-FlavorsAccessTestJSON-22632957-project] Calling method '>' {{(pid=118681) _process_stack /opt/stack/nova/nova/api/openstack/wsgi.py:513}}
Feb 09 19:06:11.937206 n-d-712707-33 devstack@n-api.service[118680]: INFO nova.api.openstack.requestlog [None req-9516a65a-904f-4b54-ae9a-3eb251340f26 tempest-DeleteServersAdminTestJSON-1102580114 tempest-DeleteServersAdminTestJSON-1102580114-project] 10.222.0.85 "POST /compute/v2.1/servers" status: 202 len: 380 microversion: 2.1 time: 2.095089
Feb 09 19:06:11.942948 n-d-712707-33 devstack@n-api.service[118680]: [pid: 118680|app: 0|req: 6/11] 10.222.0.85 () {60 vars in 1146 bytes} [Wed Feb 9 19:06:09 2022] POST /compute/v2.1/servers => generated 380 bytes in 2096 msecs (HTTP/1.1 202) 10 headers in 451 bytes (1 switches on core 0)
Feb 09 19:06:11.944083 n-d-712707-33 devstack@n-api.service[118680]: DEBUG nova.api.openstack.wsgi [None req-80190175-e3f3-4365-bf65-4801fa1a4749 tempest-AggregatesAdminTestV241-1724864174 tempest-AggregatesAdminTestV241-1724864174-project-admin] Action: 'action', calling method: >, body: {"remove_host": {"host": "n-h1-712707-33"}} {{(pid=118680) _process_stack /opt/stack/nova/nova/api/openstack/wsgi.py:511}}
Feb 09 19:06:11.945736 n-d-712707-33 devstack@n-api.service[118680]: /usr/local/lib/python3.8/dist-packages/oslo_policy/policy.py:1119: UserWarning: Policy "os_compute_api:os-aggregates:remove_host": "rule:system_admin_api" failed scope check. The token used to make the request was project scoped but the policy requires ['system'] scope. This behavior may change in the future where using the intended scope is required
Feb 09 19:06:11.945736 n-d-712707-33 devstack@n-api.service[118680]: warnings.warn(msg)
Feb 09 19:06:11.957134 n-d-712707-33 devstack@n-api.service[118680]: DEBUG oslo_concurrency.lockutils [None req-80190175-e3f3-4365-bf65-4801fa1a4749 tempest-AggregatesAdminTestV241-1724864174 tempest-AggregatesAdminTestV241-1724864174-project-admin] Lock "23e7bcc9-bfdf-465d-841f-81cabde48660" acquired by "nova.context.set_target_cell..get_or_set_cached_cell_and_set_connections" :: waited 0.000s {{(pid=118680) inner /usr/local/lib/python3.8/dist-packages/oslo_concurrency/lockutils.py:386}}
Feb 09 19:06:11.957968 n-d-712707-33 devstack@n-api.service[118680]: DEBUG oslo_concurrency.lockutils [None req-80190175-e3f3-4365-bf65-4801fa1a4749 tempest-AggregatesAdminTestV241-1724864174 tempest-AggregatesAdminTestV241-1724864174-project-admin] Lock "23e7bcc9-bfdf-465d-841f-81cabde48660" "released" by "nova.context.set_target_cell..get_or_set_cached_cell_and_set_connections" :: held 0.001s {{(pid=118680) inner /usr/local/lib/python3.8/dist-packages/oslo_concurrency/lockutils.py:400}}
Feb 09 19:06:11.974466 n-d-712707-33 devstack@n-api.service[118681]: INFO nova.api.openstack.requestlog [None req-25cfe082-5f83-478f-899b-36a7cb6ba25f tempest-FlavorsAccessTestJSON-22632957 tempest-FlavorsAccessTestJSON-22632957-project] 10.222.0.85 "GET /compute/v2.1/flavors/detail" status: 200 len: 5411 microversion: 2.1 time: 0.333473
Feb 09 19:06:11.987204 n-d-712707-33 devstack@n-api.service[118681]: [pid: 118681|app: 0|req: 6/12] 10.222.0.85 () {58 vars in 1145 bytes} [Wed Feb 9 19:06:11 2022] GET /compute/v2.1/flavors/detail => generated 5411 bytes in 346 msecs (HTTP/1.1 200) 9 headers in 358 bytes (1 switches on core 0)
Feb 09 19:06:11.995551 n-d-712707-33 devstack@n-api.service[118681]: DEBUG nova.api.openstack.wsgi [None req-0db3c6c5-0e20-4198-8ee9-2c9af4406037 tempest-DeleteServersAdminTestJSON-1102580114 tempest-DeleteServersAdminTestJSON-1102580114-project] Calling method '>' {{(pid=118681) _process_stack /opt/stack/nova/nova/api/openstack/wsgi.py:513}}
Feb 09 19:06:11.997839 n-d-712707-33 devstack@n-api.service[118681]: DEBUG nova.compute.api [None req-0db3c6c5-0e20-4198-8ee9-2c9af4406037 tempest-DeleteServersAdminTestJSON-1102580114 tempest-DeleteServersAdminTestJSON-1102580114-project] [instance: 66fcdeef-02ee-4579-9424-0219b19e1797] Fetching instance by UUID {{(pid=118681) get /opt/stack/nova/nova/compute/api.py:2866}}
Feb 09 19:06:13.125952 n-d-712707-33 devstack@n-api.service[118680]: INFO nova.api.openstack.requestlog [None req-80190175-e3f3-4365-bf65-4801fa1a4749 tempest-AggregatesAdminTestV241-1724864174 tempest-AggregatesAdminTestV241-1724864174-project-admin] 10.222.0.85 "POST /compute/v2.1/os-aggregates/1/action" status: 200 len: 298 microversion: 2.41 time: 1.186204
Feb 09 19:06:13.126617 n-d-712707-33 devstack@n-api.service[118680]: [pid: 118680|app: 0|req: 7/13] 10.222.0.85 () {62 vars in 1231 bytes} [Wed Feb 9 19:06:11 2022] POST /compute/v2.1/os-aggregates/1/action => generated 298 bytes in 1188 msecs (HTTP/1.1 200) 9 headers in 359 bytes (1 switches on core 0)
Feb 09 19:06:13.139405 n-d-712707-33 devstack@n-api.service[118680]: DEBUG nova.api.openstack.wsgi [None req-bebb917e-dc2d-427e-9e64-26fa7b1951e9 tempest-FlavorsAccessTestJSON-341157366 tempest-FlavorsAccessTestJSON-341157366-project-admin] Action: 'action', calling method: >, body: {"removeTenantAccess": {"tenant": "2c0a774c25f7402cbdfcf9d5e99938cb"}} {{(pid=118680) _process_stack /opt/stack/nova/nova/api/openstack/wsgi.py:511}}
Feb 09 19:06:13.146847 n-d-712707-33 devstack@n-api.service[118680]: /usr/local/lib/python3.8/dist-packages/oslo_policy/policy.py:1119: UserWarning: Policy "os_compute_api:os-flavor-access:remove_tenant_access": "rule:system_admin_api" failed scope check. The token used to make the request was project scoped but the policy requires ['system'] scope. This behavior may change in the future where using the intended scope is required
Feb 09 19:06:13.146847 n-d-712707-33 devstack@n-api.service[118680]: warnings.warn(msg)
