Feb 02 16:43:40.670553 n-d-712707-30 neutron-server[109936]: DEBUG neutron.pecan_wsgi.hooks.policy_enforcement [req-27372921-2a15-4fc5-b741-a1f79c10fdff req-ab9116bc-edc3-487d-8d15-86521329af61 tempest-LiveMigrationTest-1794251243 tempest-LiveMigrationTest-1794251243-project] Attributes excluded by policy engine: ['standard_attr_id', 'vlan_transparent', 'provider:network_type', 'provider:physical_network', 'provider:segmentation_id'] {{(pid=109936) _exclude_attributes_by_policy /opt/stack/neutron/neutron/pecan_wsgi/hooks/policy_enforcement.py:255}}
Feb 02 16:43:40.672083 n-d-712707-30 neutron-server[109936]: INFO neutron.wsgi [req-27372921-2a15-4fc5-b741-a1f79c10fdff req-ab9116bc-edc3-487d-8d15-86521329af61 tempest-LiveMigrationTest-1794251243 tempest-LiveMigrationTest-1794251243-project] 10.222.0.15 "GET /v2.0/networks?id=a07b75d5-bc3d-45d3-a3a1-c532d52ebc47 HTTP/1.1" status: 200 len: 808 time: 0.1449943
Feb 02 16:43:40.692516 n-d-712707-30 neutron-server[109935]: DEBUG neutron.pecan_wsgi.hooks.policy_enforcement [req-386b8747-55e8-4566-a378-e9db4edece9d req-49b77533-b466-4d07-b355-82e966164318 tempest-LiveMigrationNegativeTest-1562355722 tempest-LiveMigrationNegativeTest-1562355722-project] Attributes excluded by policy engine: ['standard_attr_id', 'binding:profile', 'binding:host_id', 'binding:vif_type', 'binding:vif_details'] {{(pid=109935) _exclude_attributes_by_policy /opt/stack/neutron/neutron/pecan_wsgi/hooks/policy_enforcement.py:255}}
Feb 02 16:43:40.694470 n-d-712707-30 neutron-server[109935]: INFO neutron.wsgi [req-386b8747-55e8-4566-a378-e9db4edece9d req-49b77533-b466-4d07-b355-82e966164318 tempest-LiveMigrationNegativeTest-1562355722 tempest-LiveMigrationNegativeTest-1562355722-project] 10.222.0.32 "GET /v2.0/ports?device_id=0ad317fd-b821-4ca4-8bd9-0262a6a0d502 HTTP/1.1" status: 200 len: 971 time: 0.0765071
Feb 02 16:43:40.704523 n-d-712707-30 neutron-server[109936]: DEBUG neutron.api.v2.base [req-27372921-2a15-4fc5-b741-a1f79c10fdff req-beeee234-ca4b-4978-986d-bb5c33fac032 tempest-LiveMigrationTest-1794251243 tempest-LiveMigrationTest-1794251243-project] Request body: {'port': {'device_id': '09631dc3-3669-4086-a592-abdf54dbcfaf', 'network_id': 'a07b75d5-bc3d-45d3-a3a1-c532d52ebc47', 'admin_state_up': True, 'tenant_id': '902689baaf764547963a594c25d4ac8e'}} {{(pid=109936) prepare_request_body /opt/stack/neutron/neutron/api/v2/base.py:729}}
Feb 02 16:43:40.775202 n-d-712707-30 neutron-server[109935]: INFO neutron.wsgi [req-386b8747-55e8-4566-a378-e9db4edece9d req-830d16e5-4ebd-4670-830b-b11375cb92ff tempest-LiveMigrationNegativeTest-1562355722 tempest-LiveMigrationNegativeTest-1562355722-project] 10.222.0.32 "GET /v2.0/security-groups?id=0f23aca9-ca6d-4283-9d85-2f18e9f19a42&fields=id&fields=name HTTP/1.1" status: 200 len: 286 time: 0.0730362
Feb 02 16:43:40.848760 n-d-712707-30 neutron-server[109936]: DEBUG neutron.pecan_wsgi.hooks.quota_enforcement [req-27372921-2a15-4fc5-b741-a1f79c10fdff req-beeee234-ca4b-4978-986d-bb5c33fac032 tempest-LiveMigrationTest-1794251243 tempest-LiveMigrationTest-1794251243-project] Made reservation on behalf of 902689baaf764547963a594c25d4ac8e for: {'port': 1} {{(pid=109936) before /opt/stack/neutron/neutron/pecan_wsgi/hooks/quota_enforcement.py:53}}
Feb 02 16:43:40.852552 n-d-712707-30 neutron-server[109936]: DEBUG neutron_lib.callbacks.manager [req-27372921-2a15-4fc5-b741-a1f79c10fdff req-beeee234-ca4b-4978-986d-bb5c33fac032 tempest-LiveMigrationTest-1794251243 tempest-LiveMigrationTest-1794251243-project] Publish callbacks ['neutron.plugins.ml2.plugin.SecurityGroupDbMixin._ensure_default_security_group_handler-4021231'] for port (None), before_create {{(pid=109936) _notify_loop /usr/local/lib/python3.8/dist-packages/neutron_lib/callbacks/manager.py:176}}
Feb 02 16:43:40.937382 n-d-712707-30 neutron-server[109937]: DEBUG neutron.plugins.ml2.rpc [None req-9c48da20-2d06-44b0-bd0e-f0501155df0d None None] Device 593c3206-acd0-4b54-ad22-359b75e37e4d up at agent hyperv_n-h2-712707-30 {{(pid=109937) update_device_up /opt/stack/neutron/neutron/plugins/ml2/rpc.py:296}}
Feb 02 16:43:40.994157 n-d-712707-30 neutron-server[109937]: DEBUG neutron.db.provisioning_blocks [None req-9c48da20-2d06-44b0-bd0e-f0501155df0d None None] Provisioning for port 593c3206-acd0-4b54-ad22-359b75e37e4d completed by entity L2. {{(pid=109937) provisioning_complete /opt/stack/neutron/neutron/db/provisioning_blocks.py:133}}
Feb 02 16:43:40.999731 n-d-712707-30 neutron-server[109937]: DEBUG neutron.db.provisioning_blocks [None req-9c48da20-2d06-44b0-bd0e-f0501155df0d None None] Provisioning complete for port 593c3206-acd0-4b54-ad22-359b75e37e4d triggered by entity L2. {{(pid=109937) provisioning_complete /opt/stack/neutron/neutron/db/provisioning_blocks.py:139}}
Feb 02 16:43:41.000346 n-d-712707-30 neutron-server[109937]: DEBUG neutron_lib.callbacks.manager [None req-9c48da20-2d06-44b0-bd0e-f0501155df0d None None] Publish callbacks ['neutron.plugins.ml2.plugin.Ml2Plugin._port_provisioned-3394819'] for port (593c3206-acd0-4b54-ad22-359b75e37e4d), provisioning_complete {{(pid=109937) _notify_loop /usr/local/lib/python3.8/dist-packages/neutron_lib/callbacks/manager.py:176}}
Feb 02 16:43:41.002316 n-d-712707-30 neutron-server[109936]: DEBUG neutron.db.db_base_plugin_common [req-27372921-2a15-4fc5-b741-a1f79c10fdff req-beeee234-ca4b-4978-986d-bb5c33fac032 tempest-LiveMigrationTest-1794251243 tempest-LiveMigrationTest-1794251243-project] Allocated IP 172.20.0.4 (a07b75d5-bc3d-45d3-a3a1-c532d52ebc47/6b1dbcbb-7e01-4ab1-93b6-37c8d3008d16/ec81ae0d-7078-41b1-b9a3-8356ad192a4d) {{(pid=109936) _store_ip_allocation /opt/stack/neutron/neutron/db/db_base_plugin_common.py:131}}
Feb 02 16:43:41.090563 n-d-712707-30 neutron-server[109937]: DEBUG neutron.plugins.ml2.plugin [None req-9c48da20-2d06-44b0-bd0e-f0501155df0d None None] Current status of the port 593c3206-acd0-4b54-ad22-359b75e37e4d is: BUILD; New status is: ACTIVE {{(pid=109937) _update_individual_port_db_status /opt/stack/neutron/neutron/plugins/ml2/plugin.py:2238}}
Feb 02 16:43:41.091130 n-d-712707-30 neutron-server[109937]: DEBUG neutron_lib.callbacks.manager [None req-9c48da20-2d06-44b0-bd0e-f0501155df0d None None] Publish callbacks ['neutron.plugins.ml2.plugin.SecurityGroupDbMixin._ensure_default_security_group_handler-4021231'] for port (593c3206-acd0-4b54-ad22-359b75e37e4d), before_update {{(pid=109937) _notify_loop /usr/local/lib/python3.8/dist-packages/neutron_lib/callbacks/manager.py:176}}
Feb 02 16:43:41.118624 n-d-712707-30 neutron-server[109937]: DEBUG neutron.notifiers.nova [-] Sending events: [{'server_uuid': '0ad317fd-b821-4ca4-8bd9-0262a6a0d502', 'name': 'network-vif-plugged', 'status': 'completed', 'tag': '593c3206-acd0-4b54-ad22-359b75e37e4d'}] {{(pid=109937) send_events /opt/stack/neutron/neutron/notifiers/nova.py:266}}
Feb 02 16:43:41.121114 n-d-712707-30 neutron-server[109937]: DEBUG novaclient.v2.client [-] REQ: curl -g -i --cacert "/opt/stack/data/ca-bundle.pem" -X POST http://10.222.0.32/compute/v2.1/os-server-external-events -H "Accept: application/json" -H "Content-Type: application/json" -H "User-Agent: python-novaclient" -H "X-Auth-Token: {SHA256}b6cbb9430a3a79936d8202d04f8e65b886e25ad08504f80f99e67c2459a4c7e5" -H "X-OpenStack-Nova-API-Version: 2.1" -H "X-OpenStack-Request-ID: req-6e908cb5-4968-4db1-b2b2-7f75107b9b50" -d '{"events": [{"server_uuid": "0ad317fd-b821-4ca4-8bd9-0262a6a0d502", "name": "network-vif-plugged", "status": "completed", "tag": "593c3206-acd0-4b54-ad22-359b75e37e4d"}]}' {{(pid=109937) _http_log_request /usr/local/lib/python3.8/dist-packages/keystoneauth1/session.py:519}}
Feb 02 16:43:41.138930 n-d-712707-30 neutron-server[109937]: DEBUG neutron.plugins.ml2.db [None req-9c48da20-2d06-44b0-bd0e-f0501155df0d None None] For port 593c3206-acd0-4b54-ad22-359b75e37e4d, host n-h2-712707-30, got binding levels [PortBindingLevel(driver='hyperv',host='n-h2-712707-30',level=0,port_id=593c3206-acd0-4b54-ad22-359b75e37e4d,segment=NetworkSegment(3b841363-7474-4e49-83d2-3cb702b2dee5),segment_id=3b841363-7474-4e49-83d2-3cb702b2dee5)] {{(pid=109937) get_binding_level_objs /opt/stack/neutron/neutron/plugins/ml2/db.py:74}}
Feb 02 16:43:41.145427 n-d-712707-30 neutron-server[109937]: DEBUG neutron_lib.callbacks.manager [None req-9c48da20-2d06-44b0-bd0e-f0501155df0d None None] Publish callbacks ['neutron.plugins.ml2.plugin.SecurityGroupServerNotifierRpcMixin._notify_sg_on_port_change-4020700', 'neutron.plugins.ml2.ovo_rpc._ObjectChangeHandler.handle_event-61783', 'neutron.api.rpc.agentnotifiers.dhcp_rpc_agent_api.DhcpAgentNotifyAPI._native_event_send_dhcp_notification-638686', 'neutron.db.l3_db.L3RpcNotifierMixin._notify_gateway_port_ip_changed-8743359609317', 'neutron.db.l3_dvrscheduler_db._notify_l3_agent_port_update-8743359113283', 'neutron.db.l3_hascheduler_db._notify_l3_agent_ha_port_update-8743359113301'] for port (593c3206-acd0-4b54-ad22-359b75e37e4d), after_update {{(pid=109937) _notify_loop /usr/local/lib/python3.8/dist-packages/neutron_lib/callbacks/manager.py:176}}
Feb 02 16:43:41.148879 n-d-712707-30 neutron-server[109937]: DEBUG neutron.plugins.ml2.rpc [None req-9c48da20-2d06-44b0-bd0e-f0501155df0d None None] Device a6f550f1-1e1f-4b8a-8376-be9298247492 no longer exists at agent hyperv_n-h2-712707-30 {{(pid=109937) update_device_down /opt/stack/neutron/neutron/plugins/ml2/rpc.py:259}}
Feb 02 16:43:41.178504 n-d-712707-30 neutron-server[109937]: DEBUG novaclient.v2.client [-] RESP: [200] Connection: close Content-Length: 183 Content-Type: application/json Date: Wed, 02 Feb 2022 16:43:41 GMT OpenStack-API-Version: compute 2.1 Server: Apache/2.4.41 (Ubuntu) Vary: OpenStack-API-Version,X-OpenStack-Nova-API-Version X-OpenStack-Nova-API-Version: 2.1 x-compute-request-id: req-a48ae681-1c63-4452-a7da-a2f16f37a438 x-openstack-request-id: req-a48ae681-1c63-4452-a7da-a2f16f37a438 {{(pid=109937) _http_log_response /usr/local/lib/python3.8/dist-packages/keystoneauth1/session.py:550}}
Feb 02 16:43:41.179216 n-d-712707-30 neutron-server[109937]: DEBUG novaclient.v2.client [-] RESP BODY: {"events": [{"server_uuid": "0ad317fd-b821-4ca4-8bd9-0262a6a0d502", "name": "network-vif-plugged", "status": "completed", "tag": "593c3206-acd0-4b54-ad22-359b75e37e4d", "code": 200}]} {{(pid=109937) _http_log_response /usr/local/lib/python3.8/dist-packages/keystoneauth1/session.py:582}}
Feb 02 16:43:41.179590 n-d-712707-30 neutron-server[109937]: DEBUG novaclient.v2.client [-] POST call to compute for http://10.222.0.32/compute/v2.1/os-server-external-events used request id req-a48ae681-1c63-4452-a7da-a2f16f37a438 {{(pid=109937) request /usr/local/lib/python3.8/dist-packages/keystoneauth1/session.py:954}}
Feb 02 16:43:41.180035 n-d-712707-30 neutron-server[109937]: INFO neutron.notifiers.nova [-] Nova event response: {'server_uuid': '0ad317fd-b821-4ca4-8bd9-0262a6a0d502', 'name': 'network-vif-plugged', 'status': 'completed', 'tag': '593c3206-acd0-4b54-ad22-359b75e37e4d', 'code': 200}
Feb 02 16:43:41.183163 n-d-712707-30 neutron-server[109937]: DEBUG neutron.plugins.ml2.plugin [None req-9c48da20-2d06-44b0-bd0e-f0501155df0d None None] No Port match for: a6f550f1-1e1f-4b8a-8376-be9298247492 {{(pid=109937) port_bound_to_host /opt/stack/neutron/neutron/plugins/ml2/plugin.py:2322}}
Feb 02 16:43:41.183638 n-d-712707-30 neutron-server[109937]: DEBUG neutron.plugins.ml2.rpc [None req-9c48da20-2d06-44b0-bd0e-f0501155df0d None None] Device a6f550f1-1e1f-4b8a-8376-be9298247492 not bound to the agent host n-h2-712707-30 {{(pid=109937) update_device_down /opt/stack/neutron/neutron/plugins/ml2/rpc.py:269}}
Feb 02 16:43:41.236007 n-d-712707-30 neutron-server[109936]: DEBUG neutron.pecan_wsgi.hooks.policy_enforcement [req-5d91f6d9-2d35-4caf-9db9-81857f555025 req-3b9e3902-71b3-43a1-93a8-c20e3e5db65c tempest-ServersWithSpecificFlavorTestJSON-663860394 tempest-ServersWithSpecificFlavorTestJSON-663860394-project] Attributes excluded by policy engine: ['standard_attr_id', 'binding:profile', 'binding:host_id', 'binding:vif_type', 'binding:vif_details'] {{(pid=109936) _exclude_attributes_by_policy /opt/stack/neutron/neutron/pecan_wsgi/hooks/policy_enforcement.py:255}}
Feb 02 16:43:41.237811 n-d-712707-30 neutron-server[109936]: INFO neutron.wsgi [req-5d91f6d9-2d35-4caf-9db9-81857f555025 req-3b9e3902-71b3-43a1-93a8-c20e3e5db65c tempest-ServersWithSpecificFlavorTestJSON-663860394 tempest-ServersWithSpecificFlavorTestJSON-663860394-project] 10.222.0.32 "GET /v2.0/ports?device_id=9d6d5703-e9a1-4f48-9076-6d8cd908320c HTTP/1.1" status: 200 len: 945 time: 0.2012484
Feb 02 16:43:41.238743 n-d-712707-30 neutron-server[109937]: DEBUG neutron.api.rpc.handlers.resources_rpc [None req-9c48da20-2d06-44b0-bd0e-f0501155df0d None None] Pushing event updated for resources: {'Port': ['ID=593c3206-acd0-4b54-ad22-359b75e37e4d,revision_number=5']} {{(pid=109937) push /opt/stack/neutron/neutron/api/rpc/handlers/resources_rpc.py:237}}
Feb 02 16:43:41.259747 n-d-712707-30 neutron-server[109936]: DEBUG neutron_lib.callbacks.manager [req-27372921-2a15-4fc5-b741-a1f79c10fdff req-beeee234-ca4b-4978-986d-bb5c33fac032 tempest-LiveMigrationTest-1794251243 tempest-LiveMigrationTest-1794251243-project] Publish callbacks [] for port (ec81ae0d-7078-41b1-b9a3-8356ad192a4d), precommit_create {{(pid=109936) _notify_loop /usr/local/lib/python3.8/dist-packages/neutron_lib/callbacks/manager.py:176}}
Feb 02 16:43:41.330712 n-d-712707-30 neutron-server[109936]: INFO neutron.wsgi [req-5d91f6d9-2d35-4caf-9db9-81857f555025 req-ee3075e4-5d83-4ffa-812f-ba9b36f29efa tempest-ServersWithSpecificFlavorTestJSON-663860394 tempest-ServersWithSpecificFlavorTestJSON-663860394-project] 10.222.0.32 "GET /v2.0/security-groups?id=22bb488d-c107-4a97-909d-2ff5829b6981&fields=id&fields=name HTTP/1.1" status: 200 len: 312 time: 0.0829058
Feb 02 16:43:41.385673 n-d-712707-30 neutron-server[109936]: DEBUG neutron_lib.callbacks.manager [req-27372921-2a15-4fc5-b741-a1f79c10fdff req-beeee234-ca4b-4978-986d-bb5c33fac032 tempest-LiveMigrationTest-1794251243 tempest-LiveMigrationTest-1794251243-project] Publish callbacks ['neutron.plugins.ml2.plugin.SecurityGroupServerNotifierRpcMixin._notify_sg_on_port_change-4020700', 'neutron.plugins.ml2.ovo_rpc._ObjectChangeHandler.handle_event-61783', 'neutron.api.rpc.agentnotifiers.dhcp_rpc_agent_api.DhcpAgentNotifyAPI._native_event_send_dhcp_notification-638686', 'neutron.db.l3_dvrscheduler_db._notify_l3_agent_new_port-8743359113265', 'neutron.services.segments.plugin.NovaSegmentNotifier._notify_port_created_or_deleted-7474468'] for port (ec81ae0d-7078-41b1-b9a3-8356ad192a4d), after_create {{(pid=109936) _notify_loop /usr/local/lib/python3.8/dist-packages/neutron_lib/callbacks/manager.py:176}}
Feb 02 16:43:41.431993 n-d-712707-30 neutron-server[109935]: DEBUG neutron.pecan_wsgi.hooks.policy_enforcement [req-b7629e12-bb12-4a74-8c4a-b7ba0e1a1b63 req-086e9246-f6cd-460a-bbcc-cd2a57b76c2b tempest-LiveAutoBlockMigrationV225Test-1178138056 tempest-LiveAutoBlockMigrationV225Test-1178138056-project] Attributes excluded by policy engine: ['standard_attr_id', 'binding:profile', 'binding:host_id', 'binding:vif_type', 'binding:vif_details'] {{(pid=109935) _exclude_attributes_by_policy /opt/stack/neutron/neutron/pecan_wsgi/hooks/policy_enforcement.py:255}}
Feb 02 16:43:41.435034 n-d-712707-30 neutron-server[109935]: INFO neutron.wsgi [req-b7629e12-bb12-4a74-8c4a-b7ba0e1a1b63 req-086e9246-f6cd-460a-bbcc-cd2a57b76c2b tempest-LiveAutoBlockMigrationV225Test-1178138056 tempest-LiveAutoBlockMigrationV225Test-1178138056-project] 10.222.0.32 "GET /v2.0/ports?device_id=4bebe9df-49b0-44d4-9390-0a1a66657175 HTTP/1.1" status: 200 len: 944 time: 0.0733800
Feb 02 16:43:41.441910 n-d-712707-30 neutron-server[109936]: DEBUG neutron.scheduler.dhcp_agent_scheduler [req-27372921-2a15-4fc5-b741-a1f79c10fdff req-beeee234-ca4b-4978-986d-bb5c33fac032 tempest-LiveMigrationTest-1794251243 tempest-LiveMigrationTest-1794251243-project] Network a07b75d5-bc3d-45d3-a3a1-c532d52ebc47 is already hosted by enough agents. {{(pid=109936) _get_dhcp_agents_hosting_network /opt/stack/neutron/neutron/scheduler/dhcp_agent_scheduler.py:275}}
Feb 02 16:43:41.445374 n-d-712707-30 neutron-server[109936]: DEBUG neutron.scheduler.base_scheduler [req-27372921-2a15-4fc5-b741-a1f79c10fdff req-beeee234-ca4b-4978-986d-bb5c33fac032 tempest-LiveMigrationTest-1794251243 tempest-LiveMigrationTest-1794251243-project] Resources bound (agent type, host, resource id): {{(pid=109936) schedule /opt/stack/neutron/neutron/scheduler/base_scheduler.py:57}}
Feb 02 16:43:41.452264 n-d-712707-30 neutron-server[109936]: DEBUG neutron.db.l3_dvrscheduler_db [req-27372921-2a15-4fc5-b741-a1f79c10fdff req-beeee234-ca4b-4978-986d-bb5c33fac032 tempest-LiveMigrationTest-1794251243 tempest-LiveMigrationTest-1794251243-project] Received port after_create {{(pid=109936) _notify_l3_agent_new_port /opt/stack/neutron/neutron/db/l3_dvrscheduler_db.py:536}}
Feb 02 16:43:41.490200 n-d-712707-30 neutron-server[109936]: DEBUG neutron.api.rpc.handlers.resources_rpc [None req-beeee234-ca4b-4978-986d-bb5c33fac032 tempest-LiveMigrationTest-1794251243 tempest-LiveMigrationTest-1794251243-project] Pushing event updated for resources: {'Port': ['ID=ec81ae0d-7078-41b1-b9a3-8356ad192a4d,revision_number=1']} {{(pid=109936) push /opt/stack/neutron/neutron/api/rpc/handlers/resources_rpc.py:237}}
Feb 02 16:43:41.494039 n-d-712707-30 neutron-server[109936]: DEBUG neutron.pecan_wsgi.hooks.policy_enforcement [req-82292d94-075e-4503-b835-e766f2ab65a4 req-81e7b584-cc1a-4621-af07-2cb9f2ed6498 service neutron] Attributes excluded by policy engine: ['standard_attr_id'] {{(pid=109936) _exclude_attributes_by_policy /opt/stack/neutron/neutron/pecan_wsgi/hooks/policy_enforcement.py:255}}
Feb 02 16:43:41.495667 n-d-712707-30 neutron-server[109936]: INFO neutron.wsgi [req-82292d94-075e-4503-b835-e766f2ab65a4 req-81e7b584-cc1a-4621-af07-2cb9f2ed6498 service neutron] 10.222.0.15 "GET /v2.0/ports?device_id=0ad317fd-b821-4ca4-8bd9-0262a6a0d502 HTTP/1.1" status: 200 len: 1155 time: 0.1637321
Feb 02 16:43:41.504809 n-d-712707-30 neutron-server[109935]: INFO neutron.wsgi [req-b7629e12-bb12-4a74-8c4a-b7ba0e1a1b63 req-7995dfca-eebf-4d5c-a0a8-7c90a913382e tempest-LiveAutoBlockMigrationV225Test-1178138056 tempest-LiveAutoBlockMigrationV225Test-1178138056-project] 10.222.0.32 "GET /v2.0/security-groups?id=368a886d-17fd-4a33-83bd-fe5842f76e7e&fields=id&fields=name HTTP/1.1" status: 200 len: 286 time: 0.0596952
Feb 02 16:43:41.535791 n-d-712707-30 neutron-server[109936]: DEBUG neutron.pecan_wsgi.hooks.policy_enforcement [req-27372921-2a15-4fc5-b741-a1f79c10fdff req-beeee234-ca4b-4978-986d-bb5c33fac032 tempest-LiveMigrationTest-1794251243 tempest-LiveMigrationTest-1794251243-project] Attributes excluded by policy engine: ['standard_attr_id', 'binding:profile', 'binding:host_id', 'binding:vif_type', 'binding:vif_details', 'network'] {{(pid=109936) _exclude_attributes_by_policy /opt/stack/neutron/neutron/pecan_wsgi/hooks/policy_enforcement.py:255}}
Feb 02 16:43:41.536407 n-d-712707-30 neutron-server[109936]: DEBUG neutron_lib.callbacks.manager [req-27372921-2a15-4fc5-b741-a1f79c10fdff req-beeee234-ca4b-4978-986d-bb5c33fac032 tempest-LiveMigrationTest-1794251243 tempest-LiveMigrationTest-1794251243-project] Publish callbacks ['neutron.notifiers.nova.Notifier._send_nova_notification-75520'] for port (None), before_response {{(pid=109936) _notify_loop /usr/local/lib/python3.8/dist-packages/neutron_lib/callbacks/manager.py:176}}
Feb 02 16:43:41.565483 n-d-712707-30 neutron-server[109936]: INFO neutron.wsgi [req-27372921-2a15-4fc5-b741-a1f79c10fdff req-beeee234-ca4b-4978-986d-bb5c33fac032 tempest-LiveMigrationTest-1794251243 tempest-LiveMigrationTest-1794251243-project] 10.222.0.15 "POST /v2.0/ports HTTP/1.1" status: 201 len: 933 time: 0.8733752
Feb 02 16:43:41.571959 n-d-712707-30 neutron-server[109936]: INFO neutron.wsgi [req-82292d94-075e-4503-b835-e766f2ab65a4 req-06272519-05a3-47e1-85dd-7f2049580ec4 service neutron] 10.222.0.15 "GET /v2.0/security-groups?id=0f23aca9-ca6d-4283-9d85-2f18e9f19a42&fields=id&fields=name HTTP/1.1" status: 200 len: 286 time: 0.0546551
Feb 02 16:43:41.693654 n-d-712707-30 neutron-server[109937]: DEBUG neutron.plugins.ml2.rpc [None req-b0fe1f4d-b815-4ebd-b97e-d52ee6142645 None None] Device 322bcbc3-ab26-4a60-a95b-560793ab4b28 details requested by agent hyperv_n-h1-712707-30 with host n-h1-712707-30 {{(pid=109937) get_device_details /opt/stack/neutron/neutron/plugins/ml2/rpc.py:102}}
Feb 02 16:43:41.745327 n-d-712707-30 neutron-server[109935]: DEBUG neutron.pecan_wsgi.hooks.policy_enforcement [req-dc0e70ec-3360-4ab3-8ccb-032bfe6281aa req-603130ee-66b0-4c44-9fd6-2c4c223cf303 tempest-LiveMigrationTest-1794251243 tempest-LiveMigrationTest-1794251243-project] Attributes excluded by policy engine: ['standard_attr_id', 'binding:profile', 'binding:host_id', 'binding:vif_type', 'binding:vif_details'] {{(pid=109935) _exclude_attributes_by_policy /opt/stack/neutron/neutron/pecan_wsgi/hooks/policy_enforcement.py:255}}
Feb 02 16:43:41.746997 n-d-712707-30 neutron-server[109935]: INFO neutron.wsgi [req-dc0e70ec-3360-4ab3-8ccb-032bfe6281aa req-603130ee-66b0-4c44-9fd6-2c4c223cf303 tempest-LiveMigrationTest-1794251243 tempest-LiveMigrationTest-1794251243-project] 10.222.0.32 "GET /v2.0/ports?device_id=09631dc3-3669-4086-a592-abdf54dbcfaf HTTP/1.1" status: 200 len: 931 time: 0.0601854
Feb 02 16:43:41.810339 n-d-712707-30 neutron-server[109937]: DEBUG neutron.plugins.ml2.db [None req-b0fe1f4d-b815-4ebd-b97e-d52ee6142645 None None] For port 322bcbc3-ab26-4a60-a95b-560793ab4b28, host n-h1-712707-30, got binding levels [PortBindingLevel(driver='hyperv',host='n-h1-712707-30',level=0,port_id=322bcbc3-ab26-4a60-a95b-560793ab4b28,segment=NetworkSegment(bc065855-22ca-4407-a6a2-29c69212e673),segment_id=bc065855-22ca-4407-a6a2-29c69212e673)] {{(pid=109937) get_binding_level_objs /opt/stack/neutron/neutron/plugins/ml2/db.py:74}}
Feb 02 16:43:41.811235 n-d-712707-30 neutron-server[109935]: INFO neutron.wsgi [req-dc0e70ec-3360-4ab3-8ccb-032bfe6281aa req-cbe580c3-e673-463f-9b75-633148777877 tempest-LiveMigrationTest-1794251243 tempest-LiveMigrationTest-1794251243-project] 10.222.0.32 "GET /v2.0/security-groups?id=35e8fff1-ea61-433c-90c5-a3c99050773a&fields=id&fields=name HTTP/1.1" status: 200 len: 286 time: 0.0580587
Feb 02 16:43:41.832830 n-d-712707-30 neutron-server[109937]: DEBUG neutron.plugins.ml2.rpc [None req-b0fe1f4d-b815-4ebd-b97e-d52ee6142645 None None] Returning: {'device': '322bcbc3-ab26-4a60-a95b-560793ab4b28', 'network_id': '8b17e46a-1525-49bb-814e-ea480df032b2', 'port_id': '322bcbc3-ab26-4a60-a95b-560793ab4b28', 'mac_address': 'fa:16:3e:78:86:23', 'admin_state_up': True, 'network_type': 'vlan', 'segmentation_id': 1241, 'physical_network': 'physnet1', 'mtu': 1500, 'fixed_ips': [{'subnet_id': '1c0c9562-ab8f-43be-85bc-4938bf89eb98', 'ip_address': '172.20.0.11'}], 'device_owner': 'compute:nova', 'allowed_address_pairs': [], 'port_security_enabled': True, 'qos_policy_id': None, 'network_qos_policy_id': None, 'profile': {}, 'propagate_uplink_status': False} {{(pid=109937) _get_device_details /opt/stack/neutron/neutron/plugins/ml2/rpc.py:184}}
Feb 02 16:43:41.894781 n-d-712707-30 neutron-server[109937]: DEBUG neutron.plugins.ml2.plugin [None req-b0fe1f4d-b815-4ebd-b97e-d52ee6142645 None None] Current status of the port 322bcbc3-ab26-4a60-a95b-560793ab4b28 is: DOWN; New status is: BUILD {{(pid=109937) _update_individual_port_db_status /opt/stack/neutron/neutron/plugins/ml2/plugin.py:2238}}
Feb 02 16:43:41.895276 n-d-712707-30 neutron-server[109937]: DEBUG neutron_lib.callbacks.manager [None req-b0fe1f4d-b815-4ebd-b97e-d52ee6142645 None None] Publish callbacks ['neutron.plugins.ml2.plugin.SecurityGroupDbMixin._ensure_default_security_group_handler-4021231'] for port (322bcbc3-ab26-4a60-a95b-560793ab4b28), before_update {{(pid=109937) _notify_loop /usr/local/lib/python3.8/dist-packages/neutron_lib/callbacks/manager.py:176}}
Feb 02 16:43:41.913982 n-d-712707-30 neutron-server[109937]: DEBUG neutron.notifiers.nova [None req-b0fe1f4d-b815-4ebd-b97e-d52ee6142645 None None] Ignoring state change previous_port_status: DOWN current_port_status: BUILD port_id 322bcbc3-ab26-4a60-a95b-560793ab4b28 {{(pid=109937) record_port_status_changed /opt/stack/neutron/neutron/notifiers/nova.py:228}}
Feb 02 16:43:41.941296 n-d-712707-30 neutron-server[109936]: DEBUG neutron.api.v2.base [req-27372921-2a15-4fc5-b741-a1f79c10fdff req-2b9dc056-77b9-470a-b5c2-0f0aca00f64d service neutron] Request body: {'port': {'device_id': '09631dc3-3669-4086-a592-abdf54dbcfaf', 'device_owner': 'compute:tempest-test_az-1504514993', 'binding:host_id': 'n-h2-712707-30'}} {{(pid=109936) prepare_request_body /opt/stack/neutron/neutron/api/v2/base.py:729}}
Feb 02 16:43:41.945825 n-d-712707-30 neutron-server[109937]: DEBUG neutron.plugins.ml2.db [None req-b0fe1f4d-b815-4ebd-b97e-d52ee6142645 None None] For port 322bcbc3-ab26-4a60-a95b-560793ab4b28, host n-h1-712707-30, got binding levels [PortBindingLevel(driver='hyperv',host='n-h1-712707-30',level=0,port_id=322bcbc3-ab26-4a60-a95b-560793ab4b28,segment=NetworkSegment(bc065855-22ca-4407-a6a2-29c69212e673),segment_id=bc065855-22ca-4407-a6a2-29c69212e673)] {{(pid=109937) get_binding_level_objs /opt/stack/neutron/neutron/plugins/ml2/db.py:74}}
Feb 02 16:43:41.952861 n-d-712707-30 neutron-server[109937]: DEBUG neutron_lib.callbacks.manager [None req-b0fe1f4d-b815-4ebd-b97e-d52ee6142645 None None] Publish callbacks ['neutron.plugins.ml2.plugin.SecurityGroupServerNotifierRpcMixin._notify_sg_on_port_change-4020700', 'neutron.plugins.ml2.ovo_rpc._ObjectChangeHandler.handle_event-61783', 'neutron.api.rpc.agentnotifiers.dhcp_rpc_agent_api.DhcpAgentNotifyAPI._native_event_send_dhcp_notification-638686', 'neutron.db.l3_db.L3RpcNotifierMixin._notify_gateway_port_ip_changed-8743359609317', 'neutron.db.l3_dvrscheduler_db._notify_l3_agent_port_update-8743359113283', 'neutron.db.l3_hascheduler_db._notify_l3_agent_ha_port_update-8743359113301'] for port (322bcbc3-ab26-4a60-a95b-560793ab4b28), after_update {{(pid=109937) _notify_loop /usr/local/lib/python3.8/dist-packages/neutron_lib/callbacks/manager.py:176}}
Feb 02 16:43:42.025434 n-d-712707-30 neutron-server[109936]: DEBUG neutron_lib.callbacks.manager [req-27372921-2a15-4fc5-b741-a1f79c10fdff req-2b9dc056-77b9-470a-b5c2-0f0aca00f64d service neutron] Publish callbacks ['neutron.plugins.ml2.plugin.SecurityGroupDbMixin._ensure_default_security_group_handler-4021231'] for port (ec81ae0d-7078-41b1-b9a3-8356ad192a4d), before_update {{(pid=109936) _notify_loop /usr/local/lib/python3.8/dist-packages/neutron_lib/callbacks/manager.py:176}}
Feb 02 16:43:42.029704 n-d-712707-30 neutron-server[109937]: DEBUG neutron.api.rpc.handlers.resources_rpc [None req-b0fe1f4d-b815-4ebd-b97e-d52ee6142645 None None] Pushing event updated for resources: {'Port': ['ID=322bcbc3-ab26-4a60-a95b-560793ab4b28,revision_number=4']} {{(pid=109937) push /opt/stack/neutron/neutron/api/rpc/handlers/resources_rpc.py:237}}
Feb 02 16:43:42.034801 n-d-712707-30 neutron-server[109936]: DEBUG neutron.pecan_wsgi.hooks.policy_enforcement [req-635540a3-8192-419a-bf3d-0e8d730e01f1 req-4d891071-1410-4ef2-acca-5e6032e6b8aa tempest-LiveMigrationNegativeTest-1562355722 tempest-LiveMigrationNegativeTest-1562355722-project] Attributes excluded by policy engine: ['standard_attr_id', 'binding:profile', 'binding:host_id', 'binding:vif_type', 'binding:vif_details'] {{(pid=109936) _exclude_attributes_by_policy /opt/stack/neutron/neutron/pecan_wsgi/hooks/policy_enforcement.py:255}}
Feb 02 16:43:42.036665 n-d-712707-30 neutron-server[109936]: INFO neutron.wsgi [req-635540a3-8192-419a-bf3d-0e8d730e01f1 req-4d891071-1410-4ef2-acca-5e6032e6b8aa tempest-LiveMigrationNegativeTest-1562355722 tempest-LiveMigrationNegativeTest-1562355722-project] 10.222.0.32 "GET /v2.0/ports?device_id=0ad317fd-b821-4ca4-8bd9-0262a6a0d502 HTTP/1.1" status: 200 len: 972 time: 0.1417656
Feb 02 16:43:42.176368 n-d-712707-30 neutron-server[109936]: INFO neutron.wsgi [req-635540a3-8192-419a-bf3d-0e8d730e01f1 req-704031c7-30bc-49da-9091-5b6cd9c34f50 tempest-LiveMigrationNegativeTest-1562355722 tempest-LiveMigrationNegativeTest-1562355722-project] 10.222.0.32 "GET /v2.0/security-groups?id=0f23aca9-ca6d-4283-9d85-2f18e9f19a42&fields=id&fields=name HTTP/1.1" status: 200 len: 286 time: 0.1296332
Feb 02 16:43:42.288802 n-d-712707-30 neutron-server[109937]: DEBUG neutron.plugins.ml2.db [None req-b0fe1f4d-b815-4ebd-b97e-d52ee6142645 None None] get_ports_and_sgs() called for port_ids ['322bcbc3-ab26-4a60-a95b-560793ab4b28'] {{(pid=109937) get_ports_and_sgs /opt/stack/neutron/neutron/plugins/ml2/db.py:156}}
Feb 02 16:43:42.412223 n-d-712707-30 neutron-server[109936]: DEBUG neutron.notifiers.nova [req-27372921-2a15-4fc5-b741-a1f79c10fdff req-2b9dc056-77b9-470a-b5c2-0f0aca00f64d service neutron] Ignoring state change previous_port_status: DOWN current_port_status: DOWN port_id ec81ae0d-7078-41b1-b9a3-8356ad192a4d {{(pid=109936) record_port_status_changed /opt/stack/neutron/neutron/notifiers/nova.py:228}}
Feb 02 16:43:42.423936 n-d-712707-30 neutron-server[109936]: DEBUG neutron_lib.callbacks.manager [req-27372921-2a15-4fc5-b741-a1f79c10fdff req-2b9dc056-77b9-470a-b5c2-0f0aca00f64d service neutron] Publish callbacks [] for port (ec81ae0d-7078-41b1-b9a3-8356ad192a4d), precommit_update {{(pid=109936) _notify_loop /usr/local/lib/python3.8/dist-packages/neutron_lib/callbacks/manager.py:176}}
Feb 02 16:43:42.443277 n-d-712707-30 neutron-server[109936]: DEBUG neutron.db.provisioning_blocks [req-27372921-2a15-4fc5-b741-a1f79c10fdff req-2b9dc056-77b9-470a-b5c2-0f0aca00f64d service neutron] Transition to ACTIVE for port object ec81ae0d-7078-41b1-b9a3-8356ad192a4d will not be triggered until provisioned by entity L2. {{(pid=109936) add_provisioning_component /opt/stack/neutron/neutron/db/provisioning_blocks.py:73}}
Feb 02 16:43:42.449242 n-d-712707-30 neutron-server[109936]: DEBUG neutron_lib.callbacks.manager [req-27372921-2a15-4fc5-b741-a1f79c10fdff req-2b9dc056-77b9-470a-b5c2-0f0aca00f64d service neutron] Publish callbacks ['neutron.plugins.ml2.plugin.SecurityGroupServerNotifierRpcMixin._notify_sg_on_port_change-4020700', 'neutron.plugins.ml2.ovo_rpc._ObjectChangeHandler.handle_event-61783', 'neutron.api.rpc.agentnotifiers.dhcp_rpc_agent_api.DhcpAgentNotifyAPI._native_event_send_dhcp_notification-638686', 'neutron.db.l3_db.L3RpcNotifierMixin._notify_gateway_port_ip_changed-8743359609317', 'neutron.db.l3_dvrscheduler_db._notify_l3_agent_port_update-8743359113283', 'neutron.db.l3_hascheduler_db._notify_l3_agent_ha_port_update-8743359113301', 'neutron.services.segments.plugin.NovaSegmentNotifier._notify_port_updated-7474477'] for port (ec81ae0d-7078-41b1-b9a3-8356ad192a4d), after_update {{(pid=109936) _notify_loop /usr/local/lib/python3.8/dist-packages/neutron_lib/callbacks/manager.py:176}}
Feb 02 16:43:42.504209 n-d-712707-30 neutron-server[109935]: DEBUG neutron.pecan_wsgi.hooks.policy_enforcement [req-e3553b7d-d12c-4da0-8c3d-3c843d243411 req-d06e54d8-a741-411d-93ac-9262c48755a4 tempest-ServersWithSpecificFlavorTestJSON-663860394 tempest-ServersWithSpecificFlavorTestJSON-663860394-project] Attributes excluded by policy engine: ['standard_attr_id', 'binding:profile', 'binding:host_id', 'binding:vif_type', 'binding:vif_details'] {{(pid=109935) _exclude_attributes_by_policy /opt/stack/neutron/neutron/pecan_wsgi/hooks/policy_enforcement.py:255}}
Feb 02 16:43:42.505909 n-d-712707-30 neutron-server[109935]: INFO neutron.wsgi [req-e3553b7d-d12c-4da0-8c3d-3c843d243411 req-d06e54d8-a741-411d-93ac-9262c48755a4 tempest-ServersWithSpecificFlavorTestJSON-663860394 tempest-ServersWithSpecificFlavorTestJSON-663860394-project] 10.222.0.32 "GET /v2.0/ports?device_id=9d6d5703-e9a1-4f48-9076-6d8cd908320c HTTP/1.1" status: 200 len: 945 time: 0.0766280
Feb 02 16:43:42.552415 n-d-712707-30 neutron-server[109936]: DEBUG neutron.api.rpc.handlers.resources_rpc [None req-2b9dc056-77b9-470a-b5c2-0f0aca00f64d service neutron] Pushing event updated for resources: {'Port': ['ID=ec81ae0d-7078-41b1-b9a3-8356ad192a4d,revision_number=2']} {{(pid=109936) push /opt/stack/neutron/neutron/api/rpc/handlers/resources_rpc.py:237}}
Feb 02 16:43:42.554707 n-d-712707-30 neutron-server[109935]: INFO neutron.wsgi [req-e3553b7d-d12c-4da0-8c3d-3c843d243411 req-168de711-dbef-4fe4-92c0-384028500f8e tempest-ServersWithSpecificFlavorTestJSON-663860394 tempest-ServersWithSpecificFlavorTestJSON-663860394-project] 10.222.0.32 "GET /v2.0/security-groups?id=22bb488d-c107-4a97-909d-2ff5829b6981&fields=id&fields=name HTTP/1.1" status: 200 len: 312 time: 0.0410333
Feb 02 16:43:42.572287 n-d-712707-30 neutron-server[109936]: INFO neutron.wsgi [req-322fe113-3b92-4ff4-8d69-51c7e5ce9962 req-ad485316-719a-4fba-b96a-aed52a3418fc tempest-FlavorsV2NegativeTest-696284510 tempest-FlavorsV2NegativeTest-696284510-project] 10.222.0.32 "GET /v2.0/networks?tenant_id=c7f033a38e26457587664305402c9755&shared=False HTTP/1.1" status: 200 len: 213 time: 0.0632277
Feb 02 16:43:42.663218 n-d-712707-30 neutron-server[109936]: DEBUG neutron.plugins.ml2.managers [req-27372921-2a15-4fc5-b741-a1f79c10fdff req-2b9dc056-77b9-470a-b5c2-0f0aca00f64d service neutron] Attempting to bind port ec81ae0d-7078-41b1-b9a3-8356ad192a4d on host n-h2-712707-30 for vnic_type normal with profile {{(pid=109936) bind_port /opt/stack/neutron/neutron/plugins/ml2/managers.py:795}}
Feb 02 16:43:42.663480 n-d-712707-30 neutron-server[109936]: DEBUG neutron.plugins.ml2.managers [req-27372921-2a15-4fc5-b741-a1f79c10fdff req-2b9dc056-77b9-470a-b5c2-0f0aca00f64d service neutron] Attempting to bind port ec81ae0d-7078-41b1-b9a3-8356ad192a4d by drivers openvswitch,hyperv on host n-h2-712707-30 at level 0 using segments [{'id': 'c74b0933-f2b6-47f4-a10e-99a23973bca5', 'network_type': 'vlan', 'physical_network': 'physnet1', 'segmentation_id': 1216, 'network_id': 'a07b75d5-bc3d-45d3-a3a1-c532d52ebc47'}] {{(pid=109936) _bind_port_level /opt/stack/neutron/neutron/plugins/ml2/managers.py:820}}
Feb 02 16:43:42.663803 n-d-712707-30 neutron-server[109936]: DEBUG neutron.plugins.ml2.drivers.mech_agent [req-27372921-2a15-4fc5-b741-a1f79c10fdff req-2b9dc056-77b9-470a-b5c2-0f0aca00f64d service neutron] Attempting to bind port ec81ae0d-7078-41b1-b9a3-8356ad192a4d on network a07b75d5-bc3d-45d3-a3a1-c532d52ebc47 {{(pid=109936) bind_port /opt/stack/neutron/neutron/plugins/ml2/drivers/mech_agent.py:91}}
Feb 02 16:43:42.674817 n-d-712707-30 neutron-server[109936]: DEBUG neutron.plugins.ml2.drivers.mech_agent [req-27372921-2a15-4fc5-b741-a1f79c10fdff req-2b9dc056-77b9-470a-b5c2-0f0aca00f64d service neutron] Port ec81ae0d-7078-41b1-b9a3-8356ad192a4d on network a07b75d5-bc3d-45d3-a3a1-c532d52ebc47 not bound, no agent of type Open vSwitch agent registered on host n-h2-712707-30 {{(pid=109936) bind_port /opt/stack/neutron/neutron/plugins/ml2/drivers/mech_agent.py:103}}
Feb 02 16:43:42.675188 n-d-712707-30 neutron-server[109936]: DEBUG neutron.plugins.ml2.drivers.mech_agent [req-27372921-2a15-4fc5-b741-a1f79c10fdff req-2b9dc056-77b9-470a-b5c2-0f0aca00f64d service neutron] Attempting to bind port ec81ae0d-7078-41b1-b9a3-8356ad192a4d on network a07b75d5-bc3d-45d3-a3a1-c532d52ebc47 {{(pid=109936) bind_port /opt/stack/neutron/neutron/plugins/ml2/drivers/mech_agent.py:91}}
Feb 02 16:43:42.684758 n-d-712707-30 neutron-server[109936]: DEBUG neutron.plugins.ml2.drivers.mech_agent [req-27372921-2a15-4fc5-b741-a1f79c10fdff req-2b9dc056-77b9-470a-b5c2-0f0aca00f64d service neutron] Checking agent: {'id': '693a265b-b506-482d-84c6-7f308ef7f79a', 'agent_type': 'HyperV agent', 'binary': 'neutron-hyperv-agent', 'topic': 'N/A', 'host': 'n-h2-712707-30', 'admin_state_up': True, 'created_at': datetime.datetime(2022, 2, 2, 16, 40, 52), 'started_at': datetime.datetime(2022, 2, 2, 16, 40, 52), 'heartbeat_timestamp': datetime.datetime(2022, 2, 2, 16, 43, 22), 'description': None, 'resources_synced': None, 'availability_zone': None, 'alive': True, 'configurations': {'vswitch_mappings': {'physnet1$': 'br-data'}}, 'resource_versions': {}} {{(pid=109936) bind_port /opt/stack/neutron/neutron/plugins/ml2/drivers/mech_agent.py:110}}
Feb 02 16:43:42.685094 n-d-712707-30 neutron-server[109936]: DEBUG neutron.plugins.ml2.drivers.mech_agent [req-27372921-2a15-4fc5-b741-a1f79c10fdff req-2b9dc056-77b9-470a-b5c2-0f0aca00f64d service neutron] Checking segment: {'id': 'c74b0933-f2b6-47f4-a10e-99a23973bca5', 'network_type': 'vlan', 'physical_network': 'physnet1', 'segmentation_id': 1216, 'network_id': 'a07b75d5-bc3d-45d3-a3a1-c532d52ebc47'} for mappings: {'physnet1$': 'br-data'} with network types: ['local', 'flat', 'vlan'] {{(pid=109936) check_segment_for_agent /opt/stack/neutron/neutron/plugins/ml2/drivers/mech_agent.py:373}}
Feb 02 16:43:42.685443 n-d-712707-30 neutron-server[109936]: DEBUG neutron.plugins.ml2.drivers.mech_agent [req-27372921-2a15-4fc5-b741-a1f79c10fdff req-2b9dc056-77b9-470a-b5c2-0f0aca00f64d service neutron] Bound using segment: {'id': 'c74b0933-f2b6-47f4-a10e-99a23973bca5', 'network_type': 'vlan', 'physical_network': 'physnet1', 'segmentation_id': 1216, 'network_id': 'a07b75d5-bc3d-45d3-a3a1-c532d52ebc47'} {{(pid=109936) bind_port /opt/stack/neutron/neutron/plugins/ml2/drivers/mech_agent.py:120}}
Feb 02 16:43:42.685872 n-d-712707-30 neutron-server[109936]: DEBUG neutron.plugins.ml2.managers [req-27372921-2a15-4fc5-b741-a1f79c10fdff req-2b9dc056-77b9-470a-b5c2-0f0aca00f64d service neutron] Bound port: ec81ae0d-7078-41b1-b9a3-8356ad192a4d, host: n-h2-712707-30, vif_type: hyperv, vif_details: {"connectivity": "legacy", "port_filter": false}, binding_levels: [{'bound_driver': 'hyperv', 'bound_segment': {'id': 'c74b0933-f2b6-47f4-a10e-99a23973bca5', 'network_type': 'vlan', 'physical_network': 'physnet1', 'segmentation_id': 1216, 'network_id': 'a07b75d5-bc3d-45d3-a3a1-c532d52ebc47'}}] {{(pid=109936) _bind_port_level /opt/stack/neutron/neutron/plugins/ml2/managers.py:932}}
Feb 02 16:43:42.686222 n-d-712707-30 neutron-server[109936]: DEBUG neutron_lib.callbacks.manager [req-27372921-2a15-4fc5-b741-a1f79c10fdff req-2b9dc056-77b9-470a-b5c2-0f0aca00f64d service neutron] Publish callbacks ['neutron.plugins.ml2.plugin.SecurityGroupDbMixin._ensure_default_security_group_handler-4021231'] for port (ec81ae0d-7078-41b1-b9a3-8356ad192a4d), before_update {{(pid=109936) _notify_loop /usr/local/lib/python3.8/dist-packages/neutron_lib/callbacks/manager.py:176}}
Feb 02 16:43:42.688103 n-d-712707-30 neutron-server[109935]: DEBUG neutron.pecan_wsgi.hooks.policy_enforcement [req-82357e58-72fe-4d3b-b133-7df1e4a5fb97 req-e963f260-9c6e-430f-8933-ec41bd86b1c7 tempest-LiveAutoBlockMigrationV225Test-1178138056 tempest-LiveAutoBlockMigrationV225Test-1178138056-project] Attributes excluded by policy engine: ['standard_attr_id', 'binding:profile', 'binding:host_id', 'binding:vif_type', 'binding:vif_details'] {{(pid=109935) _exclude_attributes_by_policy /opt/stack/neutron/neutron/pecan_wsgi/hooks/policy_enforcement.py:255}}
Feb 02 16:43:42.689747 n-d-712707-30 neutron-server[109935]: INFO neutron.wsgi [req-82357e58-72fe-4d3b-b133-7df1e4a5fb97 req-e963f260-9c6e-430f-8933-ec41bd86b1c7 tempest-LiveAutoBlockMigrationV225Test-1178138056 tempest-LiveAutoBlockMigrationV225Test-1178138056-project] 10.222.0.32 "GET /v2.0/ports?device_id=4bebe9df-49b0-44d4-9390-0a1a66657175 HTTP/1.1" status: 200 len: 945 time: 0.0591018
Feb 02 16:43:42.717487 n-d-712707-30 neutron-server[109936]: DEBUG neutron.pecan_wsgi.hooks.policy_enforcement [req-322fe113-3b92-4ff4-8d69-51c7e5ce9962 req-e5b4ea88-a254-48cc-9801-3f3898bb3235 tempest-FlavorsV2NegativeTest-696284510 tempest-FlavorsV2NegativeTest-696284510-project] Attributes excluded by policy engine: ['standard_attr_id', 'vlan_transparent', 'provider:network_type', 'provider:physical_network', 'provider:segmentation_id'] {{(pid=109936) _exclude_attributes_by_policy /opt/stack/neutron/neutron/pecan_wsgi/hooks/policy_enforcement.py:255}}
Feb 02 16:43:42.718945 n-d-712707-30 neutron-server[109936]: INFO neutron.wsgi [req-322fe113-3b92-4ff4-8d69-51c7e5ce9962 req-e5b4ea88-a254-48cc-9801-3f3898bb3235 tempest-FlavorsV2NegativeTest-696284510 tempest-FlavorsV2NegativeTest-696284510-project] 10.222.0.32 "GET /v2.0/networks?shared=True HTTP/1.1" status: 200 len: 769 time: 0.1369469
Feb 02 16:43:42.736658 n-d-712707-30 neutron-server[109935]: INFO neutron.wsgi [req-82357e58-72fe-4d3b-b133-7df1e4a5fb97 req-b928e4aa-7eef-4b5a-8875-200c72b403e7 tempest-LiveAutoBlockMigrationV225Test-1178138056 tempest-LiveAutoBlockMigrationV225Test-1178138056-project] 10.222.0.32 "GET /v2.0/security-groups?id=368a886d-17fd-4a33-83bd-fe5842f76e7e&fields=id&fields=name HTTP/1.1" status: 200 len: 286 time: 0.0407293
Feb 02 16:43:42.750136 n-d-712707-30 neutron-server[109936]: INFO neutron.wsgi [req-322fe113-3b92-4ff4-8d69-51c7e5ce9962 req-6738b199-8c0a-427b-bb78-b98216ebbcab tempest-FlavorsV2NegativeTest-696284510 tempest-FlavorsV2NegativeTest-696284510-project] 10.222.0.32 "GET /v2.0/quotas/c7f033a38e26457587664305402c9755 HTTP/1.1" status: 200 len: 375 time: 0.0138345
Feb 02 16:43:42.797056 n-d-712707-30 neutron-server[109936]: INFO neutron.wsgi [req-322fe113-3b92-4ff4-8d69-51c7e5ce9962 req-bfdc20f9-5910-4ca1-b6ee-6ac6d33ddca3 tempest-FlavorsV2NegativeTest-696284510 tempest-FlavorsV2NegativeTest-696284510-project] 10.222.0.32 "GET /v2.0/ports?tenant_id=c7f033a38e26457587664305402c9755&fields=id HTTP/1.1" status: 200 len: 210 time: 0.0374379
Feb 02 16:43:42.813392 n-d-712707-30 neutron-server[109936]: DEBUG neutron.plugins.ml2.db [req-27372921-2a15-4fc5-b741-a1f79c10fdff req-2b9dc056-77b9-470a-b5c2-0f0aca00f64d service neutron] For port ec81ae0d-7078-41b1-b9a3-8356ad192a4d, host n-h2-712707-30, cleared binding levels {{(pid=109936) clear_binding_levels /opt/stack/neutron/neutron/plugins/ml2/db.py:87}}
Feb 02 16:43:42.816999 n-d-712707-30 neutron-server[109936]: DEBUG neutron.plugins.ml2.db [req-27372921-2a15-4fc5-b741-a1f79c10fdff req-2b9dc056-77b9-470a-b5c2-0f0aca00f64d service neutron] For port ec81ae0d-7078-41b1-b9a3-8356ad192a4d, host n-h2-712707-30, set binding levels [PortBindingLevel(driver='hyperv',host='n-h2-712707-30',level=0,port_id=ec81ae0d-7078-41b1-b9a3-8356ad192a4d,segment=NetworkSegment(c74b0933-f2b6-47f4-a10e-99a23973bca5),segment_id=c74b0933-f2b6-47f4-a10e-99a23973bca5)] {{(pid=109936) set_binding_levels /opt/stack/neutron/neutron/plugins/ml2/db.py:59}}
Feb 02 16:43:42.825641 n-d-712707-30 neutron-server[109936]: DEBUG neutron_lib.callbacks.manager [req-27372921-2a15-4fc5-b741-a1f79c10fdff req-2b9dc056-77b9-470a-b5c2-0f0aca00f64d service neutron] Publish callbacks ['neutron.plugins.ml2.plugin.SecurityGroupServerNotifierRpcMixin._notify_sg_on_port_change-4020700', 'neutron.plugins.ml2.ovo_rpc._ObjectChangeHandler.handle_event-61783', 'neutron.api.rpc.agentnotifiers.dhcp_rpc_agent_api.DhcpAgentNotifyAPI._native_event_send_dhcp_notification-638686', 'neutron.db.l3_db.L3RpcNotifierMixin._notify_gateway_port_ip_changed-8743359609317', 'neutron.db.l3_dvrscheduler_db._notify_l3_agent_port_update-8743359113283', 'neutron.db.l3_hascheduler_db._notify_l3_agent_ha_port_update-8743359113301', 'neutron.services.segments.plugin.NovaSegmentNotifier._notify_port_updated-7474477'] for port (ec81ae0d-7078-41b1-b9a3-8356ad192a4d), after_update {{(pid=109936) _notify_loop /usr/local/lib/python3.8/dist-packages/neutron_lib/callbacks/manager.py:176}}
Feb 02 16:43:42.859882 n-d-712707-30 neutron-server[109935]: DEBUG neutron.pecan_wsgi.hooks.policy_enforcement [req-4fadada7-97f8-472b-b978-9fd229c34948 req-33d1de42-07c6-4dc6-be5e-8be156bb7577 tempest-ServersWithSpecificFlavorTestJSON-663860394 tempest-ServersWithSpecificFlavorTestJSON-663860394-project] Attributes excluded by policy engine: ['standard_attr_id', 'binding:profile', 'binding:host_id', 'binding:vif_type', 'binding:vif_details'] {{(pid=109935) _exclude_attributes_by_policy /opt/stack/neutron/neutron/pecan_wsgi/hooks/policy_enforcement.py:255}}
Feb 02 16:43:42.869545 n-d-712707-30 neutron-server[109936]: DEBUG neutron.pecan_wsgi.hooks.policy_enforcement [req-27372921-2a15-4fc5-b741-a1f79c10fdff req-2b9dc056-77b9-470a-b5c2-0f0aca00f64d service neutron] Attributes excluded by policy engine: ['standard_attr_id'] {{(pid=109936) _exclude_attributes_by_policy /opt/stack/neutron/neutron/pecan_wsgi/hooks/policy_enforcement.py:255}}
Feb 02 16:43:42.870253 n-d-712707-30 neutron-server[109936]: DEBUG neutron_lib.callbacks.manager [req-27372921-2a15-4fc5-b741-a1f79c10fdff req-2b9dc056-77b9-470a-b5c2-0f0aca00f64d service neutron] Publish callbacks ['neutron.notifiers.nova.Notifier._send_nova_notification-75520'] for port (None), before_response {{(pid=109936) _notify_loop /usr/local/lib/python3.8/dist-packages/neutron_lib/callbacks/manager.py:176}}
Feb 02 16:43:42.872113 n-d-712707-30 neutron-server[109936]: INFO neutron.wsgi [req-27372921-2a15-4fc5-b741-a1f79c10fdff req-2b9dc056-77b9-470a-b5c2-0f0aca00f64d service neutron] 10.222.0.15 "PUT /v2.0/ports/ec81ae0d-7078-41b1-b9a3-8356ad192a4d HTTP/1.1" status: 200 len: 1114 time: 0.9350474
Feb 02 16:43:42.872627 n-d-712707-30 neutron-server[109936]: DEBUG neutron.notifiers.nova [-] Sending events: [{'name': 'network-changed', 'server_uuid': '09631dc3-3669-4086-a592-abdf54dbcfaf', 'tag': 'ec81ae0d-7078-41b1-b9a3-8356ad192a4d'}] {{(pid=109936) send_events /opt/stack/neutron/neutron/notifiers/nova.py:266}}
Feb 02 16:43:42.876093 n-d-712707-30 neutron-server[109936]: DEBUG novaclient.v2.client [-] REQ: curl -g -i --cacert "/opt/stack/data/ca-bundle.pem" -X POST http://10.222.0.32/compute/v2.1/os-server-external-events -H "Accept: application/json" -H "Content-Type: application/json" -H "User-Agent: python-novaclient" -H "X-Auth-Token: {SHA256}35682ddcd9ba8758f7ee3b612ac9f3937fa9920f0f5fc0380068e225c5c00022" -H "X-OpenStack-Nova-API-Version: 2.1" -H "X-OpenStack-Request-ID: req-5f0c0bc2-04df-40b7-b6da-dd80fce4989c" -d '{"events": [{"name": "network-changed", "server_uuid": "09631dc3-3669-4086-a592-abdf54dbcfaf", "tag": "ec81ae0d-7078-41b1-b9a3-8356ad192a4d"}]}' {{(pid=109936) _http_log_request /usr/local/lib/python3.8/dist-packages/keystoneauth1/session.py:519}}
Feb 02 16:43:42.881203 n-d-712707-30 neutron-server[109936]: DEBUG neutron.wsgi [-] (109936) accepted ('10.222.0.32', 58224) {{(pid=109936) server /usr/local/lib/python3.8/dist-packages/eventlet/wsgi.py:1004}}
Feb 02 16:43:42.881343 n-d-712707-30 neutron-server[109935]: INFO neutron.wsgi [req-4fadada7-97f8-472b-b978-9fd229c34948 req-33d1de42-07c6-4dc6-be5e-8be156bb7577 tempest-ServersWithSpecificFlavorTestJSON-663860394 tempest-ServersWithSpecificFlavorTestJSON-663860394-project] 10.222.0.32 "GET /v2.0/ports?device_id=9d6d5703-e9a1-4f48-9076-6d8cd908320c HTTP/1.1" status: 200 len: 945 time: 0.0892022
Feb 02 16:43:42.886331 n-d-712707-30 neutron-server[109936]: DEBUG neutron.api.v2.base [None req-fcfc35fd-1d7e-4a88-9b25-bdf7689e73ce tempest-ServersWithSpecificFlavorTestJSON-663860394 tempest-ServersWithSpecificFlavorTestJSON-663860394-project] Request body: {'floatingip': {'port_id': 'a0ff515c-3a7a-4d86-aadd-97a488e49ab4'}} {{(pid=109936) prepare_request_body /opt/stack/neutron/neutron/api/v2/base.py:729}}
Feb 02 16:43:42.985953 n-d-712707-30 neutron-server[109936]: DEBUG neutron.api.rpc.handlers.resources_rpc [None req-2b9dc056-77b9-470a-b5c2-0f0aca00f64d service neutron] Pushing event updated for resources: {'Port': ['ID=ec81ae0d-7078-41b1-b9a3-8356ad192a4d,revision_number=3']} {{(pid=109936) push /opt/stack/neutron/neutron/api/rpc/handlers/resources_rpc.py:237}}
Feb 02 16:43:42.991327 n-d-712707-30 neutron-server[109936]: DEBUG neutron_lib.callbacks.manager [None req-fcfc35fd-1d7e-4a88-9b25-bdf7689e73ce tempest-ServersWithSpecificFlavorTestJSON-663860394 tempest-ServersWithSpecificFlavorTestJSON-663860394-project] Publish callbacks [] for floatingip (d2756dce-98a1-41ff-903a-fa3cce5cc259), before_update {{(pid=109936) _notify_loop /usr/local/lib/python3.8/dist-packages/neutron_lib/callbacks/manager.py:176}}
Feb 02 16:43:43.033473 n-d-712707-30 neutron-server[109935]: DEBUG neutron.pecan_wsgi.hooks.policy_enforcement [req-08a77525-d892-4bfa-9b53-8f2be3869196 req-fc5600ba-a246-4a31-a64a-38f20541d589 tempest-LiveMigrationTest-1794251243 tempest-LiveMigrationTest-1794251243-project] Attributes excluded by policy engine: ['standard_attr_id', 'binding:profile', 'binding:host_id', 'binding:vif_type', 'binding:vif_details'] {{(pid=109935) _exclude_attributes_by_policy /opt/stack/neutron/neutron/pecan_wsgi/hooks/policy_enforcement.py:255}}
Feb 02 16:43:43.035227 n-d-712707-30 neutron-server[109935]: INFO neutron.wsgi [req-08a77525-d892-4bfa-9b53-8f2be3869196 req-fc5600ba-a246-4a31-a64a-38f20541d589 tempest-LiveMigrationTest-1794251243 tempest-LiveMigrationTest-1794251243-project] 10.222.0.32 "GET /v2.0/ports?device_id=09631dc3-3669-4086-a592-abdf54dbcfaf HTTP/1.1" status: 200 len: 965 time: 0.0762074
Feb 02 16:43:43.036836 n-d-712707-30 neutron-server[109936]: DEBUG novaclient.v2.client [-] RESP: [200] Connection: close Content-Length: 179 Content-Type: application/json Date: Wed, 02 Feb 2022 16:43:42 GMT OpenStack-API-Version: compute 2.1 Server: Apache/2.4.41 (Ubuntu) Vary: OpenStack-API-Version,X-OpenStack-Nova-API-Version X-OpenStack-Nova-API-Version: 2.1 x-compute-request-id: req-2896ce50-4a77-4b88-ad24-ae542228e75c x-openstack-request-id: req-2896ce50-4a77-4b88-ad24-ae542228e75c {{(pid=109936) _http_log_response /usr/local/lib/python3.8/dist-packages/keystoneauth1/session.py:550}}
Feb 02 16:43:43.037124 n-d-712707-30 neutron-server[109936]: DEBUG novaclient.v2.client [-] RESP BODY: {"events": [{"name": "network-changed", "server_uuid": "09631dc3-3669-4086-a592-abdf54dbcfaf", "tag": "ec81ae0d-7078-41b1-b9a3-8356ad192a4d", "status": "completed", "code": 200}]} {{(pid=109936) _http_log_response /usr/local/lib/python3.8/dist-packages/keystoneauth1/session.py:582}}
