Jan 21 21:22:59.131562 n-d-712707-28 devstack@placement-api.service[104272]: DEBUG placement.requestlog [None req-5449d3f2-6f8c-4ed5-aeed-bda2a8b3e404 None None] Starting request: 10.222.0.121 "GET /placement/" {{(pid=104272) __call__ /opt/stack/placement/placement/requestlog.py:55}}
Jan 21 21:22:59.132763 n-d-712707-28 devstack@placement-api.service[104272]: INFO placement.requestlog [None req-5449d3f2-6f8c-4ed5-aeed-bda2a8b3e404 None None] 10.222.0.121 "GET /placement/" status: 200 len: 136 microversion: 1.0
Jan 21 21:22:59.133085 n-d-712707-28 devstack@placement-api.service[104272]: [pid: 104272|app: 0|req: 357/713] 10.222.0.121 () {54 vars in 912 bytes} [Fri Jan 21 21:22:59 2022] GET /placement => generated 136 bytes in 2 msecs (HTTP/1.1 200) 6 headers in 224 bytes (1 switches on core 0)
Jan 21 21:22:59.150938 n-d-712707-28 devstack@placement-api.service[104273]: DEBUG placement.requestlog [req-fae89b7f-c921-4610-91cd-1a6a40f24a56 req-e1835651-e8bf-4354-8169-90ff9bc57c7c None None] Starting request: 10.222.0.121 "DELETE /placement/allocations/a921cdd5-b8ba-4e0c-be76-04a868a13557" {{(pid=104273) __call__ /opt/stack/placement/placement/requestlog.py:55}}
Jan 21 21:22:59.283144 n-d-712707-28 devstack@placement-api.service[104272]: DEBUG placement.requestlog [req-14f48180-1bcd-4861-b543-2b3deaff40f2 req-f177ea51-4ee4-4c81-9ce7-9cd82bc34dbf None None] Starting request: 10.222.0.121 "DELETE /placement/allocations/a921cdd5-b8ba-4e0c-be76-04a868a13557" {{(pid=104272) __call__ /opt/stack/placement/placement/requestlog.py:55}}
Jan 21 21:22:59.549077 n-d-712707-28 devstack@placement-api.service[104273]: DEBUG placement.handlers.allocation [req-fae89b7f-c921-4610-91cd-1a6a40f24a56 req-e1835651-e8bf-4354-8169-90ff9bc57c7c service placement] Successfully deleted allocations [, , ] {{(pid=104273) delete_allocations /opt/stack/placement/placement/handlers/allocation.py:627}}
Jan 21 21:22:59.550536 n-d-712707-28 devstack@placement-api.service[104272]: DEBUG placement.handlers.allocation [req-14f48180-1bcd-4861-b543-2b3deaff40f2 req-f177ea51-4ee4-4c81-9ce7-9cd82bc34dbf service placement] Successfully deleted allocations [, , ] {{(pid=104272) delete_allocations /opt/stack/placement/placement/handlers/allocation.py:627}}
Jan 21 21:22:59.550828 n-d-712707-28 devstack@placement-api.service[104273]: INFO placement.requestlog [req-fae89b7f-c921-4610-91cd-1a6a40f24a56 req-e1835651-e8bf-4354-8169-90ff9bc57c7c service placement] 10.222.0.121 "DELETE /placement/allocations/a921cdd5-b8ba-4e0c-be76-04a868a13557" status: 204 len: 0 microversion: 1.0
Jan 21 21:22:59.552251 n-d-712707-28 devstack@placement-api.service[104273]: [pid: 104273|app: 0|req: 357/714] 10.222.0.121 () {60 vars in 1354 bytes} [Fri Jan 21 21:22:59 2022] DELETE /placement/allocations/a921cdd5-b8ba-4e0c-be76-04a868a13557 => generated 0 bytes in 402 msecs (HTTP/1.1 204) 5 headers in 198 bytes (1 switches on core 0)
Jan 21 21:22:59.552524 n-d-712707-28 devstack@placement-api.service[104272]: INFO placement.requestlog [req-14f48180-1bcd-4861-b543-2b3deaff40f2 req-f177ea51-4ee4-4c81-9ce7-9cd82bc34dbf service placement] 10.222.0.121 "DELETE /placement/allocations/a921cdd5-b8ba-4e0c-be76-04a868a13557" status: 204 len: 0 microversion: 1.0
Jan 21 21:22:59.553416 n-d-712707-28 devstack@placement-api.service[104272]: [pid: 104272|app: 0|req: 358/715] 10.222.0.121 () {60 vars in 1363 bytes} [Fri Jan 21 21:22:59 2022] DELETE /placement/allocations/a921cdd5-b8ba-4e0c-be76-04a868a13557 => generated 0 bytes in 271 msecs (HTTP/1.1 204) 5 headers in 198 bytes (2 switches on core 0)
Jan 21 21:23:01.052423 n-d-712707-28 devstack@placement-api.service[104273]: DEBUG placement.requestlog [req-41b6a061-1282-4343-a132-840f4ed4e923 req-c963ec44-99cc-4bbc-9ff5-485372392d55 None None] Starting request: 10.222.0.113 "DELETE /placement/allocations/78d257cd-2624-447a-a70e-c8507ad626d1" {{(pid=104273) __call__ /opt/stack/placement/placement/requestlog.py:55}}
Jan 21 21:23:01.275727 n-d-712707-28 devstack@placement-api.service[104273]: DEBUG placement.handlers.allocation [req-41b6a061-1282-4343-a132-840f4ed4e923 req-c963ec44-99cc-4bbc-9ff5-485372392d55 service placement] Successfully deleted allocations [, , ] {{(pid=104273) delete_allocations /opt/stack/placement/placement/handlers/allocation.py:627}}
Jan 21 21:23:01.276278 n-d-712707-28 devstack@placement-api.service[104273]: INFO placement.requestlog [req-41b6a061-1282-4343-a132-840f4ed4e923 req-c963ec44-99cc-4bbc-9ff5-485372392d55 service placement] 10.222.0.113 "DELETE /placement/allocations/78d257cd-2624-447a-a70e-c8507ad626d1" status: 204 len: 0 microversion: 1.0
Jan 21 21:23:01.276643 n-d-712707-28 devstack@placement-api.service[104273]: [pid: 104273|app: 0|req: 358/716] 10.222.0.113 () {60 vars in 1360 bytes} [Fri Jan 21 21:23:01 2022] DELETE /placement/allocations/78d257cd-2624-447a-a70e-c8507ad626d1 => generated 0 bytes in 225 msecs (HTTP/1.1 204) 5 headers in 198 bytes (2 switches on core 0)
Jan 21 21:23:01.598263 n-d-712707-28 devstack@placement-api.service[104272]: DEBUG placement.requestlog [req-8c481a6e-71e8-495e-8b07-9c69670b8ea0 req-bf8a8e5d-139f-4a57-9348-a1b393d28e71 None None] Starting request: 10.222.0.121 "GET /placement/allocation_candidates?limit=1000&resources=DISK_GB%3A1%2CMEMORY_MB%3A1024%2CVCPU%3A1&root_required=%21COMPUTE_STATUS_DISABLED" {{(pid=104272) __call__ /opt/stack/placement/placement/requestlog.py:55}}
Jan 21 21:23:01.683298 n-d-712707-28 devstack@placement-api.service[104272]: DEBUG placement.objects.research_context [req-8c481a6e-71e8-495e-8b07-9c69670b8ea0 req-bf8a8e5d-139f-4a57-9348-a1b393d28e71 service placement] getting providers with 1 DISK_GB {{(pid=104272) __init__ /opt/stack/placement/placement/objects/research_context.py:126}}
Jan 21 21:23:01.716536 n-d-712707-28 devstack@placement-api.service[104272]: DEBUG placement.objects.research_context [req-8c481a6e-71e8-495e-8b07-9c69670b8ea0 req-bf8a8e5d-139f-4a57-9348-a1b393d28e71 service placement] getting providers with 1024 MEMORY_MB {{(pid=104272) __init__ /opt/stack/placement/placement/objects/research_context.py:126}}
Jan 21 21:23:01.743531 n-d-712707-28 devstack@placement-api.service[104272]: DEBUG placement.objects.research_context [req-8c481a6e-71e8-495e-8b07-9c69670b8ea0 req-bf8a8e5d-139f-4a57-9348-a1b393d28e71 service placement] getting providers with 1 VCPU {{(pid=104272) __init__ /opt/stack/placement/placement/objects/research_context.py:126}}
Jan 21 21:23:01.755265 n-d-712707-28 devstack@placement-api.service[104272]: DEBUG placement.objects.research_context [req-8c481a6e-71e8-495e-8b07-9c69670b8ea0 req-bf8a8e5d-139f-4a57-9348-a1b393d28e71 service placement] found 2 providers with available 1 DISK_GB {{(pid=104272) get_provider_ids_matching /opt/stack/placement/placement/objects/research_context.py:549}}
Jan 21 21:23:01.755482 n-d-712707-28 devstack@placement-api.service[104272]: DEBUG placement.objects.research_context [req-8c481a6e-71e8-495e-8b07-9c69670b8ea0 req-bf8a8e5d-139f-4a57-9348-a1b393d28e71 service placement] found 2 providers with available 1024 MEMORY_MB {{(pid=104272) get_provider_ids_matching /opt/stack/placement/placement/objects/research_context.py:549}}
Jan 21 21:23:01.755710 n-d-712707-28 devstack@placement-api.service[104272]: DEBUG placement.objects.research_context [req-8c481a6e-71e8-495e-8b07-9c69670b8ea0 req-bf8a8e5d-139f-4a57-9348-a1b393d28e71 service placement] found 2 providers after filtering by previous result {{(pid=104272) get_provider_ids_matching /opt/stack/placement/placement/objects/research_context.py:580}}
Jan 21 21:23:01.756161 n-d-712707-28 devstack@placement-api.service[104272]: DEBUG placement.objects.research_context [req-8c481a6e-71e8-495e-8b07-9c69670b8ea0 req-bf8a8e5d-139f-4a57-9348-a1b393d28e71 service placement] found 2 providers with available 1 VCPU {{(pid=104272) get_provider_ids_matching /opt/stack/placement/placement/objects/research_context.py:549}}
Jan 21 21:23:01.756687 n-d-712707-28 devstack@placement-api.service[104272]: DEBUG placement.objects.research_context [req-8c481a6e-71e8-495e-8b07-9c69670b8ea0 req-bf8a8e5d-139f-4a57-9348-a1b393d28e71 service placement] found 2 providers after filtering by previous result {{(pid=104272) get_provider_ids_matching /opt/stack/placement/placement/objects/research_context.py:580}}
Jan 21 21:23:01.779343 n-d-712707-28 devstack@placement-api.service[104272]: DEBUG placement.objects.allocation_candidate [req-8c481a6e-71e8-495e-8b07-9c69670b8ea0 req-bf8a8e5d-139f-4a57-9348-a1b393d28e71 service placement] RequestGroup(use_same_provider=False, resources={DISK_GB:1, MEMORY_MB:1024, VCPU:1}, traits=[], aggregates=[]) (suffix '') returned 2 matches {{(pid=104272) _get_by_requests /opt/stack/placement/placement/objects/allocation_candidate.py:145}}
Jan 21 21:23:01.779715 n-d-712707-28 devstack@placement-api.service[104272]: DEBUG placement.objects.allocation_candidate [req-8c481a6e-71e8-495e-8b07-9c69670b8ea0 req-bf8a8e5d-139f-4a57-9348-a1b393d28e71 service placement] Merging candidates yields 2 allocation requests and 2 provider summaries {{(pid=104272) _merge_candidates /opt/stack/placement/placement/objects/allocation_candidate.py:783}}
Jan 21 21:23:01.785716 n-d-712707-28 devstack@placement-api.service[104272]: INFO placement.requestlog [req-8c481a6e-71e8-495e-8b07-9c69670b8ea0 req-bf8a8e5d-139f-4a57-9348-a1b393d28e71 service placement] 10.222.0.121 "GET /placement/allocation_candidates?limit=1000&resources=DISK_GB%3A1%2CMEMORY_MB%3A1024%2CVCPU%3A1&root_required=%21COMPUTE_STATUS_DISABLED" status: 200 len: 1309 microversion: 1.36
Jan 21 21:23:01.786704 n-d-712707-28 devstack@placement-api.service[104272]: [pid: 104272|app: 0|req: 359/717] 10.222.0.121 () {60 vars in 1511 bytes} [Fri Jan 21 21:23:01 2022] GET /placement/allocation_candidates?limit=1000&resources=DISK_GB%3A1%2CMEMORY_MB%3A1024%2CVCPU%3A1&root_required=%21COMPUTE_STATUS_DISABLED => generated 1309 bytes in 190 msecs (HTTP/1.1 200) 8 headers in 297 bytes (1 switches on core 0)
Jan 21 21:23:01.944787 n-d-712707-28 devstack@placement-api.service[104273]: DEBUG placement.requestlog [req-8c481a6e-71e8-495e-8b07-9c69670b8ea0 req-815231e9-66e0-4175-9a09-db3c91cd0ba0 None None] Starting request: 10.222.0.121 "GET /placement/allocations/e64cc867-562e-40e5-823d-93ed23cf68e2" {{(pid=104273) __call__ /opt/stack/placement/placement/requestlog.py:55}}
Jan 21 21:23:01.957826 n-d-712707-28 devstack@placement-api.service[104273]: INFO placement.requestlog [req-8c481a6e-71e8-495e-8b07-9c69670b8ea0 req-815231e9-66e0-4175-9a09-db3c91cd0ba0 service placement] 10.222.0.121 "GET /placement/allocations/e64cc867-562e-40e5-823d-93ed23cf68e2" status: 200 len: 19 microversion: 1.28
Jan 21 21:23:01.962878 n-d-712707-28 devstack@placement-api.service[104273]: [pid: 104273|app: 0|req: 359/718] 10.222.0.121 () {60 vars in 1385 bytes} [Fri Jan 21 21:23:01 2022] GET /placement/allocations/e64cc867-562e-40e5-823d-93ed23cf68e2 => generated 19 bytes in 18 msecs (HTTP/1.1 200) 8 headers in 295 bytes (1 switches on core 0)
Jan 21 21:23:01.966303 n-d-712707-28 devstack@placement-api.service[104272]: DEBUG placement.requestlog [req-8c481a6e-71e8-495e-8b07-9c69670b8ea0 req-e2538b73-0bf8-4b7f-aa37-c5f5b2560947 None None] Starting request: 10.222.0.121 "PUT /placement/allocations/e64cc867-562e-40e5-823d-93ed23cf68e2" {{(pid=104272) __call__ /opt/stack/placement/placement/requestlog.py:55}}
Jan 21 21:23:02.288609 n-d-712707-28 devstack@placement-api.service[104272]: DEBUG placement.handlers.allocation [req-8c481a6e-71e8-495e-8b07-9c69670b8ea0 req-e2538b73-0bf8-4b7f-aa37-c5f5b2560947 service placement] Successfully wrote allocations [, , ] {{(pid=104272) _update_consumers_and_create_allocations /opt/stack/placement/placement/handlers/allocation.py:462}}
Jan 21 21:23:02.374913 n-d-712707-28 devstack@placement-api.service[104272]: INFO placement.requestlog [req-8c481a6e-71e8-495e-8b07-9c69670b8ea0 req-e2538b73-0bf8-4b7f-aa37-c5f5b2560947 service placement] 10.222.0.121 "PUT /placement/allocations/e64cc867-562e-40e5-823d-93ed23cf68e2" status: 204 len: 0 microversion: 1.36
Jan 21 21:23:02.375978 n-d-712707-28 devstack@placement-api.service[104272]: [pid: 104272|app: 0|req: 360/719] 10.222.0.121 () {64 vars in 1438 bytes} [Fri Jan 21 21:23:01 2022] PUT /placement/allocations/e64cc867-562e-40e5-823d-93ed23cf68e2 => generated 0 bytes in 410 msecs (HTTP/1.1 204) 5 headers in 199 bytes (1 switches on core 0)
Jan 21 21:23:03.630111 n-d-712707-28 devstack@placement-api.service[104273]: DEBUG placement.requestlog [req-8c481a6e-71e8-495e-8b07-9c69670b8ea0 req-9751f23b-30ad-426d-9319-769abadde803 None None] Starting request: 10.222.0.113 "GET /placement/allocations/e64cc867-562e-40e5-823d-93ed23cf68e2" {{(pid=104273) __call__ /opt/stack/placement/placement/requestlog.py:55}}
Jan 21 21:23:03.654222 n-d-712707-28 devstack@placement-api.service[104273]: INFO placement.requestlog [req-8c481a6e-71e8-495e-8b07-9c69670b8ea0 req-9751f23b-30ad-426d-9319-769abadde803 service placement] 10.222.0.113 "GET /placement/allocations/e64cc867-562e-40e5-823d-93ed23cf68e2" status: 200 len: 259 microversion: 1.28
Jan 21 21:23:03.657784 n-d-712707-28 devstack@placement-api.service[104273]: [pid: 104273|app: 0|req: 360/720] 10.222.0.113 () {60 vars in 1382 bytes} [Fri Jan 21 21:23:03 2022] GET /placement/allocations/e64cc867-562e-40e5-823d-93ed23cf68e2 => generated 259 bytes in 28 msecs (HTTP/1.1 200) 8 headers in 296 bytes (1 switches on core 0)
Jan 21 21:23:12.664299 n-d-712707-28 devstack@placement-api.service[104272]: DEBUG placement.requestlog [req-31c9a412-f9c9-46a2-9860-9ee5c0b8bf53 req-13628d7c-c9d3-4e7f-9f12-7a77a0c146c1 None None] Starting request: 10.222.0.121 "GET /placement/allocation_candidates?limit=1000&resources=DISK_GB%3A1%2CMEMORY_MB%3A1024%2CVCPU%3A1&root_required=%21COMPUTE_STATUS_DISABLED" {{(pid=104272) __call__ /opt/stack/placement/placement/requestlog.py:55}}
Jan 21 21:23:12.767542 n-d-712707-28 devstack@placement-api.service[104272]: DEBUG placement.objects.research_context [req-31c9a412-f9c9-46a2-9860-9ee5c0b8bf53 req-13628d7c-c9d3-4e7f-9f12-7a77a0c146c1 service placement] getting providers with 1 DISK_GB {{(pid=104272) __init__ /opt/stack/placement/placement/objects/research_context.py:126}}
Jan 21 21:23:12.801339 n-d-712707-28 devstack@placement-api.service[104272]: DEBUG placement.objects.research_context [req-31c9a412-f9c9-46a2-9860-9ee5c0b8bf53 req-13628d7c-c9d3-4e7f-9f12-7a77a0c146c1 service placement] getting providers with 1024 MEMORY_MB {{(pid=104272) __init__ /opt/stack/placement/placement/objects/research_context.py:126}}
Jan 21 21:23:12.809233 n-d-712707-28 devstack@placement-api.service[104272]: DEBUG placement.objects.research_context [req-31c9a412-f9c9-46a2-9860-9ee5c0b8bf53 req-13628d7c-c9d3-4e7f-9f12-7a77a0c146c1 service placement] getting providers with 1 VCPU {{(pid=104272) __init__ /opt/stack/placement/placement/objects/research_context.py:126}}
Jan 21 21:23:12.823802 n-d-712707-28 devstack@placement-api.service[104272]: DEBUG placement.objects.research_context [req-31c9a412-f9c9-46a2-9860-9ee5c0b8bf53 req-13628d7c-c9d3-4e7f-9f12-7a77a0c146c1 service placement] found 2 providers with available 1 DISK_GB {{(pid=104272) get_provider_ids_matching /opt/stack/placement/placement/objects/research_context.py:549}}
Jan 21 21:23:12.824378 n-d-712707-28 devstack@placement-api.service[104272]: DEBUG placement.objects.research_context [req-31c9a412-f9c9-46a2-9860-9ee5c0b8bf53 req-13628d7c-c9d3-4e7f-9f12-7a77a0c146c1 service placement] found 2 providers with available 1024 MEMORY_MB {{(pid=104272) get_provider_ids_matching /opt/stack/placement/placement/objects/research_context.py:549}}
Jan 21 21:23:12.825604 n-d-712707-28 devstack@placement-api.service[104272]: DEBUG placement.objects.research_context [req-31c9a412-f9c9-46a2-9860-9ee5c0b8bf53 req-13628d7c-c9d3-4e7f-9f12-7a77a0c146c1 service placement] found 2 providers after filtering by previous result {{(pid=104272) get_provider_ids_matching /opt/stack/placement/placement/objects/research_context.py:580}}
Jan 21 21:23:12.825857 n-d-712707-28 devstack@placement-api.service[104272]: DEBUG placement.objects.research_context [req-31c9a412-f9c9-46a2-9860-9ee5c0b8bf53 req-13628d7c-c9d3-4e7f-9f12-7a77a0c146c1 service placement] found 2 providers with available 1 VCPU {{(pid=104272) get_provider_ids_matching /opt/stack/placement/placement/objects/research_context.py:549}}
Jan 21 21:23:12.826316 n-d-712707-28 devstack@placement-api.service[104272]: DEBUG placement.objects.research_context [req-31c9a412-f9c9-46a2-9860-9ee5c0b8bf53 req-13628d7c-c9d3-4e7f-9f12-7a77a0c146c1 service placement] found 2 providers after filtering by previous result {{(pid=104272) get_provider_ids_matching /opt/stack/placement/placement/objects/research_context.py:580}}
Jan 21 21:23:12.871336 n-d-712707-28 devstack@placement-api.service[104272]: DEBUG placement.objects.allocation_candidate [req-31c9a412-f9c9-46a2-9860-9ee5c0b8bf53 req-13628d7c-c9d3-4e7f-9f12-7a77a0c146c1 service placement] RequestGroup(use_same_provider=False, resources={DISK_GB:1, MEMORY_MB:1024, VCPU:1}, traits=[], aggregates=[]) (suffix '') returned 2 matches {{(pid=104272) _get_by_requests /opt/stack/placement/placement/objects/allocation_candidate.py:145}}
Jan 21 21:23:12.872190 n-d-712707-28 devstack@placement-api.service[104272]: DEBUG placement.objects.allocation_candidate [req-31c9a412-f9c9-46a2-9860-9ee5c0b8bf53 req-13628d7c-c9d3-4e7f-9f12-7a77a0c146c1 service placement] Merging candidates yields 2 allocation requests and 2 provider summaries {{(pid=104272) _merge_candidates /opt/stack/placement/placement/objects/allocation_candidate.py:783}}
Jan 21 21:23:12.886355 n-d-712707-28 devstack@placement-api.service[104272]: INFO placement.requestlog [req-31c9a412-f9c9-46a2-9860-9ee5c0b8bf53 req-13628d7c-c9d3-4e7f-9f12-7a77a0c146c1 service placement] 10.222.0.121 "GET /placement/allocation_candidates?limit=1000&resources=DISK_GB%3A1%2CMEMORY_MB%3A1024%2CVCPU%3A1&root_required=%21COMPUTE_STATUS_DISABLED" status: 200 len: 1309 microversion: 1.36
Jan 21 21:23:12.893411 n-d-712707-28 devstack@placement-api.service[104272]: [pid: 104272|app: 0|req: 361/721] 10.222.0.121 () {60 vars in 1511 bytes} [Fri Jan 21 21:23:12 2022] GET /placement/allocation_candidates?limit=1000&resources=DISK_GB%3A1%2CMEMORY_MB%3A1024%2CVCPU%3A1&root_required=%21COMPUTE_STATUS_DISABLED => generated 1309 bytes in 229 msecs (HTTP/1.1 200) 8 headers in 297 bytes (1 switches on core 0)
Jan 21 21:23:12.985326 n-d-712707-28 devstack@placement-api.service[104273]: DEBUG placement.requestlog [req-31c9a412-f9c9-46a2-9860-9ee5c0b8bf53 req-d241f767-e6df-4d1e-9edc-83447cabcd16 None None] Starting request: 10.222.0.121 "GET /placement/allocations/5ece469a-c7b7-4423-98a2-de1319e394da" {{(pid=104273) __call__ /opt/stack/placement/placement/requestlog.py:55}}
Jan 21 21:23:13.020257 n-d-712707-28 devstack@placement-api.service[104273]: INFO placement.requestlog [req-31c9a412-f9c9-46a2-9860-9ee5c0b8bf53 req-d241f767-e6df-4d1e-9edc-83447cabcd16 service placement] 10.222.0.121 "GET /placement/allocations/5ece469a-c7b7-4423-98a2-de1319e394da" status: 200 len: 19 microversion: 1.28
Jan 21 21:23:13.021398 n-d-712707-28 devstack@placement-api.service[104273]: [pid: 104273|app: 0|req: 361/722] 10.222.0.121 () {60 vars in 1385 bytes} [Fri Jan 21 21:23:12 2022] GET /placement/allocations/5ece469a-c7b7-4423-98a2-de1319e394da => generated 19 bytes in 36 msecs (HTTP/1.1 200) 8 headers in 295 bytes (1 switches on core 0)
Jan 21 21:23:13.027346 n-d-712707-28 devstack@placement-api.service[104272]: DEBUG placement.requestlog [req-31c9a412-f9c9-46a2-9860-9ee5c0b8bf53 req-0f6e98be-12d8-41ff-927c-382fb8e4fa38 None None] Starting request: 10.222.0.121 "PUT /placement/allocations/5ece469a-c7b7-4423-98a2-de1319e394da" {{(pid=104272) __call__ /opt/stack/placement/placement/requestlog.py:55}}
Jan 21 21:23:13.413079 n-d-712707-28 devstack@placement-api.service[104272]: DEBUG placement.handlers.allocation [req-31c9a412-f9c9-46a2-9860-9ee5c0b8bf53 req-0f6e98be-12d8-41ff-927c-382fb8e4fa38 service placement] Successfully wrote allocations [, , ] {{(pid=104272) _update_consumers_and_create_allocations /opt/stack/placement/placement/handlers/allocation.py:462}}
Jan 21 21:23:13.494728 n-d-712707-28 devstack@placement-api.service[104272]: INFO placement.requestlog [req-31c9a412-f9c9-46a2-9860-9ee5c0b8bf53 req-0f6e98be-12d8-41ff-927c-382fb8e4fa38 service placement] 10.222.0.121 "PUT /placement/allocations/5ece469a-c7b7-4423-98a2-de1319e394da" status: 204 len: 0 microversion: 1.36
Jan 21 21:23:13.496122 n-d-712707-28 devstack@placement-api.service[104272]: [pid: 104272|app: 0|req: 362/723] 10.222.0.121 () {64 vars in 1438 bytes} [Fri Jan 21 21:23:13 2022] PUT /placement/allocations/5ece469a-c7b7-4423-98a2-de1319e394da => generated 0 bytes in 469 msecs (HTTP/1.1 204) 5 headers in 199 bytes (1 switches on core 0)
Jan 21 21:23:14.881573 n-d-712707-28 devstack@placement-api.service[104273]: DEBUG placement.requestlog [req-31c9a412-f9c9-46a2-9860-9ee5c0b8bf53 req-37cb756a-5868-4e9d-aff2-38848a549afd None None] Starting request: 10.222.0.87 "GET /placement/allocations/5ece469a-c7b7-4423-98a2-de1319e394da" {{(pid=104273) __call__ /opt/stack/placement/placement/requestlog.py:55}}
Jan 21 21:23:14.911890 n-d-712707-28 devstack@placement-api.service[104273]: INFO placement.requestlog [req-31c9a412-f9c9-46a2-9860-9ee5c0b8bf53 req-37cb756a-5868-4e9d-aff2-38848a549afd service placement] 10.222.0.87 "GET /placement/allocations/5ece469a-c7b7-4423-98a2-de1319e394da" status: 200 len: 259 microversion: 1.28
Jan 21 21:23:14.912274 n-d-712707-28 devstack@placement-api.service[104273]: [pid: 104273|app: 0|req: 362/724] 10.222.0.87 () {60 vars in 1381 bytes} [Fri Jan 21 21:23:14 2022] GET /placement/allocations/5ece469a-c7b7-4423-98a2-de1319e394da => generated 259 bytes in 31 msecs (HTTP/1.1 200) 8 headers in 296 bytes (1 switches on core 0)
Jan 21 21:23:31.004485 n-d-712707-28 devstack@placement-api.service[104272]: DEBUG placement.requestlog [req-0d910544-88b8-4c72-ae07-c02d351182c9 req-83fbb19e-d3dc-4a76-a065-a923270827e2 None None] Starting request: 10.222.0.113 "DELETE /placement/allocations/e64cc867-562e-40e5-823d-93ed23cf68e2" {{(pid=104272) __call__ /opt/stack/placement/placement/requestlog.py:55}}
Jan 21 21:23:31.335848 n-d-712707-28 devstack@placement-api.service[104272]: DEBUG placement.handlers.allocation [req-0d910544-88b8-4c72-ae07-c02d351182c9 req-83fbb19e-d3dc-4a76-a065-a923270827e2 service placement] Successfully deleted allocations [, , ] {{(pid=104272) delete_allocations /opt/stack/placement/placement/handlers/allocation.py:627}}
Jan 21 21:23:31.336462 n-d-712707-28 devstack@placement-api.service[104272]: INFO placement.requestlog [req-0d910544-88b8-4c72-ae07-c02d351182c9 req-83fbb19e-d3dc-4a76-a065-a923270827e2 service placement] 10.222.0.113 "DELETE /placement/allocations/e64cc867-562e-40e5-823d-93ed23cf68e2" status: 204 len: 0 microversion: 1.0
Jan 21 21:23:31.337538 n-d-712707-28 devstack@placement-api.service[104272]: [pid: 104272|app: 0|req: 363/725] 10.222.0.113 () {60 vars in 1360 bytes} [Fri Jan 21 21:23:31 2022] DELETE /placement/allocations/e64cc867-562e-40e5-823d-93ed23cf68e2 => generated 0 bytes in 335 msecs (HTTP/1.1 204) 5 headers in 198 bytes (2 switches on core 0)
Jan 21 21:23:33.687720 n-d-712707-28 devstack@placement-api.service[104273]: DEBUG placement.requestlog [req-0b1a87b3-301a-465e-9d27-24bb52839922 req-bfb92ecb-f7b9-4c44-9b4d-f72733b950a8 None None] Starting request: 10.222.0.121 "GET /placement/allocation_candidates?limit=1000&resources=DISK_GB%3A1%2CMEMORY_MB%3A1024%2CVCPU%3A1&root_required=%21COMPUTE_STATUS_DISABLED" {{(pid=104273) __call__ /opt/stack/placement/placement/requestlog.py:55}}
Jan 21 21:23:33.750647 n-d-712707-28 devstack@placement-api.service[104273]: DEBUG placement.objects.research_context [req-0b1a87b3-301a-465e-9d27-24bb52839922 req-bfb92ecb-f7b9-4c44-9b4d-f72733b950a8 service placement] getting providers with 1 DISK_GB {{(pid=104273) __init__ /opt/stack/placement/placement/objects/research_context.py:126}}
Jan 21 21:23:33.778016 n-d-712707-28 devstack@placement-api.service[104272]: DEBUG placement.requestlog [req-905d86ad-bdaa-4708-8aad-e75a4064ae49 req-25561847-87df-4812-b595-a27dd9239678 None None] Starting request: 10.222.0.87 "GET /placement/resource_providers/0eee09dd-be4b-4737-9e47-5dd347a9b78c/allocations" {{(pid=104272) __call__ /opt/stack/placement/placement/requestlog.py:55}}
Jan 21 21:23:33.793795 n-d-712707-28 devstack@placement-api.service[104273]: DEBUG placement.objects.research_context [req-0b1a87b3-301a-465e-9d27-24bb52839922 req-bfb92ecb-f7b9-4c44-9b4d-f72733b950a8 service placement] getting providers with 1024 MEMORY_MB {{(pid=104273) __init__ /opt/stack/placement/placement/objects/research_context.py:126}}
Jan 21 21:23:33.806865 n-d-712707-28 devstack@placement-api.service[104273]: DEBUG placement.objects.research_context [req-0b1a87b3-301a-465e-9d27-24bb52839922 req-bfb92ecb-f7b9-4c44-9b4d-f72733b950a8 service placement] getting providers with 1 VCPU {{(pid=104273) __init__ /opt/stack/placement/placement/objects/research_context.py:126}}
Jan 21 21:23:33.818332 n-d-712707-28 devstack@placement-api.service[104272]: INFO placement.requestlog [req-905d86ad-bdaa-4708-8aad-e75a4064ae49 req-25561847-87df-4812-b595-a27dd9239678 service placement] 10.222.0.87 "GET /placement/resource_providers/0eee09dd-be4b-4737-9e47-5dd347a9b78c/allocations" status: 200 len: 659 microversion: 1.0
Jan 21 21:23:33.819719 n-d-712707-28 devstack@placement-api.service[104273]: DEBUG placement.objects.research_context [req-0b1a87b3-301a-465e-9d27-24bb52839922 req-bfb92ecb-f7b9-4c44-9b4d-f72733b950a8 service placement] found 2 providers with available 1 DISK_GB {{(pid=104273) get_provider_ids_matching /opt/stack/placement/placement/objects/research_context.py:549}}
Jan 21 21:23:33.819928 n-d-712707-28 devstack@placement-api.service[104273]: DEBUG placement.objects.research_context [req-0b1a87b3-301a-465e-9d27-24bb52839922 req-bfb92ecb-f7b9-4c44-9b4d-f72733b950a8 service placement] found 2 providers with available 1024 MEMORY_MB {{(pid=104273) get_provider_ids_matching /opt/stack/placement/placement/objects/research_context.py:549}}
Jan 21 21:23:33.821791 n-d-712707-28 devstack@placement-api.service[104273]: DEBUG placement.objects.research_context [req-0b1a87b3-301a-465e-9d27-24bb52839922 req-bfb92ecb-f7b9-4c44-9b4d-f72733b950a8 service placement] found 2 providers after filtering by previous result {{(pid=104273) get_provider_ids_matching /opt/stack/placement/placement/objects/research_context.py:580}}
Jan 21 21:23:33.821791 n-d-712707-28 devstack@placement-api.service[104273]: DEBUG placement.objects.research_context [req-0b1a87b3-301a-465e-9d27-24bb52839922 req-bfb92ecb-f7b9-4c44-9b4d-f72733b950a8 service placement] found 2 providers with available 1 VCPU {{(pid=104273) get_provider_ids_matching /opt/stack/placement/placement/objects/research_context.py:549}}
Jan 21 21:23:33.821973 n-d-712707-28 devstack@placement-api.service[104273]: DEBUG placement.objects.research_context [req-0b1a87b3-301a-465e-9d27-24bb52839922 req-bfb92ecb-f7b9-4c44-9b4d-f72733b950a8 service placement] found 2 providers after filtering by previous result {{(pid=104273) get_provider_ids_matching /opt/stack/placement/placement/objects/research_context.py:580}}
Jan 21 21:23:33.824645 n-d-712707-28 devstack@placement-api.service[104272]: [pid: 104272|app: 0|req: 364/726] 10.222.0.87 () {58 vars in 1394 bytes} [Fri Jan 21 21:23:33 2022] GET /placement/resource_providers/0eee09dd-be4b-4737-9e47-5dd347a9b78c/allocations => generated 659 bytes in 44 msecs (HTTP/1.1 200) 6 headers in 224 bytes (1 switches on core 0)
Jan 21 21:23:33.839320 n-d-712707-28 devstack@placement-api.service[104273]: DEBUG placement.objects.allocation_candidate [req-0b1a87b3-301a-465e-9d27-24bb52839922 req-bfb92ecb-f7b9-4c44-9b4d-f72733b950a8 service placement] RequestGroup(use_same_provider=False, resources={DISK_GB:1, MEMORY_MB:1024, VCPU:1}, traits=[], aggregates=[]) (suffix '') returned 2 matches {{(pid=104273) _get_by_requests /opt/stack/placement/placement/objects/allocation_candidate.py:145}}
Jan 21 21:23:33.839921 n-d-712707-28 devstack@placement-api.service[104273]: DEBUG placement.objects.allocation_candidate [req-0b1a87b3-301a-465e-9d27-24bb52839922 req-bfb92ecb-f7b9-4c44-9b4d-f72733b950a8 service placement] Merging candidates yields 2 allocation requests and 2 provider summaries {{(pid=104273) _merge_candidates /opt/stack/placement/placement/objects/allocation_candidate.py:783}}
Jan 21 21:23:33.841919 n-d-712707-28 devstack@placement-api.service[104273]: INFO placement.requestlog [req-0b1a87b3-301a-465e-9d27-24bb52839922 req-bfb92ecb-f7b9-4c44-9b4d-f72733b950a8 service placement] 10.222.0.121 "GET /placement/allocation_candidates?limit=1000&resources=DISK_GB%3A1%2CMEMORY_MB%3A1024%2CVCPU%3A1&root_required=%21COMPUTE_STATUS_DISABLED" status: 200 len: 1309 microversion: 1.36
Jan 21 21:23:33.842836 n-d-712707-28 devstack@placement-api.service[104273]: [pid: 104273|app: 0|req: 363/727] 10.222.0.121 () {60 vars in 1511 bytes} [Fri Jan 21 21:23:33 2022] GET /placement/allocation_candidates?limit=1000&resources=DISK_GB%3A1%2CMEMORY_MB%3A1024%2CVCPU%3A1&root_required=%21COMPUTE_STATUS_DISABLED => generated 1309 bytes in 155 msecs (HTTP/1.1 200) 8 headers in 297 bytes (1 switches on core 0)
Jan 21 21:23:33.912797 n-d-712707-28 devstack@placement-api.service[104272]: DEBUG placement.requestlog [req-0b1a87b3-301a-465e-9d27-24bb52839922 req-2b64819d-9cec-4e19-b5ea-c9514c5707cc None None] Starting request: 10.222.0.121 "GET /placement/allocations/7a801123-5076-47f5-baf7-9add76ad1f0b" {{(pid=104272) __call__ /opt/stack/placement/placement/requestlog.py:55}}
Jan 21 21:23:33.932884 n-d-712707-28 devstack@placement-api.service[104272]: INFO placement.requestlog [req-0b1a87b3-301a-465e-9d27-24bb52839922 req-2b64819d-9cec-4e19-b5ea-c9514c5707cc service placement] 10.222.0.121 "GET /placement/allocations/7a801123-5076-47f5-baf7-9add76ad1f0b" status: 200 len: 19 microversion: 1.28
Jan 21 21:23:33.933456 n-d-712707-28 devstack@placement-api.service[104272]: [pid: 104272|app: 0|req: 365/728] 10.222.0.121 () {60 vars in 1385 bytes} [Fri Jan 21 21:23:33 2022] GET /placement/allocations/7a801123-5076-47f5-baf7-9add76ad1f0b => generated 19 bytes in 22 msecs (HTTP/1.1 200) 8 headers in 295 bytes (1 switches on core 0)
Jan 21 21:23:33.940024 n-d-712707-28 devstack@placement-api.service[104273]: DEBUG placement.requestlog [req-0b1a87b3-301a-465e-9d27-24bb52839922 req-5b97151b-2009-46c2-9ae8-934414d904f0 None None] Starting request: 10.222.0.121 "PUT /placement/allocations/7a801123-5076-47f5-baf7-9add76ad1f0b" {{(pid=104273) __call__ /opt/stack/placement/placement/requestlog.py:55}}
Jan 21 21:23:34.311080 n-d-712707-28 devstack@placement-api.service[104272]: DEBUG placement.requestlog [req-d698df41-f71b-4c2a-b4e2-1d69517e5cd0 req-05f362bb-63bf-4325-a969-9dbf25ce3953 None None] Starting request: 10.222.0.121 "GET /placement/allocation_candidates?limit=1000&resources=DISK_GB%3A1%2CMEMORY_MB%3A1024%2CVCPU%3A1&root_required=%21COMPUTE_STATUS_DISABLED" {{(pid=104272) __call__ /opt/stack/placement/placement/requestlog.py:55}}
Jan 21 21:23:34.415013 n-d-712707-28 devstack@placement-api.service[104273]: DEBUG placement.handlers.allocation [req-0b1a87b3-301a-465e-9d27-24bb52839922 req-5b97151b-2009-46c2-9ae8-934414d904f0 service placement] Successfully wrote allocations [, , ] {{(pid=104273) _update_consumers_and_create_allocations /opt/stack/placement/placement/handlers/allocation.py:462}}
Jan 21 21:23:34.494044 n-d-712707-28 devstack@placement-api.service[104273]: INFO placement.requestlog [req-0b1a87b3-301a-465e-9d27-24bb52839922 req-5b97151b-2009-46c2-9ae8-934414d904f0 service placement] 10.222.0.121 "PUT /placement/allocations/7a801123-5076-47f5-baf7-9add76ad1f0b" status: 204 len: 0 microversion: 1.36
Jan 21 21:23:34.494819 n-d-712707-28 devstack@placement-api.service[104273]: [pid: 104273|app: 0|req: 364/729] 10.222.0.121 () {64 vars in 1438 bytes} [Fri Jan 21 21:23:33 2022] PUT /placement/allocations/7a801123-5076-47f5-baf7-9add76ad1f0b => generated 0 bytes in 556 msecs (HTTP/1.1 204) 5 headers in 199 bytes (1 switches on core 0)
Jan 21 21:23:34.521483 n-d-712707-28 devstack@placement-api.service[104272]: DEBUG placement.objects.research_context [req-d698df41-f71b-4c2a-b4e2-1d69517e5cd0 req-05f362bb-63bf-4325-a969-9dbf25ce3953 service placement] getting providers with 1 DISK_GB {{(pid=104272) __init__ /opt/stack/placement/placement/objects/research_context.py:126}}
Jan 21 21:23:34.543006 n-d-712707-28 devstack@placement-api.service[104272]: DEBUG placement.objects.research_context [req-d698df41-f71b-4c2a-b4e2-1d69517e5cd0 req-05f362bb-63bf-4325-a969-9dbf25ce3953 service placement] getting providers with 1024 MEMORY_MB {{(pid=104272) __init__ /opt/stack/placement/placement/objects/research_context.py:126}}
Jan 21 21:23:34.570013 n-d-712707-28 devstack@placement-api.service[104272]: DEBUG placement.objects.research_context [req-d698df41-f71b-4c2a-b4e2-1d69517e5cd0 req-05f362bb-63bf-4325-a969-9dbf25ce3953 service placement] getting providers with 1 VCPU {{(pid=104272) __init__ /opt/stack/placement/placement/objects/research_context.py:126}}
Jan 21 21:23:34.606826 n-d-712707-28 devstack@placement-api.service[104272]: DEBUG placement.objects.research_context [req-d698df41-f71b-4c2a-b4e2-1d69517e5cd0 req-05f362bb-63bf-4325-a969-9dbf25ce3953 service placement] found 2 providers with available 1 DISK_GB {{(pid=104272) get_provider_ids_matching /opt/stack/placement/placement/objects/research_context.py:549}}
Jan 21 21:23:34.607274 n-d-712707-28 devstack@placement-api.service[104272]: DEBUG placement.objects.research_context [req-d698df41-f71b-4c2a-b4e2-1d69517e5cd0 req-05f362bb-63bf-4325-a969-9dbf25ce3953 service placement] found 2 providers with available 1024 MEMORY_MB {{(pid=104272) get_provider_ids_matching /opt/stack/placement/placement/objects/research_context.py:549}}
Jan 21 21:23:34.607722 n-d-712707-28 devstack@placement-api.service[104272]: DEBUG placement.objects.research_context [req-d698df41-f71b-4c2a-b4e2-1d69517e5cd0 req-05f362bb-63bf-4325-a969-9dbf25ce3953 service placement] found 2 providers after filtering by previous result {{(pid=104272) get_provider_ids_matching /opt/stack/placement/placement/objects/research_context.py:580}}
Jan 21 21:23:34.608146 n-d-712707-28 devstack@placement-api.service[104272]: DEBUG placement.objects.research_context [req-d698df41-f71b-4c2a-b4e2-1d69517e5cd0 req-05f362bb-63bf-4325-a969-9dbf25ce3953 service placement] found 2 providers with available 1 VCPU {{(pid=104272) get_provider_ids_matching /opt/stack/placement/placement/objects/research_context.py:549}}
Jan 21 21:23:34.608859 n-d-712707-28 devstack@placement-api.service[104272]: DEBUG placement.objects.research_context [req-d698df41-f71b-4c2a-b4e2-1d69517e5cd0 req-05f362bb-63bf-4325-a969-9dbf25ce3953 service placement] found 2 providers after filtering by previous result {{(pid=104272) get_provider_ids_matching /opt/stack/placement/placement/objects/research_context.py:580}}
Jan 21 21:23:34.657562 n-d-712707-28 devstack@placement-api.service[104272]: DEBUG placement.objects.allocation_candidate [req-d698df41-f71b-4c2a-b4e2-1d69517e5cd0 req-05f362bb-63bf-4325-a969-9dbf25ce3953 service placement] RequestGroup(use_same_provider=False, resources={DISK_GB:1, MEMORY_MB:1024, VCPU:1}, traits=[], aggregates=[]) (suffix '') returned 2 matches {{(pid=104272) _get_by_requests /opt/stack/placement/placement/objects/allocation_candidate.py:145}}
Jan 21 21:23:34.661871 n-d-712707-28 devstack@placement-api.service[104272]: DEBUG placement.objects.allocation_candidate [req-d698df41-f71b-4c2a-b4e2-1d69517e5cd0 req-05f362bb-63bf-4325-a969-9dbf25ce3953 service placement] Merging candidates yields 2 allocation requests and 2 provider summaries {{(pid=104272) _merge_candidates /opt/stack/placement/placement/objects/allocation_candidate.py:783}}
Jan 21 21:23:34.667000 n-d-712707-28 devstack@placement-api.service[104272]: INFO placement.requestlog [req-d698df41-f71b-4c2a-b4e2-1d69517e5cd0 req-05f362bb-63bf-4325-a969-9dbf25ce3953 service placement] 10.222.0.121 "GET /placement/allocation_candidates?limit=1000&resources=DISK_GB%3A1%2CMEMORY_MB%3A1024%2CVCPU%3A1&root_required=%21COMPUTE_STATUS_DISABLED" status: 200 len: 1309 microversion: 1.36
Jan 21 21:23:34.674598 n-d-712707-28 devstack@placement-api.service[104272]: [pid: 104272|app: 0|req: 366/730] 10.222.0.121 () {60 vars in 1511 bytes} [Fri Jan 21 21:23:34 2022] GET /placement/allocation_candidates?limit=1000&resources=DISK_GB%3A1%2CMEMORY_MB%3A1024%2CVCPU%3A1&root_required=%21COMPUTE_STATUS_DISABLED => generated 1309 bytes in 364 msecs (HTTP/1.1 200) 8 headers in 297 bytes (2 switches on core 0)
Jan 21 21:23:34.754173 n-d-712707-28 devstack@placement-api.service[104273]: DEBUG placement.requestlog [req-d698df41-f71b-4c2a-b4e2-1d69517e5cd0 req-1336c202-664e-458a-8c6f-0c2c1a1af8ac None None] Starting request: 10.222.0.121 "GET /placement/allocations/69743cc0-b4aa-4d24-86e3-3348c73e1c51" {{(pid=104273) __call__ /opt/stack/placement/placement/requestlog.py:55}}
Jan 21 21:23:34.803527 n-d-712707-28 devstack@placement-api.service[104273]: INFO placement.requestlog [req-d698df41-f71b-4c2a-b4e2-1d69517e5cd0 req-1336c202-664e-458a-8c6f-0c2c1a1af8ac service placement] 10.222.0.121 "GET /placement/allocations/69743cc0-b4aa-4d24-86e3-3348c73e1c51" status: 200 len: 19 microversion: 1.28
Jan 21 21:23:34.805851 n-d-712707-28 devstack@placement-api.service[104273]: [pid: 104273|app: 0|req: 365/731] 10.222.0.121 () {60 vars in 1385 bytes} [Fri Jan 21 21:23:34 2022] GET /placement/allocations/69743cc0-b4aa-4d24-86e3-3348c73e1c51 => generated 19 bytes in 53 msecs (HTTP/1.1 200) 8 headers in 295 bytes (2 switches on core 0)
Jan 21 21:23:34.812655 n-d-712707-28 devstack@placement-api.service[104272]: DEBUG placement.requestlog [req-d698df41-f71b-4c2a-b4e2-1d69517e5cd0 req-7c7133f0-b6d7-4144-94f5-218f8a3f87c1 None None] Starting request: 10.222.0.121 "PUT /placement/allocations/69743cc0-b4aa-4d24-86e3-3348c73e1c51" {{(pid=104272) __call__ /opt/stack/placement/placement/requestlog.py:55}}
Jan 21 21:23:34.817116 n-d-712707-28 devstack@placement-api.service[104273]: DEBUG placement.requestlog [req-dc676c96-1152-4738-b9ce-f71f2eaf9bcd req-8c2be3ca-0d51-4349-b490-a8400da95a50 None None] Starting request: 10.222.0.113 "GET /placement/resource_providers/23f850b9-fe8c-4037-8490-551cd785e7cb/allocations" {{(pid=104273) __call__ /opt/stack/placement/placement/requestlog.py:55}}
Jan 21 21:23:34.958230 n-d-712707-28 devstack@placement-api.service[104273]: INFO placement.requestlog [req-dc676c96-1152-4738-b9ce-f71f2eaf9bcd req-8c2be3ca-0d51-4349-b490-a8400da95a50 service placement] 10.222.0.113 "GET /placement/resource_providers/23f850b9-fe8c-4037-8490-551cd785e7cb/allocations" status: 200 len: 241 microversion: 1.0
Jan 21 21:23:34.967782 n-d-712707-28 devstack@placement-api.service[104273]: [pid: 104273|app: 0|req: 366/732] 10.222.0.113 () {58 vars in 1395 bytes} [Fri Jan 21 21:23:34 2022] GET /placement/resource_providers/23f850b9-fe8c-4037-8490-551cd785e7cb/allocations => generated 241 bytes in 151 msecs (HTTP/1.1 200) 6 headers in 224 bytes (1 switches on core 0)
Jan 21 21:23:35.136737 n-d-712707-28 devstack@placement-api.service[104272]: DEBUG placement.handlers.allocation [req-d698df41-f71b-4c2a-b4e2-1d69517e5cd0 req-7c7133f0-b6d7-4144-94f5-218f8a3f87c1 service placement] Successfully wrote allocations [, , ] {{(pid=104272) _update_consumers_and_create_allocations /opt/stack/placement/placement/handlers/allocation.py:462}}
Jan 21 21:23:35.283441 n-d-712707-28 devstack@placement-api.service[104272]: INFO placement.requestlog [req-d698df41-f71b-4c2a-b4e2-1d69517e5cd0 req-7c7133f0-b6d7-4144-94f5-218f8a3f87c1 service placement] 10.222.0.121 "PUT /placement/allocations/69743cc0-b4aa-4d24-86e3-3348c73e1c51" status: 204 len: 0 microversion: 1.36
Jan 21 21:23:35.286814 n-d-712707-28 devstack@placement-api.service[104272]: [pid: 104272|app: 0|req: 367/733] 10.222.0.121 () {64 vars in 1438 bytes} [Fri Jan 21 21:23:34 2022] PUT /placement/allocations/69743cc0-b4aa-4d24-86e3-3348c73e1c51 => generated 0 bytes in 473 msecs (HTTP/1.1 204) 5 headers in 199 bytes (1 switches on core 0)
Jan 21 21:23:35.891790 n-d-712707-28 devstack@placement-api.service[104273]: DEBUG placement.requestlog [req-0b1a87b3-301a-465e-9d27-24bb52839922 req-369d7580-ce33-43ed-aaf9-de4c53313d7a None None] Starting request: 10.222.0.113 "GET /placement/allocations/7a801123-5076-47f5-baf7-9add76ad1f0b" {{(pid=104273) __call__ /opt/stack/placement/placement/requestlog.py:55}}
Jan 21 21:23:35.933783 n-d-712707-28 devstack@placement-api.service[104273]: INFO placement.requestlog [req-0b1a87b3-301a-465e-9d27-24bb52839922 req-369d7580-ce33-43ed-aaf9-de4c53313d7a service placement] 10.222.0.113 "GET /placement/allocations/7a801123-5076-47f5-baf7-9add76ad1f0b" status: 200 len: 259 microversion: 1.28
Jan 21 21:23:35.933783 n-d-712707-28 devstack@placement-api.service[104273]: [pid: 104273|app: 0|req: 367/734] 10.222.0.113 () {60 vars in 1382 bytes} [Fri Jan 21 21:23:35 2022] GET /placement/allocations/7a801123-5076-47f5-baf7-9add76ad1f0b => generated 259 bytes in 36 msecs (HTTP/1.1 200) 8 headers in 296 bytes (1 switches on core 0)
Jan 21 21:23:37.052074 n-d-712707-28 devstack@placement-api.service[104272]: DEBUG placement.requestlog [req-d698df41-f71b-4c2a-b4e2-1d69517e5cd0 req-978f4901-62db-4f6a-b96d-c65ba000b1a4 None None] Starting request: 10.222.0.113 "GET /placement/allocations/69743cc0-b4aa-4d24-86e3-3348c73e1c51" {{(pid=104272) __call__ /opt/stack/placement/placement/requestlog.py:55}}
Jan 21 21:23:37.096105 n-d-712707-28 devstack@placement-api.service[104272]: INFO placement.requestlog [req-d698df41-f71b-4c2a-b4e2-1d69517e5cd0 req-978f4901-62db-4f6a-b96d-c65ba000b1a4 service placement] 10.222.0.113 "GET /placement/allocations/69743cc0-b4aa-4d24-86e3-3348c73e1c51" status: 200 len: 259 microversion: 1.28
Jan 21 21:23:37.098745 n-d-712707-28 devstack@placement-api.service[104272]: [pid: 104272|app: 0|req: 368/735] 10.222.0.113 () {60 vars in 1382 bytes} [Fri Jan 21 21:23:37 2022] GET /placement/allocations/69743cc0-b4aa-4d24-86e3-3348c73e1c51 => generated 259 bytes in 48 msecs (HTTP/1.1 200) 8 headers in 296 bytes (1 switches on core 0)
Jan 21 21:23:38.947632 n-d-712707-28 devstack@placement-api.service[104273]: DEBUG placement.requestlog [req-f3d14822-68c4-4105-ba41-aeb94bb9b937 req-bf66ea8b-4e1c-48a1-89f6-0ce930cea020 None None] Starting request: 10.222.0.121 "DELETE /placement/allocations/78d257cd-2624-447a-a70e-c8507ad626d1" {{(pid=104273) __call__ /opt/stack/placement/placement/requestlog.py:55}}
Jan 21 21:23:39.236964 n-d-712707-28 devstack@placement-api.service[104273]: DEBUG placement.wsgi_wrapper [req-f3d14822-68c4-4105-ba41-aeb94bb9b937 req-bf66ea8b-4e1c-48a1-89f6-0ce930cea020 service placement] Placement API returning an error response: No allocations for consumer '78d257cd-2624-447a-a70e-c8507ad626d1' {{(pid=104273) call_func /opt/stack/placement/placement/wsgi_wrapper.py:31}}
Jan 21 21:23:39.238116 n-d-712707-28 devstack@placement-api.service[104273]: INFO placement.requestlog [req-f3d14822-68c4-4105-ba41-aeb94bb9b937 req-bf66ea8b-4e1c-48a1-89f6-0ce930cea020 service placement] 10.222.0.121 "DELETE /placement/allocations/78d257cd-2624-447a-a70e-c8507ad626d1" status: 404 len: 228 microversion: 1.0
Jan 21 21:23:39.238591 n-d-712707-28 devstack@placement-api.service[104273]: [pid: 104273|app: 0|req: 368/736] 10.222.0.121 () {60 vars in 1354 bytes} [Fri Jan 21 21:23:38 2022] DELETE /placement/allocations/78d257cd-2624-447a-a70e-c8507ad626d1 => generated 228 bytes in 291 msecs (HTTP/1.1 404) 6 headers in 231 bytes (1 switches on core 0)
Jan 21 21:23:41.250190 n-d-712707-28 devstack@placement-api.service[104272]: DEBUG placement.requestlog [req-3a59621a-92a4-42fe-845e-38f4844fa0fa req-411cae27-4c5a-42c1-848d-b48a2f780e77 None None] Starting request: 10.222.0.121 "GET /placement/allocation_candidates?limit=1000&resources=MEMORY_MB%3A1024%2CVCPU%3A1&root_required=%21COMPUTE_STATUS_DISABLED" {{(pid=104272) __call__ /opt/stack/placement/placement/requestlog.py:55}}
Jan 21 21:23:41.311011 n-d-712707-28 devstack@placement-api.service[104272]: DEBUG placement.objects.research_context [req-3a59621a-92a4-42fe-845e-38f4844fa0fa req-411cae27-4c5a-42c1-848d-b48a2f780e77 service placement] getting providers with 1024 MEMORY_MB {{(pid=104272) __init__ /opt/stack/placement/placement/objects/research_context.py:126}}
Jan 21 21:23:41.334546 n-d-712707-28 devstack@placement-api.service[104272]: DEBUG placement.objects.research_context [req-3a59621a-92a4-42fe-845e-38f4844fa0fa req-411cae27-4c5a-42c1-848d-b48a2f780e77 service placement] getting providers with 1 VCPU {{(pid=104272) __init__ /opt/stack/placement/placement/objects/research_context.py:126}}
Jan 21 21:23:41.341440 n-d-712707-28 devstack@placement-api.service[104272]: DEBUG placement.objects.research_context [req-3a59621a-92a4-42fe-845e-38f4844fa0fa req-411cae27-4c5a-42c1-848d-b48a2f780e77 service placement] found 2 providers with available 1024 MEMORY_MB {{(pid=104272) get_provider_ids_matching /opt/stack/placement/placement/objects/research_context.py:549}}
Jan 21 21:23:41.341440 n-d-712707-28 devstack@placement-api.service[104272]: DEBUG placement.objects.research_context [req-3a59621a-92a4-42fe-845e-38f4844fa0fa req-411cae27-4c5a-42c1-848d-b48a2f780e77 service placement] found 2 providers with available 1 VCPU {{(pid=104272) get_provider_ids_matching /opt/stack/placement/placement/objects/research_context.py:549}}
Jan 21 21:23:41.349280 n-d-712707-28 devstack@placement-api.service[104272]: DEBUG placement.objects.research_context [req-3a59621a-92a4-42fe-845e-38f4844fa0fa req-411cae27-4c5a-42c1-848d-b48a2f780e77 service placement] found 2 providers after filtering by previous result {{(pid=104272) get_provider_ids_matching /opt/stack/placement/placement/objects/research_context.py:580}}
Jan 21 21:23:41.378152 n-d-712707-28 devstack@placement-api.service[104272]: DEBUG placement.objects.allocation_candidate [req-3a59621a-92a4-42fe-845e-38f4844fa0fa req-411cae27-4c5a-42c1-848d-b48a2f780e77 service placement] RequestGroup(use_same_provider=False, resources={MEMORY_MB:1024, VCPU:1}, traits=[], aggregates=[]) (suffix '') returned 2 matches {{(pid=104272) _get_by_requests /opt/stack/placement/placement/objects/allocation_candidate.py:145}}
Jan 21 21:23:41.378826 n-d-712707-28 devstack@placement-api.service[104272]: DEBUG placement.objects.allocation_candidate [req-3a59621a-92a4-42fe-845e-38f4844fa0fa req-411cae27-4c5a-42c1-848d-b48a2f780e77 service placement] Merging candidates yields 2 allocation requests and 2 provider summaries {{(pid=104272) _merge_candidates /opt/stack/placement/placement/objects/allocation_candidate.py:783}}
Jan 21 21:23:41.380806 n-d-712707-28 devstack@placement-api.service[104272]: INFO placement.requestlog [req-3a59621a-92a4-42fe-845e-38f4844fa0fa req-411cae27-4c5a-42c1-848d-b48a2f780e77 service placement] 10.222.0.121 "GET /placement/allocation_candidates?limit=1000&resources=MEMORY_MB%3A1024%2CVCPU%3A1&root_required=%21COMPUTE_STATUS_DISABLED" status: 200 len: 1281 microversion: 1.36
Jan 21 21:23:41.381889 n-d-712707-28 devstack@placement-api.service[104272]: [pid: 104272|app: 0|req: 369/737] 10.222.0.121 () {60 vars in 1483 bytes} [Fri Jan 21 21:23:41 2022] GET /placement/allocation_candidates?limit=1000&resources=MEMORY_MB%3A1024%2CVCPU%3A1&root_required=%21COMPUTE_STATUS_DISABLED => generated 1281 bytes in 132 msecs (HTTP/1.1 200) 8 headers in 297 bytes (2 switches on core 0)
Jan 21 21:23:41.482922 n-d-712707-28 devstack@placement-api.service[104273]: DEBUG placement.requestlog [req-3a59621a-92a4-42fe-845e-38f4844fa0fa req-8a64a12a-c157-49ec-b8b0-d508551968c8 None None] Starting request: 10.222.0.121 "GET /placement/allocations/acbd0751-23ef-4dc9-b00b-fc90f015eca2" {{(pid=104273) __call__ /opt/stack/placement/placement/requestlog.py:55}}
Jan 21 21:23:41.499064 n-d-712707-28 devstack@placement-api.service[104273]: INFO placement.requestlog [req-3a59621a-92a4-42fe-845e-38f4844fa0fa req-8a64a12a-c157-49ec-b8b0-d508551968c8 service placement] 10.222.0.121 "GET /placement/allocations/acbd0751-23ef-4dc9-b00b-fc90f015eca2" status: 200 len: 19 microversion: 1.28
Jan 21 21:23:41.499714 n-d-712707-28 devstack@placement-api.service[104273]: [pid: 104273|app: 0|req: 369/738] 10.222.0.121 () {60 vars in 1385 bytes} [Fri Jan 21 21:23:41 2022] GET /placement/allocations/acbd0751-23ef-4dc9-b00b-fc90f015eca2 => generated 19 bytes in 17 msecs (HTTP/1.1 200) 8 headers in 295 bytes (1 switches on core 0)
Jan 21 21:23:41.506336 n-d-712707-28 devstack@placement-api.service[104272]: DEBUG placement.requestlog [req-3a59621a-92a4-42fe-845e-38f4844fa0fa req-8cf3a1d7-0733-46d6-86a0-4c844397b7c6 None None] Starting request: 10.222.0.121 "PUT /placement/allocations/acbd0751-23ef-4dc9-b00b-fc90f015eca2" {{(pid=104272) __call__ /opt/stack/placement/placement/requestlog.py:55}}
Jan 21 21:23:41.863462 n-d-712707-28 devstack@placement-api.service[104272]: DEBUG placement.handlers.allocation [req-3a59621a-92a4-42fe-845e-38f4844fa0fa req-8cf3a1d7-0733-46d6-86a0-4c844397b7c6 service placement] Successfully wrote allocations [, ] {{(pid=104272) _update_consumers_and_create_allocations /opt/stack/placement/placement/handlers/allocation.py:462}}
Jan 21 21:23:41.947428 n-d-712707-28 devstack@placement-api.service[104272]: INFO placement.requestlog [req-3a59621a-92a4-42fe-845e-38f4844fa0fa req-8cf3a1d7-0733-46d6-86a0-4c844397b7c6 service placement] 10.222.0.121 "PUT /placement/allocations/acbd0751-23ef-4dc9-b00b-fc90f015eca2" status: 204 len: 0 microversion: 1.36
