Dec 08 00:34:43.108494 n-d-712707-27 devstack@placement-api.service[115322]: [pid: 115322|app: 0|req: 59/119] 10.222.0.23 () {60 vars in 1380 bytes} [Wed Dec 8 00:34:43 2021] GET /placement/allocations/611e680e-9865-4510-94c4-3b0660117779 => generated 19 bytes in 22 msecs (HTTP/1.1 200) 8 headers in 295 bytes (1 switches on core 0)
Dec 08 00:34:43.115635 n-d-712707-27 devstack@placement-api.service[115321]: DEBUG placement.requestlog [req-3fd435f3-16ed-4324-9b12-613e8d0c75f8 req-59e1f47e-3172-4560-bff1-0145847e2688 None None] Starting request: 10.222.0.23 "PUT /placement/allocations/611e680e-9865-4510-94c4-3b0660117779" {{(pid=115321) __call__ /opt/stack/placement/placement/requestlog.py:55}}
Dec 08 00:34:43.277416 n-d-712707-27 devstack@placement-api.service[115321]: DEBUG placement.handlers.allocation [req-3fd435f3-16ed-4324-9b12-613e8d0c75f8 req-59e1f47e-3172-4560-bff1-0145847e2688 service placement] Successfully wrote allocations [, , ] {{(pid=115321) _update_consumers_and_create_allocations /opt/stack/placement/placement/handlers/allocation.py:462}}
Dec 08 00:34:43.292885 n-d-712707-27 devstack@placement-api.service[115321]: INFO placement.requestlog [req-3fd435f3-16ed-4324-9b12-613e8d0c75f8 req-59e1f47e-3172-4560-bff1-0145847e2688 service placement] 10.222.0.23 "PUT /placement/allocations/611e680e-9865-4510-94c4-3b0660117779" status: 204 len: 0 microversion: 1.36
Dec 08 00:34:43.293369 n-d-712707-27 devstack@placement-api.service[115321]: [pid: 115321|app: 0|req: 61/120] 10.222.0.23 () {64 vars in 1433 bytes} [Wed Dec 8 00:34:43 2021] PUT /placement/allocations/611e680e-9865-4510-94c4-3b0660117779 => generated 0 bytes in 178 msecs (HTTP/1.1 204) 5 headers in 199 bytes (1 switches on core 0)
Dec 08 00:34:43.815912 n-d-712707-27 devstack@placement-api.service[115322]: DEBUG placement.requestlog [req-3fd435f3-16ed-4324-9b12-613e8d0c75f8 req-a3f26060-86c9-490f-8497-a306d6919364 None None] Starting request: 10.222.0.47 "GET /placement/allocations/611e680e-9865-4510-94c4-3b0660117779" {{(pid=115322) __call__ /opt/stack/placement/placement/requestlog.py:55}}
Dec 08 00:34:43.847820 n-d-712707-27 devstack@placement-api.service[115322]: INFO placement.requestlog [req-3fd435f3-16ed-4324-9b12-613e8d0c75f8 req-a3f26060-86c9-490f-8497-a306d6919364 service placement] 10.222.0.47 "GET /placement/allocations/611e680e-9865-4510-94c4-3b0660117779" status: 200 len: 258 microversion: 1.28
Dec 08 00:34:43.851333 n-d-712707-27 devstack@placement-api.service[115322]: [pid: 115322|app: 0|req: 60/121] 10.222.0.47 () {60 vars in 1377 bytes} [Wed Dec 8 00:34:43 2021] GET /placement/allocations/611e680e-9865-4510-94c4-3b0660117779 => generated 258 bytes in 36 msecs (HTTP/1.1 200) 8 headers in 296 bytes (1 switches on core 0)
Dec 08 00:34:52.057397 n-d-712707-27 devstack@placement-api.service[115321]: DEBUG placement.requestlog [req-adfb7c1f-b61d-4e98-adb1-22360c81163c req-9d567523-725f-4cab-afc4-397533a22d0e None None] Starting request: 10.222.0.43 "GET /placement/resource_providers/73f27226-e380-4cdf-b5e3-00f6784826b5/allocations" {{(pid=115321) __call__ /opt/stack/placement/placement/requestlog.py:55}}
Dec 08 00:34:52.130722 n-d-712707-27 devstack@placement-api.service[115321]: INFO placement.requestlog [req-adfb7c1f-b61d-4e98-adb1-22360c81163c req-9d567523-725f-4cab-afc4-397533a22d0e service placement] 10.222.0.43 "GET /placement/resource_providers/73f27226-e380-4cdf-b5e3-00f6784826b5/allocations" status: 200 len: 558 microversion: 1.0
Dec 08 00:34:52.136358 n-d-712707-27 devstack@placement-api.service[115321]: [pid: 115321|app: 0|req: 62/122] 10.222.0.43 () {58 vars in 1390 bytes} [Wed Dec 8 00:34:52 2021] GET /placement/resource_providers/73f27226-e380-4cdf-b5e3-00f6784826b5/allocations => generated 558 bytes in 79 msecs (HTTP/1.1 200) 6 headers in 224 bytes (1 switches on core 0)
Dec 08 00:34:54.444777 n-d-712707-27 devstack@placement-api.service[115322]: DEBUG placement.requestlog [None req-bef00738-bbd8-4245-a859-fabbf3d5109a None None] Starting request: 10.222.0.23 "GET /placement/" {{(pid=115322) __call__ /opt/stack/placement/placement/requestlog.py:55}}
Dec 08 00:34:54.446285 n-d-712707-27 devstack@placement-api.service[115322]: INFO placement.requestlog [None req-bef00738-bbd8-4245-a859-fabbf3d5109a None None] 10.222.0.23 "GET /placement/" status: 200 len: 136 microversion: 1.0
Dec 08 00:34:54.447041 n-d-712707-27 devstack@placement-api.service[115322]: [pid: 115322|app: 0|req: 61/123] 10.222.0.23 () {54 vars in 916 bytes} [Wed Dec 8 00:34:54 2021] GET /placement => generated 136 bytes in 3 msecs (HTTP/1.1 200) 6 headers in 224 bytes (1 switches on core 0)
Dec 08 00:34:54.465927 n-d-712707-27 devstack@placement-api.service[115321]: DEBUG placement.requestlog [req-d3c9ecb3-fe4e-43df-b390-09cd1ca13bf9 req-8afddcbc-475e-4675-b13f-ecb1208b7780 None None] Starting request: 10.222.0.23 "GET /placement/allocations/a252b274-f8d0-4d7a-9d63-859ace442d16" {{(pid=115321) __call__ /opt/stack/placement/placement/requestlog.py:55}}
Dec 08 00:34:54.590740 n-d-712707-27 devstack@placement-api.service[115321]: INFO placement.requestlog [req-d3c9ecb3-fe4e-43df-b390-09cd1ca13bf9 req-8afddcbc-475e-4675-b13f-ecb1208b7780 service placement] 10.222.0.23 "GET /placement/allocations/a252b274-f8d0-4d7a-9d63-859ace442d16" status: 200 len: 258 microversion: 1.28
Dec 08 00:34:54.591109 n-d-712707-27 devstack@placement-api.service[115321]: [pid: 115321|app: 0|req: 63/124] 10.222.0.23 () {60 vars in 1380 bytes} [Wed Dec 8 00:34:54 2021] GET /placement/allocations/a252b274-f8d0-4d7a-9d63-859ace442d16 => generated 258 bytes in 126 msecs (HTTP/1.1 200) 8 headers in 296 bytes (1 switches on core 0)
Dec 08 00:34:54.597885 n-d-712707-27 devstack@placement-api.service[115322]: DEBUG placement.requestlog [req-d3c9ecb3-fe4e-43df-b390-09cd1ca13bf9 req-7c94c196-fb54-4c2f-bb55-60e3013d1593 None None] Starting request: 10.222.0.23 "GET /placement/allocations/a252b274-f8d0-4d7a-9d63-859ace442d16" {{(pid=115322) __call__ /opt/stack/placement/placement/requestlog.py:55}}
Dec 08 00:34:54.639502 n-d-712707-27 devstack@placement-api.service[115322]: INFO placement.requestlog [req-d3c9ecb3-fe4e-43df-b390-09cd1ca13bf9 req-7c94c196-fb54-4c2f-bb55-60e3013d1593 service placement] 10.222.0.23 "GET /placement/allocations/a252b274-f8d0-4d7a-9d63-859ace442d16" status: 200 len: 258 microversion: 1.28
Dec 08 00:34:54.640674 n-d-712707-27 devstack@placement-api.service[115322]: [pid: 115322|app: 0|req: 62/125] 10.222.0.23 () {60 vars in 1380 bytes} [Wed Dec 8 00:34:54 2021] GET /placement/allocations/a252b274-f8d0-4d7a-9d63-859ace442d16 => generated 258 bytes in 43 msecs (HTTP/1.1 200) 8 headers in 296 bytes (1 switches on core 0)
Dec 08 00:34:54.647254 n-d-712707-27 devstack@placement-api.service[115321]: DEBUG placement.requestlog [req-d3c9ecb3-fe4e-43df-b390-09cd1ca13bf9 req-bce66206-292f-4d15-aafa-9c293624794b None None] Starting request: 10.222.0.23 "GET /placement/allocations/3c2333da-8a51-4f08-9e76-f89017dc9150" {{(pid=115321) __call__ /opt/stack/placement/placement/requestlog.py:55}}
Dec 08 00:34:54.663332 n-d-712707-27 devstack@placement-api.service[115321]: INFO placement.requestlog [req-d3c9ecb3-fe4e-43df-b390-09cd1ca13bf9 req-bce66206-292f-4d15-aafa-9c293624794b service placement] 10.222.0.23 "GET /placement/allocations/3c2333da-8a51-4f08-9e76-f89017dc9150" status: 200 len: 19 microversion: 1.28
Dec 08 00:34:54.664724 n-d-712707-27 devstack@placement-api.service[115321]: [pid: 115321|app: 0|req: 64/126] 10.222.0.23 () {60 vars in 1380 bytes} [Wed Dec 8 00:34:54 2021] GET /placement/allocations/3c2333da-8a51-4f08-9e76-f89017dc9150 => generated 19 bytes in 18 msecs (HTTP/1.1 200) 8 headers in 295 bytes (1 switches on core 0)
Dec 08 00:34:54.670775 n-d-712707-27 devstack@placement-api.service[115322]: DEBUG placement.requestlog [req-d3c9ecb3-fe4e-43df-b390-09cd1ca13bf9 req-3ade8ab7-a523-4df0-9999-a2800ded8f27 None None] Starting request: 10.222.0.23 "POST /placement/allocations" {{(pid=115322) __call__ /opt/stack/placement/placement/requestlog.py:55}}
Dec 08 00:34:54.840507 n-d-712707-27 devstack@placement-api.service[115322]: DEBUG placement.handlers.allocation [req-d3c9ecb3-fe4e-43df-b390-09cd1ca13bf9 req-3ade8ab7-a523-4df0-9999-a2800ded8f27 service placement] Successfully wrote allocations [, , , , , ] {{(pid=115322) _update_consumers_and_create_allocations /opt/stack/placement/placement/handlers/allocation.py:572}}
Dec 08 00:34:54.852471 n-d-712707-27 devstack@placement-api.service[115322]: INFO placement.requestlog [req-d3c9ecb3-fe4e-43df-b390-09cd1ca13bf9 req-3ade8ab7-a523-4df0-9999-a2800ded8f27 service placement] 10.222.0.23 "POST /placement/allocations" status: 204 len: 0 microversion: 1.28
Dec 08 00:34:54.853318 n-d-712707-27 devstack@placement-api.service[115322]: [pid: 115322|app: 0|req: 63/127] 10.222.0.23 () {64 vars in 1323 bytes} [Wed Dec 8 00:34:54 2021] POST /placement/allocations => generated 0 bytes in 183 msecs (HTTP/1.1 204) 5 headers in 199 bytes (1 switches on core 0)
Dec 08 00:34:54.916091 n-d-712707-27 devstack@placement-api.service[115321]: DEBUG placement.requestlog [req-d3c9ecb3-fe4e-43df-b390-09cd1ca13bf9 req-a4a6e96a-1aaf-4f02-be2d-1c984fcd5ab2 None None] Starting request: 10.222.0.23 "GET /placement/allocations/a252b274-f8d0-4d7a-9d63-859ace442d16" {{(pid=115321) __call__ /opt/stack/placement/placement/requestlog.py:55}}
Dec 08 00:34:55.045766 n-d-712707-27 devstack@placement-api.service[115321]: INFO placement.requestlog [req-d3c9ecb3-fe4e-43df-b390-09cd1ca13bf9 req-a4a6e96a-1aaf-4f02-be2d-1c984fcd5ab2 service placement] 10.222.0.23 "GET /placement/allocations/a252b274-f8d0-4d7a-9d63-859ace442d16" status: 200 len: 19 microversion: 1.28
Dec 08 00:34:55.054465 n-d-712707-27 devstack@placement-api.service[115322]: DEBUG placement.requestlog [req-d3c9ecb3-fe4e-43df-b390-09cd1ca13bf9 req-05496e4a-dcd2-4020-9291-7520d9a13cc7 None None] Starting request: 10.222.0.23 "PUT /placement/allocations/a252b274-f8d0-4d7a-9d63-859ace442d16" {{(pid=115322) __call__ /opt/stack/placement/placement/requestlog.py:55}}
Dec 08 00:34:55.080888 n-d-712707-27 devstack@placement-api.service[115321]: [pid: 115321|app: 0|req: 65/128] 10.222.0.23 () {60 vars in 1380 bytes} [Wed Dec 8 00:34:54 2021] GET /placement/allocations/a252b274-f8d0-4d7a-9d63-859ace442d16 => generated 19 bytes in 137 msecs (HTTP/1.1 200) 8 headers in 295 bytes (1 switches on core 0)
Dec 08 00:34:55.187077 n-d-712707-27 devstack@placement-api.service[115322]: DEBUG placement.handlers.allocation [req-d3c9ecb3-fe4e-43df-b390-09cd1ca13bf9 req-05496e4a-dcd2-4020-9291-7520d9a13cc7 service placement] Successfully wrote allocations [, , ] {{(pid=115322) _update_consumers_and_create_allocations /opt/stack/placement/placement/handlers/allocation.py:462}}
Dec 08 00:34:55.193282 n-d-712707-27 devstack@placement-api.service[115322]: INFO placement.requestlog [req-d3c9ecb3-fe4e-43df-b390-09cd1ca13bf9 req-05496e4a-dcd2-4020-9291-7520d9a13cc7 service placement] 10.222.0.23 "PUT /placement/allocations/a252b274-f8d0-4d7a-9d63-859ace442d16" status: 204 len: 0 microversion: 1.28
Dec 08 00:34:55.210709 n-d-712707-27 devstack@placement-api.service[115322]: [pid: 115322|app: 0|req: 64/129] 10.222.0.23 () {64 vars in 1433 bytes} [Wed Dec 8 00:34:55 2021] PUT /placement/allocations/a252b274-f8d0-4d7a-9d63-859ace442d16 => generated 0 bytes in 141 msecs (HTTP/1.1 204) 5 headers in 199 bytes (1 switches on core 0)
Dec 08 00:34:55.462666 n-d-712707-27 devstack@placement-api.service[115321]: DEBUG placement.requestlog [req-d3c9ecb3-fe4e-43df-b390-09cd1ca13bf9 req-f45e35ba-39aa-417d-af90-f6108c523209 None None] Starting request: 10.222.0.43 "GET /placement/allocations/a252b274-f8d0-4d7a-9d63-859ace442d16" {{(pid=115321) __call__ /opt/stack/placement/placement/requestlog.py:55}}
Dec 08 00:34:55.495155 n-d-712707-27 devstack@placement-api.service[115321]: INFO placement.requestlog [req-d3c9ecb3-fe4e-43df-b390-09cd1ca13bf9 req-f45e35ba-39aa-417d-af90-f6108c523209 service placement] 10.222.0.43 "GET /placement/allocations/a252b274-f8d0-4d7a-9d63-859ace442d16" status: 200 len: 259 microversion: 1.28
Dec 08 00:34:55.497237 n-d-712707-27 devstack@placement-api.service[115321]: [pid: 115321|app: 0|req: 66/130] 10.222.0.43 () {60 vars in 1377 bytes} [Wed Dec 8 00:34:55 2021] GET /placement/allocations/a252b274-f8d0-4d7a-9d63-859ace442d16 => generated 259 bytes in 35 msecs (HTTP/1.1 200) 8 headers in 296 bytes (1 switches on core 0)
Dec 08 00:34:56.299110 n-d-712707-27 devstack@placement-api.service[115322]: DEBUG placement.requestlog [req-bb1957fe-d439-4fd0-b059-547e1ce7f922 req-17ac9889-0706-438c-b4d9-9c1d2c054cff None None] Starting request: 10.222.0.47 "GET /placement/resource_providers/f7d6d335-18f7-44c7-908a-d71b563ca6e5/allocations" {{(pid=115322) __call__ /opt/stack/placement/placement/requestlog.py:55}}
Dec 08 00:34:56.384395 n-d-712707-27 devstack@placement-api.service[115322]: INFO placement.requestlog [req-bb1957fe-d439-4fd0-b059-547e1ce7f922 req-17ac9889-0706-438c-b4d9-9c1d2c054cff service placement] 10.222.0.47 "GET /placement/resource_providers/f7d6d335-18f7-44c7-908a-d71b563ca6e5/allocations" status: 200 len: 558 microversion: 1.0
Dec 08 00:34:56.385301 n-d-712707-27 devstack@placement-api.service[115322]: [pid: 115322|app: 0|req: 65/131] 10.222.0.47 () {58 vars in 1390 bytes} [Wed Dec 8 00:34:56 2021] GET /placement/resource_providers/f7d6d335-18f7-44c7-908a-d71b563ca6e5/allocations => generated 558 bytes in 86 msecs (HTTP/1.1 200) 6 headers in 224 bytes (1 switches on core 0)
Dec 08 00:34:59.081319 n-d-712707-27 devstack@placement-api.service[115321]: DEBUG placement.requestlog [req-6c066981-34a2-4bfc-9d87-d0160ccc75c7 req-7cbe997b-e262-4ee6-96b7-e70b75ab92b5 None None] Starting request: 10.222.0.47 "DELETE /placement/allocations/6f1ec103-015f-4a59-b5e9-82f0e707144f" {{(pid=115321) __call__ /opt/stack/placement/placement/requestlog.py:55}}
Dec 08 00:34:59.133969 n-d-712707-27 devstack@placement-api.service[115321]: DEBUG placement.handlers.allocation [req-6c066981-34a2-4bfc-9d87-d0160ccc75c7 req-7cbe997b-e262-4ee6-96b7-e70b75ab92b5 service placement] Successfully deleted allocations [, , ] {{(pid=115321) delete_allocations /opt/stack/placement/placement/handlers/allocation.py:627}}
Dec 08 00:34:59.138673 n-d-712707-27 devstack@placement-api.service[115321]: INFO placement.requestlog [req-6c066981-34a2-4bfc-9d87-d0160ccc75c7 req-7cbe997b-e262-4ee6-96b7-e70b75ab92b5 service placement] 10.222.0.47 "DELETE /placement/allocations/6f1ec103-015f-4a59-b5e9-82f0e707144f" status: 204 len: 0 microversion: 1.0
Dec 08 00:34:59.139546 n-d-712707-27 devstack@placement-api.service[115321]: [pid: 115321|app: 0|req: 67/132] 10.222.0.47 () {60 vars in 1355 bytes} [Wed Dec 8 00:34:59 2021] DELETE /placement/allocations/6f1ec103-015f-4a59-b5e9-82f0e707144f => generated 0 bytes in 58 msecs (HTTP/1.1 204) 5 headers in 198 bytes (1 switches on core 0)
Dec 08 00:35:02.928956 n-d-712707-27 devstack@placement-api.service[115322]: DEBUG placement.requestlog [req-189bf0da-d97f-4713-9731-116a523687c4 req-1bab0ba9-0a56-4dc8-8f2e-c6fbaa8b6774 None None] Starting request: 10.222.0.23 "GET /placement/allocation_candidates?resources=DISK_GB%3A1%2CMEMORY_MB%3A1024%2CVCPU%3A1&root_required=%21COMPUTE_STATUS_DISABLED" {{(pid=115322) __call__ /opt/stack/placement/placement/requestlog.py:55}}
Dec 08 00:35:02.970252 n-d-712707-27 devstack@placement-api.service[115322]: DEBUG placement.objects.research_context [req-189bf0da-d97f-4713-9731-116a523687c4 req-1bab0ba9-0a56-4dc8-8f2e-c6fbaa8b6774 service placement] getting providers with 1 DISK_GB {{(pid=115322) __init__ /opt/stack/placement/placement/objects/research_context.py:126}}
Dec 08 00:35:02.978613 n-d-712707-27 devstack@placement-api.service[115322]: DEBUG placement.objects.research_context [req-189bf0da-d97f-4713-9731-116a523687c4 req-1bab0ba9-0a56-4dc8-8f2e-c6fbaa8b6774 service placement] getting providers with 1024 MEMORY_MB {{(pid=115322) __init__ /opt/stack/placement/placement/objects/research_context.py:126}}
Dec 08 00:35:02.985627 n-d-712707-27 devstack@placement-api.service[115322]: DEBUG placement.objects.research_context [req-189bf0da-d97f-4713-9731-116a523687c4 req-1bab0ba9-0a56-4dc8-8f2e-c6fbaa8b6774 service placement] getting providers with 1 VCPU {{(pid=115322) __init__ /opt/stack/placement/placement/objects/research_context.py:126}}
Dec 08 00:35:02.992848 n-d-712707-27 devstack@placement-api.service[115322]: DEBUG placement.objects.research_context [req-189bf0da-d97f-4713-9731-116a523687c4 req-1bab0ba9-0a56-4dc8-8f2e-c6fbaa8b6774 service placement] found 2 providers with available 1 DISK_GB {{(pid=115322) get_provider_ids_matching /opt/stack/placement/placement/objects/research_context.py:549}}
Dec 08 00:35:02.993478 n-d-712707-27 devstack@placement-api.service[115322]: DEBUG placement.objects.research_context [req-189bf0da-d97f-4713-9731-116a523687c4 req-1bab0ba9-0a56-4dc8-8f2e-c6fbaa8b6774 service placement] found 2 providers with available 1024 MEMORY_MB {{(pid=115322) get_provider_ids_matching /opt/stack/placement/placement/objects/research_context.py:549}}
Dec 08 00:35:02.993957 n-d-712707-27 devstack@placement-api.service[115322]: DEBUG placement.objects.research_context [req-189bf0da-d97f-4713-9731-116a523687c4 req-1bab0ba9-0a56-4dc8-8f2e-c6fbaa8b6774 service placement] found 2 providers after filtering by previous result {{(pid=115322) get_provider_ids_matching /opt/stack/placement/placement/objects/research_context.py:580}}
Dec 08 00:35:02.994416 n-d-712707-27 devstack@placement-api.service[115322]: DEBUG placement.objects.research_context [req-189bf0da-d97f-4713-9731-116a523687c4 req-1bab0ba9-0a56-4dc8-8f2e-c6fbaa8b6774 service placement] found 2 providers with available 1 VCPU {{(pid=115322) get_provider_ids_matching /opt/stack/placement/placement/objects/research_context.py:549}}
Dec 08 00:35:02.994878 n-d-712707-27 devstack@placement-api.service[115322]: DEBUG placement.objects.research_context [req-189bf0da-d97f-4713-9731-116a523687c4 req-1bab0ba9-0a56-4dc8-8f2e-c6fbaa8b6774 service placement] found 2 providers after filtering by previous result {{(pid=115322) get_provider_ids_matching /opt/stack/placement/placement/objects/research_context.py:580}}
Dec 08 00:35:03.008083 n-d-712707-27 devstack@placement-api.service[115322]: DEBUG placement.objects.allocation_candidate [req-189bf0da-d97f-4713-9731-116a523687c4 req-1bab0ba9-0a56-4dc8-8f2e-c6fbaa8b6774 service placement] RequestGroup(use_same_provider=False, resources={DISK_GB:1, MEMORY_MB:1024, VCPU:1}, traits=[], aggregates=[]) (suffix '') returned 2 matches {{(pid=115322) _get_by_requests /opt/stack/placement/placement/objects/allocation_candidate.py:145}}
Dec 08 00:35:03.009411 n-d-712707-27 devstack@placement-api.service[115322]: DEBUG placement.objects.allocation_candidate [req-189bf0da-d97f-4713-9731-116a523687c4 req-1bab0ba9-0a56-4dc8-8f2e-c6fbaa8b6774 service placement] Merging candidates yields 2 allocation requests and 2 provider summaries {{(pid=115322) _merge_candidates /opt/stack/placement/placement/objects/allocation_candidate.py:783}}
Dec 08 00:35:03.011214 n-d-712707-27 devstack@placement-api.service[115322]: INFO placement.requestlog [req-189bf0da-d97f-4713-9731-116a523687c4 req-1bab0ba9-0a56-4dc8-8f2e-c6fbaa8b6774 service placement] 10.222.0.23 "GET /placement/allocation_candidates?resources=DISK_GB%3A1%2CMEMORY_MB%3A1024%2CVCPU%3A1&root_required=%21COMPUTE_STATUS_DISABLED" status: 200 len: 1309 microversion: 1.36
Dec 08 00:35:03.012133 n-d-712707-27 devstack@placement-api.service[115322]: [pid: 115322|app: 0|req: 66/133] 10.222.0.23 () {60 vars in 1484 bytes} [Wed Dec 8 00:35:02 2021] GET /placement/allocation_candidates?resources=DISK_GB%3A1%2CMEMORY_MB%3A1024%2CVCPU%3A1&root_required=%21COMPUTE_STATUS_DISABLED => generated 1309 bytes in 84 msecs (HTTP/1.1 200) 8 headers in 297 bytes (1 switches on core 0)
Dec 08 00:35:03.123507 n-d-712707-27 devstack@placement-api.service[115321]: DEBUG placement.requestlog [req-189bf0da-d97f-4713-9731-116a523687c4 req-73482ee7-b006-4f34-b2f7-4b4b99fadf53 None None] Starting request: 10.222.0.23 "GET /placement/allocations/50c5102b-2241-4048-9078-5974557cc9f9" {{(pid=115321) __call__ /opt/stack/placement/placement/requestlog.py:55}}
Dec 08 00:35:03.143225 n-d-712707-27 devstack@placement-api.service[115321]: INFO placement.requestlog [req-189bf0da-d97f-4713-9731-116a523687c4 req-73482ee7-b006-4f34-b2f7-4b4b99fadf53 service placement] 10.222.0.23 "GET /placement/allocations/50c5102b-2241-4048-9078-5974557cc9f9" status: 200 len: 19 microversion: 1.28
Dec 08 00:35:03.143609 n-d-712707-27 devstack@placement-api.service[115321]: [pid: 115321|app: 0|req: 68/134] 10.222.0.23 () {60 vars in 1380 bytes} [Wed Dec 8 00:35:03 2021] GET /placement/allocations/50c5102b-2241-4048-9078-5974557cc9f9 => generated 19 bytes in 21 msecs (HTTP/1.1 200) 8 headers in 295 bytes (2 switches on core 0)
Dec 08 00:35:03.151439 n-d-712707-27 devstack@placement-api.service[115322]: DEBUG placement.requestlog [req-189bf0da-d97f-4713-9731-116a523687c4 req-f57da827-3245-49d7-b1eb-8cf81dea5cae None None] Starting request: 10.222.0.23 "PUT /placement/allocations/50c5102b-2241-4048-9078-5974557cc9f9" {{(pid=115322) __call__ /opt/stack/placement/placement/requestlog.py:55}}
Dec 08 00:35:03.247639 n-d-712707-27 devstack@placement-api.service[115322]: DEBUG placement.handlers.allocation [req-189bf0da-d97f-4713-9731-116a523687c4 req-f57da827-3245-49d7-b1eb-8cf81dea5cae service placement] Successfully wrote allocations [, , ] {{(pid=115322) _update_consumers_and_create_allocations /opt/stack/placement/placement/handlers/allocation.py:462}}
Dec 08 00:35:03.254862 n-d-712707-27 devstack@placement-api.service[115322]: INFO placement.requestlog [req-189bf0da-d97f-4713-9731-116a523687c4 req-f57da827-3245-49d7-b1eb-8cf81dea5cae service placement] 10.222.0.23 "PUT /placement/allocations/50c5102b-2241-4048-9078-5974557cc9f9" status: 204 len: 0 microversion: 1.36
Dec 08 00:35:03.256034 n-d-712707-27 devstack@placement-api.service[115322]: [pid: 115322|app: 0|req: 67/135] 10.222.0.23 () {64 vars in 1433 bytes} [Wed Dec 8 00:35:03 2021] PUT /placement/allocations/50c5102b-2241-4048-9078-5974557cc9f9 => generated 0 bytes in 105 msecs (HTTP/1.1 204) 5 headers in 199 bytes (1 switches on core 0)
Dec 08 00:35:04.153842 n-d-712707-27 devstack@placement-api.service[115321]: DEBUG placement.requestlog [req-b25ac284-ad88-441c-be7c-f389b6aa5511 req-48874f3d-dba7-4387-9e3e-27c0af8d435f None None] Starting request: 10.222.0.23 "GET /placement/allocation_candidates?limit=1000&resources=DISK_GB%3A1%2CMEMORY_MB%3A1024%2CVCPU%3A1&root_required=%21COMPUTE_STATUS_DISABLED" {{(pid=115321) __call__ /opt/stack/placement/placement/requestlog.py:55}}
Dec 08 00:35:04.303585 n-d-712707-27 devstack@placement-api.service[115321]: DEBUG placement.objects.research_context [req-b25ac284-ad88-441c-be7c-f389b6aa5511 req-48874f3d-dba7-4387-9e3e-27c0af8d435f service placement] getting providers with 1 DISK_GB {{(pid=115321) __init__ /opt/stack/placement/placement/objects/research_context.py:126}}
Dec 08 00:35:04.329941 n-d-712707-27 devstack@placement-api.service[115321]: DEBUG placement.objects.research_context [req-b25ac284-ad88-441c-be7c-f389b6aa5511 req-48874f3d-dba7-4387-9e3e-27c0af8d435f service placement] getting providers with 1024 MEMORY_MB {{(pid=115321) __init__ /opt/stack/placement/placement/objects/research_context.py:126}}
Dec 08 00:35:04.373694 n-d-712707-27 devstack@placement-api.service[115321]: DEBUG placement.objects.research_context [req-b25ac284-ad88-441c-be7c-f389b6aa5511 req-48874f3d-dba7-4387-9e3e-27c0af8d435f service placement] getting providers with 1 VCPU {{(pid=115321) __init__ /opt/stack/placement/placement/objects/research_context.py:126}}
Dec 08 00:35:04.400356 n-d-712707-27 devstack@placement-api.service[115321]: DEBUG placement.objects.research_context [req-b25ac284-ad88-441c-be7c-f389b6aa5511 req-48874f3d-dba7-4387-9e3e-27c0af8d435f service placement] found 2 providers with available 1 DISK_GB {{(pid=115321) get_provider_ids_matching /opt/stack/placement/placement/objects/research_context.py:549}}
Dec 08 00:35:04.402679 n-d-712707-27 devstack@placement-api.service[115322]: DEBUG placement.requestlog [req-189bf0da-d97f-4713-9731-116a523687c4 req-fcd5f9c7-7bc1-4182-ab9c-7074743f7a41 None None] Starting request: 10.222.0.47 "GET /placement/allocations/50c5102b-2241-4048-9078-5974557cc9f9" {{(pid=115322) __call__ /opt/stack/placement/placement/requestlog.py:55}}
Dec 08 00:35:04.405892 n-d-712707-27 devstack@placement-api.service[115321]: DEBUG placement.objects.research_context [req-b25ac284-ad88-441c-be7c-f389b6aa5511 req-48874f3d-dba7-4387-9e3e-27c0af8d435f service placement] found 2 providers with available 1024 MEMORY_MB {{(pid=115321) get_provider_ids_matching /opt/stack/placement/placement/objects/research_context.py:549}}
Dec 08 00:35:04.406833 n-d-712707-27 devstack@placement-api.service[115321]: DEBUG placement.objects.research_context [req-b25ac284-ad88-441c-be7c-f389b6aa5511 req-48874f3d-dba7-4387-9e3e-27c0af8d435f service placement] found 2 providers after filtering by previous result {{(pid=115321) get_provider_ids_matching /opt/stack/placement/placement/objects/research_context.py:580}}
Dec 08 00:35:04.408880 n-d-712707-27 devstack@placement-api.service[115321]: DEBUG placement.objects.research_context [req-b25ac284-ad88-441c-be7c-f389b6aa5511 req-48874f3d-dba7-4387-9e3e-27c0af8d435f service placement] found 2 providers with available 1 VCPU {{(pid=115321) get_provider_ids_matching /opt/stack/placement/placement/objects/research_context.py:549}}
Dec 08 00:35:04.409361 n-d-712707-27 devstack@placement-api.service[115321]: DEBUG placement.objects.research_context [req-b25ac284-ad88-441c-be7c-f389b6aa5511 req-48874f3d-dba7-4387-9e3e-27c0af8d435f service placement] found 2 providers after filtering by previous result {{(pid=115321) get_provider_ids_matching /opt/stack/placement/placement/objects/research_context.py:580}}
Dec 08 00:35:04.440861 n-d-712707-27 devstack@placement-api.service[115322]: INFO placement.requestlog [req-189bf0da-d97f-4713-9731-116a523687c4 req-fcd5f9c7-7bc1-4182-ab9c-7074743f7a41 service placement] 10.222.0.47 "GET /placement/allocations/50c5102b-2241-4048-9078-5974557cc9f9" status: 200 len: 259 microversion: 1.28
Dec 08 00:35:04.442576 n-d-712707-27 devstack@placement-api.service[115322]: [pid: 115322|app: 0|req: 68/136] 10.222.0.47 () {60 vars in 1377 bytes} [Wed Dec 8 00:35:04 2021] GET /placement/allocations/50c5102b-2241-4048-9078-5974557cc9f9 => generated 259 bytes in 40 msecs (HTTP/1.1 200) 8 headers in 296 bytes (2 switches on core 0)
Dec 08 00:35:04.447288 n-d-712707-27 devstack@placement-api.service[115321]: DEBUG placement.objects.allocation_candidate [req-b25ac284-ad88-441c-be7c-f389b6aa5511 req-48874f3d-dba7-4387-9e3e-27c0af8d435f service placement] RequestGroup(use_same_provider=False, resources={DISK_GB:1, MEMORY_MB:1024, VCPU:1}, traits=[], aggregates=[]) (suffix '') returned 2 matches {{(pid=115321) _get_by_requests /opt/stack/placement/placement/objects/allocation_candidate.py:145}}
Dec 08 00:35:04.447902 n-d-712707-27 devstack@placement-api.service[115321]: DEBUG placement.objects.allocation_candidate [req-b25ac284-ad88-441c-be7c-f389b6aa5511 req-48874f3d-dba7-4387-9e3e-27c0af8d435f service placement] Merging candidates yields 2 allocation requests and 2 provider summaries {{(pid=115321) _merge_candidates /opt/stack/placement/placement/objects/allocation_candidate.py:783}}
Dec 08 00:35:04.451098 n-d-712707-27 devstack@placement-api.service[115321]: INFO placement.requestlog [req-b25ac284-ad88-441c-be7c-f389b6aa5511 req-48874f3d-dba7-4387-9e3e-27c0af8d435f service placement] 10.222.0.23 "GET /placement/allocation_candidates?limit=1000&resources=DISK_GB%3A1%2CMEMORY_MB%3A1024%2CVCPU%3A1&root_required=%21COMPUTE_STATUS_DISABLED" status: 200 len: 1309 microversion: 1.36
Dec 08 00:35:04.453993 n-d-712707-27 devstack@placement-api.service[115321]: [pid: 115321|app: 0|req: 69/137] 10.222.0.23 () {60 vars in 1506 bytes} [Wed Dec 8 00:35:04 2021] GET /placement/allocation_candidates?limit=1000&resources=DISK_GB%3A1%2CMEMORY_MB%3A1024%2CVCPU%3A1&root_required=%21COMPUTE_STATUS_DISABLED => generated 1309 bytes in 300 msecs (HTTP/1.1 200) 8 headers in 297 bytes (1 switches on core 0)
Dec 08 00:35:04.558902 n-d-712707-27 devstack@placement-api.service[115322]: DEBUG placement.requestlog [req-b25ac284-ad88-441c-be7c-f389b6aa5511 req-8049eae5-57d1-4b58-b6c2-fdfe2901ae07 None None] Starting request: 10.222.0.23 "GET /placement/allocations/5bf6600b-d14d-4c73-a028-81547e9e0d06" {{(pid=115322) __call__ /opt/stack/placement/placement/requestlog.py:55}}
Dec 08 00:35:04.576797 n-d-712707-27 devstack@placement-api.service[115322]: INFO placement.requestlog [req-b25ac284-ad88-441c-be7c-f389b6aa5511 req-8049eae5-57d1-4b58-b6c2-fdfe2901ae07 service placement] 10.222.0.23 "GET /placement/allocations/5bf6600b-d14d-4c73-a028-81547e9e0d06" status: 200 len: 19 microversion: 1.28
Dec 08 00:35:04.581172 n-d-712707-27 devstack@placement-api.service[115322]: [pid: 115322|app: 0|req: 69/138] 10.222.0.23 () {60 vars in 1380 bytes} [Wed Dec 8 00:35:04 2021] GET /placement/allocations/5bf6600b-d14d-4c73-a028-81547e9e0d06 => generated 19 bytes in 23 msecs (HTTP/1.1 200) 8 headers in 295 bytes (1 switches on core 0)
Dec 08 00:35:04.601828 n-d-712707-27 devstack@placement-api.service[115321]: DEBUG placement.requestlog [req-b25ac284-ad88-441c-be7c-f389b6aa5511 req-d2df0255-0676-4944-b5d2-88a8a2834ced None None] Starting request: 10.222.0.23 "PUT /placement/allocations/5bf6600b-d14d-4c73-a028-81547e9e0d06" {{(pid=115321) __call__ /opt/stack/placement/placement/requestlog.py:55}}
Dec 08 00:35:04.768514 n-d-712707-27 devstack@placement-api.service[115321]: DEBUG placement.handlers.allocation [req-b25ac284-ad88-441c-be7c-f389b6aa5511 req-d2df0255-0676-4944-b5d2-88a8a2834ced service placement] Successfully wrote allocations [, , ] {{(pid=115321) _update_consumers_and_create_allocations /opt/stack/placement/placement/handlers/allocation.py:462}}
Dec 08 00:35:04.800697 n-d-712707-27 devstack@placement-api.service[115321]: INFO placement.requestlog [req-b25ac284-ad88-441c-be7c-f389b6aa5511 req-d2df0255-0676-4944-b5d2-88a8a2834ced service placement] 10.222.0.23 "PUT /placement/allocations/5bf6600b-d14d-4c73-a028-81547e9e0d06" status: 204 len: 0 microversion: 1.36
Dec 08 00:35:04.807845 n-d-712707-27 devstack@placement-api.service[115321]: [pid: 115321|app: 0|req: 70/139] 10.222.0.23 () {64 vars in 1433 bytes} [Wed Dec 8 00:35:04 2021] PUT /placement/allocations/5bf6600b-d14d-4c73-a028-81547e9e0d06 => generated 0 bytes in 200 msecs (HTTP/1.1 204) 5 headers in 199 bytes (1 switches on core 0)
Dec 08 00:35:05.716582 n-d-712707-27 devstack@placement-api.service[115322]: DEBUG placement.requestlog [req-b25ac284-ad88-441c-be7c-f389b6aa5511 req-84275450-8ed1-4417-b440-736292a093cc None None] Starting request: 10.222.0.47 "GET /placement/allocations/5bf6600b-d14d-4c73-a028-81547e9e0d06" {{(pid=115322) __call__ /opt/stack/placement/placement/requestlog.py:55}}
Dec 08 00:35:05.742218 n-d-712707-27 devstack@placement-api.service[115322]: INFO placement.requestlog [req-b25ac284-ad88-441c-be7c-f389b6aa5511 req-84275450-8ed1-4417-b440-736292a093cc service placement] 10.222.0.47 "GET /placement/allocations/5bf6600b-d14d-4c73-a028-81547e9e0d06" status: 200 len: 259 microversion: 1.28
Dec 08 00:35:05.742793 n-d-712707-27 devstack@placement-api.service[115322]: [pid: 115322|app: 0|req: 70/140] 10.222.0.47 () {60 vars in 1377 bytes} [Wed Dec 8 00:35:05 2021] GET /placement/allocations/5bf6600b-d14d-4c73-a028-81547e9e0d06 => generated 259 bytes in 26 msecs (HTTP/1.1 200) 8 headers in 296 bytes (1 switches on core 0)
Dec 08 00:35:08.136409 n-d-712707-27 devstack@placement-api.service[115321]: DEBUG placement.requestlog [req-507bf1b0-3ce7-4406-b602-a097404c500b req-a349a44d-477c-46a8-aefc-d3d5139ac05e None None] Starting request: 10.222.0.23 "GET /placement/allocation_candidates?limit=1000&resources=DISK_GB%3A1%2CMEMORY_MB%3A1024%2CVCPU%3A1&root_required=%21COMPUTE_STATUS_DISABLED" {{(pid=115321) __call__ /opt/stack/placement/placement/requestlog.py:55}}
Dec 08 00:35:08.214855 n-d-712707-27 devstack@placement-api.service[115321]: DEBUG placement.objects.research_context [req-507bf1b0-3ce7-4406-b602-a097404c500b req-a349a44d-477c-46a8-aefc-d3d5139ac05e service placement] getting providers with 1 DISK_GB {{(pid=115321) __init__ /opt/stack/placement/placement/objects/research_context.py:126}}
Dec 08 00:35:08.229675 n-d-712707-27 devstack@placement-api.service[115321]: DEBUG placement.objects.research_context [req-507bf1b0-3ce7-4406-b602-a097404c500b req-a349a44d-477c-46a8-aefc-d3d5139ac05e service placement] getting providers with 1024 MEMORY_MB {{(pid=115321) __init__ /opt/stack/placement/placement/objects/research_context.py:126}}
Dec 08 00:35:08.258875 n-d-712707-27 devstack@placement-api.service[115321]: DEBUG placement.objects.research_context [req-507bf1b0-3ce7-4406-b602-a097404c500b req-a349a44d-477c-46a8-aefc-d3d5139ac05e service placement] getting providers with 1 VCPU {{(pid=115321) __init__ /opt/stack/placement/placement/objects/research_context.py:126}}
Dec 08 00:35:08.265721 n-d-712707-27 devstack@placement-api.service[115321]: DEBUG placement.objects.research_context [req-507bf1b0-3ce7-4406-b602-a097404c500b req-a349a44d-477c-46a8-aefc-d3d5139ac05e service placement] found 2 providers with available 1 DISK_GB {{(pid=115321) get_provider_ids_matching /opt/stack/placement/placement/objects/research_context.py:549}}
Dec 08 00:35:08.266228 n-d-712707-27 devstack@placement-api.service[115321]: DEBUG placement.objects.research_context [req-507bf1b0-3ce7-4406-b602-a097404c500b req-a349a44d-477c-46a8-aefc-d3d5139ac05e service placement] found 2 providers with available 1024 MEMORY_MB {{(pid=115321) get_provider_ids_matching /opt/stack/placement/placement/objects/research_context.py:549}}
Dec 08 00:35:08.266651 n-d-712707-27 devstack@placement-api.service[115321]: DEBUG placement.objects.research_context [req-507bf1b0-3ce7-4406-b602-a097404c500b req-a349a44d-477c-46a8-aefc-d3d5139ac05e service placement] found 2 providers after filtering by previous result {{(pid=115321) get_provider_ids_matching /opt/stack/placement/placement/objects/research_context.py:580}}
Dec 08 00:35:08.267199 n-d-712707-27 devstack@placement-api.service[115321]: DEBUG placement.objects.research_context [req-507bf1b0-3ce7-4406-b602-a097404c500b req-a349a44d-477c-46a8-aefc-d3d5139ac05e service placement] found 2 providers with available 1 VCPU {{(pid=115321) get_provider_ids_matching /opt/stack/placement/placement/objects/research_context.py:549}}
Dec 08 00:35:08.267629 n-d-712707-27 devstack@placement-api.service[115321]: DEBUG placement.objects.research_context [req-507bf1b0-3ce7-4406-b602-a097404c500b req-a349a44d-477c-46a8-aefc-d3d5139ac05e service placement] found 2 providers after filtering by previous result {{(pid=115321) get_provider_ids_matching /opt/stack/placement/placement/objects/research_context.py:580}}
Dec 08 00:35:08.293251 n-d-712707-27 devstack@placement-api.service[115321]: DEBUG placement.objects.allocation_candidate [req-507bf1b0-3ce7-4406-b602-a097404c500b req-a349a44d-477c-46a8-aefc-d3d5139ac05e service placement] RequestGroup(use_same_provider=False, resources={DISK_GB:1, MEMORY_MB:1024, VCPU:1}, traits=[], aggregates=[]) (suffix '') returned 2 matches {{(pid=115321) _get_by_requests /opt/stack/placement/placement/objects/allocation_candidate.py:145}}
Dec 08 00:35:08.293818 n-d-712707-27 devstack@placement-api.service[115321]: DEBUG placement.objects.allocation_candidate [req-507bf1b0-3ce7-4406-b602-a097404c500b req-a349a44d-477c-46a8-aefc-d3d5139ac05e service placement] Merging candidates yields 2 allocation requests and 2 provider summaries {{(pid=115321) _merge_candidates /opt/stack/placement/placement/objects/allocation_candidate.py:783}}
Dec 08 00:35:08.308976 n-d-712707-27 devstack@placement-api.service[115321]: INFO placement.requestlog [req-507bf1b0-3ce7-4406-b602-a097404c500b req-a349a44d-477c-46a8-aefc-d3d5139ac05e service placement] 10.222.0.23 "GET /placement/allocation_candidates?limit=1000&resources=DISK_GB%3A1%2CMEMORY_MB%3A1024%2CVCPU%3A1&root_required=%21COMPUTE_STATUS_DISABLED" status: 200 len: 1309 microversion: 1.36
Dec 08 00:35:08.313179 n-d-712707-27 devstack@placement-api.service[115321]: [pid: 115321|app: 0|req: 71/141] 10.222.0.23 () {60 vars in 1506 bytes} [Wed Dec 8 00:35:08 2021] GET /placement/allocation_candidates?limit=1000&resources=DISK_GB%3A1%2CMEMORY_MB%3A1024%2CVCPU%3A1&root_required=%21COMPUTE_STATUS_DISABLED => generated 1309 bytes in 177 msecs (HTTP/1.1 200) 8 headers in 297 bytes (1 switches on core 0)
Dec 08 00:35:08.459617 n-d-712707-27 devstack@placement-api.service[115322]: DEBUG placement.requestlog [req-507bf1b0-3ce7-4406-b602-a097404c500b req-58fdde58-8ba3-46ec-96c1-1a3f32d300d2 None None] Starting request: 10.222.0.23 "GET /placement/allocations/9e8c9812-bbff-4291-99a5-6f40c6e52258" {{(pid=115322) __call__ /opt/stack/placement/placement/requestlog.py:55}}
Dec 08 00:35:08.480307 n-d-712707-27 devstack@placement-api.service[115322]: INFO placement.requestlog [req-507bf1b0-3ce7-4406-b602-a097404c500b req-58fdde58-8ba3-46ec-96c1-1a3f32d300d2 service placement] 10.222.0.23 "GET /placement/allocations/9e8c9812-bbff-4291-99a5-6f40c6e52258" status: 200 len: 19 microversion: 1.28
Dec 08 00:35:08.487446 n-d-712707-27 devstack@placement-api.service[115322]: [pid: 115322|app: 0|req: 71/142] 10.222.0.23 () {60 vars in 1380 bytes} [Wed Dec 8 00:35:08 2021] GET /placement/allocations/9e8c9812-bbff-4291-99a5-6f40c6e52258 => generated 19 bytes in 28 msecs (HTTP/1.1 200) 8 headers in 295 bytes (1 switches on core 0)
Dec 08 00:35:08.495627 n-d-712707-27 devstack@placement-api.service[115321]: DEBUG placement.requestlog [req-507bf1b0-3ce7-4406-b602-a097404c500b req-1522bc5a-02a8-4ac7-95ca-4a092445eb06 None None] Starting request: 10.222.0.23 "PUT /placement/allocations/9e8c9812-bbff-4291-99a5-6f40c6e52258" {{(pid=115321) __call__ /opt/stack/placement/placement/requestlog.py:55}}
Dec 08 00:35:08.605487 n-d-712707-27 devstack@placement-api.service[115321]: DEBUG placement.handlers.allocation [req-507bf1b0-3ce7-4406-b602-a097404c500b req-1522bc5a-02a8-4ac7-95ca-4a092445eb06 service placement] Successfully wrote allocations [, , ] {{(pid=115321) _update_consumers_and_create_allocations /opt/stack/placement/placement/handlers/allocation.py:462}}
Dec 08 00:35:08.609493 n-d-712707-27 devstack@placement-api.service[115321]: INFO placement.requestlog [req-507bf1b0-3ce7-4406-b602-a097404c500b req-1522bc5a-02a8-4ac7-95ca-4a092445eb06 service placement] 10.222.0.23 "PUT /placement/allocations/9e8c9812-bbff-4291-99a5-6f40c6e52258" status: 204 len: 0 microversion: 1.36
Dec 08 00:35:08.611919 n-d-712707-27 devstack@placement-api.service[115321]: [pid: 115321|app: 0|req: 72/143] 10.222.0.23 () {64 vars in 1433 bytes} [Wed Dec 8 00:35:08 2021] PUT /placement/allocations/9e8c9812-bbff-4291-99a5-6f40c6e52258 => generated 0 bytes in 116 msecs (HTTP/1.1 204) 5 headers in 199 bytes (1 switches on core 0)
Dec 08 00:35:09.242014 n-d-712707-27 devstack@placement-api.service[115322]: DEBUG placement.requestlog [req-507bf1b0-3ce7-4406-b602-a097404c500b req-236892df-9a41-4d1e-a21e-79335d4f08e1 None None] Starting request: 10.222.0.43 "GET /placement/allocations/9e8c9812-bbff-4291-99a5-6f40c6e52258" {{(pid=115322) __call__ /opt/stack/placement/placement/requestlog.py:55}}
Dec 08 00:35:09.273045 n-d-712707-27 devstack@placement-api.service[115322]: INFO placement.requestlog [req-507bf1b0-3ce7-4406-b602-a097404c500b req-236892df-9a41-4d1e-a21e-79335d4f08e1 service placement] 10.222.0.43 "GET /placement/allocations/9e8c9812-bbff-4291-99a5-6f40c6e52258" status: 200 len: 259 microversion: 1.28
Dec 08 00:35:09.273445 n-d-712707-27 devstack@placement-api.service[115322]: [pid: 115322|app: 0|req: 72/144] 10.222.0.43 () {60 vars in 1377 bytes} [Wed Dec 8 00:35:09 2021] GET /placement/allocations/9e8c9812-bbff-4291-99a5-6f40c6e52258 => generated 259 bytes in 32 msecs (HTTP/1.1 200) 8 headers in 296 bytes (1 switches on core 0)
Dec 08 00:35:15.916332 n-d-712707-27 devstack@placement-api.service[115321]: DEBUG placement.requestlog [req-0dcb832b-90ef-4f1c-bef5-7a38dc26fd08 req-276c9a27-d74e-4101-a77d-1741fb2e6ebd None None] Starting request: 10.222.0.23 "GET /placement/allocation_candidates?limit=1000&resources=DISK_GB%3A1%2CMEMORY_MB%3A1024%2CVCPU%3A1&root_required=%21COMPUTE_STATUS_DISABLED" {{(pid=115321) __call__ /opt/stack/placement/placement/requestlog.py:55}}
Dec 08 00:35:15.980532 n-d-712707-27 devstack@placement-api.service[115321]: DEBUG placement.objects.research_context [req-0dcb832b-90ef-4f1c-bef5-7a38dc26fd08 req-276c9a27-d74e-4101-a77d-1741fb2e6ebd service placement] getting providers with 1 DISK_GB {{(pid=115321) __init__ /opt/stack/placement/placement/objects/research_context.py:126}}
Dec 08 00:35:15.995225 n-d-712707-27 devstack@placement-api.service[115321]: DEBUG placement.objects.research_context [req-0dcb832b-90ef-4f1c-bef5-7a38dc26fd08 req-276c9a27-d74e-4101-a77d-1741fb2e6ebd service placement] getting providers with 1024 MEMORY_MB {{(pid=115321) __init__ /opt/stack/placement/placement/objects/research_context.py:126}}
Dec 08 00:35:16.007808 n-d-712707-27 devstack@placement-api.service[115321]: DEBUG placement.objects.research_context [req-0dcb832b-90ef-4f1c-bef5-7a38dc26fd08 req-276c9a27-d74e-4101-a77d-1741fb2e6ebd service placement] getting providers with 1 VCPU {{(pid=115321) __init__ /opt/stack/placement/placement/objects/research_context.py:126}}
Dec 08 00:35:16.030599 n-d-712707-27 devstack@placement-api.service[115321]: DEBUG placement.objects.research_context [req-0dcb832b-90ef-4f1c-bef5-7a38dc26fd08 req-276c9a27-d74e-4101-a77d-1741fb2e6ebd service placement] found 2 providers with available 1 DISK_GB {{(pid=115321) get_provider_ids_matching /opt/stack/placement/placement/objects/research_context.py:549}}
Dec 08 00:35:16.030993 n-d-712707-27 devstack@placement-api.service[115321]: DEBUG placement.objects.research_context [req-0dcb832b-90ef-4f1c-bef5-7a38dc26fd08 req-276c9a27-d74e-4101-a77d-1741fb2e6ebd service placement] found 2 providers with available 1024 MEMORY_MB {{(pid=115321) get_provider_ids_matching /opt/stack/placement/placement/objects/research_context.py:549}}
Dec 08 00:35:16.031500 n-d-712707-27 devstack@placement-api.service[115321]: DEBUG placement.objects.research_context [req-0dcb832b-90ef-4f1c-bef5-7a38dc26fd08 req-276c9a27-d74e-4101-a77d-1741fb2e6ebd service placement] found 2 providers after filtering by previous result {{(pid=115321) get_provider_ids_matching /opt/stack/placement/placement/objects/research_context.py:580}}
Dec 08 00:35:16.031823 n-d-712707-27 devstack@placement-api.service[115321]: DEBUG placement.objects.research_context [req-0dcb832b-90ef-4f1c-bef5-7a38dc26fd08 req-276c9a27-d74e-4101-a77d-1741fb2e6ebd service placement] found 2 providers with available 1 VCPU {{(pid=115321) get_provider_ids_matching /opt/stack/placement/placement/objects/research_context.py:549}}
Dec 08 00:35:16.032300 n-d-712707-27 devstack@placement-api.service[115321]: DEBUG placement.objects.research_context [req-0dcb832b-90ef-4f1c-bef5-7a38dc26fd08 req-276c9a27-d74e-4101-a77d-1741fb2e6ebd service placement] found 2 providers after filtering by previous result {{(pid=115321) get_provider_ids_matching /opt/stack/placement/placement/objects/research_context.py:580}}
Dec 08 00:35:16.062099 n-d-712707-27 devstack@placement-api.service[115321]: DEBUG placement.objects.allocation_candidate [req-0dcb832b-90ef-4f1c-bef5-7a38dc26fd08 req-276c9a27-d74e-4101-a77d-1741fb2e6ebd service placement] RequestGroup(use_same_provider=False, resources={DISK_GB:1, MEMORY_MB:1024, VCPU:1}, traits=[], aggregates=[]) (suffix '') returned 2 matches {{(pid=115321) _get_by_requests /opt/stack/placement/placement/objects/allocation_candidate.py:145}}
Dec 08 00:35:16.062685 n-d-712707-27 devstack@placement-api.service[115321]: DEBUG placement.objects.allocation_candidate [req-0dcb832b-90ef-4f1c-bef5-7a38dc26fd08 req-276c9a27-d74e-4101-a77d-1741fb2e6ebd service placement] Merging candidates yields 2 allocation requests and 2 provider summaries {{(pid=115321) _merge_candidates /opt/stack/placement/placement/objects/allocation_candidate.py:783}}
Dec 08 00:35:16.064513 n-d-712707-27 devstack@placement-api.service[115321]: INFO placement.requestlog [req-0dcb832b-90ef-4f1c-bef5-7a38dc26fd08 req-276c9a27-d74e-4101-a77d-1741fb2e6ebd service placement] 10.222.0.23 "GET /placement/allocation_candidates?limit=1000&resources=DISK_GB%3A1%2CMEMORY_MB%3A1024%2CVCPU%3A1&root_required=%21COMPUTE_STATUS_DISABLED" status: 200 len: 1309 microversion: 1.36
Dec 08 00:35:16.065316 n-d-712707-27 devstack@placement-api.service[115321]: [pid: 115321|app: 0|req: 73/145] 10.222.0.23 () {60 vars in 1506 bytes} [Wed Dec 8 00:35:15 2021] GET /placement/allocation_candidates?limit=1000&resources=DISK_GB%3A1%2CMEMORY_MB%3A1024%2CVCPU%3A1&root_required=%21COMPUTE_STATUS_DISABLED => generated 1309 bytes in 149 msecs (HTTP/1.1 200) 8 headers in 297 bytes (1 switches on core 0)
Dec 08 00:35:16.172737 n-d-712707-27 devstack@placement-api.service[115322]: DEBUG placement.requestlog [req-0dcb832b-90ef-4f1c-bef5-7a38dc26fd08 req-7ce1fff5-19d1-4958-9aba-0a6bd976acee None None] Starting request: 10.222.0.23 "GET /placement/allocations/066d3cdb-44d4-4cc2-b944-8a6368d7a532" {{(pid=115322) __call__ /opt/stack/placement/placement/requestlog.py:55}}
Dec 08 00:35:16.199093 n-d-712707-27 devstack@placement-api.service[115322]: INFO placement.requestlog [req-0dcb832b-90ef-4f1c-bef5-7a38dc26fd08 req-7ce1fff5-19d1-4958-9aba-0a6bd976acee service placement] 10.222.0.23 "GET /placement/allocations/066d3cdb-44d4-4cc2-b944-8a6368d7a532" status: 200 len: 19 microversion: 1.28
Dec 08 00:35:16.203354 n-d-712707-27 devstack@placement-api.service[115322]: [pid: 115322|app: 0|req: 73/146] 10.222.0.23 () {60 vars in 1380 bytes} [Wed Dec 8 00:35:16 2021] GET /placement/allocations/066d3cdb-44d4-4cc2-b944-8a6368d7a532 => generated 19 bytes in 32 msecs (HTTP/1.1 200) 8 headers in 295 bytes (1 switches on core 0)
Dec 08 00:35:16.209459 n-d-712707-27 devstack@placement-api.service[115321]: DEBUG placement.requestlog [req-0dcb832b-90ef-4f1c-bef5-7a38dc26fd08 req-78b87b41-77b8-452b-b059-c28d313b7e31 None None] Starting request: 10.222.0.23 "PUT /placement/allocations/066d3cdb-44d4-4cc2-b944-8a6368d7a532" {{(pid=115321) __call__ /opt/stack/placement/placement/requestlog.py:55}}
Dec 08 00:35:16.315150 n-d-712707-27 devstack@placement-api.service[115321]: DEBUG placement.handlers.allocation [req-0dcb832b-90ef-4f1c-bef5-7a38dc26fd08 req-78b87b41-77b8-452b-b059-c28d313b7e31 service placement] Successfully wrote allocations [, , ] {{(pid=115321) _update_consumers_and_create_allocations /opt/stack/placement/placement/handlers/allocation.py:462}}
Dec 08 00:35:16.321194 n-d-712707-27 devstack@placement-api.service[115321]: INFO placement.requestlog [req-0dcb832b-90ef-4f1c-bef5-7a38dc26fd08 req-78b87b41-77b8-452b-b059-c28d313b7e31 service placement] 10.222.0.23 "PUT /placement/allocations/066d3cdb-44d4-4cc2-b944-8a6368d7a532" status: 204 len: 0 microversion: 1.36
Dec 08 00:35:16.353772 n-d-712707-27 devstack@placement-api.service[115321]: [pid: 115321|app: 0|req: 74/147] 10.222.0.23 () {64 vars in 1433 bytes} [Wed Dec 8 00:35:16 2021] PUT /placement/allocations/066d3cdb-44d4-4cc2-b944-8a6368d7a532 => generated 0 bytes in 113 msecs (HTTP/1.1 204) 5 headers in 199 bytes (1 switches on core 0)
Dec 08 00:35:25.038285 n-d-712707-27 devstack@placement-api.service[115322]: DEBUG placement.requestlog [req-a97e705c-05f8-4e36-97bd-ccdb43ed8c6e req-fe513dc6-07cd-48ad-b398-24fc8e13e7b3 None None] Starting request: 10.222.0.23 "GET /placement/allocation_candidates?resources=DISK_GB%3A1%2CMEMORY_MB%3A1024%2CVCPU%3A1&root_required=%21COMPUTE_STATUS_DISABLED" {{(pid=115322) __call__ /opt/stack/placement/placement/requestlog.py:55}}
Dec 08 00:35:25.121748 n-d-712707-27 devstack@placement-api.service[115322]: DEBUG placement.objects.research_context [req-a97e705c-05f8-4e36-97bd-ccdb43ed8c6e req-fe513dc6-07cd-48ad-b398-24fc8e13e7b3 service placement] getting providers with 1 DISK_GB {{(pid=115322) __init__ /opt/stack/placement/placement/objects/research_context.py:126}}
Dec 08 00:35:25.154059 n-d-712707-27 devstack@placement-api.service[115322]: DEBUG placement.objects.research_context [req-a97e705c-05f8-4e36-97bd-ccdb43ed8c6e req-fe513dc6-07cd-48ad-b398-24fc8e13e7b3 service placement] getting providers with 1024 MEMORY_MB {{(pid=115322) __init__ /opt/stack/placement/placement/objects/research_context.py:126}}
Dec 08 00:35:25.171231 n-d-712707-27 devstack@placement-api.service[115322]: DEBUG placement.objects.research_context [req-a97e705c-05f8-4e36-97bd-ccdb43ed8c6e req-fe513dc6-07cd-48ad-b398-24fc8e13e7b3 service placement] getting providers with 1 VCPU {{(pid=115322) __init__ /opt/stack/placement/placement/objects/research_context.py:126}}
Dec 08 00:35:25.197143 n-d-712707-27 devstack@placement-api.service[115322]: DEBUG placement.objects.research_context [req-a97e705c-05f8-4e36-97bd-ccdb43ed8c6e req-fe513dc6-07cd-48ad-b398-24fc8e13e7b3 service placement] found 2 providers with available 1 DISK_GB {{(pid=115322) get_provider_ids_matching /opt/stack/placement/placement/objects/research_context.py:549}}
Dec 08 00:35:25.197435 n-d-712707-27 devstack@placement-api.service[115322]: DEBUG placement.objects.research_context [req-a97e705c-05f8-4e36-97bd-ccdb43ed8c6e req-fe513dc6-07cd-48ad-b398-24fc8e13e7b3 service placement] found 2 providers with available 1024 MEMORY_MB {{(pid=115322) get_provider_ids_matching /opt/stack/placement/placement/objects/research_context.py:549}}
