Oct 18 22:53:33.004605 n-d-712707-25 devstack@placement-api.service[107939]: [pid: 107939|app: 0|req: 139/275] 10.222.0.26 () {64 vars in 1433 bytes} [Mon Oct 18 22:53:32 2021] PUT /placement/allocations/868dbbf0-b577-433f-aa16-4716b8dedc7c => generated 0 bytes in 135 msecs (HTTP/1.1 204) 5 headers in 199 bytes (1 switches on core 0)
Oct 18 22:53:33.565884 n-d-712707-25 devstack@placement-api.service[107938]: DEBUG placement.requestlog [req-2463760b-b9d1-40a1-8163-6547eb1c1727 req-8f3377a8-2168-444f-89a7-19dce338a9c9 None None] Starting request: 10.222.0.94 "GET /placement/allocations/868dbbf0-b577-433f-aa16-4716b8dedc7c" {{(pid=107938) __call__ /opt/stack/placement/placement/requestlog.py:55}}
Oct 18 22:53:33.601373 n-d-712707-25 devstack@placement-api.service[107938]: INFO placement.requestlog [req-2463760b-b9d1-40a1-8163-6547eb1c1727 req-8f3377a8-2168-444f-89a7-19dce338a9c9 service placement] 10.222.0.94 "GET /placement/allocations/868dbbf0-b577-433f-aa16-4716b8dedc7c" status: 200 len: 259 microversion: 1.28
Oct 18 22:53:33.601615 n-d-712707-25 devstack@placement-api.service[107938]: [pid: 107938|app: 0|req: 137/276] 10.222.0.94 () {60 vars in 1377 bytes} [Mon Oct 18 22:53:33 2021] GET /placement/allocations/868dbbf0-b577-433f-aa16-4716b8dedc7c => generated 259 bytes in 38 msecs (HTTP/1.1 200) 8 headers in 296 bytes (1 switches on core 0)
Oct 18 22:53:35.885213 n-d-712707-25 devstack@placement-api.service[107939]: DEBUG placement.requestlog [req-fbb378ec-21dd-48ae-bff7-1ae8c3dd04e3 req-1a2bbcc4-0887-48f3-9981-06cc47213165 None None] Starting request: 10.222.0.26 "GET /placement/allocation_candidates?limit=1000&resources=DISK_GB%3A1%2CMEMORY_MB%3A1024%2CVCPU%3A1&root_required=%21COMPUTE_STATUS_DISABLED" {{(pid=107939) __call__ /opt/stack/placement/placement/requestlog.py:55}}
Oct 18 22:53:36.006027 n-d-712707-25 devstack@placement-api.service[107939]: DEBUG placement.objects.research_context [req-fbb378ec-21dd-48ae-bff7-1ae8c3dd04e3 req-1a2bbcc4-0887-48f3-9981-06cc47213165 service placement] getting providers with 1 DISK_GB {{(pid=107939) __init__ /opt/stack/placement/placement/objects/research_context.py:126}}
Oct 18 22:53:36.041238 n-d-712707-25 devstack@placement-api.service[107939]: DEBUG placement.objects.research_context [req-fbb378ec-21dd-48ae-bff7-1ae8c3dd04e3 req-1a2bbcc4-0887-48f3-9981-06cc47213165 service placement] getting providers with 1024 MEMORY_MB {{(pid=107939) __init__ /opt/stack/placement/placement/objects/research_context.py:126}}
Oct 18 22:53:36.071169 n-d-712707-25 devstack@placement-api.service[107939]: DEBUG placement.objects.research_context [req-fbb378ec-21dd-48ae-bff7-1ae8c3dd04e3 req-1a2bbcc4-0887-48f3-9981-06cc47213165 service placement] getting providers with 1 VCPU {{(pid=107939) __init__ /opt/stack/placement/placement/objects/research_context.py:126}}
Oct 18 22:53:36.089510 n-d-712707-25 devstack@placement-api.service[107939]: DEBUG placement.objects.research_context [req-fbb378ec-21dd-48ae-bff7-1ae8c3dd04e3 req-1a2bbcc4-0887-48f3-9981-06cc47213165 service placement] found 2 providers with available 1 DISK_GB {{(pid=107939) get_provider_ids_matching /opt/stack/placement/placement/objects/research_context.py:549}}
Oct 18 22:53:36.089846 n-d-712707-25 devstack@placement-api.service[107939]: DEBUG placement.objects.research_context [req-fbb378ec-21dd-48ae-bff7-1ae8c3dd04e3 req-1a2bbcc4-0887-48f3-9981-06cc47213165 service placement] found 2 providers with available 1024 MEMORY_MB {{(pid=107939) get_provider_ids_matching /opt/stack/placement/placement/objects/research_context.py:549}}
Oct 18 22:53:36.090848 n-d-712707-25 devstack@placement-api.service[107939]: DEBUG placement.objects.research_context [req-fbb378ec-21dd-48ae-bff7-1ae8c3dd04e3 req-1a2bbcc4-0887-48f3-9981-06cc47213165 service placement] found 2 providers after filtering by previous result {{(pid=107939) get_provider_ids_matching /opt/stack/placement/placement/objects/research_context.py:580}}
Oct 18 22:53:36.091111 n-d-712707-25 devstack@placement-api.service[107939]: DEBUG placement.objects.research_context [req-fbb378ec-21dd-48ae-bff7-1ae8c3dd04e3 req-1a2bbcc4-0887-48f3-9981-06cc47213165 service placement] found 2 providers with available 1 VCPU {{(pid=107939) get_provider_ids_matching /opt/stack/placement/placement/objects/research_context.py:549}}
Oct 18 22:53:36.091377 n-d-712707-25 devstack@placement-api.service[107939]: DEBUG placement.objects.research_context [req-fbb378ec-21dd-48ae-bff7-1ae8c3dd04e3 req-1a2bbcc4-0887-48f3-9981-06cc47213165 service placement] found 2 providers after filtering by previous result {{(pid=107939) get_provider_ids_matching /opt/stack/placement/placement/objects/research_context.py:580}}
Oct 18 22:53:36.117562 n-d-712707-25 devstack@placement-api.service[107939]: DEBUG placement.objects.allocation_candidate [req-fbb378ec-21dd-48ae-bff7-1ae8c3dd04e3 req-1a2bbcc4-0887-48f3-9981-06cc47213165 service placement] RequestGroup(use_same_provider=False, resources={DISK_GB:1, MEMORY_MB:1024, VCPU:1}, traits=[], aggregates=[]) (suffix '') returned 2 matches {{(pid=107939) _get_by_requests /opt/stack/placement/placement/objects/allocation_candidate.py:145}}
Oct 18 22:53:36.122292 n-d-712707-25 devstack@placement-api.service[107939]: DEBUG placement.objects.allocation_candidate [req-fbb378ec-21dd-48ae-bff7-1ae8c3dd04e3 req-1a2bbcc4-0887-48f3-9981-06cc47213165 service placement] Merging candidates yields 2 allocation requests and 2 provider summaries {{(pid=107939) _merge_candidates /opt/stack/placement/placement/objects/allocation_candidate.py:783}}
Oct 18 22:53:36.124849 n-d-712707-25 devstack@placement-api.service[107939]: INFO placement.requestlog [req-fbb378ec-21dd-48ae-bff7-1ae8c3dd04e3 req-1a2bbcc4-0887-48f3-9981-06cc47213165 service placement] 10.222.0.26 "GET /placement/allocation_candidates?limit=1000&resources=DISK_GB%3A1%2CMEMORY_MB%3A1024%2CVCPU%3A1&root_required=%21COMPUTE_STATUS_DISABLED" status: 200 len: 1312 microversion: 1.36
Oct 18 22:53:36.129544 n-d-712707-25 devstack@placement-api.service[107939]: [pid: 107939|app: 0|req: 140/277] 10.222.0.26 () {60 vars in 1506 bytes} [Mon Oct 18 22:53:35 2021] GET /placement/allocation_candidates?limit=1000&resources=DISK_GB%3A1%2CMEMORY_MB%3A1024%2CVCPU%3A1&root_required=%21COMPUTE_STATUS_DISABLED => generated 1312 bytes in 245 msecs (HTTP/1.1 200) 8 headers in 297 bytes (1 switches on core 0)
Oct 18 22:53:36.206935 n-d-712707-25 devstack@placement-api.service[107938]: DEBUG placement.requestlog [req-fbb378ec-21dd-48ae-bff7-1ae8c3dd04e3 req-b7091400-f92f-487d-aa19-7257f24dae41 None None] Starting request: 10.222.0.26 "GET /placement/allocations/e83511e2-43f1-4d4a-b42c-f2d023871a99" {{(pid=107938) __call__ /opt/stack/placement/placement/requestlog.py:55}}
Oct 18 22:53:36.222463 n-d-712707-25 devstack@placement-api.service[107938]: INFO placement.requestlog [req-fbb378ec-21dd-48ae-bff7-1ae8c3dd04e3 req-b7091400-f92f-487d-aa19-7257f24dae41 service placement] 10.222.0.26 "GET /placement/allocations/e83511e2-43f1-4d4a-b42c-f2d023871a99" status: 200 len: 19 microversion: 1.28
Oct 18 22:53:36.227378 n-d-712707-25 devstack@placement-api.service[107938]: [pid: 107938|app: 0|req: 138/278] 10.222.0.26 () {60 vars in 1380 bytes} [Mon Oct 18 22:53:36 2021] GET /placement/allocations/e83511e2-43f1-4d4a-b42c-f2d023871a99 => generated 19 bytes in 20 msecs (HTTP/1.1 200) 8 headers in 295 bytes (1 switches on core 0)
Oct 18 22:53:36.231769 n-d-712707-25 devstack@placement-api.service[107939]: DEBUG placement.requestlog [req-fbb378ec-21dd-48ae-bff7-1ae8c3dd04e3 req-1f561097-04dc-4679-9c20-75519d575f46 None None] Starting request: 10.222.0.26 "PUT /placement/allocations/e83511e2-43f1-4d4a-b42c-f2d023871a99" {{(pid=107939) __call__ /opt/stack/placement/placement/requestlog.py:55}}
Oct 18 22:53:36.344032 n-d-712707-25 devstack@placement-api.service[107939]: DEBUG placement.handlers.allocation [req-fbb378ec-21dd-48ae-bff7-1ae8c3dd04e3 req-1f561097-04dc-4679-9c20-75519d575f46 service placement] Successfully wrote allocations [, , ] {{(pid=107939) _update_consumers_and_create_allocations /opt/stack/placement/placement/handlers/allocation.py:462}}
Oct 18 22:53:36.352422 n-d-712707-25 devstack@placement-api.service[107939]: INFO placement.requestlog [req-fbb378ec-21dd-48ae-bff7-1ae8c3dd04e3 req-1f561097-04dc-4679-9c20-75519d575f46 service placement] 10.222.0.26 "PUT /placement/allocations/e83511e2-43f1-4d4a-b42c-f2d023871a99" status: 204 len: 0 microversion: 1.36
Oct 18 22:53:36.353225 n-d-712707-25 devstack@placement-api.service[107939]: [pid: 107939|app: 0|req: 141/279] 10.222.0.26 () {64 vars in 1433 bytes} [Mon Oct 18 22:53:36 2021] PUT /placement/allocations/e83511e2-43f1-4d4a-b42c-f2d023871a99 => generated 0 bytes in 121 msecs (HTTP/1.1 204) 5 headers in 199 bytes (1 switches on core 0)
Oct 18 22:53:36.833044 n-d-712707-25 devstack@placement-api.service[107938]: DEBUG placement.requestlog [req-fbb378ec-21dd-48ae-bff7-1ae8c3dd04e3 req-80b6a880-a927-40f8-aaa3-80575afec206 None None] Starting request: 10.222.0.15 "GET /placement/allocations/e83511e2-43f1-4d4a-b42c-f2d023871a99" {{(pid=107938) __call__ /opt/stack/placement/placement/requestlog.py:55}}
Oct 18 22:53:36.871990 n-d-712707-25 devstack@placement-api.service[107938]: INFO placement.requestlog [req-fbb378ec-21dd-48ae-bff7-1ae8c3dd04e3 req-80b6a880-a927-40f8-aaa3-80575afec206 service placement] 10.222.0.15 "GET /placement/allocations/e83511e2-43f1-4d4a-b42c-f2d023871a99" status: 200 len: 259 microversion: 1.28
Oct 18 22:53:36.873133 n-d-712707-25 devstack@placement-api.service[107938]: [pid: 107938|app: 0|req: 139/280] 10.222.0.15 () {60 vars in 1377 bytes} [Mon Oct 18 22:53:36 2021] GET /placement/allocations/e83511e2-43f1-4d4a-b42c-f2d023871a99 => generated 259 bytes in 40 msecs (HTTP/1.1 200) 8 headers in 296 bytes (1 switches on core 0)
Oct 18 22:53:41.470334 n-d-712707-25 devstack@placement-api.service[107939]: DEBUG placement.requestlog [req-277e9c3a-3be7-45c1-ad23-92991b7367c6 req-3e5e8b93-3a9e-461d-ae9a-1378e80dcacc None None] Starting request: 10.222.0.26 "GET /placement/allocation_candidates?limit=1000&resources=DISK_GB%3A2%2CMEMORY_MB%3A1024%2CVCPU%3A1&root_required=%21COMPUTE_STATUS_DISABLED" {{(pid=107939) __call__ /opt/stack/placement/placement/requestlog.py:55}}
Oct 18 22:53:41.510448 n-d-712707-25 devstack@placement-api.service[107939]: DEBUG placement.objects.research_context [req-277e9c3a-3be7-45c1-ad23-92991b7367c6 req-3e5e8b93-3a9e-461d-ae9a-1378e80dcacc service placement] getting providers with 2 DISK_GB {{(pid=107939) __init__ /opt/stack/placement/placement/objects/research_context.py:126}}
Oct 18 22:53:41.518235 n-d-712707-25 devstack@placement-api.service[107939]: DEBUG placement.objects.research_context [req-277e9c3a-3be7-45c1-ad23-92991b7367c6 req-3e5e8b93-3a9e-461d-ae9a-1378e80dcacc service placement] getting providers with 1024 MEMORY_MB {{(pid=107939) __init__ /opt/stack/placement/placement/objects/research_context.py:126}}
Oct 18 22:53:41.532733 n-d-712707-25 devstack@placement-api.service[107939]: DEBUG placement.objects.research_context [req-277e9c3a-3be7-45c1-ad23-92991b7367c6 req-3e5e8b93-3a9e-461d-ae9a-1378e80dcacc service placement] getting providers with 1 VCPU {{(pid=107939) __init__ /opt/stack/placement/placement/objects/research_context.py:126}}
Oct 18 22:53:41.539514 n-d-712707-25 devstack@placement-api.service[107939]: DEBUG placement.objects.research_context [req-277e9c3a-3be7-45c1-ad23-92991b7367c6 req-3e5e8b93-3a9e-461d-ae9a-1378e80dcacc service placement] found 2 providers with available 2 DISK_GB {{(pid=107939) get_provider_ids_matching /opt/stack/placement/placement/objects/research_context.py:549}}
Oct 18 22:53:41.540432 n-d-712707-25 devstack@placement-api.service[107939]: DEBUG placement.objects.research_context [req-277e9c3a-3be7-45c1-ad23-92991b7367c6 req-3e5e8b93-3a9e-461d-ae9a-1378e80dcacc service placement] found 2 providers with available 1024 MEMORY_MB {{(pid=107939) get_provider_ids_matching /opt/stack/placement/placement/objects/research_context.py:549}}
Oct 18 22:53:41.540936 n-d-712707-25 devstack@placement-api.service[107939]: DEBUG placement.objects.research_context [req-277e9c3a-3be7-45c1-ad23-92991b7367c6 req-3e5e8b93-3a9e-461d-ae9a-1378e80dcacc service placement] found 2 providers after filtering by previous result {{(pid=107939) get_provider_ids_matching /opt/stack/placement/placement/objects/research_context.py:580}}
Oct 18 22:53:41.541360 n-d-712707-25 devstack@placement-api.service[107939]: DEBUG placement.objects.research_context [req-277e9c3a-3be7-45c1-ad23-92991b7367c6 req-3e5e8b93-3a9e-461d-ae9a-1378e80dcacc service placement] found 2 providers with available 1 VCPU {{(pid=107939) get_provider_ids_matching /opt/stack/placement/placement/objects/research_context.py:549}}
Oct 18 22:53:41.542227 n-d-712707-25 devstack@placement-api.service[107939]: DEBUG placement.objects.research_context [req-277e9c3a-3be7-45c1-ad23-92991b7367c6 req-3e5e8b93-3a9e-461d-ae9a-1378e80dcacc service placement] found 2 providers after filtering by previous result {{(pid=107939) get_provider_ids_matching /opt/stack/placement/placement/objects/research_context.py:580}}
Oct 18 22:53:41.559202 n-d-712707-25 devstack@placement-api.service[107939]: DEBUG placement.objects.allocation_candidate [req-277e9c3a-3be7-45c1-ad23-92991b7367c6 req-3e5e8b93-3a9e-461d-ae9a-1378e80dcacc service placement] RequestGroup(use_same_provider=False, resources={DISK_GB:2, MEMORY_MB:1024, VCPU:1}, traits=[], aggregates=[]) (suffix '') returned 2 matches {{(pid=107939) _get_by_requests /opt/stack/placement/placement/objects/allocation_candidate.py:145}}
Oct 18 22:53:41.562258 n-d-712707-25 devstack@placement-api.service[107939]: DEBUG placement.objects.allocation_candidate [req-277e9c3a-3be7-45c1-ad23-92991b7367c6 req-3e5e8b93-3a9e-461d-ae9a-1378e80dcacc service placement] Merging candidates yields 2 allocation requests and 2 provider summaries {{(pid=107939) _merge_candidates /opt/stack/placement/placement/objects/allocation_candidate.py:783}}
Oct 18 22:53:41.565461 n-d-712707-25 devstack@placement-api.service[107939]: INFO placement.requestlog [req-277e9c3a-3be7-45c1-ad23-92991b7367c6 req-3e5e8b93-3a9e-461d-ae9a-1378e80dcacc service placement] 10.222.0.26 "GET /placement/allocation_candidates?limit=1000&resources=DISK_GB%3A2%2CMEMORY_MB%3A1024%2CVCPU%3A1&root_required=%21COMPUTE_STATUS_DISABLED" status: 200 len: 1313 microversion: 1.36
Oct 18 22:53:41.566465 n-d-712707-25 devstack@placement-api.service[107939]: [pid: 107939|app: 0|req: 142/281] 10.222.0.26 () {60 vars in 1506 bytes} [Mon Oct 18 22:53:41 2021] GET /placement/allocation_candidates?limit=1000&resources=DISK_GB%3A2%2CMEMORY_MB%3A1024%2CVCPU%3A1&root_required=%21COMPUTE_STATUS_DISABLED => generated 1313 bytes in 96 msecs (HTTP/1.1 200) 8 headers in 297 bytes (1 switches on core 0)
Oct 18 22:53:41.756901 n-d-712707-25 devstack@placement-api.service[107938]: DEBUG placement.requestlog [req-277e9c3a-3be7-45c1-ad23-92991b7367c6 req-aabec371-b934-45f6-94f2-ff4a6034a801 None None] Starting request: 10.222.0.26 "GET /placement/allocations/dbd5a3dd-08e3-4b2c-9e01-b4821927468c" {{(pid=107938) __call__ /opt/stack/placement/placement/requestlog.py:55}}
Oct 18 22:53:41.787885 n-d-712707-25 devstack@placement-api.service[107938]: INFO placement.requestlog [req-277e9c3a-3be7-45c1-ad23-92991b7367c6 req-aabec371-b934-45f6-94f2-ff4a6034a801 service placement] 10.222.0.26 "GET /placement/allocations/dbd5a3dd-08e3-4b2c-9e01-b4821927468c" status: 200 len: 19 microversion: 1.28
Oct 18 22:53:41.794233 n-d-712707-25 devstack@placement-api.service[107938]: [pid: 107938|app: 0|req: 140/282] 10.222.0.26 () {60 vars in 1380 bytes} [Mon Oct 18 22:53:41 2021] GET /placement/allocations/dbd5a3dd-08e3-4b2c-9e01-b4821927468c => generated 19 bytes in 37 msecs (HTTP/1.1 200) 8 headers in 295 bytes (1 switches on core 0)
Oct 18 22:53:41.827712 n-d-712707-25 devstack@placement-api.service[107939]: DEBUG placement.requestlog [req-277e9c3a-3be7-45c1-ad23-92991b7367c6 req-44b3ed91-9fe7-40af-affe-f2090a66b9ae None None] Starting request: 10.222.0.26 "PUT /placement/allocations/dbd5a3dd-08e3-4b2c-9e01-b4821927468c" {{(pid=107939) __call__ /opt/stack/placement/placement/requestlog.py:55}}
Oct 18 22:53:41.943165 n-d-712707-25 devstack@placement-api.service[107939]: DEBUG placement.handlers.allocation [req-277e9c3a-3be7-45c1-ad23-92991b7367c6 req-44b3ed91-9fe7-40af-affe-f2090a66b9ae service placement] Successfully wrote allocations [, , ] {{(pid=107939) _update_consumers_and_create_allocations /opt/stack/placement/placement/handlers/allocation.py:462}}
Oct 18 22:53:41.955683 n-d-712707-25 devstack@placement-api.service[107939]: INFO placement.requestlog [req-277e9c3a-3be7-45c1-ad23-92991b7367c6 req-44b3ed91-9fe7-40af-affe-f2090a66b9ae service placement] 10.222.0.26 "PUT /placement/allocations/dbd5a3dd-08e3-4b2c-9e01-b4821927468c" status: 204 len: 0 microversion: 1.36
Oct 18 22:53:41.956268 n-d-712707-25 devstack@placement-api.service[107939]: [pid: 107939|app: 0|req: 143/283] 10.222.0.26 () {64 vars in 1433 bytes} [Mon Oct 18 22:53:41 2021] PUT /placement/allocations/dbd5a3dd-08e3-4b2c-9e01-b4821927468c => generated 0 bytes in 129 msecs (HTTP/1.1 204) 5 headers in 199 bytes (1 switches on core 0)
Oct 18 22:53:42.603507 n-d-712707-25 devstack@placement-api.service[107938]: DEBUG placement.requestlog [req-277e9c3a-3be7-45c1-ad23-92991b7367c6 req-afbbd57a-e8c2-4dd4-ad22-aeb4f45e3ab6 None None] Starting request: 10.222.0.15 "GET /placement/allocations/dbd5a3dd-08e3-4b2c-9e01-b4821927468c" {{(pid=107938) __call__ /opt/stack/placement/placement/requestlog.py:55}}
Oct 18 22:53:42.635112 n-d-712707-25 devstack@placement-api.service[107938]: INFO placement.requestlog [req-277e9c3a-3be7-45c1-ad23-92991b7367c6 req-afbbd57a-e8c2-4dd4-ad22-aeb4f45e3ab6 service placement] 10.222.0.15 "GET /placement/allocations/dbd5a3dd-08e3-4b2c-9e01-b4821927468c" status: 200 len: 259 microversion: 1.28
Oct 18 22:53:42.637644 n-d-712707-25 devstack@placement-api.service[107938]: [pid: 107938|app: 0|req: 141/284] 10.222.0.15 () {60 vars in 1377 bytes} [Mon Oct 18 22:53:42 2021] GET /placement/allocations/dbd5a3dd-08e3-4b2c-9e01-b4821927468c => generated 259 bytes in 34 msecs (HTTP/1.1 200) 8 headers in 296 bytes (1 switches on core 0)
Oct 18 22:53:42.806753 n-d-712707-25 devstack@placement-api.service[107939]: DEBUG placement.requestlog [req-e9270d8d-8dd7-4c6c-aeb6-8cda21a8a9a6 req-a1e2cddc-44e7-4838-8e25-08919c744221 None None] Starting request: 10.222.0.94 "GET /placement/resource_providers/286f37c6-64e2-4a3a-b642-9f441c54c887/allocations" {{(pid=107939) __call__ /opt/stack/placement/placement/requestlog.py:55}}
Oct 18 22:53:42.855390 n-d-712707-25 devstack@placement-api.service[107939]: INFO placement.requestlog [req-e9270d8d-8dd7-4c6c-aeb6-8cda21a8a9a6 req-a1e2cddc-44e7-4838-8e25-08919c744221 service placement] 10.222.0.94 "GET /placement/resource_providers/286f37c6-64e2-4a3a-b642-9f441c54c887/allocations" status: 200 len: 1366 microversion: 1.0
Oct 18 22:53:42.856057 n-d-712707-25 devstack@placement-api.service[107939]: [pid: 107939|app: 0|req: 144/285] 10.222.0.94 () {58 vars in 1390 bytes} [Mon Oct 18 22:53:42 2021] GET /placement/resource_providers/286f37c6-64e2-4a3a-b642-9f441c54c887/allocations => generated 1366 bytes in 50 msecs (HTTP/1.1 200) 6 headers in 225 bytes (1 switches on core 0)
Oct 18 22:53:42.868865 n-d-712707-25 devstack@placement-api.service[107938]: DEBUG placement.requestlog [req-a39f3efe-947e-4f36-9bba-bfd46788b178 req-99bcae08-20ae-4529-8ad6-a61cc5d17315 None None] Starting request: 10.222.0.15 "GET /placement/resource_providers/d8bca19f-5f6e-44a1-ad04-de49592d9bfb/allocations" {{(pid=107938) __call__ /opt/stack/placement/placement/requestlog.py:55}}
Oct 18 22:53:42.922667 n-d-712707-25 devstack@placement-api.service[107938]: INFO placement.requestlog [req-a39f3efe-947e-4f36-9bba-bfd46788b178 req-99bcae08-20ae-4529-8ad6-a61cc5d17315 service placement] 10.222.0.15 "GET /placement/resource_providers/d8bca19f-5f6e-44a1-ad04-de49592d9bfb/allocations" status: 200 len: 1149 microversion: 1.0
Oct 18 22:53:42.923500 n-d-712707-25 devstack@placement-api.service[107938]: [pid: 107938|app: 0|req: 142/286] 10.222.0.15 () {58 vars in 1390 bytes} [Mon Oct 18 22:53:42 2021] GET /placement/resource_providers/d8bca19f-5f6e-44a1-ad04-de49592d9bfb/allocations => generated 1149 bytes in 55 msecs (HTTP/1.1 200) 6 headers in 225 bytes (2 switches on core 0)
Oct 18 22:53:46.284376 n-d-712707-25 devstack@placement-api.service[107939]: DEBUG placement.requestlog [req-4d73ed54-3e5d-42ba-be66-b8970f1393db req-0b07a890-0765-457d-9a1f-45fa5f4b7aec None None] Starting request: 10.222.0.94 "DELETE /placement/allocations/bc485fcf-6b50-4984-be28-33448c1e7081" {{(pid=107939) __call__ /opt/stack/placement/placement/requestlog.py:55}}
Oct 18 22:53:46.364099 n-d-712707-25 devstack@placement-api.service[107939]: DEBUG placement.handlers.allocation [req-4d73ed54-3e5d-42ba-be66-b8970f1393db req-0b07a890-0765-457d-9a1f-45fa5f4b7aec service placement] Successfully deleted allocations [, , ] {{(pid=107939) delete_allocations /opt/stack/placement/placement/handlers/allocation.py:627}}
Oct 18 22:53:46.364099 n-d-712707-25 devstack@placement-api.service[107939]: INFO placement.requestlog [req-4d73ed54-3e5d-42ba-be66-b8970f1393db req-0b07a890-0765-457d-9a1f-45fa5f4b7aec service placement] 10.222.0.94 "DELETE /placement/allocations/bc485fcf-6b50-4984-be28-33448c1e7081" status: 204 len: 0 microversion: 1.0
Oct 18 22:53:46.364505 n-d-712707-25 devstack@placement-api.service[107939]: [pid: 107939|app: 0|req: 145/287] 10.222.0.94 () {60 vars in 1355 bytes} [Mon Oct 18 22:53:46 2021] DELETE /placement/allocations/bc485fcf-6b50-4984-be28-33448c1e7081 => generated 0 bytes in 80 msecs (HTTP/1.1 204) 5 headers in 198 bytes (1 switches on core 0)
Oct 18 22:53:50.305419 n-d-712707-25 devstack@placement-api.service[107938]: DEBUG placement.requestlog [req-afdadb88-42c2-4b79-8b96-228775e67903 req-ad326989-5997-47c1-9f9f-f4d3b3f18eab None None] Starting request: 10.222.0.15 "DELETE /placement/allocations/7254d462-fff3-40fd-9285-53e48202e3a6" {{(pid=107938) __call__ /opt/stack/placement/placement/requestlog.py:55}}
Oct 18 22:53:50.387174 n-d-712707-25 devstack@placement-api.service[107938]: DEBUG placement.handlers.allocation [req-afdadb88-42c2-4b79-8b96-228775e67903 req-ad326989-5997-47c1-9f9f-f4d3b3f18eab service placement] Successfully deleted allocations [, , ] {{(pid=107938) delete_allocations /opt/stack/placement/placement/handlers/allocation.py:627}}
Oct 18 22:53:50.387607 n-d-712707-25 devstack@placement-api.service[107938]: INFO placement.requestlog [req-afdadb88-42c2-4b79-8b96-228775e67903 req-ad326989-5997-47c1-9f9f-f4d3b3f18eab service placement] 10.222.0.15 "DELETE /placement/allocations/7254d462-fff3-40fd-9285-53e48202e3a6" status: 204 len: 0 microversion: 1.0
Oct 18 22:53:50.394767 n-d-712707-25 devstack@placement-api.service[107938]: [pid: 107938|app: 0|req: 143/288] 10.222.0.15 () {60 vars in 1355 bytes} [Mon Oct 18 22:53:50 2021] DELETE /placement/allocations/7254d462-fff3-40fd-9285-53e48202e3a6 => generated 0 bytes in 90 msecs (HTTP/1.1 204) 5 headers in 198 bytes (1 switches on core 0)
Oct 18 22:53:55.087149 n-d-712707-25 devstack@placement-api.service[107939]: DEBUG placement.requestlog [None req-02a8cf56-f54c-4d53-b116-2ee8187ab037 None None] Starting request: 10.222.0.26 "GET /placement/" {{(pid=107939) __call__ /opt/stack/placement/placement/requestlog.py:55}}
Oct 18 22:53:55.088710 n-d-712707-25 devstack@placement-api.service[107939]: INFO placement.requestlog [None req-02a8cf56-f54c-4d53-b116-2ee8187ab037 None None] 10.222.0.26 "GET /placement/" status: 200 len: 136 microversion: 1.0
Oct 18 22:53:55.089219 n-d-712707-25 devstack@placement-api.service[107939]: [pid: 107939|app: 0|req: 146/289] 10.222.0.26 () {54 vars in 916 bytes} [Mon Oct 18 22:53:55 2021] GET /placement => generated 136 bytes in 2 msecs (HTTP/1.1 200) 6 headers in 224 bytes (2 switches on core 0)
Oct 18 22:53:55.098915 n-d-712707-25 devstack@placement-api.service[107938]: DEBUG placement.requestlog [req-25a08c90-3233-4e98-a400-e21dafc2cd3d req-724eb9bf-b8c4-42af-a2ae-0e157d6fbb98 None None] Starting request: 10.222.0.26 "GET /placement/allocations/43832786-ce9c-47c5-af19-4abda158f41a" {{(pid=107938) __call__ /opt/stack/placement/placement/requestlog.py:55}}
Oct 18 22:53:55.215592 n-d-712707-25 devstack@placement-api.service[107938]: INFO placement.requestlog [req-25a08c90-3233-4e98-a400-e21dafc2cd3d req-724eb9bf-b8c4-42af-a2ae-0e157d6fbb98 service placement] 10.222.0.26 "GET /placement/allocations/43832786-ce9c-47c5-af19-4abda158f41a" status: 200 len: 245 microversion: 1.28
Oct 18 22:53:55.216649 n-d-712707-25 devstack@placement-api.service[107938]: [pid: 107938|app: 0|req: 144/290] 10.222.0.26 () {60 vars in 1380 bytes} [Mon Oct 18 22:53:55 2021] GET /placement/allocations/43832786-ce9c-47c5-af19-4abda158f41a => generated 245 bytes in 118 msecs (HTTP/1.1 200) 8 headers in 296 bytes (2 switches on core 0)
Oct 18 22:53:55.223377 n-d-712707-25 devstack@placement-api.service[107939]: DEBUG placement.requestlog [req-25a08c90-3233-4e98-a400-e21dafc2cd3d req-98216d51-f996-4293-bed4-70d4689d15bf None None] Starting request: 10.222.0.26 "GET /placement/allocations/43832786-ce9c-47c5-af19-4abda158f41a" {{(pid=107939) __call__ /opt/stack/placement/placement/requestlog.py:55}}
Oct 18 22:53:55.253374 n-d-712707-25 devstack@placement-api.service[107939]: INFO placement.requestlog [req-25a08c90-3233-4e98-a400-e21dafc2cd3d req-98216d51-f996-4293-bed4-70d4689d15bf service placement] 10.222.0.26 "GET /placement/allocations/43832786-ce9c-47c5-af19-4abda158f41a" status: 200 len: 245 microversion: 1.28
Oct 18 22:53:55.254723 n-d-712707-25 devstack@placement-api.service[107939]: [pid: 107939|app: 0|req: 147/291] 10.222.0.26 () {60 vars in 1380 bytes} [Mon Oct 18 22:53:55 2021] GET /placement/allocations/43832786-ce9c-47c5-af19-4abda158f41a => generated 245 bytes in 32 msecs (HTTP/1.1 200) 8 headers in 296 bytes (1 switches on core 0)
Oct 18 22:53:55.262250 n-d-712707-25 devstack@placement-api.service[107938]: DEBUG placement.requestlog [req-25a08c90-3233-4e98-a400-e21dafc2cd3d req-c5a78b1e-27de-44f8-aa91-fb97b587904e None None] Starting request: 10.222.0.26 "GET /placement/allocations/5d95ffb5-efd8-43a2-8453-0c3112ae16ea" {{(pid=107938) __call__ /opt/stack/placement/placement/requestlog.py:55}}
Oct 18 22:53:55.276129 n-d-712707-25 devstack@placement-api.service[107938]: INFO placement.requestlog [req-25a08c90-3233-4e98-a400-e21dafc2cd3d req-c5a78b1e-27de-44f8-aa91-fb97b587904e service placement] 10.222.0.26 "GET /placement/allocations/5d95ffb5-efd8-43a2-8453-0c3112ae16ea" status: 200 len: 19 microversion: 1.28
Oct 18 22:53:55.276945 n-d-712707-25 devstack@placement-api.service[107938]: [pid: 107938|app: 0|req: 145/292] 10.222.0.26 () {60 vars in 1380 bytes} [Mon Oct 18 22:53:55 2021] GET /placement/allocations/5d95ffb5-efd8-43a2-8453-0c3112ae16ea => generated 19 bytes in 15 msecs (HTTP/1.1 200) 8 headers in 295 bytes (1 switches on core 0)
Oct 18 22:53:55.284081 n-d-712707-25 devstack@placement-api.service[107939]: DEBUG placement.requestlog [req-25a08c90-3233-4e98-a400-e21dafc2cd3d req-dc3ee4a0-4bd7-49a5-95fa-a7d492dc008c None None] Starting request: 10.222.0.26 "POST /placement/allocations" {{(pid=107939) __call__ /opt/stack/placement/placement/requestlog.py:55}}
Oct 18 22:53:55.467473 n-d-712707-25 devstack@placement-api.service[107939]: DEBUG placement.handlers.allocation [req-25a08c90-3233-4e98-a400-e21dafc2cd3d req-dc3ee4a0-4bd7-49a5-95fa-a7d492dc008c service placement] Successfully wrote allocations [, , , ] {{(pid=107939) _update_consumers_and_create_allocations /opt/stack/placement/placement/handlers/allocation.py:572}}
Oct 18 22:53:55.473550 n-d-712707-25 devstack@placement-api.service[107939]: INFO placement.requestlog [req-25a08c90-3233-4e98-a400-e21dafc2cd3d req-dc3ee4a0-4bd7-49a5-95fa-a7d492dc008c service placement] 10.222.0.26 "POST /placement/allocations" status: 204 len: 0 microversion: 1.28
Oct 18 22:53:55.475284 n-d-712707-25 devstack@placement-api.service[107939]: [pid: 107939|app: 0|req: 148/293] 10.222.0.26 () {64 vars in 1323 bytes} [Mon Oct 18 22:53:55 2021] POST /placement/allocations => generated 0 bytes in 192 msecs (HTTP/1.1 204) 5 headers in 199 bytes (1 switches on core 0)
Oct 18 22:53:55.521727 n-d-712707-25 devstack@placement-api.service[107938]: DEBUG placement.requestlog [req-25a08c90-3233-4e98-a400-e21dafc2cd3d req-de2cda7d-37c4-4a79-8f34-19433c0ec416 None None] Starting request: 10.222.0.26 "GET /placement/allocations/43832786-ce9c-47c5-af19-4abda158f41a" {{(pid=107938) __call__ /opt/stack/placement/placement/requestlog.py:55}}
Oct 18 22:53:55.562835 n-d-712707-25 devstack@placement-api.service[107938]: INFO placement.requestlog [req-25a08c90-3233-4e98-a400-e21dafc2cd3d req-de2cda7d-37c4-4a79-8f34-19433c0ec416 service placement] 10.222.0.26 "GET /placement/allocations/43832786-ce9c-47c5-af19-4abda158f41a" status: 200 len: 19 microversion: 1.28
Oct 18 22:53:55.576444 n-d-712707-25 devstack@placement-api.service[107938]: [pid: 107938|app: 0|req: 146/294] 10.222.0.26 () {60 vars in 1380 bytes} [Mon Oct 18 22:53:55 2021] GET /placement/allocations/43832786-ce9c-47c5-af19-4abda158f41a => generated 19 bytes in 55 msecs (HTTP/1.1 200) 8 headers in 295 bytes (1 switches on core 0)
Oct 18 22:53:55.576651 n-d-712707-25 devstack@placement-api.service[107939]: DEBUG placement.requestlog [req-25a08c90-3233-4e98-a400-e21dafc2cd3d req-28ae90f1-0fc0-41c2-9c5e-9d6543b10b88 None None] Starting request: 10.222.0.26 "PUT /placement/allocations/43832786-ce9c-47c5-af19-4abda158f41a" {{(pid=107939) __call__ /opt/stack/placement/placement/requestlog.py:55}}
Oct 18 22:53:55.642048 n-d-712707-25 devstack@placement-api.service[107939]: DEBUG placement.handlers.allocation [req-25a08c90-3233-4e98-a400-e21dafc2cd3d req-28ae90f1-0fc0-41c2-9c5e-9d6543b10b88 service placement] Successfully wrote allocations [, ] {{(pid=107939) _update_consumers_and_create_allocations /opt/stack/placement/placement/handlers/allocation.py:462}}
Oct 18 22:53:55.655315 n-d-712707-25 devstack@placement-api.service[107939]: INFO placement.requestlog [req-25a08c90-3233-4e98-a400-e21dafc2cd3d req-28ae90f1-0fc0-41c2-9c5e-9d6543b10b88 service placement] 10.222.0.26 "PUT /placement/allocations/43832786-ce9c-47c5-af19-4abda158f41a" status: 204 len: 0 microversion: 1.28
Oct 18 22:53:55.656025 n-d-712707-25 devstack@placement-api.service[107939]: [pid: 107939|app: 0|req: 149/295] 10.222.0.26 () {64 vars in 1433 bytes} [Mon Oct 18 22:53:55 2021] PUT /placement/allocations/43832786-ce9c-47c5-af19-4abda158f41a => generated 0 bytes in 80 msecs (HTTP/1.1 204) 5 headers in 199 bytes (1 switches on core 0)
Oct 18 22:53:55.832122 n-d-712707-25 devstack@placement-api.service[107938]: DEBUG placement.requestlog [req-25a08c90-3233-4e98-a400-e21dafc2cd3d req-c26cda62-6dc2-4653-a70c-61df6e9325e0 None None] Starting request: 10.222.0.94 "GET /placement/allocations/43832786-ce9c-47c5-af19-4abda158f41a" {{(pid=107938) __call__ /opt/stack/placement/placement/requestlog.py:55}}
Oct 18 22:53:55.861536 n-d-712707-25 devstack@placement-api.service[107938]: INFO placement.requestlog [req-25a08c90-3233-4e98-a400-e21dafc2cd3d req-c26cda62-6dc2-4653-a70c-61df6e9325e0 service placement] 10.222.0.94 "GET /placement/allocations/43832786-ce9c-47c5-af19-4abda158f41a" status: 200 len: 245 microversion: 1.28
Oct 18 22:53:55.862931 n-d-712707-25 devstack@placement-api.service[107938]: [pid: 107938|app: 0|req: 147/296] 10.222.0.94 () {60 vars in 1377 bytes} [Mon Oct 18 22:53:55 2021] GET /placement/allocations/43832786-ce9c-47c5-af19-4abda158f41a => generated 245 bytes in 31 msecs (HTTP/1.1 200) 8 headers in 296 bytes (1 switches on core 0)
Oct 18 22:53:57.102632 n-d-712707-25 devstack@placement-api.service[107939]: DEBUG placement.requestlog [req-6dfbd7fa-4121-4c1f-b18f-c4fa960cfec3 req-236b7277-b030-499b-ba08-ff4699a327cf None None] Starting request: 10.222.0.94 "DELETE /placement/allocations/14a1f706-cd5c-498a-9caa-3423896be5fa" {{(pid=107939) __call__ /opt/stack/placement/placement/requestlog.py:55}}
Oct 18 22:53:57.183148 n-d-712707-25 devstack@placement-api.service[107939]: DEBUG placement.handlers.allocation [req-6dfbd7fa-4121-4c1f-b18f-c4fa960cfec3 req-236b7277-b030-499b-ba08-ff4699a327cf service placement] Successfully deleted allocations [, , ] {{(pid=107939) delete_allocations /opt/stack/placement/placement/handlers/allocation.py:627}}
Oct 18 22:53:57.184235 n-d-712707-25 devstack@placement-api.service[107939]: INFO placement.requestlog [req-6dfbd7fa-4121-4c1f-b18f-c4fa960cfec3 req-236b7277-b030-499b-ba08-ff4699a327cf service placement] 10.222.0.94 "DELETE /placement/allocations/14a1f706-cd5c-498a-9caa-3423896be5fa" status: 204 len: 0 microversion: 1.0
Oct 18 22:53:57.185057 n-d-712707-25 devstack@placement-api.service[107939]: [pid: 107939|app: 0|req: 150/297] 10.222.0.94 () {60 vars in 1355 bytes} [Mon Oct 18 22:53:57 2021] DELETE /placement/allocations/14a1f706-cd5c-498a-9caa-3423896be5fa => generated 0 bytes in 82 msecs (HTTP/1.1 204) 5 headers in 198 bytes (1 switches on core 0)
Oct 18 22:54:02.540918 n-d-712707-25 devstack@placement-api.service[107938]: DEBUG placement.requestlog [None req-1c5c7499-f493-4626-9f92-a3afd8f344f9 None None] Starting request: 10.222.0.26 "GET /placement/" {{(pid=107938) __call__ /opt/stack/placement/placement/requestlog.py:55}}
Oct 18 22:54:02.541955 n-d-712707-25 devstack@placement-api.service[107938]: INFO placement.requestlog [None req-1c5c7499-f493-4626-9f92-a3afd8f344f9 None None] 10.222.0.26 "GET /placement/" status: 200 len: 136 microversion: 1.0
Oct 18 22:54:02.542513 n-d-712707-25 devstack@placement-api.service[107938]: [pid: 107938|app: 0|req: 148/298] 10.222.0.26 () {54 vars in 907 bytes} [Mon Oct 18 22:54:02 2021] GET /placement => generated 136 bytes in 2 msecs (HTTP/1.1 200) 6 headers in 224 bytes (1 switches on core 0)
Oct 18 22:54:02.561794 n-d-712707-25 devstack@placement-api.service[107939]: DEBUG placement.requestlog [req-17df60f6-cfb4-4c10-9616-b476444719d6 req-a4cdd8c2-4d13-4234-b519-7af775df89f5 None None] Starting request: 10.222.0.26 "GET /placement/resource_providers/d8bca19f-5f6e-44a1-ad04-de49592d9bfb/traits" {{(pid=107939) __call__ /opt/stack/placement/placement/requestlog.py:55}}
Oct 18 22:54:02.807957 n-d-712707-25 devstack@placement-api.service[107939]: INFO placement.requestlog [req-17df60f6-cfb4-4c10-9616-b476444719d6 req-a4cdd8c2-4d13-4234-b519-7af775df89f5 service placement] 10.222.0.26 "GET /placement/resource_providers/d8bca19f-5f6e-44a1-ad04-de49592d9bfb/traits" status: 200 len: 212 microversion: 1.6
Oct 18 22:54:02.820245 n-d-712707-25 devstack@placement-api.service[107939]: [pid: 107939|app: 0|req: 151/299] 10.222.0.26 () {60 vars in 1412 bytes} [Mon Oct 18 22:54:02 2021] GET /placement/resource_providers/d8bca19f-5f6e-44a1-ad04-de49592d9bfb/traits => generated 212 bytes in 260 msecs (HTTP/1.1 200) 6 headers in 224 bytes (1 switches on core 0)
Oct 18 22:54:03.501749 n-d-712707-25 devstack@placement-api.service[107938]: DEBUG placement.requestlog [None req-67ca269e-9439-4529-8500-bda0c700db88 None None] Starting request: 10.222.0.26 "GET /placement/" {{(pid=107938) __call__ /opt/stack/placement/placement/requestlog.py:55}}
Oct 18 22:54:03.502733 n-d-712707-25 devstack@placement-api.service[107938]: INFO placement.requestlog [None req-67ca269e-9439-4529-8500-bda0c700db88 None None] 10.222.0.26 "GET /placement/" status: 200 len: 136 microversion: 1.0
Oct 18 22:54:03.502916 n-d-712707-25 devstack@placement-api.service[107938]: [pid: 107938|app: 0|req: 149/300] 10.222.0.26 () {54 vars in 916 bytes} [Mon Oct 18 22:54:03 2021] GET /placement => generated 136 bytes in 1 msecs (HTTP/1.1 200) 6 headers in 224 bytes (1 switches on core 0)
Oct 18 22:54:03.514828 n-d-712707-25 devstack@placement-api.service[107939]: DEBUG placement.requestlog [req-17df60f6-cfb4-4c10-9616-b476444719d6 req-94dc705a-748c-4565-b41c-7badf81cdda2 None None] Starting request: 10.222.0.26 "GET /placement/allocations/e83511e2-43f1-4d4a-b42c-f2d023871a99" {{(pid=107939) __call__ /opt/stack/placement/placement/requestlog.py:55}}
Oct 18 22:54:03.817415 n-d-712707-25 devstack@placement-api.service[107939]: INFO placement.requestlog [req-17df60f6-cfb4-4c10-9616-b476444719d6 req-94dc705a-748c-4565-b41c-7badf81cdda2 service placement] 10.222.0.26 "GET /placement/allocations/e83511e2-43f1-4d4a-b42c-f2d023871a99" status: 200 len: 259 microversion: 1.28
Oct 18 22:54:03.818122 n-d-712707-25 devstack@placement-api.service[107939]: [pid: 107939|app: 0|req: 152/301] 10.222.0.26 () {60 vars in 1380 bytes} [Mon Oct 18 22:54:03 2021] GET /placement/allocations/e83511e2-43f1-4d4a-b42c-f2d023871a99 => generated 259 bytes in 303 msecs (HTTP/1.1 200) 8 headers in 296 bytes (1 switches on core 0)
Oct 18 22:54:03.842601 n-d-712707-25 devstack@placement-api.service[107938]: DEBUG placement.requestlog [req-17df60f6-cfb4-4c10-9616-b476444719d6 req-5b449048-0b09-411d-b388-67d5b1b4606f None None] Starting request: 10.222.0.26 "GET /placement/allocations/e83511e2-43f1-4d4a-b42c-f2d023871a99" {{(pid=107938) __call__ /opt/stack/placement/placement/requestlog.py:55}}
Oct 18 22:54:03.860389 n-d-712707-25 devstack@placement-api.service[107938]: INFO placement.requestlog [req-17df60f6-cfb4-4c10-9616-b476444719d6 req-5b449048-0b09-411d-b388-67d5b1b4606f service placement] 10.222.0.26 "GET /placement/allocations/e83511e2-43f1-4d4a-b42c-f2d023871a99" status: 200 len: 259 microversion: 1.28
Oct 18 22:54:03.860906 n-d-712707-25 devstack@placement-api.service[107938]: [pid: 107938|app: 0|req: 150/302] 10.222.0.26 () {60 vars in 1380 bytes} [Mon Oct 18 22:54:03 2021] GET /placement/allocations/e83511e2-43f1-4d4a-b42c-f2d023871a99 => generated 259 bytes in 23 msecs (HTTP/1.1 200) 8 headers in 296 bytes (1 switches on core 0)
Oct 18 22:54:03.871742 n-d-712707-25 devstack@placement-api.service[107939]: DEBUG placement.requestlog [req-17df60f6-cfb4-4c10-9616-b476444719d6 req-10614cd9-391a-462c-ab6e-2e842039b0e8 None None] Starting request: 10.222.0.26 "GET /placement/allocations/7288837a-aa90-4b94-ab5f-226470b13e40" {{(pid=107939) __call__ /opt/stack/placement/placement/requestlog.py:55}}
Oct 18 22:54:03.883710 n-d-712707-25 devstack@placement-api.service[107939]: INFO placement.requestlog [req-17df60f6-cfb4-4c10-9616-b476444719d6 req-10614cd9-391a-462c-ab6e-2e842039b0e8 service placement] 10.222.0.26 "GET /placement/allocations/7288837a-aa90-4b94-ab5f-226470b13e40" status: 200 len: 19 microversion: 1.28
Oct 18 22:54:03.884275 n-d-712707-25 devstack@placement-api.service[107939]: [pid: 107939|app: 0|req: 153/303] 10.222.0.26 () {60 vars in 1380 bytes} [Mon Oct 18 22:54:03 2021] GET /placement/allocations/7288837a-aa90-4b94-ab5f-226470b13e40 => generated 19 bytes in 13 msecs (HTTP/1.1 200) 8 headers in 295 bytes (1 switches on core 0)
Oct 18 22:54:03.890930 n-d-712707-25 devstack@placement-api.service[107938]: DEBUG placement.requestlog [req-17df60f6-cfb4-4c10-9616-b476444719d6 req-933a4144-d01e-4d83-9b34-400aa5dba17e None None] Starting request: 10.222.0.26 "POST /placement/allocations" {{(pid=107938) __call__ /opt/stack/placement/placement/requestlog.py:55}}
Oct 18 22:54:04.021174 n-d-712707-25 devstack@placement-api.service[107938]: DEBUG placement.handlers.allocation [req-17df60f6-cfb4-4c10-9616-b476444719d6 req-933a4144-d01e-4d83-9b34-400aa5dba17e service placement] Successfully wrote allocations [, , , , , ] {{(pid=107938) _update_consumers_and_create_allocations /opt/stack/placement/placement/handlers/allocation.py:572}}
Oct 18 22:54:04.029672 n-d-712707-25 devstack@placement-api.service[107938]: INFO placement.requestlog [req-17df60f6-cfb4-4c10-9616-b476444719d6 req-933a4144-d01e-4d83-9b34-400aa5dba17e service placement] 10.222.0.26 "POST /placement/allocations" status: 204 len: 0 microversion: 1.28
Oct 18 22:54:04.030241 n-d-712707-25 devstack@placement-api.service[107938]: [pid: 107938|app: 0|req: 151/304] 10.222.0.26 () {64 vars in 1323 bytes} [Mon Oct 18 22:54:03 2021] POST /placement/allocations => generated 0 bytes in 140 msecs (HTTP/1.1 204) 5 headers in 199 bytes (1 switches on core 0)
Oct 18 22:54:04.054164 n-d-712707-25 devstack@placement-api.service[107939]: DEBUG placement.requestlog [req-17df60f6-cfb4-4c10-9616-b476444719d6 req-f8853284-073a-4a39-9534-0f6b44e9b002 None None] Starting request: 10.222.0.26 "GET /placement/allocation_candidates?limit=1000&resources=DISK_GB%3A1%2CMEMORY_MB%3A1024%2CVCPU%3A1&root_required=%21COMPUTE_STATUS_DISABLED" {{(pid=107939) __call__ /opt/stack/placement/placement/requestlog.py:55}}
Oct 18 22:54:04.136985 n-d-712707-25 devstack@placement-api.service[107939]: DEBUG placement.objects.research_context [req-17df60f6-cfb4-4c10-9616-b476444719d6 req-f8853284-073a-4a39-9534-0f6b44e9b002 service placement] getting providers with 1 DISK_GB {{(pid=107939) __init__ /opt/stack/placement/placement/objects/research_context.py:126}}
Oct 18 22:54:04.146175 n-d-712707-25 devstack@placement-api.service[107939]: DEBUG placement.objects.research_context [req-17df60f6-cfb4-4c10-9616-b476444719d6 req-f8853284-073a-4a39-9534-0f6b44e9b002 service placement] getting providers with 1024 MEMORY_MB {{(pid=107939) __init__ /opt/stack/placement/placement/objects/research_context.py:126}}
Oct 18 22:54:04.155686 n-d-712707-25 devstack@placement-api.service[107939]: DEBUG placement.objects.research_context [req-17df60f6-cfb4-4c10-9616-b476444719d6 req-f8853284-073a-4a39-9534-0f6b44e9b002 service placement] getting providers with 1 VCPU {{(pid=107939) __init__ /opt/stack/placement/placement/objects/research_context.py:126}}
Oct 18 22:54:04.167140 n-d-712707-25 devstack@placement-api.service[107939]: DEBUG placement.objects.research_context [req-17df60f6-cfb4-4c10-9616-b476444719d6 req-f8853284-073a-4a39-9534-0f6b44e9b002 service placement] found 2 providers with available 1 DISK_GB {{(pid=107939) get_provider_ids_matching /opt/stack/placement/placement/objects/research_context.py:549}}
Oct 18 22:54:04.167863 n-d-712707-25 devstack@placement-api.service[107939]: DEBUG placement.objects.research_context [req-17df60f6-cfb4-4c10-9616-b476444719d6 req-f8853284-073a-4a39-9534-0f6b44e9b002 service placement] found 2 providers with available 1024 MEMORY_MB {{(pid=107939) get_provider_ids_matching /opt/stack/placement/placement/objects/research_context.py:549}}
Oct 18 22:54:04.168374 n-d-712707-25 devstack@placement-api.service[107939]: DEBUG placement.objects.research_context [req-17df60f6-cfb4-4c10-9616-b476444719d6 req-f8853284-073a-4a39-9534-0f6b44e9b002 service placement] found 2 providers after filtering by previous result {{(pid=107939) get_provider_ids_matching /opt/stack/placement/placement/objects/research_context.py:580}}
Oct 18 22:54:04.169580 n-d-712707-25 devstack@placement-api.service[107939]: DEBUG placement.objects.research_context [req-17df60f6-cfb4-4c10-9616-b476444719d6 req-f8853284-073a-4a39-9534-0f6b44e9b002 service placement] found 2 providers with available 1 VCPU {{(pid=107939) get_provider_ids_matching /opt/stack/placement/placement/objects/research_context.py:549}}
Oct 18 22:54:04.170134 n-d-712707-25 devstack@placement-api.service[107939]: DEBUG placement.objects.research_context [req-17df60f6-cfb4-4c10-9616-b476444719d6 req-f8853284-073a-4a39-9534-0f6b44e9b002 service placement] found 2 providers after filtering by previous result {{(pid=107939) get_provider_ids_matching /opt/stack/placement/placement/objects/research_context.py:580}}
Oct 18 22:54:04.188740 n-d-712707-25 devstack@placement-api.service[107939]: DEBUG placement.objects.allocation_candidate [req-17df60f6-cfb4-4c10-9616-b476444719d6 req-f8853284-073a-4a39-9534-0f6b44e9b002 service placement] RequestGroup(use_same_provider=False, resources={DISK_GB:1, MEMORY_MB:1024, VCPU:1}, traits=[], aggregates=[]) (suffix '') returned 2 matches {{(pid=107939) _get_by_requests /opt/stack/placement/placement/objects/allocation_candidate.py:145}}
Oct 18 22:54:04.191240 n-d-712707-25 devstack@placement-api.service[107939]: DEBUG placement.objects.allocation_candidate [req-17df60f6-cfb4-4c10-9616-b476444719d6 req-f8853284-073a-4a39-9534-0f6b44e9b002 service placement] Merging candidates yields 2 allocation requests and 2 provider summaries {{(pid=107939) _merge_candidates /opt/stack/placement/placement/objects/allocation_candidate.py:783}}
Oct 18 22:54:04.193358 n-d-712707-25 devstack@placement-api.service[107939]: INFO placement.requestlog [req-17df60f6-cfb4-4c10-9616-b476444719d6 req-f8853284-073a-4a39-9534-0f6b44e9b002 service placement] 10.222.0.26 "GET /placement/allocation_candidates?limit=1000&resources=DISK_GB%3A1%2CMEMORY_MB%3A1024%2CVCPU%3A1&root_required=%21COMPUTE_STATUS_DISABLED" status: 200 len: 1314 microversion: 1.36
Oct 18 22:54:04.193855 n-d-712707-25 devstack@placement-api.service[107939]: [pid: 107939|app: 0|req: 154/305] 10.222.0.26 () {60 vars in 1506 bytes} [Mon Oct 18 22:54:04 2021] GET /placement/allocation_candidates?limit=1000&resources=DISK_GB%3A1%2CMEMORY_MB%3A1024%2CVCPU%3A1&root_required=%21COMPUTE_STATUS_DISABLED => generated 1314 bytes in 140 msecs (HTTP/1.1 200) 8 headers in 297 bytes (1 switches on core 0)
Oct 18 22:54:04.290195 n-d-712707-25 devstack@placement-api.service[107938]: DEBUG placement.requestlog [req-17df60f6-cfb4-4c10-9616-b476444719d6 req-44db85b1-9c69-4814-8581-a40afcbf9cb7 None None] Starting request: 10.222.0.26 "GET /placement/allocations/e83511e2-43f1-4d4a-b42c-f2d023871a99" {{(pid=107938) __call__ /opt/stack/placement/placement/requestlog.py:55}}
Oct 18 22:54:04.300988 n-d-712707-25 devstack@placement-api.service[107938]: INFO placement.requestlog [req-17df60f6-cfb4-4c10-9616-b476444719d6 req-44db85b1-9c69-4814-8581-a40afcbf9cb7 service placement] 10.222.0.26 "GET /placement/allocations/e83511e2-43f1-4d4a-b42c-f2d023871a99" status: 200 len: 19 microversion: 1.28
Oct 18 22:54:04.306917 n-d-712707-25 devstack@placement-api.service[107938]: [pid: 107938|app: 0|req: 152/306] 10.222.0.26 () {60 vars in 1380 bytes} [Mon Oct 18 22:54:04 2021] GET /placement/allocations/e83511e2-43f1-4d4a-b42c-f2d023871a99 => generated 19 bytes in 17 msecs (HTTP/1.1 200) 8 headers in 295 bytes (1 switches on core 0)
Oct 18 22:54:04.308136 n-d-712707-25 devstack@placement-api.service[107939]: DEBUG placement.requestlog [req-17df60f6-cfb4-4c10-9616-b476444719d6 req-49c634b6-e710-4318-b89d-34676448bda3 None None] Starting request: 10.222.0.26 "PUT /placement/allocations/e83511e2-43f1-4d4a-b42c-f2d023871a99" {{(pid=107939) __call__ /opt/stack/placement/placement/requestlog.py:55}}
Oct 18 22:54:04.370900 n-d-712707-25 devstack@placement-api.service[107939]: DEBUG placement.handlers.allocation [req-17df60f6-cfb4-4c10-9616-b476444719d6 req-49c634b6-e710-4318-b89d-34676448bda3 service placement] Successfully wrote allocations [, , ] {{(pid=107939) _update_consumers_and_create_allocations /opt/stack/placement/placement/handlers/allocation.py:462}}
Oct 18 22:54:04.382172 n-d-712707-25 devstack@placement-api.service[107939]: INFO placement.requestlog [req-17df60f6-cfb4-4c10-9616-b476444719d6 req-49c634b6-e710-4318-b89d-34676448bda3 service placement] 10.222.0.26 "PUT /placement/allocations/e83511e2-43f1-4d4a-b42c-f2d023871a99" status: 204 len: 0 microversion: 1.36
Oct 18 22:54:04.382699 n-d-712707-25 devstack@placement-api.service[107939]: [pid: 107939|app: 0|req: 155/307] 10.222.0.26 () {64 vars in 1433 bytes} [Mon Oct 18 22:54:04 2021] PUT /placement/allocations/e83511e2-43f1-4d4a-b42c-f2d023871a99 => generated 0 bytes in 75 msecs (HTTP/1.1 204) 5 headers in 199 bytes (2 switches on core 0)
Oct 18 22:54:04.586977 n-d-712707-25 devstack@placement-api.service[107938]: DEBUG placement.requestlog [req-17df60f6-cfb4-4c10-9616-b476444719d6 req-0eacefe0-5ce4-44b7-8d41-8e3ff3f970fd None None] Starting request: 10.222.0.94 "GET /placement/allocations/e83511e2-43f1-4d4a-b42c-f2d023871a99" {{(pid=107938) __call__ /opt/stack/placement/placement/requestlog.py:55}}
Oct 18 22:54:04.615579 n-d-712707-25 devstack@placement-api.service[107938]: INFO placement.requestlog [req-17df60f6-cfb4-4c10-9616-b476444719d6 req-0eacefe0-5ce4-44b7-8d41-8e3ff3f970fd service placement] 10.222.0.94 "GET /placement/allocations/e83511e2-43f1-4d4a-b42c-f2d023871a99" status: 200 len: 259 microversion: 1.28
Oct 18 22:54:04.618169 n-d-712707-25 devstack@placement-api.service[107938]: [pid: 107938|app: 0|req: 153/308] 10.222.0.94 () {60 vars in 1377 bytes} [Mon Oct 18 22:54:04 2021] GET /placement/allocations/e83511e2-43f1-4d4a-b42c-f2d023871a99 => generated 259 bytes in 31 msecs (HTTP/1.1 200) 8 headers in 296 bytes (1 switches on core 0)
Oct 18 22:54:07.811520 n-d-712707-25 devstack@placement-api.service[107939]: DEBUG placement.requestlog [req-84527837-4e86-4023-a439-8795895018c4 req-9c3b481e-aee6-4331-9bde-38ae73f3255d None None] Starting request: 10.222.0.94 "DELETE /placement/allocations/868dbbf0-b577-433f-aa16-4716b8dedc7c" {{(pid=107939) __call__ /opt/stack/placement/placement/requestlog.py:55}}
Oct 18 22:54:07.856701 n-d-712707-25 devstack@placement-api.service[107939]: DEBUG placement.handlers.allocation [req-84527837-4e86-4023-a439-8795895018c4 req-9c3b481e-aee6-4331-9bde-38ae73f3255d service placement] Successfully deleted allocations [, , ] {{(pid=107939) delete_allocations /opt/stack/placement/placement/handlers/allocation.py:627}}
Oct 18 22:54:07.860086 n-d-712707-25 devstack@placement-api.service[107939]: INFO placement.requestlog [req-84527837-4e86-4023-a439-8795895018c4 req-9c3b481e-aee6-4331-9bde-38ae73f3255d service placement] 10.222.0.94 "DELETE /placement/allocations/868dbbf0-b577-433f-aa16-4716b8dedc7c" status: 204 len: 0 microversion: 1.0
