Oct 18 22:51:11.712685 n-d-712707-25 devstack@placement-api.service[107938]: DEBUG placement.requestlog [req-be0dd73d-ea52-4c10-8411-63e3b5f16d47 req-3ee2e162-4ec7-42ac-8874-5ca5e7d2552e None None] Starting request: 10.222.0.15 "PUT /placement/allocations/a791bd28-b5b5-43a2-b8d5-f67066986d92" {{(pid=107938) __call__ /opt/stack/placement/placement/requestlog.py:55}}
Oct 18 22:51:11.847443 n-d-712707-25 devstack@placement-api.service[107938]: DEBUG placement.handlers.allocation [req-be0dd73d-ea52-4c10-8411-63e3b5f16d47 req-3ee2e162-4ec7-42ac-8874-5ca5e7d2552e service placement] Successfully wrote allocations [, , ] {{(pid=107938) _update_consumers_and_create_allocations /opt/stack/placement/placement/handlers/allocation.py:462}}
Oct 18 22:51:11.856482 n-d-712707-25 devstack@placement-api.service[107938]: INFO placement.requestlog [req-be0dd73d-ea52-4c10-8411-63e3b5f16d47 req-3ee2e162-4ec7-42ac-8874-5ca5e7d2552e service placement] 10.222.0.15 "PUT /placement/allocations/a791bd28-b5b5-43a2-b8d5-f67066986d92" status: 204 len: 0 microversion: 1.28
Oct 18 22:51:11.857288 n-d-712707-25 devstack@placement-api.service[107938]: [pid: 107938|app: 0|req: 63/127] 10.222.0.15 () {64 vars in 1430 bytes} [Mon Oct 18 22:51:11 2021] PUT /placement/allocations/a791bd28-b5b5-43a2-b8d5-f67066986d92 => generated 0 bytes in 145 msecs (HTTP/1.1 204) 5 headers in 199 bytes (1 switches on core 0)
Oct 18 22:51:14.963280 n-d-712707-25 devstack@placement-api.service[107939]: DEBUG placement.requestlog [None req-e78c934e-9884-4bc9-b59b-5ca2301364fa None None] Starting request: 10.222.0.26 "GET /placement/" {{(pid=107939) __call__ /opt/stack/placement/placement/requestlog.py:55}}
Oct 18 22:51:14.964476 n-d-712707-25 devstack@placement-api.service[107939]: INFO placement.requestlog [None req-e78c934e-9884-4bc9-b59b-5ca2301364fa None None] 10.222.0.26 "GET /placement/" status: 200 len: 136 microversion: 1.0
Oct 18 22:51:14.964763 n-d-712707-25 devstack@placement-api.service[107939]: [pid: 107939|app: 0|req: 65/128] 10.222.0.26 () {54 vars in 916 bytes} [Mon Oct 18 22:51:14 2021] GET /placement => generated 136 bytes in 2 msecs (HTTP/1.1 200) 6 headers in 224 bytes (1 switches on core 0)
Oct 18 22:51:14.977025 n-d-712707-25 devstack@placement-api.service[107938]: DEBUG placement.requestlog [req-c369e5bf-1a4c-4451-a7e0-83e7baf55855 req-65f0a95a-3727-4856-920c-e32610ab142a None None] Starting request: 10.222.0.26 "GET /placement/allocations/e8cfe18c-44da-45d0-9205-8337061147c7" {{(pid=107938) __call__ /opt/stack/placement/placement/requestlog.py:55}}
Oct 18 22:51:15.111253 n-d-712707-25 devstack@placement-api.service[107938]: INFO placement.requestlog [req-c369e5bf-1a4c-4451-a7e0-83e7baf55855 req-65f0a95a-3727-4856-920c-e32610ab142a service placement] 10.222.0.26 "GET /placement/allocations/e8cfe18c-44da-45d0-9205-8337061147c7" status: 200 len: 259 microversion: 1.28
Oct 18 22:51:15.117601 n-d-712707-25 devstack@placement-api.service[107938]: [pid: 107938|app: 0|req: 64/129] 10.222.0.26 () {60 vars in 1380 bytes} [Mon Oct 18 22:51:14 2021] GET /placement/allocations/e8cfe18c-44da-45d0-9205-8337061147c7 => generated 259 bytes in 141 msecs (HTTP/1.1 200) 8 headers in 296 bytes (1 switches on core 0)
Oct 18 22:51:15.118488 n-d-712707-25 devstack@placement-api.service[107939]: DEBUG placement.requestlog [req-c369e5bf-1a4c-4451-a7e0-83e7baf55855 req-f5b57152-cf99-4607-8ff5-238fd78908fe None None] Starting request: 10.222.0.26 "GET /placement/allocations/e8cfe18c-44da-45d0-9205-8337061147c7" {{(pid=107939) __call__ /opt/stack/placement/placement/requestlog.py:55}}
Oct 18 22:51:15.144633 n-d-712707-25 devstack@placement-api.service[107939]: INFO placement.requestlog [req-c369e5bf-1a4c-4451-a7e0-83e7baf55855 req-f5b57152-cf99-4607-8ff5-238fd78908fe service placement] 10.222.0.26 "GET /placement/allocations/e8cfe18c-44da-45d0-9205-8337061147c7" status: 200 len: 259 microversion: 1.28
Oct 18 22:51:15.145505 n-d-712707-25 devstack@placement-api.service[107939]: [pid: 107939|app: 0|req: 66/130] 10.222.0.26 () {60 vars in 1380 bytes} [Mon Oct 18 22:51:15 2021] GET /placement/allocations/e8cfe18c-44da-45d0-9205-8337061147c7 => generated 259 bytes in 27 msecs (HTTP/1.1 200) 8 headers in 296 bytes (1 switches on core 0)
Oct 18 22:51:15.151249 n-d-712707-25 devstack@placement-api.service[107938]: DEBUG placement.requestlog [req-c369e5bf-1a4c-4451-a7e0-83e7baf55855 req-0e39cca3-4411-48dc-a89d-536c5e8b8a8d None None] Starting request: 10.222.0.26 "GET /placement/allocations/65bb796a-0e84-4a1e-b583-f42982c80690" {{(pid=107938) __call__ /opt/stack/placement/placement/requestlog.py:55}}
Oct 18 22:51:15.167767 n-d-712707-25 devstack@placement-api.service[107938]: INFO placement.requestlog [req-c369e5bf-1a4c-4451-a7e0-83e7baf55855 req-0e39cca3-4411-48dc-a89d-536c5e8b8a8d service placement] 10.222.0.26 "GET /placement/allocations/65bb796a-0e84-4a1e-b583-f42982c80690" status: 200 len: 19 microversion: 1.28
Oct 18 22:51:15.168061 n-d-712707-25 devstack@placement-api.service[107938]: [pid: 107938|app: 0|req: 65/131] 10.222.0.26 () {60 vars in 1380 bytes} [Mon Oct 18 22:51:15 2021] GET /placement/allocations/65bb796a-0e84-4a1e-b583-f42982c80690 => generated 19 bytes in 17 msecs (HTTP/1.1 200) 8 headers in 295 bytes (1 switches on core 0)
Oct 18 22:51:15.176943 n-d-712707-25 devstack@placement-api.service[107939]: DEBUG placement.requestlog [req-c369e5bf-1a4c-4451-a7e0-83e7baf55855 req-69539ac7-eddf-46e1-bc16-01965f3ddbca None None] Starting request: 10.222.0.26 "POST /placement/allocations" {{(pid=107939) __call__ /opt/stack/placement/placement/requestlog.py:55}}
Oct 18 22:51:15.265327 n-d-712707-25 devstack@placement-api.service[107938]: DEBUG placement.requestlog [req-65bae451-c4ef-4fc5-b5f7-ab8dec450dab req-0cfe10b5-e39c-4d06-b011-fa931d6bbfe9 None None] Starting request: 10.222.0.26 "GET /placement/allocation_candidates?limit=1000&resources=DISK_GB%3A1%2CMEMORY_MB%3A1024%2CVCPU%3A1&root_required=%21COMPUTE_STATUS_DISABLED" {{(pid=107938) __call__ /opt/stack/placement/placement/requestlog.py:55}}
Oct 18 22:51:15.342110 n-d-712707-25 devstack@placement-api.service[107938]: DEBUG placement.objects.research_context [req-65bae451-c4ef-4fc5-b5f7-ab8dec450dab req-0cfe10b5-e39c-4d06-b011-fa931d6bbfe9 service placement] getting providers with 1 DISK_GB {{(pid=107938) __init__ /opt/stack/placement/placement/objects/research_context.py:126}}
Oct 18 22:51:15.368274 n-d-712707-25 devstack@placement-api.service[107938]: DEBUG placement.objects.research_context [req-65bae451-c4ef-4fc5-b5f7-ab8dec450dab req-0cfe10b5-e39c-4d06-b011-fa931d6bbfe9 service placement] getting providers with 1024 MEMORY_MB {{(pid=107938) __init__ /opt/stack/placement/placement/objects/research_context.py:126}}
Oct 18 22:51:15.382707 n-d-712707-25 devstack@placement-api.service[107938]: DEBUG placement.objects.research_context [req-65bae451-c4ef-4fc5-b5f7-ab8dec450dab req-0cfe10b5-e39c-4d06-b011-fa931d6bbfe9 service placement] getting providers with 1 VCPU {{(pid=107938) __init__ /opt/stack/placement/placement/objects/research_context.py:126}}
Oct 18 22:51:15.396640 n-d-712707-25 devstack@placement-api.service[107939]: DEBUG placement.handlers.allocation [req-c369e5bf-1a4c-4451-a7e0-83e7baf55855 req-69539ac7-eddf-46e1-bc16-01965f3ddbca service placement] Successfully wrote allocations [, , , , , ] {{(pid=107939) _update_consumers_and_create_allocations /opt/stack/placement/placement/handlers/allocation.py:572}}
Oct 18 22:51:15.398147 n-d-712707-25 devstack@placement-api.service[107938]: DEBUG placement.objects.research_context [req-65bae451-c4ef-4fc5-b5f7-ab8dec450dab req-0cfe10b5-e39c-4d06-b011-fa931d6bbfe9 service placement] found 2 providers with available 1 DISK_GB {{(pid=107938) get_provider_ids_matching /opt/stack/placement/placement/objects/research_context.py:549}}
Oct 18 22:51:15.399677 n-d-712707-25 devstack@placement-api.service[107938]: DEBUG placement.objects.research_context [req-65bae451-c4ef-4fc5-b5f7-ab8dec450dab req-0cfe10b5-e39c-4d06-b011-fa931d6bbfe9 service placement] found 2 providers with available 1024 MEMORY_MB {{(pid=107938) get_provider_ids_matching /opt/stack/placement/placement/objects/research_context.py:549}}
Oct 18 22:51:15.400114 n-d-712707-25 devstack@placement-api.service[107938]: DEBUG placement.objects.research_context [req-65bae451-c4ef-4fc5-b5f7-ab8dec450dab req-0cfe10b5-e39c-4d06-b011-fa931d6bbfe9 service placement] found 2 providers after filtering by previous result {{(pid=107938) get_provider_ids_matching /opt/stack/placement/placement/objects/research_context.py:580}}
Oct 18 22:51:15.402225 n-d-712707-25 devstack@placement-api.service[107938]: DEBUG placement.objects.research_context [req-65bae451-c4ef-4fc5-b5f7-ab8dec450dab req-0cfe10b5-e39c-4d06-b011-fa931d6bbfe9 service placement] found 2 providers with available 1 VCPU {{(pid=107938) get_provider_ids_matching /opt/stack/placement/placement/objects/research_context.py:549}}
Oct 18 22:51:15.402760 n-d-712707-25 devstack@placement-api.service[107938]: DEBUG placement.objects.research_context [req-65bae451-c4ef-4fc5-b5f7-ab8dec450dab req-0cfe10b5-e39c-4d06-b011-fa931d6bbfe9 service placement] found 2 providers after filtering by previous result {{(pid=107938) get_provider_ids_matching /opt/stack/placement/placement/objects/research_context.py:580}}
Oct 18 22:51:15.422789 n-d-712707-25 devstack@placement-api.service[107939]: INFO placement.requestlog [req-c369e5bf-1a4c-4451-a7e0-83e7baf55855 req-69539ac7-eddf-46e1-bc16-01965f3ddbca service placement] 10.222.0.26 "POST /placement/allocations" status: 204 len: 0 microversion: 1.28
Oct 18 22:51:15.423356 n-d-712707-25 devstack@placement-api.service[107939]: [pid: 107939|app: 0|req: 67/132] 10.222.0.26 () {64 vars in 1323 bytes} [Mon Oct 18 22:51:15 2021] POST /placement/allocations => generated 0 bytes in 247 msecs (HTTP/1.1 204) 5 headers in 199 bytes (2 switches on core 0)
Oct 18 22:51:15.431045 n-d-712707-25 devstack@placement-api.service[107938]: DEBUG placement.objects.allocation_candidate [req-65bae451-c4ef-4fc5-b5f7-ab8dec450dab req-0cfe10b5-e39c-4d06-b011-fa931d6bbfe9 service placement] RequestGroup(use_same_provider=False, resources={DISK_GB:1, MEMORY_MB:1024, VCPU:1}, traits=[], aggregates=[]) (suffix '') returned 2 matches {{(pid=107938) _get_by_requests /opt/stack/placement/placement/objects/allocation_candidate.py:145}}
Oct 18 22:51:15.432596 n-d-712707-25 devstack@placement-api.service[107938]: DEBUG placement.objects.allocation_candidate [req-65bae451-c4ef-4fc5-b5f7-ab8dec450dab req-0cfe10b5-e39c-4d06-b011-fa931d6bbfe9 service placement] Merging candidates yields 2 allocation requests and 2 provider summaries {{(pid=107938) _merge_candidates /opt/stack/placement/placement/objects/allocation_candidate.py:783}}
Oct 18 22:51:15.436404 n-d-712707-25 devstack@placement-api.service[107938]: INFO placement.requestlog [req-65bae451-c4ef-4fc5-b5f7-ab8dec450dab req-0cfe10b5-e39c-4d06-b011-fa931d6bbfe9 service placement] 10.222.0.26 "GET /placement/allocation_candidates?limit=1000&resources=DISK_GB%3A1%2CMEMORY_MB%3A1024%2CVCPU%3A1&root_required=%21COMPUTE_STATUS_DISABLED" status: 200 len: 1309 microversion: 1.36
Oct 18 22:51:15.438947 n-d-712707-25 devstack@placement-api.service[107938]: [pid: 107938|app: 0|req: 66/133] 10.222.0.26 () {60 vars in 1506 bytes} [Mon Oct 18 22:51:15 2021] GET /placement/allocation_candidates?limit=1000&resources=DISK_GB%3A1%2CMEMORY_MB%3A1024%2CVCPU%3A1&root_required=%21COMPUTE_STATUS_DISABLED => generated 1309 bytes in 174 msecs (HTTP/1.1 200) 8 headers in 297 bytes (1 switches on core 0)
Oct 18 22:51:15.503193 n-d-712707-25 devstack@placement-api.service[107939]: DEBUG placement.requestlog [req-c369e5bf-1a4c-4451-a7e0-83e7baf55855 req-40bef9f7-f78d-4e42-a3fa-d4511a0afbec None None] Starting request: 10.222.0.26 "GET /placement/allocations/e8cfe18c-44da-45d0-9205-8337061147c7" {{(pid=107939) __call__ /opt/stack/placement/placement/requestlog.py:55}}
Oct 18 22:51:15.524079 n-d-712707-25 devstack@placement-api.service[107938]: DEBUG placement.requestlog [req-65bae451-c4ef-4fc5-b5f7-ab8dec450dab req-0e9bc0af-abcd-4758-bc2a-30b7d8dbef1b None None] Starting request: 10.222.0.26 "GET /placement/allocations/265b0b74-0c4e-4329-98c2-8aa290785f40" {{(pid=107938) __call__ /opt/stack/placement/placement/requestlog.py:55}}
Oct 18 22:51:15.525955 n-d-712707-25 devstack@placement-api.service[107939]: INFO placement.requestlog [req-c369e5bf-1a4c-4451-a7e0-83e7baf55855 req-40bef9f7-f78d-4e42-a3fa-d4511a0afbec service placement] 10.222.0.26 "GET /placement/allocations/e8cfe18c-44da-45d0-9205-8337061147c7" status: 200 len: 19 microversion: 1.28
Oct 18 22:51:15.526278 n-d-712707-25 devstack@placement-api.service[107939]: [pid: 107939|app: 0|req: 68/134] 10.222.0.26 () {60 vars in 1380 bytes} [Mon Oct 18 22:51:15 2021] GET /placement/allocations/e8cfe18c-44da-45d0-9205-8337061147c7 => generated 19 bytes in 23 msecs (HTTP/1.1 200) 8 headers in 295 bytes (1 switches on core 0)
Oct 18 22:51:15.532336 n-d-712707-25 devstack@placement-api.service[107939]: DEBUG placement.requestlog [req-c369e5bf-1a4c-4451-a7e0-83e7baf55855 req-6d15dc14-22e2-40e3-87d2-5a998113e41d None None] Starting request: 10.222.0.26 "PUT /placement/allocations/e8cfe18c-44da-45d0-9205-8337061147c7" {{(pid=107939) __call__ /opt/stack/placement/placement/requestlog.py:55}}
Oct 18 22:51:15.545531 n-d-712707-25 devstack@placement-api.service[107938]: INFO placement.requestlog [req-65bae451-c4ef-4fc5-b5f7-ab8dec450dab req-0e9bc0af-abcd-4758-bc2a-30b7d8dbef1b service placement] 10.222.0.26 "GET /placement/allocations/265b0b74-0c4e-4329-98c2-8aa290785f40" status: 200 len: 19 microversion: 1.28
Oct 18 22:51:15.545877 n-d-712707-25 devstack@placement-api.service[107938]: [pid: 107938|app: 0|req: 67/135] 10.222.0.26 () {60 vars in 1380 bytes} [Mon Oct 18 22:51:15 2021] GET /placement/allocations/265b0b74-0c4e-4329-98c2-8aa290785f40 => generated 19 bytes in 22 msecs (HTTP/1.1 200) 8 headers in 295 bytes (2 switches on core 0)
Oct 18 22:51:15.557242 n-d-712707-25 devstack@placement-api.service[107938]: DEBUG placement.requestlog [req-65bae451-c4ef-4fc5-b5f7-ab8dec450dab req-bed60d09-788e-433f-a9ca-7ff87ec5042a None None] Starting request: 10.222.0.26 "PUT /placement/allocations/265b0b74-0c4e-4329-98c2-8aa290785f40" {{(pid=107938) __call__ /opt/stack/placement/placement/requestlog.py:55}}
Oct 18 22:51:15.649401 n-d-712707-25 devstack@placement-api.service[107939]: DEBUG placement.handlers.allocation [req-c369e5bf-1a4c-4451-a7e0-83e7baf55855 req-6d15dc14-22e2-40e3-87d2-5a998113e41d service placement] Successfully wrote allocations [, , ] {{(pid=107939) _update_consumers_and_create_allocations /opt/stack/placement/placement/handlers/allocation.py:462}}
Oct 18 22:51:15.653490 n-d-712707-25 devstack@placement-api.service[107938]: DEBUG placement.objects.allocation [req-65bae451-c4ef-4fc5-b5f7-ab8dec450dab req-bed60d09-788e-433f-a9ca-7ff87ec5042a service placement] Retrying allocations write on resource provider generation conflict {{(pid=107938) replace_all /opt/stack/placement/placement/objects/allocation.py:507}}
Oct 18 22:51:15.654534 n-d-712707-25 devstack@placement-api.service[107939]: INFO placement.requestlog [req-c369e5bf-1a4c-4451-a7e0-83e7baf55855 req-6d15dc14-22e2-40e3-87d2-5a998113e41d service placement] 10.222.0.26 "PUT /placement/allocations/e8cfe18c-44da-45d0-9205-8337061147c7" status: 204 len: 0 microversion: 1.28
Oct 18 22:51:15.655256 n-d-712707-25 devstack@placement-api.service[107939]: [pid: 107939|app: 0|req: 69/136] 10.222.0.26 () {64 vars in 1433 bytes} [Mon Oct 18 22:51:15 2021] PUT /placement/allocations/e8cfe18c-44da-45d0-9205-8337061147c7 => generated 0 bytes in 123 msecs (HTTP/1.1 204) 5 headers in 199 bytes (1 switches on core 0)
Oct 18 22:51:15.685929 n-d-712707-25 devstack@placement-api.service[107938]: DEBUG placement.handlers.allocation [req-65bae451-c4ef-4fc5-b5f7-ab8dec450dab req-bed60d09-788e-433f-a9ca-7ff87ec5042a service placement] Successfully wrote allocations [, , ] {{(pid=107938) _update_consumers_and_create_allocations /opt/stack/placement/placement/handlers/allocation.py:462}}
Oct 18 22:51:15.692323 n-d-712707-25 devstack@placement-api.service[107938]: INFO placement.requestlog [req-65bae451-c4ef-4fc5-b5f7-ab8dec450dab req-bed60d09-788e-433f-a9ca-7ff87ec5042a service placement] 10.222.0.26 "PUT /placement/allocations/265b0b74-0c4e-4329-98c2-8aa290785f40" status: 204 len: 0 microversion: 1.36
Oct 18 22:51:15.701273 n-d-712707-25 devstack@placement-api.service[107938]: [pid: 107938|app: 0|req: 68/137] 10.222.0.26 () {64 vars in 1433 bytes} [Mon Oct 18 22:51:15 2021] PUT /placement/allocations/265b0b74-0c4e-4329-98c2-8aa290785f40 => generated 0 bytes in 136 msecs (HTTP/1.1 204) 5 headers in 199 bytes (1 switches on core 0)
Oct 18 22:51:15.901782 n-d-712707-25 devstack@placement-api.service[107939]: DEBUG placement.requestlog [req-c369e5bf-1a4c-4451-a7e0-83e7baf55855 req-9ebf7b7c-9cf7-42d1-82cd-ec2548d9645f None None] Starting request: 10.222.0.15 "GET /placement/allocations/e8cfe18c-44da-45d0-9205-8337061147c7" {{(pid=107939) __call__ /opt/stack/placement/placement/requestlog.py:55}}
Oct 18 22:51:15.920219 n-d-712707-25 devstack@placement-api.service[107939]: INFO placement.requestlog [req-c369e5bf-1a4c-4451-a7e0-83e7baf55855 req-9ebf7b7c-9cf7-42d1-82cd-ec2548d9645f service placement] 10.222.0.15 "GET /placement/allocations/e8cfe18c-44da-45d0-9205-8337061147c7" status: 200 len: 259 microversion: 1.28
Oct 18 22:51:15.921852 n-d-712707-25 devstack@placement-api.service[107939]: [pid: 107939|app: 0|req: 70/138] 10.222.0.15 () {60 vars in 1377 bytes} [Mon Oct 18 22:51:15 2021] GET /placement/allocations/e8cfe18c-44da-45d0-9205-8337061147c7 => generated 259 bytes in 20 msecs (HTTP/1.1 200) 8 headers in 296 bytes (1 switches on core 0)
Oct 18 22:51:16.180860 n-d-712707-25 devstack@placement-api.service[107938]: DEBUG placement.requestlog [req-65bae451-c4ef-4fc5-b5f7-ab8dec450dab req-aeffcd6e-345f-4b91-b210-f79f49eb8902 None None] Starting request: 10.222.0.15 "GET /placement/allocations/265b0b74-0c4e-4329-98c2-8aa290785f40" {{(pid=107938) __call__ /opt/stack/placement/placement/requestlog.py:55}}
Oct 18 22:51:16.229651 n-d-712707-25 devstack@placement-api.service[107938]: INFO placement.requestlog [req-65bae451-c4ef-4fc5-b5f7-ab8dec450dab req-aeffcd6e-345f-4b91-b210-f79f49eb8902 service placement] 10.222.0.15 "GET /placement/allocations/265b0b74-0c4e-4329-98c2-8aa290785f40" status: 200 len: 259 microversion: 1.28
Oct 18 22:51:16.230322 n-d-712707-25 devstack@placement-api.service[107938]: [pid: 107938|app: 0|req: 69/139] 10.222.0.15 () {60 vars in 1377 bytes} [Mon Oct 18 22:51:16 2021] GET /placement/allocations/265b0b74-0c4e-4329-98c2-8aa290785f40 => generated 259 bytes in 50 msecs (HTTP/1.1 200) 8 headers in 296 bytes (1 switches on core 0)
Oct 18 22:51:19.842535 n-d-712707-25 devstack@placement-api.service[107939]: DEBUG placement.requestlog [req-6b7272f8-5e14-410a-b566-d92aac51e849 req-d30d43b2-ed85-41d6-b339-4e06dbefabe9 None None] Starting request: 10.222.0.26 "GET /placement/allocation_candidates?limit=1000&resources=DISK_GB%3A1%2CMEMORY_MB%3A1024%2CVCPU%3A1&root_required=%21COMPUTE_STATUS_DISABLED" {{(pid=107939) __call__ /opt/stack/placement/placement/requestlog.py:55}}
Oct 18 22:51:19.891087 n-d-712707-25 devstack@placement-api.service[107939]: DEBUG placement.objects.research_context [req-6b7272f8-5e14-410a-b566-d92aac51e849 req-d30d43b2-ed85-41d6-b339-4e06dbefabe9 service placement] getting providers with 1 DISK_GB {{(pid=107939) __init__ /opt/stack/placement/placement/objects/research_context.py:126}}
Oct 18 22:51:19.897434 n-d-712707-25 devstack@placement-api.service[107939]: DEBUG placement.objects.research_context [req-6b7272f8-5e14-410a-b566-d92aac51e849 req-d30d43b2-ed85-41d6-b339-4e06dbefabe9 service placement] getting providers with 1024 MEMORY_MB {{(pid=107939) __init__ /opt/stack/placement/placement/objects/research_context.py:126}}
Oct 18 22:51:19.904222 n-d-712707-25 devstack@placement-api.service[107939]: DEBUG placement.objects.research_context [req-6b7272f8-5e14-410a-b566-d92aac51e849 req-d30d43b2-ed85-41d6-b339-4e06dbefabe9 service placement] getting providers with 1 VCPU {{(pid=107939) __init__ /opt/stack/placement/placement/objects/research_context.py:126}}
Oct 18 22:51:19.911944 n-d-712707-25 devstack@placement-api.service[107939]: DEBUG placement.objects.research_context [req-6b7272f8-5e14-410a-b566-d92aac51e849 req-d30d43b2-ed85-41d6-b339-4e06dbefabe9 service placement] found 2 providers with available 1 DISK_GB {{(pid=107939) get_provider_ids_matching /opt/stack/placement/placement/objects/research_context.py:549}}
Oct 18 22:51:19.912555 n-d-712707-25 devstack@placement-api.service[107939]: DEBUG placement.objects.research_context [req-6b7272f8-5e14-410a-b566-d92aac51e849 req-d30d43b2-ed85-41d6-b339-4e06dbefabe9 service placement] found 2 providers with available 1024 MEMORY_MB {{(pid=107939) get_provider_ids_matching /opt/stack/placement/placement/objects/research_context.py:549}}
Oct 18 22:51:19.913031 n-d-712707-25 devstack@placement-api.service[107939]: DEBUG placement.objects.research_context [req-6b7272f8-5e14-410a-b566-d92aac51e849 req-d30d43b2-ed85-41d6-b339-4e06dbefabe9 service placement] found 2 providers after filtering by previous result {{(pid=107939) get_provider_ids_matching /opt/stack/placement/placement/objects/research_context.py:580}}
Oct 18 22:51:19.913493 n-d-712707-25 devstack@placement-api.service[107939]: DEBUG placement.objects.research_context [req-6b7272f8-5e14-410a-b566-d92aac51e849 req-d30d43b2-ed85-41d6-b339-4e06dbefabe9 service placement] found 2 providers with available 1 VCPU {{(pid=107939) get_provider_ids_matching /opt/stack/placement/placement/objects/research_context.py:549}}
Oct 18 22:51:19.914024 n-d-712707-25 devstack@placement-api.service[107939]: DEBUG placement.objects.research_context [req-6b7272f8-5e14-410a-b566-d92aac51e849 req-d30d43b2-ed85-41d6-b339-4e06dbefabe9 service placement] found 2 providers after filtering by previous result {{(pid=107939) get_provider_ids_matching /opt/stack/placement/placement/objects/research_context.py:580}}
Oct 18 22:51:19.927760 n-d-712707-25 devstack@placement-api.service[107939]: DEBUG placement.objects.allocation_candidate [req-6b7272f8-5e14-410a-b566-d92aac51e849 req-d30d43b2-ed85-41d6-b339-4e06dbefabe9 service placement] RequestGroup(use_same_provider=False, resources={DISK_GB:1, MEMORY_MB:1024, VCPU:1}, traits=[], aggregates=[]) (suffix '') returned 2 matches {{(pid=107939) _get_by_requests /opt/stack/placement/placement/objects/allocation_candidate.py:145}}
Oct 18 22:51:19.928495 n-d-712707-25 devstack@placement-api.service[107939]: DEBUG placement.objects.allocation_candidate [req-6b7272f8-5e14-410a-b566-d92aac51e849 req-d30d43b2-ed85-41d6-b339-4e06dbefabe9 service placement] Merging candidates yields 2 allocation requests and 2 provider summaries {{(pid=107939) _merge_candidates /opt/stack/placement/placement/objects/allocation_candidate.py:783}}
Oct 18 22:51:19.931302 n-d-712707-25 devstack@placement-api.service[107939]: INFO placement.requestlog [req-6b7272f8-5e14-410a-b566-d92aac51e849 req-d30d43b2-ed85-41d6-b339-4e06dbefabe9 service placement] 10.222.0.26 "GET /placement/allocation_candidates?limit=1000&resources=DISK_GB%3A1%2CMEMORY_MB%3A1024%2CVCPU%3A1&root_required=%21COMPUTE_STATUS_DISABLED" status: 200 len: 1309 microversion: 1.36
Oct 18 22:51:19.936054 n-d-712707-25 devstack@placement-api.service[107939]: [pid: 107939|app: 0|req: 71/140] 10.222.0.26 () {60 vars in 1506 bytes} [Mon Oct 18 22:51:19 2021] GET /placement/allocation_candidates?limit=1000&resources=DISK_GB%3A1%2CMEMORY_MB%3A1024%2CVCPU%3A1&root_required=%21COMPUTE_STATUS_DISABLED => generated 1309 bytes in 94 msecs (HTTP/1.1 200) 8 headers in 297 bytes (1 switches on core 0)
Oct 18 22:51:20.027819 n-d-712707-25 devstack@placement-api.service[107938]: DEBUG placement.requestlog [req-6b7272f8-5e14-410a-b566-d92aac51e849 req-9495e1db-8600-478c-8d26-e228fe0f4e4b None None] Starting request: 10.222.0.26 "GET /placement/allocations/09859309-d364-490d-815e-6a157b48dae7" {{(pid=107938) __call__ /opt/stack/placement/placement/requestlog.py:55}}
Oct 18 22:51:20.040711 n-d-712707-25 devstack@placement-api.service[107938]: INFO placement.requestlog [req-6b7272f8-5e14-410a-b566-d92aac51e849 req-9495e1db-8600-478c-8d26-e228fe0f4e4b service placement] 10.222.0.26 "GET /placement/allocations/09859309-d364-490d-815e-6a157b48dae7" status: 200 len: 19 microversion: 1.28
Oct 18 22:51:20.042454 n-d-712707-25 devstack@placement-api.service[107938]: [pid: 107938|app: 0|req: 70/141] 10.222.0.26 () {60 vars in 1380 bytes} [Mon Oct 18 22:51:20 2021] GET /placement/allocations/09859309-d364-490d-815e-6a157b48dae7 => generated 19 bytes in 15 msecs (HTTP/1.1 200) 8 headers in 295 bytes (1 switches on core 0)
Oct 18 22:51:20.053534 n-d-712707-25 devstack@placement-api.service[107939]: DEBUG placement.requestlog [req-6b7272f8-5e14-410a-b566-d92aac51e849 req-81d190de-12ce-4fe8-bb56-efc1c93b6355 None None] Starting request: 10.222.0.26 "PUT /placement/allocations/09859309-d364-490d-815e-6a157b48dae7" {{(pid=107939) __call__ /opt/stack/placement/placement/requestlog.py:55}}
Oct 18 22:51:20.150798 n-d-712707-25 devstack@placement-api.service[107939]: DEBUG placement.handlers.allocation [req-6b7272f8-5e14-410a-b566-d92aac51e849 req-81d190de-12ce-4fe8-bb56-efc1c93b6355 service placement] Successfully wrote allocations [, , ] {{(pid=107939) _update_consumers_and_create_allocations /opt/stack/placement/placement/handlers/allocation.py:462}}
Oct 18 22:51:20.157698 n-d-712707-25 devstack@placement-api.service[107939]: INFO placement.requestlog [req-6b7272f8-5e14-410a-b566-d92aac51e849 req-81d190de-12ce-4fe8-bb56-efc1c93b6355 service placement] 10.222.0.26 "PUT /placement/allocations/09859309-d364-490d-815e-6a157b48dae7" status: 204 len: 0 microversion: 1.36
Oct 18 22:51:20.167737 n-d-712707-25 devstack@placement-api.service[107939]: [pid: 107939|app: 0|req: 72/142] 10.222.0.26 () {64 vars in 1433 bytes} [Mon Oct 18 22:51:20 2021] PUT /placement/allocations/09859309-d364-490d-815e-6a157b48dae7 => generated 0 bytes in 105 msecs (HTTP/1.1 204) 5 headers in 199 bytes (2 switches on core 0)
Oct 18 22:51:20.690907 n-d-712707-25 devstack@placement-api.service[107938]: DEBUG placement.requestlog [req-6b7272f8-5e14-410a-b566-d92aac51e849 req-46b6865c-62b8-427d-be1a-ad3ecdc3197f None None] Starting request: 10.222.0.94 "GET /placement/allocations/09859309-d364-490d-815e-6a157b48dae7" {{(pid=107938) __call__ /opt/stack/placement/placement/requestlog.py:55}}
Oct 18 22:51:20.713647 n-d-712707-25 devstack@placement-api.service[107938]: INFO placement.requestlog [req-6b7272f8-5e14-410a-b566-d92aac51e849 req-46b6865c-62b8-427d-be1a-ad3ecdc3197f service placement] 10.222.0.94 "GET /placement/allocations/09859309-d364-490d-815e-6a157b48dae7" status: 200 len: 259 microversion: 1.28
Oct 18 22:51:20.722183 n-d-712707-25 devstack@placement-api.service[107938]: [pid: 107938|app: 0|req: 71/143] 10.222.0.94 () {60 vars in 1377 bytes} [Mon Oct 18 22:51:20 2021] GET /placement/allocations/09859309-d364-490d-815e-6a157b48dae7 => generated 259 bytes in 31 msecs (HTTP/1.1 200) 8 headers in 296 bytes (1 switches on core 0)
Oct 18 22:51:29.408524 n-d-712707-25 devstack@placement-api.service[107939]: DEBUG placement.requestlog [None req-720ac31d-9b5b-4867-bfcf-31979742199a None None] Starting request: 10.222.0.26 "GET /placement/" {{(pid=107939) __call__ /opt/stack/placement/placement/requestlog.py:55}}
Oct 18 22:51:29.409591 n-d-712707-25 devstack@placement-api.service[107939]: INFO placement.requestlog [None req-720ac31d-9b5b-4867-bfcf-31979742199a None None] 10.222.0.26 "GET /placement/" status: 200 len: 136 microversion: 1.0
Oct 18 22:51:29.410359 n-d-712707-25 devstack@placement-api.service[107939]: [pid: 107939|app: 0|req: 73/144] 10.222.0.26 () {54 vars in 916 bytes} [Mon Oct 18 22:51:29 2021] GET /placement => generated 136 bytes in 2 msecs (HTTP/1.1 200) 6 headers in 224 bytes (1 switches on core 0)
Oct 18 22:51:29.419313 n-d-712707-25 devstack@placement-api.service[107938]: DEBUG placement.requestlog [req-f7d9b47a-3153-4e14-9f86-8c404e40f72d req-778eb442-7bd3-459d-b52b-847eeab262c9 None None] Starting request: 10.222.0.26 "GET /placement/allocations/265b0b74-0c4e-4329-98c2-8aa290785f40" {{(pid=107938) __call__ /opt/stack/placement/placement/requestlog.py:55}}
Oct 18 22:51:29.982760 n-d-712707-25 devstack@placement-api.service[107938]: INFO placement.requestlog [req-f7d9b47a-3153-4e14-9f86-8c404e40f72d req-778eb442-7bd3-459d-b52b-847eeab262c9 service placement] 10.222.0.26 "GET /placement/allocations/265b0b74-0c4e-4329-98c2-8aa290785f40" status: 200 len: 259 microversion: 1.28
Oct 18 22:51:29.988769 n-d-712707-25 devstack@placement-api.service[107938]: [pid: 107938|app: 0|req: 72/145] 10.222.0.26 () {60 vars in 1380 bytes} [Mon Oct 18 22:51:29 2021] GET /placement/allocations/265b0b74-0c4e-4329-98c2-8aa290785f40 => generated 259 bytes in 570 msecs (HTTP/1.1 200) 8 headers in 296 bytes (1 switches on core 0)
Oct 18 22:51:29.998219 n-d-712707-25 devstack@placement-api.service[107939]: DEBUG placement.requestlog [req-f7d9b47a-3153-4e14-9f86-8c404e40f72d req-011bdbd0-f3f6-46e1-88d5-6b4900491db9 None None] Starting request: 10.222.0.26 "GET /placement/allocations/265b0b74-0c4e-4329-98c2-8aa290785f40" {{(pid=107939) __call__ /opt/stack/placement/placement/requestlog.py:55}}
Oct 18 22:51:30.032519 n-d-712707-25 devstack@placement-api.service[107939]: INFO placement.requestlog [req-f7d9b47a-3153-4e14-9f86-8c404e40f72d req-011bdbd0-f3f6-46e1-88d5-6b4900491db9 service placement] 10.222.0.26 "GET /placement/allocations/265b0b74-0c4e-4329-98c2-8aa290785f40" status: 200 len: 259 microversion: 1.28
Oct 18 22:51:30.033312 n-d-712707-25 devstack@placement-api.service[107939]: [pid: 107939|app: 0|req: 74/146] 10.222.0.26 () {60 vars in 1380 bytes} [Mon Oct 18 22:51:29 2021] GET /placement/allocations/265b0b74-0c4e-4329-98c2-8aa290785f40 => generated 259 bytes in 36 msecs (HTTP/1.1 200) 8 headers in 296 bytes (1 switches on core 0)
Oct 18 22:51:30.042822 n-d-712707-25 devstack@placement-api.service[107938]: DEBUG placement.requestlog [req-f7d9b47a-3153-4e14-9f86-8c404e40f72d req-9e26570d-6532-497c-bc73-9e847756d319 None None] Starting request: 10.222.0.26 "GET /placement/allocations/23094986-aa5f-4d1e-a96d-7e0059fc2985" {{(pid=107938) __call__ /opt/stack/placement/placement/requestlog.py:55}}
Oct 18 22:51:30.067084 n-d-712707-25 devstack@placement-api.service[107938]: INFO placement.requestlog [req-f7d9b47a-3153-4e14-9f86-8c404e40f72d req-9e26570d-6532-497c-bc73-9e847756d319 service placement] 10.222.0.26 "GET /placement/allocations/23094986-aa5f-4d1e-a96d-7e0059fc2985" status: 200 len: 19 microversion: 1.28
Oct 18 22:51:30.067865 n-d-712707-25 devstack@placement-api.service[107938]: [pid: 107938|app: 0|req: 73/147] 10.222.0.26 () {60 vars in 1380 bytes} [Mon Oct 18 22:51:30 2021] GET /placement/allocations/23094986-aa5f-4d1e-a96d-7e0059fc2985 => generated 19 bytes in 25 msecs (HTTP/1.1 200) 8 headers in 295 bytes (1 switches on core 0)
Oct 18 22:51:30.073777 n-d-712707-25 devstack@placement-api.service[107939]: DEBUG placement.requestlog [req-f7d9b47a-3153-4e14-9f86-8c404e40f72d req-34159b11-e72f-46f0-b8ba-7403344e8101 None None] Starting request: 10.222.0.26 "POST /placement/allocations" {{(pid=107939) __call__ /opt/stack/placement/placement/requestlog.py:55}}
Oct 18 22:51:30.234406 n-d-712707-25 devstack@placement-api.service[107939]: DEBUG placement.handlers.allocation [req-f7d9b47a-3153-4e14-9f86-8c404e40f72d req-34159b11-e72f-46f0-b8ba-7403344e8101 service placement] Successfully wrote allocations [, , , , , ] {{(pid=107939) _update_consumers_and_create_allocations /opt/stack/placement/placement/handlers/allocation.py:572}}
Oct 18 22:51:30.250940 n-d-712707-25 devstack@placement-api.service[107939]: INFO placement.requestlog [req-f7d9b47a-3153-4e14-9f86-8c404e40f72d req-34159b11-e72f-46f0-b8ba-7403344e8101 service placement] 10.222.0.26 "POST /placement/allocations" status: 204 len: 0 microversion: 1.28
Oct 18 22:51:30.254848 n-d-712707-25 devstack@placement-api.service[107939]: [pid: 107939|app: 0|req: 75/148] 10.222.0.26 () {64 vars in 1323 bytes} [Mon Oct 18 22:51:30 2021] POST /placement/allocations => generated 0 bytes in 178 msecs (HTTP/1.1 204) 5 headers in 199 bytes (1 switches on core 0)
Oct 18 22:51:30.285778 n-d-712707-25 devstack@placement-api.service[107938]: DEBUG placement.requestlog [req-f7d9b47a-3153-4e14-9f86-8c404e40f72d req-1322ff1c-0874-4293-a6bd-63d125a2a16d None None] Starting request: 10.222.0.26 "GET /placement/allocation_candidates?limit=1000&resources=DISK_GB%3A1%2CMEMORY_MB%3A512%2CVCPU%3A1&root_required=%21COMPUTE_STATUS_DISABLED" {{(pid=107938) __call__ /opt/stack/placement/placement/requestlog.py:55}}
Oct 18 22:51:30.358186 n-d-712707-25 devstack@placement-api.service[107938]: DEBUG placement.objects.research_context [req-f7d9b47a-3153-4e14-9f86-8c404e40f72d req-1322ff1c-0874-4293-a6bd-63d125a2a16d service placement] getting providers with 1 DISK_GB {{(pid=107938) __init__ /opt/stack/placement/placement/objects/research_context.py:126}}
Oct 18 22:51:30.370068 n-d-712707-25 devstack@placement-api.service[107938]: DEBUG placement.objects.research_context [req-f7d9b47a-3153-4e14-9f86-8c404e40f72d req-1322ff1c-0874-4293-a6bd-63d125a2a16d service placement] getting providers with 512 MEMORY_MB {{(pid=107938) __init__ /opt/stack/placement/placement/objects/research_context.py:126}}
Oct 18 22:51:30.376779 n-d-712707-25 devstack@placement-api.service[107938]: DEBUG placement.objects.research_context [req-f7d9b47a-3153-4e14-9f86-8c404e40f72d req-1322ff1c-0874-4293-a6bd-63d125a2a16d service placement] getting providers with 1 VCPU {{(pid=107938) __init__ /opt/stack/placement/placement/objects/research_context.py:126}}
Oct 18 22:51:30.396409 n-d-712707-25 devstack@placement-api.service[107938]: DEBUG placement.objects.research_context [req-f7d9b47a-3153-4e14-9f86-8c404e40f72d req-1322ff1c-0874-4293-a6bd-63d125a2a16d service placement] found 2 providers with available 1 DISK_GB {{(pid=107938) get_provider_ids_matching /opt/stack/placement/placement/objects/research_context.py:549}}
Oct 18 22:51:30.396695 n-d-712707-25 devstack@placement-api.service[107938]: DEBUG placement.objects.research_context [req-f7d9b47a-3153-4e14-9f86-8c404e40f72d req-1322ff1c-0874-4293-a6bd-63d125a2a16d service placement] found 2 providers with available 512 MEMORY_MB {{(pid=107938) get_provider_ids_matching /opt/stack/placement/placement/objects/research_context.py:549}}
Oct 18 22:51:30.397000 n-d-712707-25 devstack@placement-api.service[107938]: DEBUG placement.objects.research_context [req-f7d9b47a-3153-4e14-9f86-8c404e40f72d req-1322ff1c-0874-4293-a6bd-63d125a2a16d service placement] found 2 providers after filtering by previous result {{(pid=107938) get_provider_ids_matching /opt/stack/placement/placement/objects/research_context.py:580}}
Oct 18 22:51:30.397257 n-d-712707-25 devstack@placement-api.service[107938]: DEBUG placement.objects.research_context [req-f7d9b47a-3153-4e14-9f86-8c404e40f72d req-1322ff1c-0874-4293-a6bd-63d125a2a16d service placement] found 2 providers with available 1 VCPU {{(pid=107938) get_provider_ids_matching /opt/stack/placement/placement/objects/research_context.py:549}}
Oct 18 22:51:30.397517 n-d-712707-25 devstack@placement-api.service[107938]: DEBUG placement.objects.research_context [req-f7d9b47a-3153-4e14-9f86-8c404e40f72d req-1322ff1c-0874-4293-a6bd-63d125a2a16d service placement] found 2 providers after filtering by previous result {{(pid=107938) get_provider_ids_matching /opt/stack/placement/placement/objects/research_context.py:580}}
Oct 18 22:51:30.444239 n-d-712707-25 devstack@placement-api.service[107938]: DEBUG placement.objects.allocation_candidate [req-f7d9b47a-3153-4e14-9f86-8c404e40f72d req-1322ff1c-0874-4293-a6bd-63d125a2a16d service placement] RequestGroup(use_same_provider=False, resources={DISK_GB:1, MEMORY_MB:512, VCPU:1}, traits=[], aggregates=[]) (suffix '') returned 2 matches {{(pid=107938) _get_by_requests /opt/stack/placement/placement/objects/allocation_candidate.py:145}}
Oct 18 22:51:30.444811 n-d-712707-25 devstack@placement-api.service[107938]: DEBUG placement.objects.allocation_candidate [req-f7d9b47a-3153-4e14-9f86-8c404e40f72d req-1322ff1c-0874-4293-a6bd-63d125a2a16d service placement] Merging candidates yields 2 allocation requests and 2 provider summaries {{(pid=107938) _merge_candidates /opt/stack/placement/placement/objects/allocation_candidate.py:783}}
Oct 18 22:51:30.449055 n-d-712707-25 devstack@placement-api.service[107938]: INFO placement.requestlog [req-f7d9b47a-3153-4e14-9f86-8c404e40f72d req-1322ff1c-0874-4293-a6bd-63d125a2a16d service placement] 10.222.0.26 "GET /placement/allocation_candidates?limit=1000&resources=DISK_GB%3A1%2CMEMORY_MB%3A512%2CVCPU%3A1&root_required=%21COMPUTE_STATUS_DISABLED" status: 200 len: 1307 microversion: 1.36
Oct 18 22:51:30.450392 n-d-712707-25 devstack@placement-api.service[107938]: [pid: 107938|app: 0|req: 74/149] 10.222.0.26 () {60 vars in 1504 bytes} [Mon Oct 18 22:51:30 2021] GET /placement/allocation_candidates?limit=1000&resources=DISK_GB%3A1%2CMEMORY_MB%3A512%2CVCPU%3A1&root_required=%21COMPUTE_STATUS_DISABLED => generated 1307 bytes in 165 msecs (HTTP/1.1 200) 8 headers in 297 bytes (1 switches on core 0)
Oct 18 22:51:30.556194 n-d-712707-25 devstack@placement-api.service[107939]: DEBUG placement.requestlog [req-f7d9b47a-3153-4e14-9f86-8c404e40f72d req-35f5c162-11b1-4db5-a6f8-61209e3614dd None None] Starting request: 10.222.0.26 "GET /placement/allocations/265b0b74-0c4e-4329-98c2-8aa290785f40" {{(pid=107939) __call__ /opt/stack/placement/placement/requestlog.py:55}}
Oct 18 22:51:30.572827 n-d-712707-25 devstack@placement-api.service[107939]: INFO placement.requestlog [req-f7d9b47a-3153-4e14-9f86-8c404e40f72d req-35f5c162-11b1-4db5-a6f8-61209e3614dd service placement] 10.222.0.26 "GET /placement/allocations/265b0b74-0c4e-4329-98c2-8aa290785f40" status: 200 len: 19 microversion: 1.28
Oct 18 22:51:30.577266 n-d-712707-25 devstack@placement-api.service[107939]: [pid: 107939|app: 0|req: 76/150] 10.222.0.26 () {60 vars in 1380 bytes} [Mon Oct 18 22:51:30 2021] GET /placement/allocations/265b0b74-0c4e-4329-98c2-8aa290785f40 => generated 19 bytes in 21 msecs (HTTP/1.1 200) 8 headers in 295 bytes (1 switches on core 0)
Oct 18 22:51:30.586184 n-d-712707-25 devstack@placement-api.service[107938]: DEBUG placement.requestlog [req-f7d9b47a-3153-4e14-9f86-8c404e40f72d req-81c821eb-2eed-4b01-ad42-eef9645558ae None None] Starting request: 10.222.0.26 "PUT /placement/allocations/265b0b74-0c4e-4329-98c2-8aa290785f40" {{(pid=107938) __call__ /opt/stack/placement/placement/requestlog.py:55}}
Oct 18 22:51:30.695624 n-d-712707-25 devstack@placement-api.service[107938]: DEBUG placement.handlers.allocation [req-f7d9b47a-3153-4e14-9f86-8c404e40f72d req-81c821eb-2eed-4b01-ad42-eef9645558ae service placement] Successfully wrote allocations [, , ] {{(pid=107938) _update_consumers_and_create_allocations /opt/stack/placement/placement/handlers/allocation.py:462}}
Oct 18 22:51:30.711088 n-d-712707-25 devstack@placement-api.service[107938]: INFO placement.requestlog [req-f7d9b47a-3153-4e14-9f86-8c404e40f72d req-81c821eb-2eed-4b01-ad42-eef9645558ae service placement] 10.222.0.26 "PUT /placement/allocations/265b0b74-0c4e-4329-98c2-8aa290785f40" status: 204 len: 0 microversion: 1.36
Oct 18 22:51:30.712007 n-d-712707-25 devstack@placement-api.service[107938]: [pid: 107938|app: 0|req: 75/151] 10.222.0.26 () {64 vars in 1433 bytes} [Mon Oct 18 22:51:30 2021] PUT /placement/allocations/265b0b74-0c4e-4329-98c2-8aa290785f40 => generated 0 bytes in 126 msecs (HTTP/1.1 204) 5 headers in 199 bytes (1 switches on core 0)
Oct 18 22:51:30.976779 n-d-712707-25 devstack@placement-api.service[107939]: DEBUG placement.requestlog [req-f7d9b47a-3153-4e14-9f86-8c404e40f72d req-a76dd649-d475-4e3e-8b59-0738222a3a7b None None] Starting request: 10.222.0.15 "GET /placement/allocations/265b0b74-0c4e-4329-98c2-8aa290785f40" {{(pid=107939) __call__ /opt/stack/placement/placement/requestlog.py:55}}
Oct 18 22:51:31.029476 n-d-712707-25 devstack@placement-api.service[107939]: INFO placement.requestlog [req-f7d9b47a-3153-4e14-9f86-8c404e40f72d req-a76dd649-d475-4e3e-8b59-0738222a3a7b service placement] 10.222.0.15 "GET /placement/allocations/265b0b74-0c4e-4329-98c2-8aa290785f40" status: 200 len: 258 microversion: 1.28
Oct 18 22:51:31.032350 n-d-712707-25 devstack@placement-api.service[107939]: [pid: 107939|app: 0|req: 77/152] 10.222.0.15 () {60 vars in 1377 bytes} [Mon Oct 18 22:51:30 2021] GET /placement/allocations/265b0b74-0c4e-4329-98c2-8aa290785f40 => generated 258 bytes in 55 msecs (HTTP/1.1 200) 8 headers in 296 bytes (1 switches on core 0)
Oct 18 22:51:31.544910 n-d-712707-25 devstack@placement-api.service[107938]: DEBUG placement.requestlog [req-c369e5bf-1a4c-4451-a7e0-83e7baf55855 req-6ed38067-1338-4664-9545-19e6b5623b3d None None] Starting request: 10.222.0.94 "GET /placement/resource_providers/286f37c6-64e2-4a3a-b642-9f441c54c887/allocations" {{(pid=107938) __call__ /opt/stack/placement/placement/requestlog.py:55}}
Oct 18 22:51:31.583874 n-d-712707-25 devstack@placement-api.service[107938]: INFO placement.requestlog [req-c369e5bf-1a4c-4451-a7e0-83e7baf55855 req-6ed38067-1338-4664-9545-19e6b5623b3d service placement] 10.222.0.94 "GET /placement/resource_providers/286f37c6-64e2-4a3a-b642-9f441c54c887/allocations" status: 200 len: 659 microversion: 1.0
Oct 18 22:51:31.586033 n-d-712707-25 devstack@placement-api.service[107938]: [pid: 107938|app: 0|req: 76/153] 10.222.0.94 () {58 vars in 1390 bytes} [Mon Oct 18 22:51:31 2021] GET /placement/resource_providers/286f37c6-64e2-4a3a-b642-9f441c54c887/allocations => generated 659 bytes in 41 msecs (HTTP/1.1 200) 6 headers in 224 bytes (1 switches on core 0)
Oct 18 22:51:32.041951 n-d-712707-25 devstack@placement-api.service[107939]: DEBUG placement.requestlog [req-c369e5bf-1a4c-4451-a7e0-83e7baf55855 req-c5494448-7ae2-4473-8159-315063aedcdb None None] Starting request: 10.222.0.94 "GET /placement/allocations/65bb796a-0e84-4a1e-b583-f42982c80690" {{(pid=107939) __call__ /opt/stack/placement/placement/requestlog.py:55}}
Oct 18 22:51:32.059703 n-d-712707-25 devstack@placement-api.service[107939]: INFO placement.requestlog [req-c369e5bf-1a4c-4451-a7e0-83e7baf55855 req-c5494448-7ae2-4473-8159-315063aedcdb service placement] 10.222.0.94 "GET /placement/allocations/65bb796a-0e84-4a1e-b583-f42982c80690" status: 200 len: 259 microversion: 1.28
Oct 18 22:51:32.061110 n-d-712707-25 devstack@placement-api.service[107939]: [pid: 107939|app: 0|req: 78/154] 10.222.0.94 () {60 vars in 1377 bytes} [Mon Oct 18 22:51:32 2021] GET /placement/allocations/65bb796a-0e84-4a1e-b583-f42982c80690 => generated 259 bytes in 19 msecs (HTTP/1.1 200) 8 headers in 296 bytes (1 switches on core 0)
Oct 18 22:51:32.069374 n-d-712707-25 devstack@placement-api.service[107938]: DEBUG placement.requestlog [req-c369e5bf-1a4c-4451-a7e0-83e7baf55855 req-cc1d9ce9-14c3-4ba9-87c6-3603e18acb17 None None] Starting request: 10.222.0.94 "PUT /placement/allocations/65bb796a-0e84-4a1e-b583-f42982c80690" {{(pid=107938) __call__ /opt/stack/placement/placement/requestlog.py:55}}
Oct 18 22:51:32.134512 n-d-712707-25 devstack@placement-api.service[107938]: DEBUG placement.handlers.allocation [req-c369e5bf-1a4c-4451-a7e0-83e7baf55855 req-cc1d9ce9-14c3-4ba9-87c6-3603e18acb17 service placement] Successfully wrote allocations [, , ] {{(pid=107938) _update_consumers_and_create_allocations /opt/stack/placement/placement/handlers/allocation.py:462}}
Oct 18 22:51:32.139767 n-d-712707-25 devstack@placement-api.service[107938]: INFO placement.requestlog [req-c369e5bf-1a4c-4451-a7e0-83e7baf55855 req-cc1d9ce9-14c3-4ba9-87c6-3603e18acb17 service placement] 10.222.0.94 "PUT /placement/allocations/65bb796a-0e84-4a1e-b583-f42982c80690" status: 204 len: 0 microversion: 1.28
Oct 18 22:51:32.140180 n-d-712707-25 devstack@placement-api.service[107938]: [pid: 107938|app: 0|req: 77/155] 10.222.0.94 () {64 vars in 1430 bytes} [Mon Oct 18 22:51:32 2021] PUT /placement/allocations/65bb796a-0e84-4a1e-b583-f42982c80690 => generated 0 bytes in 71 msecs (HTTP/1.1 204) 5 headers in 199 bytes (2 switches on core 0)
Oct 18 22:51:32.434873 n-d-712707-25 devstack@placement-api.service[107939]: DEBUG placement.requestlog [req-021d3c85-e5af-4f87-be11-8998c18e0639 req-329a410a-de32-4ce9-a212-27e78ce35a00 None None] Starting request: 10.222.0.26 "GET /placement/allocation_candidates?limit=1000&resources=DISK_GB%3A1%2CMEMORY_MB%3A1024%2CVCPU%3A1&root_required=%21COMPUTE_STATUS_DISABLED" {{(pid=107939) __call__ /opt/stack/placement/placement/requestlog.py:55}}
Oct 18 22:51:32.477031 n-d-712707-25 devstack@placement-api.service[107939]: DEBUG placement.objects.research_context [req-021d3c85-e5af-4f87-be11-8998c18e0639 req-329a410a-de32-4ce9-a212-27e78ce35a00 service placement] getting providers with 1 DISK_GB {{(pid=107939) __init__ /opt/stack/placement/placement/objects/research_context.py:126}}
Oct 18 22:51:32.483660 n-d-712707-25 devstack@placement-api.service[107939]: DEBUG placement.objects.research_context [req-021d3c85-e5af-4f87-be11-8998c18e0639 req-329a410a-de32-4ce9-a212-27e78ce35a00 service placement] getting providers with 1024 MEMORY_MB {{(pid=107939) __init__ /opt/stack/placement/placement/objects/research_context.py:126}}
Oct 18 22:51:32.493693 n-d-712707-25 devstack@placement-api.service[107939]: DEBUG placement.objects.research_context [req-021d3c85-e5af-4f87-be11-8998c18e0639 req-329a410a-de32-4ce9-a212-27e78ce35a00 service placement] getting providers with 1 VCPU {{(pid=107939) __init__ /opt/stack/placement/placement/objects/research_context.py:126}}
Oct 18 22:51:32.500675 n-d-712707-25 devstack@placement-api.service[107939]: DEBUG placement.objects.research_context [req-021d3c85-e5af-4f87-be11-8998c18e0639 req-329a410a-de32-4ce9-a212-27e78ce35a00 service placement] found 2 providers with available 1 DISK_GB {{(pid=107939) get_provider_ids_matching /opt/stack/placement/placement/objects/research_context.py:549}}
Oct 18 22:51:32.501030 n-d-712707-25 devstack@placement-api.service[107939]: DEBUG placement.objects.research_context [req-021d3c85-e5af-4f87-be11-8998c18e0639 req-329a410a-de32-4ce9-a212-27e78ce35a00 service placement] found 2 providers with available 1024 MEMORY_MB {{(pid=107939) get_provider_ids_matching /opt/stack/placement/placement/objects/research_context.py:549}}
Oct 18 22:51:32.501493 n-d-712707-25 devstack@placement-api.service[107939]: DEBUG placement.objects.research_context [req-021d3c85-e5af-4f87-be11-8998c18e0639 req-329a410a-de32-4ce9-a212-27e78ce35a00 service placement] found 2 providers after filtering by previous result {{(pid=107939) get_provider_ids_matching /opt/stack/placement/placement/objects/research_context.py:580}}
Oct 18 22:51:32.501971 n-d-712707-25 devstack@placement-api.service[107939]: DEBUG placement.objects.research_context [req-021d3c85-e5af-4f87-be11-8998c18e0639 req-329a410a-de32-4ce9-a212-27e78ce35a00 service placement] found 2 providers with available 1 VCPU {{(pid=107939) get_provider_ids_matching /opt/stack/placement/placement/objects/research_context.py:549}}
Oct 18 22:51:32.504538 n-d-712707-25 devstack@placement-api.service[107939]: DEBUG placement.objects.research_context [req-021d3c85-e5af-4f87-be11-8998c18e0639 req-329a410a-de32-4ce9-a212-27e78ce35a00 service placement] found 2 providers after filtering by previous result {{(pid=107939) get_provider_ids_matching /opt/stack/placement/placement/objects/research_context.py:580}}
Oct 18 22:51:32.518060 n-d-712707-25 devstack@placement-api.service[107939]: DEBUG placement.objects.allocation_candidate [req-021d3c85-e5af-4f87-be11-8998c18e0639 req-329a410a-de32-4ce9-a212-27e78ce35a00 service placement] RequestGroup(use_same_provider=False, resources={DISK_GB:1, MEMORY_MB:1024, VCPU:1}, traits=[], aggregates=[]) (suffix '') returned 2 matches {{(pid=107939) _get_by_requests /opt/stack/placement/placement/objects/allocation_candidate.py:145}}
Oct 18 22:51:32.518784 n-d-712707-25 devstack@placement-api.service[107939]: DEBUG placement.objects.allocation_candidate [req-021d3c85-e5af-4f87-be11-8998c18e0639 req-329a410a-de32-4ce9-a212-27e78ce35a00 service placement] Merging candidates yields 2 allocation requests and 2 provider summaries {{(pid=107939) _merge_candidates /opt/stack/placement/placement/objects/allocation_candidate.py:783}}
Oct 18 22:51:32.521146 n-d-712707-25 devstack@placement-api.service[107939]: INFO placement.requestlog [req-021d3c85-e5af-4f87-be11-8998c18e0639 req-329a410a-de32-4ce9-a212-27e78ce35a00 service placement] 10.222.0.26 "GET /placement/allocation_candidates?limit=1000&resources=DISK_GB%3A1%2CMEMORY_MB%3A1024%2CVCPU%3A1&root_required=%21COMPUTE_STATUS_DISABLED" status: 200 len: 1309 microversion: 1.36
Oct 18 22:51:32.521887 n-d-712707-25 devstack@placement-api.service[107939]: [pid: 107939|app: 0|req: 79/156] 10.222.0.26 () {60 vars in 1506 bytes} [Mon Oct 18 22:51:32 2021] GET /placement/allocation_candidates?limit=1000&resources=DISK_GB%3A1%2CMEMORY_MB%3A1024%2CVCPU%3A1&root_required=%21COMPUTE_STATUS_DISABLED => generated 1309 bytes in 87 msecs (HTTP/1.1 200) 8 headers in 297 bytes (1 switches on core 0)
Oct 18 22:51:32.584605 n-d-712707-25 devstack@placement-api.service[107938]: DEBUG placement.requestlog [req-021d3c85-e5af-4f87-be11-8998c18e0639 req-3189d13e-ecf1-413e-9b0e-10bdb764955e None None] Starting request: 10.222.0.26 "GET /placement/allocations/93e3093d-d07c-4299-8b39-f08eadb6153a" {{(pid=107938) __call__ /opt/stack/placement/placement/requestlog.py:55}}
