Aug 29 05:56:04.434788 n-d-712707-14 neutron-server[94665]: DEBUG neutron.api.v2.base [req-401d2447-74f4-4038-9f27-cf1436d6f002 req-b229583d-ebca-4b83-9497-eb3d40665c1f service neutron] Request body: {'port': {'device_id': 'aebb6d1c-392c-43cf-a95a-81284a3cd8c7', 'device_owner': 'compute:nova', 'binding:host_id': 'n-h2-712707-14'}} {{(pid=94665) prepare_request_body /opt/stack/neutron/neutron/api/v2/base.py:730}}
Aug 29 05:56:04.519003 n-d-712707-14 neutron-server[94664]: DEBUG neutron.pecan_wsgi.hooks.policy_enforcement [req-0f78def0-4bfe-414b-ac30-897145b4065d req-bb1dde33-868c-400f-bf38-4124aaa573a7 tempest-LiveMigrationNegativeTest-2037006617 tempest-LiveMigrationNegativeTest-2037006617-project] Attributes excluded by policy engine: ['standard_attr_id', 'binding:profile', 'binding:host_id', 'binding:vif_type', 'binding:vif_details'] {{(pid=94664) _exclude_attributes_by_policy /opt/stack/neutron/neutron/pecan_wsgi/hooks/policy_enforcement.py:255}}
Aug 29 05:56:04.529562 n-d-712707-14 neutron-server[94664]: INFO neutron.wsgi [req-0f78def0-4bfe-414b-ac30-897145b4065d req-bb1dde33-868c-400f-bf38-4124aaa573a7 tempest-LiveMigrationNegativeTest-2037006617 tempest-LiveMigrationNegativeTest-2037006617-project] 10.222.0.47 "GET /v2.0/ports?device_id=aebb6d1c-392c-43cf-a95a-81284a3cd8c7 HTTP/1.1" status: 200 len: 935 time: 0.3760195
Aug 29 05:56:04.536088 n-d-712707-14 neutron-server[94667]: DEBUG neutron.db.l3_dvr_db [None req-fb6ae2b2-627a-4609-86da-8ea0d6710520 None None] Set router 406e3416-2fa4-4411-9776-f810d3b544be gateway port host: n-d-712707-14 {{(pid=94667) _build_routers_list /opt/stack/neutron/neutron/db/l3_dvr_db.py:906}}
Aug 29 05:56:04.587642 n-d-712707-14 neutron-server[94664]: DEBUG neutron_lib.callbacks.manager [None req-43a2c9c2-a958-42bc-be4d-64e9ffe55424 admin admin] Notify callbacks [] for security_group, before_delete {{(pid=94664) _notify_loop /usr/local/lib/python3.8/dist-packages/neutron_lib/callbacks/manager.py:192}}
Aug 29 05:56:04.597829 n-d-712707-14 neutron-server[94665]: DEBUG neutron.pecan_wsgi.hooks.policy_enforcement [req-187f9c77-d3d3-436e-842a-5bcd6401b82d req-ea99e913-ef61-4783-a240-cc016f1774f3 service neutron] Attributes excluded by policy engine: ['standard_attr_id', 'shared'] {{(pid=94665) _exclude_attributes_by_policy /opt/stack/neutron/neutron/pecan_wsgi/hooks/policy_enforcement.py:255}}
Aug 29 05:56:04.602087 n-d-712707-14 neutron-server[94665]: INFO neutron.wsgi [req-187f9c77-d3d3-436e-842a-5bcd6401b82d req-ea99e913-ef61-4783-a240-cc016f1774f3 service neutron] 10.222.0.30 "GET /v2.0/subnets?id=83da8fb0-f0f7-4e35-9ad8-63213e8016f6 HTTP/1.1" status: 200 len: 862 time: 0.1974282
Aug 29 05:56:04.693459 n-d-712707-14 neutron-server[94664]: DEBUG neutron_lib.callbacks.manager [None req-43a2c9c2-a958-42bc-be4d-64e9ffe55424 admin admin] Notify callbacks [] for security_group, precommit_delete {{(pid=94664) _notify_loop /usr/local/lib/python3.8/dist-packages/neutron_lib/callbacks/manager.py:192}}
Aug 29 05:56:04.711987 n-d-712707-14 neutron-server[94665]: DEBUG neutron_lib.callbacks.manager [req-401d2447-74f4-4038-9f27-cf1436d6f002 req-b229583d-ebca-4b83-9497-eb3d40665c1f service neutron] Notify callbacks ['neutron.plugins.ml2.plugin.SecurityGroupDbMixin._ensure_default_security_group_handler-3540546'] for port, before_update {{(pid=94665) _notify_loop /usr/local/lib/python3.8/dist-packages/neutron_lib/callbacks/manager.py:192}}
Aug 29 05:56:04.719655 n-d-712707-14 neutron-server[94664]: INFO neutron.wsgi [req-0f78def0-4bfe-414b-ac30-897145b4065d req-07f391a6-1fe4-4f7c-839b-33c5c9d2fa00 tempest-LiveMigrationNegativeTest-2037006617 tempest-LiveMigrationNegativeTest-2037006617-project] 10.222.0.47 "GET /v2.0/security-groups?id=b51c01f0-4574-4b8d-81e1-0d1f0573386a&fields=id&fields=name HTTP/1.1" status: 200 len: 286 time: 0.1788428
Aug 29 05:56:04.755638 n-d-712707-14 neutron-server[94665]: DEBUG neutron.pecan_wsgi.hooks.policy_enforcement [req-187f9c77-d3d3-436e-842a-5bcd6401b82d req-1b172440-152b-4179-abfe-924abe0790f0 service neutron] Attributes excluded by policy engine: ['standard_attr_id'] {{(pid=94665) _exclude_attributes_by_policy /opt/stack/neutron/neutron/pecan_wsgi/hooks/policy_enforcement.py:255}}
Aug 29 05:56:04.758025 n-d-712707-14 neutron-server[94665]: INFO neutron.wsgi [req-187f9c77-d3d3-436e-842a-5bcd6401b82d req-1b172440-152b-4179-abfe-924abe0790f0 service neutron] 10.222.0.30 "GET /v2.0/ports?network_id=7cdf45b3-5d83-4b23-aaba-c8d42d8113fd&device_owner=network%3Adhcp HTTP/1.1" status: 200 len: 1164 time: 0.1230452
Aug 29 05:56:04.785703 n-d-712707-14 neutron-server[94664]: DEBUG neutron.pecan_wsgi.hooks.quota_enforcement [req-42c677b1-e2f3-4e48-93df-aa9a75487221 req-6f398e62-7c95-4f37-bbd6-84e83fd771ad tempest-ServersAdminNegativeTestJSON-25682128 tempest-ServersAdminNegativeTestJSON-25682128-project] Made reservation on behalf of 016cef07753846389de4401d05c75c4f for: {'port': 1} {{(pid=94664) before /opt/stack/neutron/neutron/pecan_wsgi/hooks/quota_enforcement.py:53}}
Aug 29 05:56:04.790569 n-d-712707-14 neutron-server[94664]: DEBUG neutron_lib.callbacks.manager [req-42c677b1-e2f3-4e48-93df-aa9a75487221 req-6f398e62-7c95-4f37-bbd6-84e83fd771ad tempest-ServersAdminNegativeTestJSON-25682128 tempest-ServersAdminNegativeTestJSON-25682128-project] Notify callbacks ['neutron.plugins.ml2.plugin.SecurityGroupDbMixin._ensure_default_security_group_handler-3540546'] for port, before_create {{(pid=94664) _notify_loop /usr/local/lib/python3.8/dist-packages/neutron_lib/callbacks/manager.py:192}}
Aug 29 05:56:04.874060 n-d-712707-14 neutron-server[94666]: DEBUG neutron.db.provisioning_blocks [None req-bb691b5e-a18d-4b19-a652-cd42c090f626 None None] Provisioning for port b2bbe3d2-d7a6-414c-a907-6a7c154055e1 completed by entity DHCP. {{(pid=94666) provisioning_complete /opt/stack/neutron/neutron/db/provisioning_blocks.py:133}}
Aug 29 05:56:04.879218 n-d-712707-14 neutron-server[94666]: DEBUG neutron.db.provisioning_blocks [None req-bb691b5e-a18d-4b19-a652-cd42c090f626 None None] Provisioning complete for port b2bbe3d2-d7a6-414c-a907-6a7c154055e1 triggered by entity DHCP. {{(pid=94666) provisioning_complete /opt/stack/neutron/neutron/db/provisioning_blocks.py:139}}
Aug 29 05:56:04.879863 n-d-712707-14 neutron-server[94666]: DEBUG neutron_lib.callbacks.manager [None req-bb691b5e-a18d-4b19-a652-cd42c090f626 None None] Notify callbacks ['neutron.plugins.ml2.plugin.Ml2Plugin._port_provisioned-3578827'] for port, provisioning_complete {{(pid=94666) _notify_loop /usr/local/lib/python3.8/dist-packages/neutron_lib/callbacks/manager.py:192}}
Aug 29 05:56:04.953367 n-d-712707-14 neutron-server[94664]: DEBUG neutron_lib.callbacks.manager [None req-43a2c9c2-a958-42bc-be4d-64e9ffe55424 admin admin] Notify callbacks ['neutron.plugins.ml2.ovo_rpc._ObjectChangeHandler.handle_event-354287'] for security_group, after_delete {{(pid=94664) _notify_loop /usr/local/lib/python3.8/dist-packages/neutron_lib/callbacks/manager.py:192}}
Aug 29 05:56:04.956596 n-d-712707-14 neutron-server[94664]: DEBUG neutron_lib.callbacks.manager [None req-43a2c9c2-a958-42bc-be4d-64e9ffe55424 admin admin] Notify callbacks [] for security_group, before_response {{(pid=94664) _notify_loop /usr/local/lib/python3.8/dist-packages/neutron_lib/callbacks/manager.py:192}}
Aug 29 05:56:04.961456 n-d-712707-14 neutron-server[94664]: INFO neutron.wsgi [None req-43a2c9c2-a958-42bc-be4d-64e9ffe55424 admin admin] 10.222.0.47 "DELETE /v2.0/security-groups/97c169b4-a76a-4ab8-aab7-9b419b6d9515 HTTP/1.1" status: 204 len: 168 time: 0.5966711
Aug 29 05:56:04.999978 n-d-712707-14 neutron-server[94666]: DEBUG neutron.plugins.ml2.plugin [None req-bb691b5e-a18d-4b19-a652-cd42c090f626 None None] Port b2bbe3d2-d7a6-414c-a907-6a7c154055e1 cannot update to ACTIVE because it is not bound. {{(pid=94666) _port_provisioned /opt/stack/neutron/neutron/plugins/ml2/plugin.py:337}}
Aug 29 05:56:05.002411 n-d-712707-14 neutron-server[94664]: DEBUG neutron.pecan_wsgi.hooks.policy_enforcement [req-1836676e-8d0c-41de-bb81-7c69167fecc9 req-2c8e78cf-71ad-4f6a-9844-a3de9e51f12d tempest-DeleteServersAdminTestJSON-29434835 tempest-DeleteServersAdminTestJSON-29434835-project] Attributes excluded by policy engine: ['standard_attr_id', 'binding:profile', 'binding:host_id', 'binding:vif_type', 'binding:vif_details'] {{(pid=94664) _exclude_attributes_by_policy /opt/stack/neutron/neutron/pecan_wsgi/hooks/policy_enforcement.py:255}}
Aug 29 05:56:05.003971 n-d-712707-14 neutron-server[94664]: INFO neutron.wsgi [req-1836676e-8d0c-41de-bb81-7c69167fecc9 req-2c8e78cf-71ad-4f6a-9844-a3de9e51f12d tempest-DeleteServersAdminTestJSON-29434835 tempest-DeleteServersAdminTestJSON-29434835-project] 10.222.0.47 "GET /v2.0/ports?device_id=5f28e0fb-11a4-4db5-bfe1-6490f86275d3 HTTP/1.1" status: 200 len: 947 time: 0.1354666
Aug 29 05:56:05.024310 n-d-712707-14 neutron-server[94664]: DEBUG neutron.api.rpc.handlers.resources_rpc [None req-43a2c9c2-a958-42bc-be4d-64e9ffe55424 admin admin] Pushing event deleted for resources: {'SecurityGroup': ['ID=97c169b4-a76a-4ab8-aab7-9b419b6d9515,revision_number=None']} {{(pid=94664) push /opt/stack/neutron/neutron/api/rpc/handlers/resources_rpc.py:237}}
Aug 29 05:56:05.097877 n-d-712707-14 neutron-server[94664]: DEBUG neutron.db.db_base_plugin_common [req-42c677b1-e2f3-4e48-93df-aa9a75487221 req-6f398e62-7c95-4f37-bbd6-84e83fd771ad tempest-ServersAdminNegativeTestJSON-25682128 tempest-ServersAdminNegativeTestJSON-25682128-project] Allocated IP 192.168.233.38 (f01ddae5-cbe0-4eac-bdaf-84b4bb27e800/90ead4c6-68e9-4fc7-894e-1e8097678314/df5190ae-9e79-4489-90fa-8d0ce700478e) {{(pid=94664) _store_ip_allocation /opt/stack/neutron/neutron/db/db_base_plugin_common.py:131}}
Aug 29 05:56:05.108816 n-d-712707-14 neutron-server[94664]: INFO neutron.wsgi [req-1836676e-8d0c-41de-bb81-7c69167fecc9 req-501e4d75-cc07-49d8-8110-b04508cd5e6d tempest-DeleteServersAdminTestJSON-29434835 tempest-DeleteServersAdminTestJSON-29434835-project] 10.222.0.47 "GET /v2.0/security-groups?id=4118deef-8deb-4e35-89e8-b69bbcdabcde&fields=id&fields=name HTTP/1.1" status: 200 len: 286 time: 0.0886834
Aug 29 05:56:05.156664 n-d-712707-14 neutron-server[94667]: DEBUG neutron.db.l3_hamode_db [None req-fb6ae2b2-627a-4609-86da-8ea0d6710520 None None] neutron.services.l3_router.l3_router_plugin.L3RouterPlugin method _process_sync_ha_data called with arguments (, [{'id': '406e3416-2fa4-4411-9776-f810d3b544be', 'name': 'tempest-ServersWithSpecificFlavorTestJSON-653782867-router', 'tenant_id': 'bb2c40b13aae4638bb2f190e8d45a96c', 'admin_state_up': True, 'status': 'ACTIVE', 'external_gateway_info': {'network_id': 'adf7a3b1-028c-44dd-9fb8-0469fe0f0dc0', 'external_fixed_ips': [{'subnet_id': 'ddce9eae-569b-4697-8cc7-7a495d8d72ca', 'ip_address': '172.25.8.9'}], 'enable_snat': True}, 'gw_port_id': '666713c7-4f02-497b-a991-fc98ba0d1189', 'description': '', 'availability_zones': ['nova'], 'distributed': False, 'ha': False, 'ha_vr_id': 0, 'availability_zone_hints': [], 'routes': [], 'flavor_id': None, 'tags': [], 'created_at': '2021-08-29T05:55:09Z', 'updated_at': '2021-08-29T05:55:13Z', 'revision_number': 4, 'project_id': 'bb2c40b13aae4638bb2f190e8d45a96c', 'gw_port': {'id': '666713c7-4f02-497b-a991-fc98ba0d1189', 'name': '', 'network_id': 'adf7a3b1-028c-44dd-9fb8-0469fe0f0dc0', 'tenant_id': '', 'mac_address': 'fa:16:3e:cb:d8:f3', 'admin_state_up': True, 'status': 'ACTIVE', 'device_id': '406e3416-2fa4-4411-9776-f810d3b544be', 'device_owner': 'network:router_gateway', 'standard_attr_id': 41, 'fixed_ips': [{'subnet_id': 'ddce9eae-569b-4697-8cc7-7a495d8d72ca', 'ip_address': '172.25.8.9', 'prefixlen': 24}], 'allowed_address_pairs': [], 'extra_dhcp_opts': [], 'security_groups': [], 'description': '', 'binding:vnic_type': 'normal', 'binding:profile': {}, 'binding:host_id': 'n-d-712707-14', 'binding:vif_type': 'ovs', 'binding:vif_details': {'connectivity': 'l2', 'port_filter': True, 'ovs_hybrid_plug': False, 'datapath_type': 'system', 'bridge_name': 'br-int'}, 'port_security_enabled': False, 'tags': [], 'created_at': '2021-08-29T05:55:09Z', 'updated_at': '2021-08-29T05:55:16Z', 'revision_number': 4, 'project_id': '', 'subnets': [{'id': 'ddce9eae-569b-4697-8cc7-7a495d8d72ca', 'cidr': '172.25.8.0/24', 'gateway_ip': '172.25.8.1', 'dns_nameservers': [], 'ipv6_ra_mode': None, 'subnetpool_id': None}], 'extra_subnets': [], 'address_scopes': {4: None, 6: None}, 'mtu': 1500}, 'enable_snat': True, 'gw_port_host': 'n-d-712707-14', '_floatingips': [{'id': '964dee1a-25fe-4825-ab1c-fbb5f7684382', 'tenant_id': 'bb2c40b13aae4638bb2f190e8d45a96c', 'floating_ip_address': '172.25.8.249', 'floating_network_id': 'adf7a3b1-028c-44dd-9fb8-0469fe0f0dc0', 'router_id': '406e3416-2fa4-4411-9776-f810d3b544be', 'port_id': 'bf5c4b20-ec0d-40af-8921-18789db24e63', 'fixed_ip_address': '172.20.0.10', 'status': 'DOWN', 'standard_attr_id': 146, 'description': '', 'qos_policy_id': None, 'port_details': {'name': '', 'network_id': '7cdf45b3-5d83-4b23-aaba-c8d42d8113fd', 'mac_address': 'fa:16:3e:84:57:89', 'admin_state_up': True, 'status': 'ACTIVE', 'device_id': '41c1c55d-3893-4c43-b673-68a982223fd3', 'device_owner': 'compute:nova'}, 'dns_domain': '', 'dns_name': '', 'tags': [], 'created_at': '2021-08-29T05:55:38Z', 'updated_at': '2021-08-29T05:56:00Z', 'revision_number': 1, 'project_id': 'bb2c40b13aae4638bb2f190e8d45a96c', 'fixed_ip_address_scope': None}], '_interfaces': [{'id': '17fe02b9-64df-40da-9c31-da2af1d2ef65', 'name': '', 'network_id': '7cdf45b3-5d83-4b23-aaba-c8d42d8113fd', 'tenant_id': 'bb2c40b13aae4638bb2f190e8d45a96c', 'mac_address': 'fa:16:3e:db:af:3d', 'admin_state_up': True, 'status': 'ACTIVE', 'device_id': '406e3416-2fa4-4411-9776-f810d3b544be', 'device_owner': 'network:router_interface', 'standard_attr_id': 47, 'fixed_ips': [{'subnet_id': '83da8fb0-f0f7-4e35-9ad8-63213e8016f6', 'ip_address': '172.20.0.1', 'prefixlen': 28}], 'allowed_address_pairs': [], 'extra_dhcp_opts': [], 'security_groups': [], 'description': '', 'binding:vnic_type': 'normal', 'binding:profile': {}, 'binding:host_id': 'n-d-712707-14', 'binding:vif_type': 'ovs', 'binding:vif_details': {'connectivity': 'l2', 'port_filter': True, 'ovs_hybrid_plug': False, 'datapath_type': 'system', 'bridge_name': 'br-int'}, 'port_security_enabled': False, 'tags': [], 'created_at': '2021-08-29T05:55:12Z', 'updated_at': '2021-08-29T05:55:21Z', 'revision_number': 5, 'project_id': 'bb2c40b13aae4638bb2f190e8d45a96c', 'subnets': [{'id': '83da8fb0-f0f7-4e35-9ad8-63213e8016f6', 'cidr': '172.20.0.0/28', 'gateway_ip': '172.20.0.1', 'dns_nameservers': [], 'ipv6_ra_mode': None, 'subnetpool_id': None}], 'extra_subnets': [], 'address_scopes': {4: None, 6: None}, 'mtu': 1500}]}], 'n-d-712707-14', False) {} {{(pid=94667) wrapper /usr/local/lib/python3.8/dist-packages/oslo_log/helpers.py:65}}
Aug 29 05:56:05.233009 n-d-712707-14 neutron-server[94667]: DEBUG neutron.api.rpc.handlers.l3_rpc [None req-fb6ae2b2-627a-4609-86da-8ea0d6710520 None None] The sync data for ids ['406e3416-2fa4-4411-9776-f810d3b544be'] in n-d-712707-14 is: [{'id': '406e3416-2fa4-4411-9776-f810d3b544be', 'name': 'tempest-ServersWithSpecificFlavorTestJSON-653782867-router', 'tenant_id': 'bb2c40b13aae4638bb2f190e8d45a96c', 'admin_state_up': True, 'status': 'ACTIVE', 'external_gateway_info': {'network_id': 'adf7a3b1-028c-44dd-9fb8-0469fe0f0dc0', 'external_fixed_ips': [{'subnet_id': 'ddce9eae-569b-4697-8cc7-7a495d8d72ca', 'ip_address': '172.25.8.9'}], 'enable_snat': True}, 'gw_port_id': '666713c7-4f02-497b-a991-fc98ba0d1189', 'description': '', 'availability_zones': ['nova'], 'distributed': False, 'ha': False, 'ha_vr_id': 0, 'availability_zone_hints': [], 'routes': [], 'flavor_id': None, 'tags': [], 'created_at': '2021-08-29T05:55:09Z', 'updated_at': '2021-08-29T05:55:13Z', 'revision_number': 4, 'project_id': 'bb2c40b13aae4638bb2f190e8d45a96c', 'gw_port': {'id': '666713c7-4f02-497b-a991-fc98ba0d1189', 'name': '', 'network_id': 'adf7a3b1-028c-44dd-9fb8-0469fe0f0dc0', 'tenant_id': '', 'mac_address': 'fa:16:3e:cb:d8:f3', 'admin_state_up': True, 'status': 'ACTIVE', 'device_id': '406e3416-2fa4-4411-9776-f810d3b544be', 'device_owner': 'network:router_gateway', 'standard_attr_id': 41, 'fixed_ips': [{'subnet_id': 'ddce9eae-569b-4697-8cc7-7a495d8d72ca', 'ip_address': '172.25.8.9', 'prefixlen': 24}], 'allowed_address_pairs': [], 'extra_dhcp_opts': [], 'security_groups': [], 'description': '', 'binding:vnic_type': 'normal', 'binding:profile': {}, 'binding:host_id': 'n-d-712707-14', 'binding:vif_type': 'ovs', 'binding:vif_details': {'connectivity': 'l2', 'port_filter': True, 'ovs_hybrid_plug': False, 'datapath_type': 'system', 'bridge_name': 'br-int'}, 'port_security_enabled': False, 'tags': [], 'created_at': '2021-08-29T05:55:09Z', 'updated_at': '2021-08-29T05:55:16Z', 'revision_number': 4, 'project_id': '', 'subnets': [{'id': 'ddce9eae-569b-4697-8cc7-7a495d8d72ca', 'cidr': '172.25.8.0/24', 'gateway_ip': '172.25.8.1', 'dns_nameservers': [], 'ipv6_ra_mode': None, 'subnetpool_id': None}], 'extra_subnets': [], 'address_scopes': {4: None, 6: None}, 'mtu': 1500}, 'enable_snat': True, 'gw_port_host': 'n-d-712707-14', '_floatingips': [{'id': '964dee1a-25fe-4825-ab1c-fbb5f7684382', 'tenant_id': 'bb2c40b13aae4638bb2f190e8d45a96c', 'floating_ip_address': '172.25.8.249', 'floating_network_id': 'adf7a3b1-028c-44dd-9fb8-0469fe0f0dc0', 'router_id': '406e3416-2fa4-4411-9776-f810d3b544be', 'port_id': 'bf5c4b20-ec0d-40af-8921-18789db24e63', 'fixed_ip_address': '172.20.0.10', 'status': 'DOWN', 'standard_attr_id': 146, 'description': '', 'qos_policy_id': None, 'port_details': {'name': '', 'network_id': '7cdf45b3-5d83-4b23-aaba-c8d42d8113fd', 'mac_address': 'fa:16:3e:84:57:89', 'admin_state_up': True, 'status': 'ACTIVE', 'device_id': '41c1c55d-3893-4c43-b673-68a982223fd3', 'device_owner': 'compute:nova'}, 'dns_domain': '', 'dns_name': '', 'tags': [], 'created_at': '2021-08-29T05:55:38Z', 'updated_at': '2021-08-29T05:56:00Z', 'revision_number': 1, 'project_id': 'bb2c40b13aae4638bb2f190e8d45a96c', 'fixed_ip_address_scope': None}], '_interfaces': [{'id': '17fe02b9-64df-40da-9c31-da2af1d2ef65', 'name': '', 'network_id': '7cdf45b3-5d83-4b23-aaba-c8d42d8113fd', 'tenant_id': 'bb2c40b13aae4638bb2f190e8d45a96c', 'mac_address': 'fa:16:3e:db:af:3d', 'admin_state_up': True, 'status': 'ACTIVE', 'device_id': '406e3416-2fa4-4411-9776-f810d3b544be', 'device_owner': 'network:router_interface', 'standard_attr_id': 47, 'fixed_ips': [{'subnet_id': '83da8fb0-f0f7-4e35-9ad8-63213e8016f6', 'ip_address': '172.20.0.1', 'prefixlen': 28}], 'allowed_address_pairs': [], 'extra_dhcp_opts': [], 'security_groups': [], 'description': '', 'binding:vnic_type': 'normal', 'binding:profile': {}, 'binding:host_id': 'n-d-712707-14', 'binding:vif_type': 'ovs', 'binding:vif_details': {'connectivity': 'l2', 'port_filter': True, 'ovs_hybrid_plug': False, 'datapath_type': 'system', 'bridge_name': 'br-int'}, 'port_security_enabled': False, 'tags': [], 'created_at': '2021-08-29T05:55:12Z', 'updated_at': '2021-08-29T05:55:21Z', 'revision_number': 5, 'project_id': 'bb2c40b13aae4638bb2f190e8d45a96c', 'subnets': [{'id': '83da8fb0-f0f7-4e35-9ad8-63213e8016f6', 'cidr': '172.20.0.0/28', 'gateway_ip': '172.20.0.1', 'dns_nameservers': [], 'ipv6_ra_mode': None, 'subnetpool_id': None}], 'extra_subnets': [], 'address_scopes': {4: None, 6: None}, 'mtu': 1500}]}] {{(pid=94667) sync_routers /opt/stack/neutron/neutron/api/rpc/handlers/l3_rpc.py:137}}
Aug 29 05:56:05.270768 n-d-712707-14 neutron-server[94665]: INFO neutron.wsgi [req-b635e516-8c3c-410c-b97e-819bd7ddb0a1 req-cb9a9347-30cf-4484-9771-4c9327fee40f tempest-ServersAdminNegativeTestJSON-25682128 tempest-ServersAdminNegativeTestJSON-25682128-project] 10.222.0.47 "GET /v2.0/ports?device_id=92478efe-4568-4d02-ac59-a9b1421d8ba5 HTTP/1.1" status: 200 len: 210 time: 0.1005087
Aug 29 05:56:05.316915 n-d-712707-14 neutron-server[94665]: INFO neutron.wsgi [req-187f9c77-d3d3-436e-842a-5bcd6401b82d req-edb667d0-be89-48ce-97d7-d4b32b0bf18a service neutron] 10.222.0.30 "GET /v2.0/networks/7cdf45b3-5d83-4b23-aaba-c8d42d8113fd?fields=segments HTTP/1.1" status: 200 len: 212 time: 0.4765077
Aug 29 05:56:05.353356 n-d-712707-14 neutron-server[94666]: DEBUG neutron.plugins.ml2.rpc [None req-d258aa0c-3fda-4b3a-80e2-a06e1ae3a7d5 None None] Device 349e4b93-310f-4c1c-88ad-80b9a4567dc4 details requested by agent hyperv_n-h1-712707-14 with host n-h1-712707-14 {{(pid=94666) get_device_details /opt/stack/neutron/neutron/plugins/ml2/rpc.py:102}}
Aug 29 05:56:05.388370 n-d-712707-14 neutron-server[94664]: DEBUG neutron.pecan_wsgi.hooks.policy_enforcement [req-7b015f18-66cc-4512-8f6d-f879bc3ca4ee req-bb05a821-f61b-4a63-a3b8-71a1583345ec tempest-TenantUsagesTestJSON-712642884 tempest-TenantUsagesTestJSON-712642884-project] Attributes excluded by policy engine: ['standard_attr_id', 'binding:profile', 'binding:host_id', 'binding:vif_type', 'binding:vif_details'] {{(pid=94664) _exclude_attributes_by_policy /opt/stack/neutron/neutron/pecan_wsgi/hooks/policy_enforcement.py:255}}
Aug 29 05:56:05.408894 n-d-712707-14 neutron-server[94664]: INFO neutron.wsgi [req-7b015f18-66cc-4512-8f6d-f879bc3ca4ee req-bb05a821-f61b-4a63-a3b8-71a1583345ec tempest-TenantUsagesTestJSON-712642884 tempest-TenantUsagesTestJSON-712642884-project] 10.222.0.47 "GET /v2.0/ports?device_id=b2375e49-bef5-4056-82e2-57a918a43707 HTTP/1.1" status: 200 len: 949 time: 0.1704731
Aug 29 05:56:05.490981 n-d-712707-14 neutron-server[94665]: DEBUG neutron.wsgi [-] (94665) accepted ('10.222.0.47', 51434) {{(pid=94665) server /usr/local/lib/python3.8/dist-packages/eventlet/wsgi.py:982}}
Aug 29 05:56:05.499780 n-d-712707-14 neutron-server[94664]: DEBUG neutron_lib.callbacks.manager [req-42c677b1-e2f3-4e48-93df-aa9a75487221 req-6f398e62-7c95-4f37-bbd6-84e83fd771ad tempest-ServersAdminNegativeTestJSON-25682128 tempest-ServersAdminNegativeTestJSON-25682128-project] Notify callbacks [] for port, precommit_create {{(pid=94664) _notify_loop /usr/local/lib/python3.8/dist-packages/neutron_lib/callbacks/manager.py:192}}
Aug 29 05:56:05.534260 n-d-712707-14 neutron-server[94666]: DEBUG neutron.plugins.ml2.db [None req-d258aa0c-3fda-4b3a-80e2-a06e1ae3a7d5 None None] For port 349e4b93-310f-4c1c-88ad-80b9a4567dc4, host n-h1-712707-14, got binding levels [PortBindingLevel(driver='hyperv',host='n-h1-712707-14',level=0,port_id=349e4b93-310f-4c1c-88ad-80b9a4567dc4,segment=NetworkSegment(ac5ac587-36c1-4228-94b9-cd44237d68cc),segment_id=ac5ac587-36c1-4228-94b9-cd44237d68cc)] {{(pid=94666) get_binding_level_objs /opt/stack/neutron/neutron/plugins/ml2/db.py:74}}
Aug 29 05:56:05.544268 n-d-712707-14 neutron-server[94665]: DEBUG neutron_lib.callbacks.manager [None req-ee4b4ae4-9e71-4b9d-9d9a-b16665f49b1a admin admin] Notify callbacks [] for security_group, before_create {{(pid=94665) _notify_loop /usr/local/lib/python3.8/dist-packages/neutron_lib/callbacks/manager.py:192}}
Aug 29 05:56:05.555845 n-d-712707-14 neutron-server[94666]: DEBUG neutron.plugins.ml2.rpc [None req-d258aa0c-3fda-4b3a-80e2-a06e1ae3a7d5 None None] Returning: {'device': '349e4b93-310f-4c1c-88ad-80b9a4567dc4', 'network_id': 'f01ddae5-cbe0-4eac-bdaf-84b4bb27e800', 'port_id': '349e4b93-310f-4c1c-88ad-80b9a4567dc4', 'mac_address': 'fa:16:3e:5d:de:ed', 'admin_state_up': True, 'network_type': 'vlan', 'segmentation_id': 141, 'physical_network': 'physnet1', 'mtu': 1500, 'fixed_ips': [{'subnet_id': '90ead4c6-68e9-4fc7-894e-1e8097678314', 'ip_address': '192.168.233.36'}], 'device_owner': 'compute:nova', 'allowed_address_pairs': [], 'port_security_enabled': True, 'qos_policy_id': None, 'network_qos_policy_id': None, 'profile': {}, 'propagate_uplink_status': False} {{(pid=94666) _get_device_details /opt/stack/neutron/neutron/plugins/ml2/rpc.py:184}}
Aug 29 05:56:05.576139 n-d-712707-14 neutron-server[94664]: DEBUG neutron.db.provisioning_blocks [req-42c677b1-e2f3-4e48-93df-aa9a75487221 req-6f398e62-7c95-4f37-bbd6-84e83fd771ad tempest-ServersAdminNegativeTestJSON-25682128 tempest-ServersAdminNegativeTestJSON-25682128-project] Transition to ACTIVE for port object df5190ae-9e79-4489-90fa-8d0ce700478e will not be triggered until provisioned by entity DHCP. {{(pid=94664) add_provisioning_component /opt/stack/neutron/neutron/db/provisioning_blocks.py:73}}
Aug 29 05:56:05.591369 n-d-712707-14 neutron-server[94665]: INFO neutron.wsgi [req-187f9c77-d3d3-436e-842a-5bcd6401b82d req-ad98c355-20cc-4df5-9bd7-432b03805c69 service neutron] 10.222.0.30 "GET /v2.0/networks/7cdf45b3-5d83-4b23-aaba-c8d42d8113fd?fields=provider%3Aphysical_network&fields=provider%3Anetwork_type HTTP/1.1" status: 200 len: 281 time: 0.2664301
Aug 29 05:56:05.598355 n-d-712707-14 neutron-server[94664]: INFO neutron.wsgi [req-7b015f18-66cc-4512-8f6d-f879bc3ca4ee req-35d19620-c303-42c0-bde8-be360d6f5e32 tempest-TenantUsagesTestJSON-712642884 tempest-TenantUsagesTestJSON-712642884-project] 10.222.0.47 "GET /v2.0/security-groups?id=75c40bc6-574f-47c5-b435-967b41e0b070&fields=id&fields=name HTTP/1.1" status: 200 len: 286 time: 0.1870217
Aug 29 05:56:05.634688 n-d-712707-14 neutron-server[94666]: DEBUG neutron_lib.callbacks.manager [None req-d258aa0c-3fda-4b3a-80e2-a06e1ae3a7d5 None None] Notify callbacks ['neutron.plugins.ml2.plugin.SecurityGroupDbMixin._ensure_default_security_group_handler-3540546'] for port, before_update {{(pid=94666) _notify_loop /usr/local/lib/python3.8/dist-packages/neutron_lib/callbacks/manager.py:192}}
Aug 29 05:56:05.641790 n-d-712707-14 neutron-server[94666]: DEBUG neutron.api.rpc.handlers.l3_rpc [None req-79b18230-affb-4c65-82ab-d08c2de78a79 None None] New status for floating IP 964dee1a-25fe-4825-ab1c-fbb5f7684382: ACTIVE {{(pid=94666) update_floatingip_statuses /opt/stack/neutron/neutron/api/rpc/handlers/l3_rpc.py:270}}
Aug 29 05:56:05.702620 n-d-712707-14 neutron-server[94664]: DEBUG neutron_lib.callbacks.manager [req-42c677b1-e2f3-4e48-93df-aa9a75487221 req-6f398e62-7c95-4f37-bbd6-84e83fd771ad tempest-ServersAdminNegativeTestJSON-25682128 tempest-ServersAdminNegativeTestJSON-25682128-project] Notify callbacks ['neutron.plugins.ml2.plugin.SecurityGroupServerNotifierRpcMixin._notify_sg_on_port_change-3540493', 'neutron.plugins.ml2.ovo_rpc._ObjectChangeHandler.handle_event-27957', 'neutron.api.rpc.agentnotifiers.dhcp_rpc_agent_api.DhcpAgentNotifyAPI._native_event_send_dhcp_notification-569994', 'neutron.db.l3_dvrscheduler_db._notify_l3_agent_new_port-8765169438212'] for port, after_create {{(pid=94664) _notify_loop /usr/local/lib/python3.8/dist-packages/neutron_lib/callbacks/manager.py:192}}
Aug 29 05:56:05.732290 n-d-712707-14 neutron-server[94666]: DEBUG neutron.plugins.ml2.db [None req-d258aa0c-3fda-4b3a-80e2-a06e1ae3a7d5 None None] get_ports_and_sgs() called for port_ids ['ac432b5d-ba89-46df-a3e9-bc8a8ee22289'] {{(pid=94666) get_ports_and_sgs /opt/stack/neutron/neutron/plugins/ml2/db.py:156}}
Aug 29 05:56:05.792827 n-d-712707-14 neutron-server[94666]: DEBUG neutron.notifiers.nova [None req-d258aa0c-3fda-4b3a-80e2-a06e1ae3a7d5 None None] Ignoring state change previous_port_status: DOWN current_port_status: BUILD port_id 349e4b93-310f-4c1c-88ad-80b9a4567dc4 {{(pid=94666) record_port_status_changed /opt/stack/neutron/neutron/notifiers/nova.py:224}}
Aug 29 05:56:05.797399 n-d-712707-14 neutron-server[94664]: DEBUG neutron.scheduler.dhcp_agent_scheduler [req-42c677b1-e2f3-4e48-93df-aa9a75487221 req-6f398e62-7c95-4f37-bbd6-84e83fd771ad tempest-ServersAdminNegativeTestJSON-25682128 tempest-ServersAdminNegativeTestJSON-25682128-project] Network f01ddae5-cbe0-4eac-bdaf-84b4bb27e800 is already hosted by enough agents. {{(pid=94664) _get_dhcp_agents_hosting_network /opt/stack/neutron/neutron/scheduler/dhcp_agent_scheduler.py:275}}
Aug 29 05:56:05.800830 n-d-712707-14 neutron-server[94664]: DEBUG neutron.scheduler.base_scheduler [req-42c677b1-e2f3-4e48-93df-aa9a75487221 req-6f398e62-7c95-4f37-bbd6-84e83fd771ad tempest-ServersAdminNegativeTestJSON-25682128 tempest-ServersAdminNegativeTestJSON-25682128-project] Resources bound (agent type, host, resource id): {{(pid=94664) schedule /opt/stack/neutron/neutron/scheduler/base_scheduler.py:57}}
Aug 29 05:56:05.806551 n-d-712707-14 neutron-server[94664]: DEBUG neutron.db.l3_dvrscheduler_db [req-42c677b1-e2f3-4e48-93df-aa9a75487221 req-6f398e62-7c95-4f37-bbd6-84e83fd771ad tempest-ServersAdminNegativeTestJSON-25682128 tempest-ServersAdminNegativeTestJSON-25682128-project] Received port after_create {{(pid=94664) _notify_l3_agent_new_port /opt/stack/neutron/neutron/db/l3_dvrscheduler_db.py:535}}
Aug 29 05:56:05.814383 n-d-712707-14 neutron-server[94664]: DEBUG neutron.pecan_wsgi.hooks.policy_enforcement [req-42c677b1-e2f3-4e48-93df-aa9a75487221 req-6f398e62-7c95-4f37-bbd6-84e83fd771ad tempest-ServersAdminNegativeTestJSON-25682128 tempest-ServersAdminNegativeTestJSON-25682128-project] Attributes excluded by policy engine: ['standard_attr_id', 'binding:profile', 'binding:host_id', 'binding:vif_type', 'binding:vif_details', 'network'] {{(pid=94664) _exclude_attributes_by_policy /opt/stack/neutron/neutron/pecan_wsgi/hooks/policy_enforcement.py:255}}
Aug 29 05:56:05.815463 n-d-712707-14 neutron-server[94664]: DEBUG neutron_lib.callbacks.manager [req-42c677b1-e2f3-4e48-93df-aa9a75487221 req-6f398e62-7c95-4f37-bbd6-84e83fd771ad tempest-ServersAdminNegativeTestJSON-25682128 tempest-ServersAdminNegativeTestJSON-25682128-project] Notify callbacks ['neutron.notifiers.nova.Notifier._send_nova_notification-2921'] for port, before_response {{(pid=94664) _notify_loop /usr/local/lib/python3.8/dist-packages/neutron_lib/callbacks/manager.py:192}}
Aug 29 05:56:05.819604 n-d-712707-14 neutron-server[94664]: DEBUG neutron.api.rpc.handlers.resources_rpc [None req-6f398e62-7c95-4f37-bbd6-84e83fd771ad tempest-ServersAdminNegativeTestJSON-25682128 tempest-ServersAdminNegativeTestJSON-25682128-project] Pushing event updated for resources: {'Port': ['ID=df5190ae-9e79-4489-90fa-8d0ce700478e,revision_number=1']} {{(pid=94664) push /opt/stack/neutron/neutron/api/rpc/handlers/resources_rpc.py:237}}
Aug 29 05:56:05.942120 n-d-712707-14 neutron-server[94666]: DEBUG neutron.plugins.ml2.db [None req-d258aa0c-3fda-4b3a-80e2-a06e1ae3a7d5 None None] For port 349e4b93-310f-4c1c-88ad-80b9a4567dc4, host n-h1-712707-14, got binding levels [PortBindingLevel(driver='hyperv',host='n-h1-712707-14',level=0,port_id=349e4b93-310f-4c1c-88ad-80b9a4567dc4,segment=NetworkSegment(ac5ac587-36c1-4228-94b9-cd44237d68cc),segment_id=ac5ac587-36c1-4228-94b9-cd44237d68cc)] {{(pid=94666) get_binding_level_objs /opt/stack/neutron/neutron/plugins/ml2/db.py:74}}
Aug 29 05:56:05.968700 n-d-712707-14 neutron-server[94665]: DEBUG neutron.notifiers.nova [req-401d2447-74f4-4038-9f27-cf1436d6f002 req-b229583d-ebca-4b83-9497-eb3d40665c1f service neutron] Ignoring state change previous_port_status: DOWN current_port_status: DOWN port_id b2bbe3d2-d7a6-414c-a907-6a7c154055e1 {{(pid=94665) record_port_status_changed /opt/stack/neutron/neutron/notifiers/nova.py:224}}
Aug 29 05:56:05.971770 n-d-712707-14 neutron-server[94666]: DEBUG neutron_lib.callbacks.manager [None req-d258aa0c-3fda-4b3a-80e2-a06e1ae3a7d5 None None] Notify callbacks ['neutron.plugins.ml2.plugin.SecurityGroupServerNotifierRpcMixin._notify_sg_on_port_change-3540493', 'neutron.plugins.ml2.ovo_rpc._ObjectChangeHandler.handle_event-27957', 'neutron.api.rpc.agentnotifiers.dhcp_rpc_agent_api.DhcpAgentNotifyAPI._native_event_send_dhcp_notification-569994', 'neutron.db.l3_db.L3RpcNotifierMixin._notify_gateway_port_ip_changed-8765169959217', 'neutron.db.l3_dvrscheduler_db._notify_l3_agent_port_update-8765169438230', 'neutron.db.l3_hascheduler_db._notify_l3_agent_ha_port_update-8765169438248'] for port, after_update {{(pid=94666) _notify_loop /usr/local/lib/python3.8/dist-packages/neutron_lib/callbacks/manager.py:192}}
Aug 29 05:56:05.978787 n-d-712707-14 neutron-server[94665]: DEBUG neutron_lib.callbacks.manager [req-401d2447-74f4-4038-9f27-cf1436d6f002 req-b229583d-ebca-4b83-9497-eb3d40665c1f service neutron] Notify callbacks [] for port, precommit_update {{(pid=94665) _notify_loop /usr/local/lib/python3.8/dist-packages/neutron_lib/callbacks/manager.py:192}}
Aug 29 05:56:05.997222 n-d-712707-14 neutron-server[94665]: DEBUG neutron.db.provisioning_blocks [req-401d2447-74f4-4038-9f27-cf1436d6f002 req-b229583d-ebca-4b83-9497-eb3d40665c1f service neutron] Transition to ACTIVE for port object b2bbe3d2-d7a6-414c-a907-6a7c154055e1 will not be triggered until provisioned by entity L2. {{(pid=94665) add_provisioning_component /opt/stack/neutron/neutron/db/provisioning_blocks.py:73}}
Aug 29 05:56:06.007762 n-d-712707-14 neutron-server[94665]: DEBUG neutron_lib.callbacks.manager [req-401d2447-74f4-4038-9f27-cf1436d6f002 req-b229583d-ebca-4b83-9497-eb3d40665c1f service neutron] Notify callbacks ['neutron.plugins.ml2.plugin.SecurityGroupServerNotifierRpcMixin._notify_sg_on_port_change-3540493', 'neutron.plugins.ml2.ovo_rpc._ObjectChangeHandler.handle_event-27957', 'neutron.api.rpc.agentnotifiers.dhcp_rpc_agent_api.DhcpAgentNotifyAPI._native_event_send_dhcp_notification-569994', 'neutron.db.l3_db.L3RpcNotifierMixin._notify_gateway_port_ip_changed-8765169959217', 'neutron.db.l3_dvrscheduler_db._notify_l3_agent_port_update-8765169438230', 'neutron.db.l3_hascheduler_db._notify_l3_agent_ha_port_update-8765169438248'] for port, after_update {{(pid=94665) _notify_loop /usr/local/lib/python3.8/dist-packages/neutron_lib/callbacks/manager.py:192}}
Aug 29 05:56:06.119948 n-d-712707-14 neutron-server[94665]: DEBUG neutron.api.rpc.handlers.resources_rpc [None req-b229583d-ebca-4b83-9497-eb3d40665c1f service neutron] Pushing event updated for resources: {'Port': ['ID=b2bbe3d2-d7a6-414c-a907-6a7c154055e1,revision_number=2']} {{(pid=94665) push /opt/stack/neutron/neutron/api/rpc/handlers/resources_rpc.py:237}}
Aug 29 05:56:06.127329 n-d-712707-14 neutron-server[94665]: DEBUG neutron_lib.callbacks.manager [None req-ee4b4ae4-9e71-4b9d-9d9a-b16665f49b1a admin admin] Notify callbacks [] for security_group, precommit_create {{(pid=94665) _notify_loop /usr/local/lib/python3.8/dist-packages/neutron_lib/callbacks/manager.py:192}}
Aug 29 05:56:06.143587 n-d-712707-14 neutron-server[94664]: INFO neutron.wsgi [req-42c677b1-e2f3-4e48-93df-aa9a75487221 req-6f398e62-7c95-4f37-bbd6-84e83fd771ad tempest-ServersAdminNegativeTestJSON-25682128 tempest-ServersAdminNegativeTestJSON-25682128-project] 10.222.0.77 "POST /v2.0/ports HTTP/1.1" status: 201 len: 937 time: 2.0075283
Aug 29 05:56:06.163151 n-d-712707-14 neutron-server[94664]: DEBUG neutron.api.v2.base [req-42c677b1-e2f3-4e48-93df-aa9a75487221 req-006076df-6fd0-4297-aac6-6dae43b7096d service neutron] Request body: {'port': {'device_id': '92478efe-4568-4d02-ac59-a9b1421d8ba5', 'device_owner': 'compute:nova', 'binding:host_id': 'n-h1-712707-14'}} {{(pid=94664) prepare_request_body /opt/stack/neutron/neutron/api/v2/base.py:730}}
Aug 29 05:56:06.173339 n-d-712707-14 neutron-server[94665]: DEBUG neutron_lib.callbacks.manager [None req-ee4b4ae4-9e71-4b9d-9d9a-b16665f49b1a admin admin] Notify callbacks ['neutron.plugins.ml2.ovo_rpc._ObjectChangeHandler.handle_event-354287'] for security_group, after_create {{(pid=94665) _notify_loop /usr/local/lib/python3.8/dist-packages/neutron_lib/callbacks/manager.py:192}}
Aug 29 05:56:06.253508 n-d-712707-14 neutron-server[94664]: DEBUG neutron_lib.callbacks.manager [req-42c677b1-e2f3-4e48-93df-aa9a75487221 req-006076df-6fd0-4297-aac6-6dae43b7096d service neutron] Notify callbacks ['neutron.plugins.ml2.plugin.SecurityGroupDbMixin._ensure_default_security_group_handler-3540546'] for port, before_update {{(pid=94664) _notify_loop /usr/local/lib/python3.8/dist-packages/neutron_lib/callbacks/manager.py:192}}
Aug 29 05:56:06.256487 n-d-712707-14 neutron-server[94666]: DEBUG neutron.plugins.ml2.db [None req-d258aa0c-3fda-4b3a-80e2-a06e1ae3a7d5 None None] get_ports_and_sgs() called for port_ids ['349e4b93-310f-4c1c-88ad-80b9a4567dc4'] {{(pid=94666) get_ports_and_sgs /opt/stack/neutron/neutron/plugins/ml2/db.py:156}}
Aug 29 05:56:06.258759 n-d-712707-14 neutron-server[94665]: INFO neutron.wsgi [None req-ee4b4ae4-9e71-4b9d-9d9a-b16665f49b1a admin admin] 10.222.0.47 "GET /v2.0/security-groups?tenant_id=fb8529094b3c4f54923f227b42029e55&name=default HTTP/1.1" status: 200 len: 2979 time: 0.7667639
Aug 29 05:56:06.259816 n-d-712707-14 neutron-server[94665]: DEBUG neutron.api.rpc.handlers.resources_rpc [None req-ee4b4ae4-9e71-4b9d-9d9a-b16665f49b1a admin admin] Pushing event updated for resources: {'SecurityGroup': ['ID=e00bc798-1ed9-4dfe-8a83-67c68ec60e30,revision_number=1']} {{(pid=94665) push /opt/stack/neutron/neutron/api/rpc/handlers/resources_rpc.py:237}}
Aug 29 05:56:06.269610 n-d-712707-14 neutron-server[94665]: DEBUG neutron.wsgi [-] (94665) accepted ('10.222.0.47', 51474) {{(pid=94665) server /usr/local/lib/python3.8/dist-packages/eventlet/wsgi.py:982}}
Aug 29 05:56:06.291124 n-d-712707-14 neutron-server[94665]: DEBUG neutron.pecan_wsgi.hooks.policy_enforcement [req-fdf3301a-50a6-465e-aa07-345e95d565e0 req-c97427b3-ebde-4f2a-8a80-a9e76a27eadf tempest-LiveMigrationNegativeTest-2037006617 tempest-LiveMigrationNegativeTest-2037006617-project] Attributes excluded by policy engine: ['standard_attr_id', 'binding:profile', 'binding:host_id', 'binding:vif_type', 'binding:vif_details'] {{(pid=94665) _exclude_attributes_by_policy /opt/stack/neutron/neutron/pecan_wsgi/hooks/policy_enforcement.py:255}}
Aug 29 05:56:06.298592 n-d-712707-14 neutron-server[94665]: INFO neutron.wsgi [req-fdf3301a-50a6-465e-aa07-345e95d565e0 req-c97427b3-ebde-4f2a-8a80-a9e76a27eadf tempest-LiveMigrationNegativeTest-2037006617 tempest-LiveMigrationNegativeTest-2037006617-project] 10.222.0.47 "GET /v2.0/ports?device_id=aebb6d1c-392c-43cf-a95a-81284a3cd8c7 HTTP/1.1" status: 200 len: 947 time: 0.2064445
Aug 29 05:56:06.319336 n-d-712707-14 neutron-server[94665]: DEBUG neutron.plugins.ml2.managers [req-401d2447-74f4-4038-9f27-cf1436d6f002 req-b229583d-ebca-4b83-9497-eb3d40665c1f service neutron] Attempting to bind port b2bbe3d2-d7a6-414c-a907-6a7c154055e1 on host n-h2-712707-14 for vnic_type normal with profile {{(pid=94665) bind_port /opt/stack/neutron/neutron/plugins/ml2/managers.py:790}}
Aug 29 05:56:06.319675 n-d-712707-14 neutron-server[94665]: DEBUG neutron.plugins.ml2.managers [req-401d2447-74f4-4038-9f27-cf1436d6f002 req-b229583d-ebca-4b83-9497-eb3d40665c1f service neutron] Attempting to bind port b2bbe3d2-d7a6-414c-a907-6a7c154055e1 by drivers openvswitch,hyperv on host n-h2-712707-14 at level 0 using segments [{'id': 'ac5ac587-36c1-4228-94b9-cd44237d68cc', 'network_type': 'vlan', 'physical_network': 'physnet1', 'segmentation_id': 141, 'network_id': 'f01ddae5-cbe0-4eac-bdaf-84b4bb27e800'}] {{(pid=94665) _bind_port_level /opt/stack/neutron/neutron/plugins/ml2/managers.py:815}}
Aug 29 05:56:06.320055 n-d-712707-14 neutron-server[94665]: DEBUG neutron.plugins.ml2.drivers.mech_agent [req-401d2447-74f4-4038-9f27-cf1436d6f002 req-b229583d-ebca-4b83-9497-eb3d40665c1f service neutron] Attempting to bind port b2bbe3d2-d7a6-414c-a907-6a7c154055e1 on network f01ddae5-cbe0-4eac-bdaf-84b4bb27e800 {{(pid=94665) bind_port /opt/stack/neutron/neutron/plugins/ml2/drivers/mech_agent.py:85}}
Aug 29 05:56:06.402314 n-d-712707-14 neutron-server[94665]: DEBUG neutron.plugins.ml2.drivers.mech_agent [req-401d2447-74f4-4038-9f27-cf1436d6f002 req-b229583d-ebca-4b83-9497-eb3d40665c1f service neutron] Port b2bbe3d2-d7a6-414c-a907-6a7c154055e1 on network f01ddae5-cbe0-4eac-bdaf-84b4bb27e800 not bound, no agent of type Open vSwitch agent registered on host n-h2-712707-14 {{(pid=94665) bind_port /opt/stack/neutron/neutron/plugins/ml2/drivers/mech_agent.py:97}}
Aug 29 05:56:06.402649 n-d-712707-14 neutron-server[94665]: DEBUG neutron.plugins.ml2.drivers.mech_agent [req-401d2447-74f4-4038-9f27-cf1436d6f002 req-b229583d-ebca-4b83-9497-eb3d40665c1f service neutron] Attempting to bind port b2bbe3d2-d7a6-414c-a907-6a7c154055e1 on network f01ddae5-cbe0-4eac-bdaf-84b4bb27e800 {{(pid=94665) bind_port /opt/stack/neutron/neutron/plugins/ml2/drivers/mech_agent.py:85}}
Aug 29 05:56:06.442674 n-d-712707-14 neutron-server[94664]: DEBUG neutron.wsgi [-] (94664) accepted ('10.222.0.47', 51482) {{(pid=94664) server /usr/local/lib/python3.8/dist-packages/eventlet/wsgi.py:982}}
Aug 29 05:56:06.445932 n-d-712707-14 neutron-server[94665]: DEBUG neutron.plugins.ml2.drivers.mech_agent [req-401d2447-74f4-4038-9f27-cf1436d6f002 req-b229583d-ebca-4b83-9497-eb3d40665c1f service neutron] Checking agent: {'id': '313b9e02-542e-4745-9f82-070d266ee342', 'agent_type': 'HyperV agent', 'binary': 'neutron-hyperv-agent', 'topic': 'N/A', 'host': 'n-h2-712707-14', 'admin_state_up': True, 'created_at': datetime.datetime(2021, 8, 29, 5, 52, 56), 'started_at': datetime.datetime(2021, 8, 29, 5, 52, 56), 'heartbeat_timestamp': datetime.datetime(2021, 8, 29, 5, 55, 56), 'description': None, 'resources_synced': None, 'availability_zone': None, 'alive': True, 'configurations': {'vswitch_mappings': {'physnet1$': 'br-data'}}, 'resource_versions': {}} {{(pid=94665) bind_port /opt/stack/neutron/neutron/plugins/ml2/drivers/mech_agent.py:104}}
Aug 29 05:56:06.446306 n-d-712707-14 neutron-server[94665]: DEBUG neutron.plugins.ml2.drivers.mech_agent [req-401d2447-74f4-4038-9f27-cf1436d6f002 req-b229583d-ebca-4b83-9497-eb3d40665c1f service neutron] Checking segment: {'id': 'ac5ac587-36c1-4228-94b9-cd44237d68cc', 'network_type': 'vlan', 'physical_network': 'physnet1', 'segmentation_id': 141, 'network_id': 'f01ddae5-cbe0-4eac-bdaf-84b4bb27e800'} for mappings: {'physnet1$': 'br-data'} with network types: ['local', 'flat', 'vlan'] {{(pid=94665) check_segment_for_agent /opt/stack/neutron/neutron/plugins/ml2/drivers/mech_agent.py:352}}
Aug 29 05:56:06.446789 n-d-712707-14 neutron-server[94665]: DEBUG neutron.plugins.ml2.drivers.mech_agent [req-401d2447-74f4-4038-9f27-cf1436d6f002 req-b229583d-ebca-4b83-9497-eb3d40665c1f service neutron] Bound using segment: {'id': 'ac5ac587-36c1-4228-94b9-cd44237d68cc', 'network_type': 'vlan', 'physical_network': 'physnet1', 'segmentation_id': 141, 'network_id': 'f01ddae5-cbe0-4eac-bdaf-84b4bb27e800'} {{(pid=94665) bind_port /opt/stack/neutron/neutron/plugins/ml2/drivers/mech_agent.py:114}}
Aug 29 05:56:06.447250 n-d-712707-14 neutron-server[94665]: DEBUG neutron.plugins.ml2.managers [req-401d2447-74f4-4038-9f27-cf1436d6f002 req-b229583d-ebca-4b83-9497-eb3d40665c1f service neutron] Bound port: b2bbe3d2-d7a6-414c-a907-6a7c154055e1, host: n-h2-712707-14, vif_type: hyperv, vif_details: {"connectivity": "legacy", "port_filter": false}, binding_levels: [{'bound_driver': 'hyperv', 'bound_segment': {'id': 'ac5ac587-36c1-4228-94b9-cd44237d68cc', 'network_type': 'vlan', 'physical_network': 'physnet1', 'segmentation_id': 141, 'network_id': 'f01ddae5-cbe0-4eac-bdaf-84b4bb27e800'}}] {{(pid=94665) _bind_port_level /opt/stack/neutron/neutron/plugins/ml2/managers.py:928}}
Aug 29 05:56:06.447613 n-d-712707-14 neutron-server[94665]: DEBUG neutron_lib.callbacks.manager [req-401d2447-74f4-4038-9f27-cf1436d6f002 req-b229583d-ebca-4b83-9497-eb3d40665c1f service neutron] Notify callbacks ['neutron.plugins.ml2.plugin.SecurityGroupDbMixin._ensure_default_security_group_handler-3540546'] for port, before_update {{(pid=94665) _notify_loop /usr/local/lib/python3.8/dist-packages/neutron_lib/callbacks/manager.py:192}}
Aug 29 05:56:06.481384 n-d-712707-14 neutron-server[94665]: INFO neutron.wsgi [req-fdf3301a-50a6-465e-aa07-345e95d565e0 req-6146329d-f3bb-4d2c-b4c3-b29add8c3513 tempest-LiveMigrationNegativeTest-2037006617 tempest-LiveMigrationNegativeTest-2037006617-project] 10.222.0.47 "GET /v2.0/security-groups?id=b51c01f0-4574-4b8d-81e1-0d1f0573386a&fields=id&fields=name HTTP/1.1" status: 200 len: 286 time: 0.1803501
Aug 29 05:56:06.493013 n-d-712707-14 neutron-server[94666]: DEBUG neutron.api.rpc.handlers.resources_rpc [None req-d258aa0c-3fda-4b3a-80e2-a06e1ae3a7d5 None None] Pushing event updated for resources: {'Port': ['ID=349e4b93-310f-4c1c-88ad-80b9a4567dc4,revision_number=4']} {{(pid=94666) push /opt/stack/neutron/neutron/api/rpc/handlers/resources_rpc.py:237}}
Aug 29 05:56:06.538972 n-d-712707-14 neutron-server[94665]: DEBUG neutron_lib.callbacks.manager [None req-8d679353-910d-4f11-9c05-a0fedb66adb3 admin admin] Notify callbacks [] for security_group, before_delete {{(pid=94665) _notify_loop /usr/local/lib/python3.8/dist-packages/neutron_lib/callbacks/manager.py:192}}
Aug 29 05:56:06.616738 n-d-712707-14 neutron-server[94666]: DEBUG neutron_lib.callbacks.manager [None req-e3ab1385-f957-4565-8f31-04b720f85b0e None None] Notify callbacks ['neutron.services.segments.db._update_segment_host_mapping_for_agent-8765170001116', 'neutron.plugins.ml2.plugin.Ml2Plugin._retry_binding_revived_agents-3578744'] for agent, after_update {{(pid=94666) _notify_loop /usr/local/lib/python3.8/dist-packages/neutron_lib/callbacks/manager.py:192}}
Aug 29 05:56:06.626619 n-d-712707-14 neutron-server[94666]: DEBUG neutron.db.provisioning_blocks [None req-03da42fa-22f9-4ba1-bc4d-cacf25341500 None None] Provisioning for port df5190ae-9e79-4489-90fa-8d0ce700478e completed by entity DHCP. {{(pid=94666) provisioning_complete /opt/stack/neutron/neutron/db/provisioning_blocks.py:133}}
Aug 29 05:56:06.628169 n-d-712707-14 neutron-server[94665]: DEBUG neutron_lib.callbacks.manager [None req-8d679353-910d-4f11-9c05-a0fedb66adb3 admin admin] Notify callbacks [] for security_group, precommit_delete {{(pid=94665) _notify_loop /usr/local/lib/python3.8/dist-packages/neutron_lib/callbacks/manager.py:192}}
Aug 29 05:56:06.639321 n-d-712707-14 neutron-server[94666]: DEBUG neutron.db.provisioning_blocks [None req-03da42fa-22f9-4ba1-bc4d-cacf25341500 None None] Provisioning complete for port df5190ae-9e79-4489-90fa-8d0ce700478e triggered by entity DHCP. {{(pid=94666) provisioning_complete /opt/stack/neutron/neutron/db/provisioning_blocks.py:139}}
Aug 29 05:56:06.639697 n-d-712707-14 neutron-server[94666]: DEBUG neutron_lib.callbacks.manager [None req-03da42fa-22f9-4ba1-bc4d-cacf25341500 None None] Notify callbacks ['neutron.plugins.ml2.plugin.Ml2Plugin._port_provisioned-3578827'] for port, provisioning_complete {{(pid=94666) _notify_loop /usr/local/lib/python3.8/dist-packages/neutron_lib/callbacks/manager.py:192}}
Aug 29 05:56:06.644159 n-d-712707-14 neutron-server[94665]: DEBUG neutron.plugins.ml2.db [req-401d2447-74f4-4038-9f27-cf1436d6f002 req-b229583d-ebca-4b83-9497-eb3d40665c1f service neutron] For port b2bbe3d2-d7a6-414c-a907-6a7c154055e1, host n-h2-712707-14, cleared binding levels {{(pid=94665) clear_binding_levels /opt/stack/neutron/neutron/plugins/ml2/db.py:87}}
Aug 29 05:56:06.659993 n-d-712707-14 neutron-server[94664]: DEBUG neutron.pecan_wsgi.hooks.policy_enforcement [req-804603b8-9287-4f99-b60d-e4aa07a1bcc8 req-eb9ffa71-d0bb-4d39-b93d-9a7b3141133c tempest-DeleteServersAdminTestJSON-29434835 tempest-DeleteServersAdminTestJSON-29434835-project] Attributes excluded by policy engine: ['standard_attr_id', 'binding:profile', 'binding:host_id', 'binding:vif_type', 'binding:vif_details'] {{(pid=94664) _exclude_attributes_by_policy /opt/stack/neutron/neutron/pecan_wsgi/hooks/policy_enforcement.py:255}}
Aug 29 05:56:06.674065 n-d-712707-14 neutron-server[94664]: INFO neutron.wsgi [req-804603b8-9287-4f99-b60d-e4aa07a1bcc8 req-eb9ffa71-d0bb-4d39-b93d-9a7b3141133c tempest-DeleteServersAdminTestJSON-29434835 tempest-DeleteServersAdminTestJSON-29434835-project] 10.222.0.47 "GET /v2.0/ports?device_id=5f28e0fb-11a4-4db5-bfe1-6490f86275d3 HTTP/1.1" status: 200 len: 948 time: 0.1857250
Aug 29 05:56:06.676893 n-d-712707-14 neutron-server[94665]: DEBUG neutron.pecan_wsgi.hooks.policy_enforcement [req-9c6fac9b-58eb-4fed-ab68-0a1116b8e121 req-a65dde51-5b8b-447f-ae34-000e724cf359 tempest-ServersAdminNegativeTestJSON-25682128 tempest-ServersAdminNegativeTestJSON-25682128-project] Attributes excluded by policy engine: ['standard_attr_id', 'binding:profile', 'binding:host_id', 'binding:vif_type', 'binding:vif_details'] {{(pid=94665) _exclude_attributes_by_policy /opt/stack/neutron/neutron/pecan_wsgi/hooks/policy_enforcement.py:255}}
Aug 29 05:56:06.679017 n-d-712707-14 neutron-server[94665]: INFO neutron.wsgi [req-9c6fac9b-58eb-4fed-ab68-0a1116b8e121 req-a65dde51-5b8b-447f-ae34-000e724cf359 tempest-ServersAdminNegativeTestJSON-25682128 tempest-ServersAdminNegativeTestJSON-25682128-project] 10.222.0.47 "GET /v2.0/ports?device_id=92478efe-4568-4d02-ac59-a9b1421d8ba5 HTTP/1.1" status: 200 len: 935 time: 0.1375575
Aug 29 05:56:06.685014 n-d-712707-14 neutron-server[94665]: DEBUG neutron.plugins.ml2.db [req-401d2447-74f4-4038-9f27-cf1436d6f002 req-b229583d-ebca-4b83-9497-eb3d40665c1f service neutron] For port b2bbe3d2-d7a6-414c-a907-6a7c154055e1, host n-h2-712707-14, set binding levels [PortBindingLevel(driver='hyperv',host='n-h2-712707-14',level=0,port_id=b2bbe3d2-d7a6-414c-a907-6a7c154055e1,segment=NetworkSegment(ac5ac587-36c1-4228-94b9-cd44237d68cc),segment_id=ac5ac587-36c1-4228-94b9-cd44237d68cc)] {{(pid=94665) set_binding_levels /opt/stack/neutron/neutron/plugins/ml2/db.py:59}}
Aug 29 05:56:06.694278 n-d-712707-14 neutron-server[94665]: DEBUG neutron_lib.callbacks.manager [req-401d2447-74f4-4038-9f27-cf1436d6f002 req-b229583d-ebca-4b83-9497-eb3d40665c1f service neutron] Notify callbacks ['neutron.plugins.ml2.plugin.SecurityGroupServerNotifierRpcMixin._notify_sg_on_port_change-3540493', 'neutron.plugins.ml2.ovo_rpc._ObjectChangeHandler.handle_event-27957', 'neutron.api.rpc.agentnotifiers.dhcp_rpc_agent_api.DhcpAgentNotifyAPI._native_event_send_dhcp_notification-569994', 'neutron.db.l3_db.L3RpcNotifierMixin._notify_gateway_port_ip_changed-8765169959217', 'neutron.db.l3_dvrscheduler_db._notify_l3_agent_port_update-8765169438230', 'neutron.db.l3_hascheduler_db._notify_l3_agent_ha_port_update-8765169438248'] for port, after_update {{(pid=94665) _notify_loop /usr/local/lib/python3.8/dist-packages/neutron_lib/callbacks/manager.py:192}}
