Feb 09 18:55:56.258623 n-d-712143-33 devstack@placement-api.service[111093]: [pid: 111093|app: 0|req: 288/572] 10.222.0.72 () {60 vars in 1377 bytes} [Wed Feb 9 18:55:56 2022] GET /placement/allocations/cd76bbf2-f3c7-4867-ae44-eec701266d5f => generated 258 bytes in 38 msecs (HTTP/1.1 200) 8 headers in 296 bytes (1 switches on core 0)
Feb 09 18:55:59.284937 n-d-712143-33 devstack@placement-api.service[111094]: DEBUG placement.requestlog [req-b8b7f61c-0d6c-4900-ba13-e3f15c47da2e req-dc9f8c59-2cdf-4fe6-9021-d2599a5278bc None None] Starting request: 10.222.0.72 "DELETE /placement/allocations/8276bbe7-091b-4a37-950a-e571f4c92dd1" {{(pid=111094) __call__ /opt/stack/placement/placement/requestlog.py:55}}
Feb 09 18:55:59.485553 n-d-712143-33 devstack@placement-api.service[111094]: DEBUG placement.handlers.allocation [req-b8b7f61c-0d6c-4900-ba13-e3f15c47da2e req-dc9f8c59-2cdf-4fe6-9021-d2599a5278bc service placement] Successfully deleted allocations [, , ] {{(pid=111094) delete_allocations /opt/stack/placement/placement/handlers/allocation.py:627}}
Feb 09 18:55:59.485553 n-d-712143-33 devstack@placement-api.service[111094]: INFO placement.requestlog [req-b8b7f61c-0d6c-4900-ba13-e3f15c47da2e req-dc9f8c59-2cdf-4fe6-9021-d2599a5278bc service placement] 10.222.0.72 "DELETE /placement/allocations/8276bbe7-091b-4a37-950a-e571f4c92dd1" status: 204 len: 0 microversion: 1.0
Feb 09 18:55:59.485553 n-d-712143-33 devstack@placement-api.service[111094]: [pid: 111094|app: 0|req: 285/573] 10.222.0.72 () {60 vars in 1355 bytes} [Wed Feb 9 18:55:59 2022] DELETE /placement/allocations/8276bbe7-091b-4a37-950a-e571f4c92dd1 => generated 0 bytes in 199 msecs (HTTP/1.1 204) 5 headers in 198 bytes (1 switches on core 0)
Feb 09 18:56:11.486314 n-d-712143-33 devstack@placement-api.service[111093]: DEBUG placement.requestlog [req-60fb8fe0-004c-4f7d-8514-fe22e21a9d17 req-12a75736-23f6-48db-9e3d-0a3fb6ec49c0 None None] Starting request: 10.222.0.79 "GET /placement/allocation_candidates?limit=1000&resources=DISK_GB%3A1%2CMEMORY_MB%3A1024%2CVCPU%3A1&root_required=%21COMPUTE_STATUS_DISABLED" {{(pid=111093) __call__ /opt/stack/placement/placement/requestlog.py:55}}
Feb 09 18:56:11.547363 n-d-712143-33 devstack@placement-api.service[111093]: DEBUG placement.objects.research_context [req-60fb8fe0-004c-4f7d-8514-fe22e21a9d17 req-12a75736-23f6-48db-9e3d-0a3fb6ec49c0 service placement] getting providers with 1 DISK_GB {{(pid=111093) __init__ /opt/stack/placement/placement/objects/research_context.py:126}}
Feb 09 18:56:11.561607 n-d-712143-33 devstack@placement-api.service[111093]: DEBUG placement.objects.research_context [req-60fb8fe0-004c-4f7d-8514-fe22e21a9d17 req-12a75736-23f6-48db-9e3d-0a3fb6ec49c0 service placement] getting providers with 1024 MEMORY_MB {{(pid=111093) __init__ /opt/stack/placement/placement/objects/research_context.py:126}}
Feb 09 18:56:11.569017 n-d-712143-33 devstack@placement-api.service[111093]: DEBUG placement.objects.research_context [req-60fb8fe0-004c-4f7d-8514-fe22e21a9d17 req-12a75736-23f6-48db-9e3d-0a3fb6ec49c0 service placement] getting providers with 1 VCPU {{(pid=111093) __init__ /opt/stack/placement/placement/objects/research_context.py:126}}
Feb 09 18:56:11.577270 n-d-712143-33 devstack@placement-api.service[111093]: DEBUG placement.objects.research_context [req-60fb8fe0-004c-4f7d-8514-fe22e21a9d17 req-12a75736-23f6-48db-9e3d-0a3fb6ec49c0 service placement] found 2 providers with available 1 DISK_GB {{(pid=111093) get_provider_ids_matching /opt/stack/placement/placement/objects/research_context.py:549}}
Feb 09 18:56:11.577845 n-d-712143-33 devstack@placement-api.service[111093]: DEBUG placement.objects.research_context [req-60fb8fe0-004c-4f7d-8514-fe22e21a9d17 req-12a75736-23f6-48db-9e3d-0a3fb6ec49c0 service placement] found 2 providers with available 1024 MEMORY_MB {{(pid=111093) get_provider_ids_matching /opt/stack/placement/placement/objects/research_context.py:549}}
Feb 09 18:56:11.578301 n-d-712143-33 devstack@placement-api.service[111093]: DEBUG placement.objects.research_context [req-60fb8fe0-004c-4f7d-8514-fe22e21a9d17 req-12a75736-23f6-48db-9e3d-0a3fb6ec49c0 service placement] found 2 providers after filtering by previous result {{(pid=111093) get_provider_ids_matching /opt/stack/placement/placement/objects/research_context.py:580}}
Feb 09 18:56:11.578738 n-d-712143-33 devstack@placement-api.service[111093]: DEBUG placement.objects.research_context [req-60fb8fe0-004c-4f7d-8514-fe22e21a9d17 req-12a75736-23f6-48db-9e3d-0a3fb6ec49c0 service placement] found 2 providers with available 1 VCPU {{(pid=111093) get_provider_ids_matching /opt/stack/placement/placement/objects/research_context.py:549}}
Feb 09 18:56:11.579179 n-d-712143-33 devstack@placement-api.service[111093]: DEBUG placement.objects.research_context [req-60fb8fe0-004c-4f7d-8514-fe22e21a9d17 req-12a75736-23f6-48db-9e3d-0a3fb6ec49c0 service placement] found 2 providers after filtering by previous result {{(pid=111093) get_provider_ids_matching /opt/stack/placement/placement/objects/research_context.py:580}}
Feb 09 18:56:11.594544 n-d-712143-33 devstack@placement-api.service[111093]: DEBUG placement.objects.allocation_candidate [req-60fb8fe0-004c-4f7d-8514-fe22e21a9d17 req-12a75736-23f6-48db-9e3d-0a3fb6ec49c0 service placement] RequestGroup(use_same_provider=False, resources={DISK_GB:1, MEMORY_MB:1024, VCPU:1}, traits=[], aggregates=[]) (suffix '') returned 2 matches {{(pid=111093) _get_by_requests /opt/stack/placement/placement/objects/allocation_candidate.py:145}}
Feb 09 18:56:11.596089 n-d-712143-33 devstack@placement-api.service[111093]: DEBUG placement.objects.allocation_candidate [req-60fb8fe0-004c-4f7d-8514-fe22e21a9d17 req-12a75736-23f6-48db-9e3d-0a3fb6ec49c0 service placement] Merging candidates yields 2 allocation requests and 2 provider summaries {{(pid=111093) _merge_candidates /opt/stack/placement/placement/objects/allocation_candidate.py:783}}
Feb 09 18:56:11.598791 n-d-712143-33 devstack@placement-api.service[111093]: INFO placement.requestlog [req-60fb8fe0-004c-4f7d-8514-fe22e21a9d17 req-12a75736-23f6-48db-9e3d-0a3fb6ec49c0 service placement] 10.222.0.79 "GET /placement/allocation_candidates?limit=1000&resources=DISK_GB%3A1%2CMEMORY_MB%3A1024%2CVCPU%3A1&root_required=%21COMPUTE_STATUS_DISABLED" status: 200 len: 1309 microversion: 1.36
Feb 09 18:56:11.600591 n-d-712143-33 devstack@placement-api.service[111093]: [pid: 111093|app: 0|req: 289/574] 10.222.0.79 () {60 vars in 1506 bytes} [Wed Feb 9 18:56:11 2022] GET /placement/allocation_candidates?limit=1000&resources=DISK_GB%3A1%2CMEMORY_MB%3A1024%2CVCPU%3A1&root_required=%21COMPUTE_STATUS_DISABLED => generated 1309 bytes in 115 msecs (HTTP/1.1 200) 8 headers in 297 bytes (2 switches on core 0)
Feb 09 18:56:11.750756 n-d-712143-33 devstack@placement-api.service[111094]: DEBUG placement.requestlog [req-60fb8fe0-004c-4f7d-8514-fe22e21a9d17 req-9b6d6f10-22e4-4af6-be28-ed91b14d0da6 None None] Starting request: 10.222.0.79 "GET /placement/allocations/3ab92e27-afa2-4166-a142-f0b064410850" {{(pid=111094) __call__ /opt/stack/placement/placement/requestlog.py:55}}
Feb 09 18:56:11.775626 n-d-712143-33 devstack@placement-api.service[111094]: INFO placement.requestlog [req-60fb8fe0-004c-4f7d-8514-fe22e21a9d17 req-9b6d6f10-22e4-4af6-be28-ed91b14d0da6 service placement] 10.222.0.79 "GET /placement/allocations/3ab92e27-afa2-4166-a142-f0b064410850" status: 200 len: 19 microversion: 1.28
Feb 09 18:56:11.776659 n-d-712143-33 devstack@placement-api.service[111094]: [pid: 111094|app: 0|req: 286/575] 10.222.0.79 () {60 vars in 1380 bytes} [Wed Feb 9 18:56:11 2022] GET /placement/allocations/3ab92e27-afa2-4166-a142-f0b064410850 => generated 19 bytes in 26 msecs (HTTP/1.1 200) 8 headers in 295 bytes (1 switches on core 0)
Feb 09 18:56:11.782427 n-d-712143-33 devstack@placement-api.service[111093]: DEBUG placement.requestlog [req-60fb8fe0-004c-4f7d-8514-fe22e21a9d17 req-7b80b9d4-2762-4fd1-9c6b-99b9a5c4e301 None None] Starting request: 10.222.0.79 "PUT /placement/allocations/3ab92e27-afa2-4166-a142-f0b064410850" {{(pid=111093) __call__ /opt/stack/placement/placement/requestlog.py:55}}
Feb 09 18:56:12.206127 n-d-712143-33 devstack@placement-api.service[111093]: DEBUG placement.handlers.allocation [req-60fb8fe0-004c-4f7d-8514-fe22e21a9d17 req-7b80b9d4-2762-4fd1-9c6b-99b9a5c4e301 service placement] Successfully wrote allocations [, , ] {{(pid=111093) _update_consumers_and_create_allocations /opt/stack/placement/placement/handlers/allocation.py:462}}
Feb 09 18:56:12.346629 n-d-712143-33 devstack@placement-api.service[111093]: INFO placement.requestlog [req-60fb8fe0-004c-4f7d-8514-fe22e21a9d17 req-7b80b9d4-2762-4fd1-9c6b-99b9a5c4e301 service placement] 10.222.0.79 "PUT /placement/allocations/3ab92e27-afa2-4166-a142-f0b064410850" status: 204 len: 0 microversion: 1.36
Feb 09 18:56:12.347311 n-d-712143-33 devstack@placement-api.service[111093]: [pid: 111093|app: 0|req: 290/576] 10.222.0.79 () {64 vars in 1433 bytes} [Wed Feb 9 18:56:11 2022] PUT /placement/allocations/3ab92e27-afa2-4166-a142-f0b064410850 => generated 0 bytes in 565 msecs (HTTP/1.1 204) 5 headers in 199 bytes (2 switches on core 0)
Feb 09 18:56:14.053958 n-d-712143-33 devstack@placement-api.service[111094]: DEBUG placement.requestlog [req-60fb8fe0-004c-4f7d-8514-fe22e21a9d17 req-e01940f4-bfec-44a7-a740-7553773a9cdb None None] Starting request: 10.222.0.72 "GET /placement/allocations/3ab92e27-afa2-4166-a142-f0b064410850" {{(pid=111094) __call__ /opt/stack/placement/placement/requestlog.py:55}}
Feb 09 18:56:14.086856 n-d-712143-33 devstack@placement-api.service[111094]: INFO placement.requestlog [req-60fb8fe0-004c-4f7d-8514-fe22e21a9d17 req-e01940f4-bfec-44a7-a740-7553773a9cdb service placement] 10.222.0.72 "GET /placement/allocations/3ab92e27-afa2-4166-a142-f0b064410850" status: 200 len: 259 microversion: 1.28
Feb 09 18:56:14.087597 n-d-712143-33 devstack@placement-api.service[111094]: [pid: 111094|app: 0|req: 287/577] 10.222.0.72 () {60 vars in 1377 bytes} [Wed Feb 9 18:56:14 2022] GET /placement/allocations/3ab92e27-afa2-4166-a142-f0b064410850 => generated 259 bytes in 34 msecs (HTTP/1.1 200) 8 headers in 296 bytes (1 switches on core 0)
Feb 09 18:56:18.532240 n-d-712143-33 devstack@placement-api.service[111093]: DEBUG placement.requestlog [req-84e2ac1a-76d3-40f8-abef-08dceb0e2c70 req-61397346-b730-4f9e-9896-395dadbc40e0 None None] Starting request: 10.222.0.79 "GET /placement/allocation_candidates?resources=DISK_GB%3A1%2CMEMORY_MB%3A1024%2CVCPU%3A1&root_required=%21COMPUTE_STATUS_DISABLED" {{(pid=111093) __call__ /opt/stack/placement/placement/requestlog.py:55}}
Feb 09 18:56:18.575399 n-d-712143-33 devstack@placement-api.service[111093]: DEBUG placement.objects.research_context [req-84e2ac1a-76d3-40f8-abef-08dceb0e2c70 req-61397346-b730-4f9e-9896-395dadbc40e0 service placement] getting providers with 1 DISK_GB {{(pid=111093) __init__ /opt/stack/placement/placement/objects/research_context.py:126}}
Feb 09 18:56:18.581841 n-d-712143-33 devstack@placement-api.service[111093]: DEBUG placement.objects.research_context [req-84e2ac1a-76d3-40f8-abef-08dceb0e2c70 req-61397346-b730-4f9e-9896-395dadbc40e0 service placement] getting providers with 1024 MEMORY_MB {{(pid=111093) __init__ /opt/stack/placement/placement/objects/research_context.py:126}}
Feb 09 18:56:18.589015 n-d-712143-33 devstack@placement-api.service[111093]: DEBUG placement.objects.research_context [req-84e2ac1a-76d3-40f8-abef-08dceb0e2c70 req-61397346-b730-4f9e-9896-395dadbc40e0 service placement] getting providers with 1 VCPU {{(pid=111093) __init__ /opt/stack/placement/placement/objects/research_context.py:126}}
Feb 09 18:56:18.596719 n-d-712143-33 devstack@placement-api.service[111093]: DEBUG placement.objects.research_context [req-84e2ac1a-76d3-40f8-abef-08dceb0e2c70 req-61397346-b730-4f9e-9896-395dadbc40e0 service placement] found 2 providers with available 1 DISK_GB {{(pid=111093) get_provider_ids_matching /opt/stack/placement/placement/objects/research_context.py:549}}
Feb 09 18:56:18.597210 n-d-712143-33 devstack@placement-api.service[111093]: DEBUG placement.objects.research_context [req-84e2ac1a-76d3-40f8-abef-08dceb0e2c70 req-61397346-b730-4f9e-9896-395dadbc40e0 service placement] found 2 providers with available 1024 MEMORY_MB {{(pid=111093) get_provider_ids_matching /opt/stack/placement/placement/objects/research_context.py:549}}
Feb 09 18:56:18.597776 n-d-712143-33 devstack@placement-api.service[111093]: DEBUG placement.objects.research_context [req-84e2ac1a-76d3-40f8-abef-08dceb0e2c70 req-61397346-b730-4f9e-9896-395dadbc40e0 service placement] found 2 providers after filtering by previous result {{(pid=111093) get_provider_ids_matching /opt/stack/placement/placement/objects/research_context.py:580}}
Feb 09 18:56:18.598225 n-d-712143-33 devstack@placement-api.service[111093]: DEBUG placement.objects.research_context [req-84e2ac1a-76d3-40f8-abef-08dceb0e2c70 req-61397346-b730-4f9e-9896-395dadbc40e0 service placement] found 2 providers with available 1 VCPU {{(pid=111093) get_provider_ids_matching /opt/stack/placement/placement/objects/research_context.py:549}}
Feb 09 18:56:18.598680 n-d-712143-33 devstack@placement-api.service[111093]: DEBUG placement.objects.research_context [req-84e2ac1a-76d3-40f8-abef-08dceb0e2c70 req-61397346-b730-4f9e-9896-395dadbc40e0 service placement] found 2 providers after filtering by previous result {{(pid=111093) get_provider_ids_matching /opt/stack/placement/placement/objects/research_context.py:580}}
Feb 09 18:56:18.612537 n-d-712143-33 devstack@placement-api.service[111093]: DEBUG placement.objects.allocation_candidate [req-84e2ac1a-76d3-40f8-abef-08dceb0e2c70 req-61397346-b730-4f9e-9896-395dadbc40e0 service placement] RequestGroup(use_same_provider=False, resources={DISK_GB:1, MEMORY_MB:1024, VCPU:1}, traits=[], aggregates=[]) (suffix '') returned 2 matches {{(pid=111093) _get_by_requests /opt/stack/placement/placement/objects/allocation_candidate.py:145}}
Feb 09 18:56:18.613449 n-d-712143-33 devstack@placement-api.service[111093]: DEBUG placement.objects.allocation_candidate [req-84e2ac1a-76d3-40f8-abef-08dceb0e2c70 req-61397346-b730-4f9e-9896-395dadbc40e0 service placement] Merging candidates yields 2 allocation requests and 2 provider summaries {{(pid=111093) _merge_candidates /opt/stack/placement/placement/objects/allocation_candidate.py:783}}
Feb 09 18:56:18.617646 n-d-712143-33 devstack@placement-api.service[111093]: INFO placement.requestlog [req-84e2ac1a-76d3-40f8-abef-08dceb0e2c70 req-61397346-b730-4f9e-9896-395dadbc40e0 service placement] 10.222.0.79 "GET /placement/allocation_candidates?resources=DISK_GB%3A1%2CMEMORY_MB%3A1024%2CVCPU%3A1&root_required=%21COMPUTE_STATUS_DISABLED" status: 200 len: 1309 microversion: 1.36
Feb 09 18:56:18.619626 n-d-712143-33 devstack@placement-api.service[111093]: [pid: 111093|app: 0|req: 291/578] 10.222.0.79 () {60 vars in 1484 bytes} [Wed Feb 9 18:56:18 2022] GET /placement/allocation_candidates?resources=DISK_GB%3A1%2CMEMORY_MB%3A1024%2CVCPU%3A1&root_required=%21COMPUTE_STATUS_DISABLED => generated 1309 bytes in 87 msecs (HTTP/1.1 200) 8 headers in 297 bytes (1 switches on core 0)
Feb 09 18:56:18.678754 n-d-712143-33 devstack@placement-api.service[111094]: DEBUG placement.requestlog [req-84e2ac1a-76d3-40f8-abef-08dceb0e2c70 req-68dc216f-39b8-447f-83ee-bcde91440e25 None None] Starting request: 10.222.0.79 "GET /placement/allocations/60faf330-91c2-463e-b662-09c660e0676b" {{(pid=111094) __call__ /opt/stack/placement/placement/requestlog.py:55}}
Feb 09 18:56:18.690064 n-d-712143-33 devstack@placement-api.service[111094]: INFO placement.requestlog [req-84e2ac1a-76d3-40f8-abef-08dceb0e2c70 req-68dc216f-39b8-447f-83ee-bcde91440e25 service placement] 10.222.0.79 "GET /placement/allocations/60faf330-91c2-463e-b662-09c660e0676b" status: 200 len: 19 microversion: 1.28
Feb 09 18:56:18.693988 n-d-712143-33 devstack@placement-api.service[111094]: [pid: 111094|app: 0|req: 288/579] 10.222.0.79 () {60 vars in 1380 bytes} [Wed Feb 9 18:56:18 2022] GET /placement/allocations/60faf330-91c2-463e-b662-09c660e0676b => generated 19 bytes in 16 msecs (HTTP/1.1 200) 8 headers in 295 bytes (1 switches on core 0)
Feb 09 18:56:18.697138 n-d-712143-33 devstack@placement-api.service[111093]: DEBUG placement.requestlog [req-84e2ac1a-76d3-40f8-abef-08dceb0e2c70 req-b8c1d891-f210-45f3-86e8-93431a187b21 None None] Starting request: 10.222.0.79 "PUT /placement/allocations/60faf330-91c2-463e-b662-09c660e0676b" {{(pid=111093) __call__ /opt/stack/placement/placement/requestlog.py:55}}
Feb 09 18:56:19.113327 n-d-712143-33 devstack@placement-api.service[111093]: DEBUG placement.handlers.allocation [req-84e2ac1a-76d3-40f8-abef-08dceb0e2c70 req-b8c1d891-f210-45f3-86e8-93431a187b21 service placement] Successfully wrote allocations [, , ] {{(pid=111093) _update_consumers_and_create_allocations /opt/stack/placement/placement/handlers/allocation.py:462}}
Feb 09 18:56:19.249586 n-d-712143-33 devstack@placement-api.service[111093]: INFO placement.requestlog [req-84e2ac1a-76d3-40f8-abef-08dceb0e2c70 req-b8c1d891-f210-45f3-86e8-93431a187b21 service placement] 10.222.0.79 "PUT /placement/allocations/60faf330-91c2-463e-b662-09c660e0676b" status: 204 len: 0 microversion: 1.36
Feb 09 18:56:19.250226 n-d-712143-33 devstack@placement-api.service[111093]: [pid: 111093|app: 0|req: 292/580] 10.222.0.79 () {64 vars in 1433 bytes} [Wed Feb 9 18:56:18 2022] PUT /placement/allocations/60faf330-91c2-463e-b662-09c660e0676b => generated 0 bytes in 553 msecs (HTTP/1.1 204) 5 headers in 199 bytes (2 switches on core 0)
Feb 09 18:56:20.735147 n-d-712143-33 devstack@placement-api.service[111094]: DEBUG placement.requestlog [req-84e2ac1a-76d3-40f8-abef-08dceb0e2c70 req-3da1b0f2-ab2e-4478-a967-d2782954bf3b None None] Starting request: 10.222.0.45 "GET /placement/allocations/60faf330-91c2-463e-b662-09c660e0676b" {{(pid=111094) __call__ /opt/stack/placement/placement/requestlog.py:55}}
Feb 09 18:56:20.750905 n-d-712143-33 devstack@placement-api.service[111094]: INFO placement.requestlog [req-84e2ac1a-76d3-40f8-abef-08dceb0e2c70 req-3da1b0f2-ab2e-4478-a967-d2782954bf3b service placement] 10.222.0.45 "GET /placement/allocations/60faf330-91c2-463e-b662-09c660e0676b" status: 200 len: 259 microversion: 1.28
Feb 09 18:56:20.751598 n-d-712143-33 devstack@placement-api.service[111094]: [pid: 111094|app: 0|req: 289/581] 10.222.0.45 () {60 vars in 1377 bytes} [Wed Feb 9 18:56:20 2022] GET /placement/allocations/60faf330-91c2-463e-b662-09c660e0676b => generated 259 bytes in 17 msecs (HTTP/1.1 200) 8 headers in 296 bytes (1 switches on core 0)
Feb 09 18:56:26.218441 n-d-712143-33 devstack@placement-api.service[111093]: DEBUG placement.requestlog [req-87fd426b-da84-469a-b7f1-6168f0dd9c3f req-86c9003c-6942-41db-854f-586bf3d535b1 None None] Starting request: 10.222.0.72 "GET /placement/allocations/cd76bbf2-f3c7-4867-ae44-eec701266d5f" {{(pid=111093) __call__ /opt/stack/placement/placement/requestlog.py:55}}
Feb 09 18:56:26.243714 n-d-712143-33 devstack@placement-api.service[111093]: INFO placement.requestlog [req-87fd426b-da84-469a-b7f1-6168f0dd9c3f req-86c9003c-6942-41db-854f-586bf3d535b1 service placement] 10.222.0.72 "GET /placement/allocations/cd76bbf2-f3c7-4867-ae44-eec701266d5f" status: 200 len: 258 microversion: 1.28
Feb 09 18:56:26.245579 n-d-712143-33 devstack@placement-api.service[111093]: [pid: 111093|app: 0|req: 293/582] 10.222.0.72 () {60 vars in 1377 bytes} [Wed Feb 9 18:56:26 2022] GET /placement/allocations/cd76bbf2-f3c7-4867-ae44-eec701266d5f => generated 258 bytes in 27 msecs (HTTP/1.1 200) 8 headers in 296 bytes (1 switches on core 0)
Feb 09 18:56:34.553654 n-d-712143-33 devstack@placement-api.service[111094]: DEBUG placement.requestlog [req-6f129875-bae6-4c89-951c-43b44dedfdac req-8355b304-a9f6-4d82-9644-d4d5652c3c9b None None] Starting request: 10.222.0.45 "GET /placement/allocations/5d524521-9d37-4b3d-8a8a-c49bfe072992" {{(pid=111094) __call__ /opt/stack/placement/placement/requestlog.py:55}}
Feb 09 18:56:34.578426 n-d-712143-33 devstack@placement-api.service[111094]: INFO placement.requestlog [req-6f129875-bae6-4c89-951c-43b44dedfdac req-8355b304-a9f6-4d82-9644-d4d5652c3c9b service placement] 10.222.0.45 "GET /placement/allocations/5d524521-9d37-4b3d-8a8a-c49bfe072992" status: 200 len: 259 microversion: 1.28
Feb 09 18:56:34.579413 n-d-712143-33 devstack@placement-api.service[111094]: [pid: 111094|app: 0|req: 290/583] 10.222.0.45 () {60 vars in 1377 bytes} [Wed Feb 9 18:56:34 2022] GET /placement/allocations/5d524521-9d37-4b3d-8a8a-c49bfe072992 => generated 259 bytes in 26 msecs (HTTP/1.1 200) 8 headers in 296 bytes (1 switches on core 0)
Feb 09 18:56:34.587359 n-d-712143-33 devstack@placement-api.service[111093]: DEBUG placement.requestlog [req-6f129875-bae6-4c89-951c-43b44dedfdac req-3171eb14-864d-47f0-b27a-02b4d7cadea0 None None] Starting request: 10.222.0.45 "GET /placement/allocations/5d524521-9d37-4b3d-8a8a-c49bfe072992" {{(pid=111093) __call__ /opt/stack/placement/placement/requestlog.py:55}}
Feb 09 18:56:34.612758 n-d-712143-33 devstack@placement-api.service[111093]: INFO placement.requestlog [req-6f129875-bae6-4c89-951c-43b44dedfdac req-3171eb14-864d-47f0-b27a-02b4d7cadea0 service placement] 10.222.0.45 "GET /placement/allocations/5d524521-9d37-4b3d-8a8a-c49bfe072992" status: 200 len: 259 microversion: 1.28
Feb 09 18:56:34.615740 n-d-712143-33 devstack@placement-api.service[111093]: [pid: 111093|app: 0|req: 294/584] 10.222.0.45 () {60 vars in 1377 bytes} [Wed Feb 9 18:56:34 2022] GET /placement/allocations/5d524521-9d37-4b3d-8a8a-c49bfe072992 => generated 259 bytes in 28 msecs (HTTP/1.1 200) 8 headers in 296 bytes (1 switches on core 0)
Feb 09 18:56:34.624588 n-d-712143-33 devstack@placement-api.service[111094]: DEBUG placement.requestlog [req-6f129875-bae6-4c89-951c-43b44dedfdac req-efbf389a-c102-4893-969f-a5fcb87966ba None None] Starting request: 10.222.0.45 "GET /placement/allocations/cd76bbf2-f3c7-4867-ae44-eec701266d5f" {{(pid=111094) __call__ /opt/stack/placement/placement/requestlog.py:55}}
Feb 09 18:56:34.649685 n-d-712143-33 devstack@placement-api.service[111094]: INFO placement.requestlog [req-6f129875-bae6-4c89-951c-43b44dedfdac req-efbf389a-c102-4893-969f-a5fcb87966ba service placement] 10.222.0.45 "GET /placement/allocations/cd76bbf2-f3c7-4867-ae44-eec701266d5f" status: 200 len: 258 microversion: 1.28
Feb 09 18:56:34.650101 n-d-712143-33 devstack@placement-api.service[111094]: [pid: 111094|app: 0|req: 291/585] 10.222.0.45 () {60 vars in 1377 bytes} [Wed Feb 9 18:56:34 2022] GET /placement/allocations/cd76bbf2-f3c7-4867-ae44-eec701266d5f => generated 258 bytes in 26 msecs (HTTP/1.1 200) 8 headers in 296 bytes (1 switches on core 0)
Feb 09 18:56:34.658756 n-d-712143-33 devstack@placement-api.service[111093]: DEBUG placement.requestlog [req-6f129875-bae6-4c89-951c-43b44dedfdac req-f403cb33-574f-4d65-ad67-d35feafed27c None None] Starting request: 10.222.0.45 "POST /placement/allocations" {{(pid=111093) __call__ /opt/stack/placement/placement/requestlog.py:55}}
Feb 09 18:56:34.786070 n-d-712143-33 devstack@placement-api.service[111093]: DEBUG placement.handlers.allocation [req-6f129875-bae6-4c89-951c-43b44dedfdac req-f403cb33-574f-4d65-ad67-d35feafed27c service placement] Successfully wrote allocations [, , , , , ] {{(pid=111093) _update_consumers_and_create_allocations /opt/stack/placement/placement/handlers/allocation.py:572}}
Feb 09 18:56:34.935117 n-d-712143-33 devstack@placement-api.service[111093]: INFO placement.requestlog [req-6f129875-bae6-4c89-951c-43b44dedfdac req-f403cb33-574f-4d65-ad67-d35feafed27c service placement] 10.222.0.45 "POST /placement/allocations" status: 204 len: 0 microversion: 1.28
Feb 09 18:56:34.935932 n-d-712143-33 devstack@placement-api.service[111093]: [pid: 111093|app: 0|req: 295/586] 10.222.0.45 () {64 vars in 1320 bytes} [Wed Feb 9 18:56:34 2022] POST /placement/allocations => generated 0 bytes in 277 msecs (HTTP/1.1 204) 5 headers in 199 bytes (1 switches on core 0)
Feb 09 18:56:37.531374 n-d-712143-33 devstack@placement-api.service[111094]: DEBUG placement.requestlog [req-ecc5c83f-7f01-4690-8965-98628af34dfb req-457a82ae-2b2f-4644-b148-aac2536363fd None None] Starting request: 10.222.0.79 "GET /placement/allocation_candidates?limit=1000&resources=DISK_GB%3A1%2CMEMORY_MB%3A1024%2CVCPU%3A1&root_required=%21COMPUTE_STATUS_DISABLED" {{(pid=111094) __call__ /opt/stack/placement/placement/requestlog.py:55}}
Feb 09 18:56:37.642231 n-d-712143-33 devstack@placement-api.service[111094]: DEBUG placement.objects.research_context [req-ecc5c83f-7f01-4690-8965-98628af34dfb req-457a82ae-2b2f-4644-b148-aac2536363fd service placement] getting providers with 1 DISK_GB {{(pid=111094) __init__ /opt/stack/placement/placement/objects/research_context.py:126}}
Feb 09 18:56:37.653010 n-d-712143-33 devstack@placement-api.service[111094]: DEBUG placement.objects.research_context [req-ecc5c83f-7f01-4690-8965-98628af34dfb req-457a82ae-2b2f-4644-b148-aac2536363fd service placement] getting providers with 1024 MEMORY_MB {{(pid=111094) __init__ /opt/stack/placement/placement/objects/research_context.py:126}}
Feb 09 18:56:37.663665 n-d-712143-33 devstack@placement-api.service[111094]: DEBUG placement.objects.research_context [req-ecc5c83f-7f01-4690-8965-98628af34dfb req-457a82ae-2b2f-4644-b148-aac2536363fd service placement] getting providers with 1 VCPU {{(pid=111094) __init__ /opt/stack/placement/placement/objects/research_context.py:126}}
Feb 09 18:56:37.694960 n-d-712143-33 devstack@placement-api.service[111094]: DEBUG placement.objects.research_context [req-ecc5c83f-7f01-4690-8965-98628af34dfb req-457a82ae-2b2f-4644-b148-aac2536363fd service placement] found 2 providers with available 1 DISK_GB {{(pid=111094) get_provider_ids_matching /opt/stack/placement/placement/objects/research_context.py:549}}
Feb 09 18:56:37.697698 n-d-712143-33 devstack@placement-api.service[111094]: DEBUG placement.objects.research_context [req-ecc5c83f-7f01-4690-8965-98628af34dfb req-457a82ae-2b2f-4644-b148-aac2536363fd service placement] found 2 providers with available 1024 MEMORY_MB {{(pid=111094) get_provider_ids_matching /opt/stack/placement/placement/objects/research_context.py:549}}
Feb 09 18:56:37.698202 n-d-712143-33 devstack@placement-api.service[111094]: DEBUG placement.objects.research_context [req-ecc5c83f-7f01-4690-8965-98628af34dfb req-457a82ae-2b2f-4644-b148-aac2536363fd service placement] found 2 providers after filtering by previous result {{(pid=111094) get_provider_ids_matching /opt/stack/placement/placement/objects/research_context.py:580}}
Feb 09 18:56:37.698611 n-d-712143-33 devstack@placement-api.service[111094]: DEBUG placement.objects.research_context [req-ecc5c83f-7f01-4690-8965-98628af34dfb req-457a82ae-2b2f-4644-b148-aac2536363fd service placement] found 2 providers with available 1 VCPU {{(pid=111094) get_provider_ids_matching /opt/stack/placement/placement/objects/research_context.py:549}}
Feb 09 18:56:37.699980 n-d-712143-33 devstack@placement-api.service[111094]: DEBUG placement.objects.research_context [req-ecc5c83f-7f01-4690-8965-98628af34dfb req-457a82ae-2b2f-4644-b148-aac2536363fd service placement] found 2 providers after filtering by previous result {{(pid=111094) get_provider_ids_matching /opt/stack/placement/placement/objects/research_context.py:580}}
Feb 09 18:56:37.749118 n-d-712143-33 devstack@placement-api.service[111094]: DEBUG placement.objects.allocation_candidate [req-ecc5c83f-7f01-4690-8965-98628af34dfb req-457a82ae-2b2f-4644-b148-aac2536363fd service placement] RequestGroup(use_same_provider=False, resources={DISK_GB:1, MEMORY_MB:1024, VCPU:1}, traits=[], aggregates=[]) (suffix '') returned 2 matches {{(pid=111094) _get_by_requests /opt/stack/placement/placement/objects/allocation_candidate.py:145}}
Feb 09 18:56:37.752080 n-d-712143-33 devstack@placement-api.service[111094]: DEBUG placement.objects.allocation_candidate [req-ecc5c83f-7f01-4690-8965-98628af34dfb req-457a82ae-2b2f-4644-b148-aac2536363fd service placement] Merging candidates yields 2 allocation requests and 2 provider summaries {{(pid=111094) _merge_candidates /opt/stack/placement/placement/objects/allocation_candidate.py:783}}
Feb 09 18:56:37.776344 n-d-712143-33 devstack@placement-api.service[111094]: INFO placement.requestlog [req-ecc5c83f-7f01-4690-8965-98628af34dfb req-457a82ae-2b2f-4644-b148-aac2536363fd service placement] 10.222.0.79 "GET /placement/allocation_candidates?limit=1000&resources=DISK_GB%3A1%2CMEMORY_MB%3A1024%2CVCPU%3A1&root_required=%21COMPUTE_STATUS_DISABLED" status: 200 len: 1309 microversion: 1.36
Feb 09 18:56:37.776344 n-d-712143-33 devstack@placement-api.service[111094]: [pid: 111094|app: 0|req: 292/587] 10.222.0.79 () {60 vars in 1506 bytes} [Wed Feb 9 18:56:37 2022] GET /placement/allocation_candidates?limit=1000&resources=DISK_GB%3A1%2CMEMORY_MB%3A1024%2CVCPU%3A1&root_required=%21COMPUTE_STATUS_DISABLED => generated 1309 bytes in 232 msecs (HTTP/1.1 200) 8 headers in 297 bytes (1 switches on core 0)
Feb 09 18:56:37.906305 n-d-712143-33 devstack@placement-api.service[111093]: DEBUG placement.requestlog [req-ecc5c83f-7f01-4690-8965-98628af34dfb req-4285b10d-ad45-480c-90ee-2811e8f5b78c None None] Starting request: 10.222.0.79 "GET /placement/allocations/279832cc-8beb-47b8-aca3-9d13a3d6ee7a" {{(pid=111093) __call__ /opt/stack/placement/placement/requestlog.py:55}}
Feb 09 18:56:37.937281 n-d-712143-33 devstack@placement-api.service[111093]: INFO placement.requestlog [req-ecc5c83f-7f01-4690-8965-98628af34dfb req-4285b10d-ad45-480c-90ee-2811e8f5b78c service placement] 10.222.0.79 "GET /placement/allocations/279832cc-8beb-47b8-aca3-9d13a3d6ee7a" status: 200 len: 19 microversion: 1.28
Feb 09 18:56:37.937949 n-d-712143-33 devstack@placement-api.service[111093]: [pid: 111093|app: 0|req: 296/588] 10.222.0.79 () {60 vars in 1380 bytes} [Wed Feb 9 18:56:37 2022] GET /placement/allocations/279832cc-8beb-47b8-aca3-9d13a3d6ee7a => generated 19 bytes in 32 msecs (HTTP/1.1 200) 8 headers in 295 bytes (2 switches on core 0)
Feb 09 18:56:37.946457 n-d-712143-33 devstack@placement-api.service[111094]: DEBUG placement.requestlog [req-ecc5c83f-7f01-4690-8965-98628af34dfb req-e05a3a95-86cc-4735-89c5-20859199d5cb None None] Starting request: 10.222.0.79 "PUT /placement/allocations/279832cc-8beb-47b8-aca3-9d13a3d6ee7a" {{(pid=111094) __call__ /opt/stack/placement/placement/requestlog.py:55}}
Feb 09 18:56:38.201563 n-d-712143-33 devstack@placement-api.service[111094]: DEBUG placement.handlers.allocation [req-ecc5c83f-7f01-4690-8965-98628af34dfb req-e05a3a95-86cc-4735-89c5-20859199d5cb service placement] Successfully wrote allocations [, , ] {{(pid=111094) _update_consumers_and_create_allocations /opt/stack/placement/placement/handlers/allocation.py:462}}
Feb 09 18:56:38.300006 n-d-712143-33 devstack@placement-api.service[111094]: INFO placement.requestlog [req-ecc5c83f-7f01-4690-8965-98628af34dfb req-e05a3a95-86cc-4735-89c5-20859199d5cb service placement] 10.222.0.79 "PUT /placement/allocations/279832cc-8beb-47b8-aca3-9d13a3d6ee7a" status: 204 len: 0 microversion: 1.36
Feb 09 18:56:38.300291 n-d-712143-33 devstack@placement-api.service[111094]: [pid: 111094|app: 0|req: 293/589] 10.222.0.79 () {64 vars in 1433 bytes} [Wed Feb 9 18:56:37 2022] PUT /placement/allocations/279832cc-8beb-47b8-aca3-9d13a3d6ee7a => generated 0 bytes in 354 msecs (HTTP/1.1 204) 5 headers in 199 bytes (2 switches on core 0)
Feb 09 18:56:39.841837 n-d-712143-33 devstack@placement-api.service[111093]: DEBUG placement.requestlog [req-ecc5c83f-7f01-4690-8965-98628af34dfb req-0cc23acd-59dc-4105-a6a0-ae62f91e93fb None None] Starting request: 10.222.0.72 "GET /placement/allocations/279832cc-8beb-47b8-aca3-9d13a3d6ee7a" {{(pid=111093) __call__ /opt/stack/placement/placement/requestlog.py:55}}
Feb 09 18:56:39.877081 n-d-712143-33 devstack@placement-api.service[111093]: INFO placement.requestlog [req-ecc5c83f-7f01-4690-8965-98628af34dfb req-0cc23acd-59dc-4105-a6a0-ae62f91e93fb service placement] 10.222.0.72 "GET /placement/allocations/279832cc-8beb-47b8-aca3-9d13a3d6ee7a" status: 200 len: 259 microversion: 1.28
Feb 09 18:56:39.885755 n-d-712143-33 devstack@placement-api.service[111093]: [pid: 111093|app: 0|req: 297/590] 10.222.0.72 () {60 vars in 1377 bytes} [Wed Feb 9 18:56:39 2022] GET /placement/allocations/279832cc-8beb-47b8-aca3-9d13a3d6ee7a => generated 259 bytes in 44 msecs (HTTP/1.1 200) 8 headers in 296 bytes (1 switches on core 0)
Feb 09 18:56:43.830591 n-d-712143-33 devstack@placement-api.service[111094]: DEBUG placement.requestlog [req-0d69f207-eff1-496a-adce-b08d00ac1d1a req-6818eb90-053b-49e1-84ae-700bc7cbcb70 None None] Starting request: 10.222.0.72 "GET /placement/resource_providers/2c4ff862-9208-465d-ad15-6d8d43fbeac5/allocations" {{(pid=111094) __call__ /opt/stack/placement/placement/requestlog.py:55}}
Feb 09 18:56:44.170170 n-d-712143-33 devstack@placement-api.service[111093]: DEBUG placement.requestlog [req-c3748ff8-6660-4cc8-860c-46007c02f4a0 req-fe45393a-2d9d-416c-82e9-2156f75d46bf None None] Starting request: 10.222.0.45 "GET /placement/resource_providers?in_tree=43865f4e-fffb-420a-acda-f7cbd88592c5" {{(pid=111093) __call__ /opt/stack/placement/placement/requestlog.py:55}}
Feb 09 18:56:44.213471 n-d-712143-33 devstack@placement-api.service[111094]: INFO placement.requestlog [req-0d69f207-eff1-496a-adce-b08d00ac1d1a req-6818eb90-053b-49e1-84ae-700bc7cbcb70 service placement] 10.222.0.72 "GET /placement/resource_providers/2c4ff862-9208-465d-ad15-6d8d43fbeac5/allocations" status: 200 len: 658 microversion: 1.0
Feb 09 18:56:44.214566 n-d-712143-33 devstack@placement-api.service[111094]: [pid: 111094|app: 0|req: 294/591] 10.222.0.72 () {58 vars in 1390 bytes} [Wed Feb 9 18:56:43 2022] GET /placement/resource_providers/2c4ff862-9208-465d-ad15-6d8d43fbeac5/allocations => generated 658 bytes in 384 msecs (HTTP/1.1 200) 6 headers in 224 bytes (1 switches on core 0)
Feb 09 18:56:44.396358 n-d-712143-33 devstack@placement-api.service[111094]: DEBUG placement.requestlog [req-0d69f207-eff1-496a-adce-b08d00ac1d1a req-fcd453a0-5e9a-4085-9155-512824cd5d79 None None] Starting request: 10.222.0.72 "GET /placement/resource_providers?in_tree=2c4ff862-9208-465d-ad15-6d8d43fbeac5" {{(pid=111094) __call__ /opt/stack/placement/placement/requestlog.py:55}}
Feb 09 18:56:44.448381 n-d-712143-33 devstack@placement-api.service[111094]: INFO placement.requestlog [req-0d69f207-eff1-496a-adce-b08d00ac1d1a req-fcd453a0-5e9a-4085-9155-512824cd5d79 service placement] 10.222.0.72 "GET /placement/resource_providers?in_tree=2c4ff862-9208-465d-ad15-6d8d43fbeac5" status: 200 len: 864 microversion: 1.14
Feb 09 18:56:44.450091 n-d-712143-33 devstack@placement-api.service[111094]: [pid: 111094|app: 0|req: 295/592] 10.222.0.72 () {60 vars in 1376 bytes} [Wed Feb 9 18:56:44 2022] GET /placement/resource_providers?in_tree=2c4ff862-9208-465d-ad15-6d8d43fbeac5 => generated 864 bytes in 55 msecs (HTTP/1.1 200) 6 headers in 225 bytes (2 switches on core 0)
Feb 09 18:56:44.460668 n-d-712143-33 devstack@placement-api.service[111094]: DEBUG placement.requestlog [req-0d69f207-eff1-496a-adce-b08d00ac1d1a req-5a447a07-64cd-4f8e-8294-0f2f88162274 None None] Starting request: 10.222.0.72 "GET /placement/resource_providers/2c4ff862-9208-465d-ad15-6d8d43fbeac5/inventories" {{(pid=111094) __call__ /opt/stack/placement/placement/requestlog.py:55}}
Feb 09 18:56:44.495010 n-d-712143-33 devstack@placement-api.service[111093]: INFO placement.requestlog [req-c3748ff8-6660-4cc8-860c-46007c02f4a0 req-fe45393a-2d9d-416c-82e9-2156f75d46bf service placement] 10.222.0.45 "GET /placement/resource_providers?in_tree=43865f4e-fffb-420a-acda-f7cbd88592c5" status: 200 len: 864 microversion: 1.14
Feb 09 18:56:44.495922 n-d-712143-33 devstack@placement-api.service[111093]: [pid: 111093|app: 0|req: 298/593] 10.222.0.45 () {60 vars in 1376 bytes} [Wed Feb 9 18:56:44 2022] GET /placement/resource_providers?in_tree=43865f4e-fffb-420a-acda-f7cbd88592c5 => generated 864 bytes in 327 msecs (HTTP/1.1 200) 6 headers in 225 bytes (1 switches on core 0)
Feb 09 18:56:44.505044 n-d-712143-33 devstack@placement-api.service[111093]: DEBUG placement.requestlog [req-c3748ff8-6660-4cc8-860c-46007c02f4a0 req-322b6456-2b28-4810-ac90-f0868de10058 None None] Starting request: 10.222.0.45 "GET /placement/resource_providers/43865f4e-fffb-420a-acda-f7cbd88592c5/inventories" {{(pid=111093) __call__ /opt/stack/placement/placement/requestlog.py:55}}
Feb 09 18:56:44.531943 n-d-712143-33 devstack@placement-api.service[111094]: INFO placement.requestlog [req-0d69f207-eff1-496a-adce-b08d00ac1d1a req-5a447a07-64cd-4f8e-8294-0f2f88162274 service placement] 10.222.0.72 "GET /placement/resource_providers/2c4ff862-9208-465d-ad15-6d8d43fbeac5/inventories" status: 200 len: 398 microversion: 1.0
Feb 09 18:56:44.532600 n-d-712143-33 devstack@placement-api.service[111094]: [pid: 111094|app: 0|req: 296/594] 10.222.0.72 () {58 vars in 1390 bytes} [Wed Feb 9 18:56:44 2022] GET /placement/resource_providers/2c4ff862-9208-465d-ad15-6d8d43fbeac5/inventories => generated 398 bytes in 72 msecs (HTTP/1.1 200) 6 headers in 224 bytes (1 switches on core 0)
Feb 09 18:56:44.541402 n-d-712143-33 devstack@placement-api.service[111093]: INFO placement.requestlog [req-c3748ff8-6660-4cc8-860c-46007c02f4a0 req-322b6456-2b28-4810-ac90-f0868de10058 service placement] 10.222.0.45 "GET /placement/resource_providers/43865f4e-fffb-420a-acda-f7cbd88592c5/inventories" status: 200 len: 398 microversion: 1.0
Feb 09 18:56:44.542369 n-d-712143-33 devstack@placement-api.service[111093]: [pid: 111093|app: 0|req: 299/595] 10.222.0.45 () {58 vars in 1390 bytes} [Wed Feb 9 18:56:44 2022] GET /placement/resource_providers/43865f4e-fffb-420a-acda-f7cbd88592c5/inventories => generated 398 bytes in 38 msecs (HTTP/1.1 200) 6 headers in 224 bytes (2 switches on core 0)
Feb 09 18:56:44.542669 n-d-712143-33 devstack@placement-api.service[111094]: DEBUG placement.requestlog [req-0d69f207-eff1-496a-adce-b08d00ac1d1a req-6ee8c5fe-2b2b-4ea4-a065-84e81f042549 None None] Starting request: 10.222.0.72 "GET /placement/resource_providers/2c4ff862-9208-465d-ad15-6d8d43fbeac5/aggregates" {{(pid=111094) __call__ /opt/stack/placement/placement/requestlog.py:55}}
Feb 09 18:56:44.554765 n-d-712143-33 devstack@placement-api.service[111093]: DEBUG placement.requestlog [req-c3748ff8-6660-4cc8-860c-46007c02f4a0 req-e91d99c9-7fdb-4046-bb66-ff48a54ef4e3 None None] Starting request: 10.222.0.45 "GET /placement/resource_providers/43865f4e-fffb-420a-acda-f7cbd88592c5/aggregates" {{(pid=111093) __call__ /opt/stack/placement/placement/requestlog.py:55}}
Feb 09 18:56:44.566590 n-d-712143-33 devstack@placement-api.service[111094]: INFO placement.requestlog [req-0d69f207-eff1-496a-adce-b08d00ac1d1a req-6ee8c5fe-2b2b-4ea4-a065-84e81f042549 service placement] 10.222.0.72 "GET /placement/resource_providers/2c4ff862-9208-465d-ad15-6d8d43fbeac5/aggregates" status: 200 len: 54 microversion: 1.19
Feb 09 18:56:44.568690 n-d-712143-33 devstack@placement-api.service[111094]: [pid: 111094|app: 0|req: 297/596] 10.222.0.72 () {60 vars in 1431 bytes} [Wed Feb 9 18:56:44 2022] GET /placement/resource_providers/2c4ff862-9208-465d-ad15-6d8d43fbeac5/aggregates => generated 54 bytes in 26 msecs (HTTP/1.1 200) 8 headers in 295 bytes (1 switches on core 0)
Feb 09 18:56:44.576467 n-d-712143-33 devstack@placement-api.service[111094]: DEBUG placement.requestlog [req-0d69f207-eff1-496a-adce-b08d00ac1d1a req-e5229614-a20e-484c-bc69-97e24e0e9578 None None] Starting request: 10.222.0.72 "GET /placement/resource_providers/2c4ff862-9208-465d-ad15-6d8d43fbeac5/traits" {{(pid=111094) __call__ /opt/stack/placement/placement/requestlog.py:55}}
Feb 09 18:56:44.584327 n-d-712143-33 devstack@placement-api.service[111093]: INFO placement.requestlog [req-c3748ff8-6660-4cc8-860c-46007c02f4a0 req-e91d99c9-7fdb-4046-bb66-ff48a54ef4e3 service placement] 10.222.0.45 "GET /placement/resource_providers/43865f4e-fffb-420a-acda-f7cbd88592c5/aggregates" status: 200 len: 54 microversion: 1.19
Feb 09 18:56:44.585470 n-d-712143-33 devstack@placement-api.service[111093]: [pid: 111093|app: 0|req: 300/597] 10.222.0.45 () {60 vars in 1431 bytes} [Wed Feb 9 18:56:44 2022] GET /placement/resource_providers/43865f4e-fffb-420a-acda-f7cbd88592c5/aggregates => generated 54 bytes in 32 msecs (HTTP/1.1 200) 8 headers in 295 bytes (1 switches on core 0)
Feb 09 18:56:44.602026 n-d-712143-33 devstack@placement-api.service[111093]: DEBUG placement.requestlog [req-c3748ff8-6660-4cc8-860c-46007c02f4a0 req-d82cf128-0f69-4956-a8de-6d8599f5a8ca None None] Starting request: 10.222.0.45 "GET /placement/resource_providers/43865f4e-fffb-420a-acda-f7cbd88592c5/traits" {{(pid=111093) __call__ /opt/stack/placement/placement/requestlog.py:55}}
Feb 09 18:56:44.625426 n-d-712143-33 devstack@placement-api.service[111094]: INFO placement.requestlog [req-0d69f207-eff1-496a-adce-b08d00ac1d1a req-e5229614-a20e-484c-bc69-97e24e0e9578 service placement] 10.222.0.72 "GET /placement/resource_providers/2c4ff862-9208-465d-ad15-6d8d43fbeac5/traits" status: 200 len: 212 microversion: 1.6
Feb 09 18:56:44.627913 n-d-712143-33 devstack@placement-api.service[111094]: [pid: 111094|app: 0|req: 298/598] 10.222.0.72 () {60 vars in 1418 bytes} [Wed Feb 9 18:56:44 2022] GET /placement/resource_providers/2c4ff862-9208-465d-ad15-6d8d43fbeac5/traits => generated 212 bytes in 52 msecs (HTTP/1.1 200) 6 headers in 224 bytes (1 switches on core 0)
Feb 09 18:56:44.647281 n-d-712143-33 devstack@placement-api.service[111093]: INFO placement.requestlog [req-c3748ff8-6660-4cc8-860c-46007c02f4a0 req-d82cf128-0f69-4956-a8de-6d8599f5a8ca service placement] 10.222.0.45 "GET /placement/resource_providers/43865f4e-fffb-420a-acda-f7cbd88592c5/traits" status: 200 len: 212 microversion: 1.6
Feb 09 18:56:44.650749 n-d-712143-33 devstack@placement-api.service[111093]: [pid: 111093|app: 0|req: 301/599] 10.222.0.45 () {60 vars in 1418 bytes} [Wed Feb 9 18:56:44 2022] GET /placement/resource_providers/43865f4e-fffb-420a-acda-f7cbd88592c5/traits => generated 212 bytes in 49 msecs (HTTP/1.1 200) 6 headers in 224 bytes (2 switches on core 0)
Feb 09 18:56:44.940775 n-d-712143-33 devstack@placement-api.service[111094]: DEBUG placement.requestlog [req-c3748ff8-6660-4cc8-860c-46007c02f4a0 req-34cc4f35-46be-4148-a877-da40cbb88ddf None None] Starting request: 10.222.0.45 "DELETE /placement/allocations/60faf330-91c2-463e-b662-09c660e0676b" {{(pid=111094) __call__ /opt/stack/placement/placement/requestlog.py:55}}
Feb 09 18:56:45.214032 n-d-712143-33 devstack@placement-api.service[111094]: DEBUG placement.handlers.allocation [req-c3748ff8-6660-4cc8-860c-46007c02f4a0 req-34cc4f35-46be-4148-a877-da40cbb88ddf service placement] Successfully deleted allocations [, , ] {{(pid=111094) delete_allocations /opt/stack/placement/placement/handlers/allocation.py:627}}
Feb 09 18:56:45.214515 n-d-712143-33 devstack@placement-api.service[111094]: INFO placement.requestlog [req-c3748ff8-6660-4cc8-860c-46007c02f4a0 req-34cc4f35-46be-4148-a877-da40cbb88ddf service placement] 10.222.0.45 "DELETE /placement/allocations/60faf330-91c2-463e-b662-09c660e0676b" status: 204 len: 0 microversion: 1.0
Feb 09 18:56:45.214891 n-d-712143-33 devstack@placement-api.service[111094]: [pid: 111094|app: 0|req: 299/600] 10.222.0.45 () {60 vars in 1355 bytes} [Wed Feb 9 18:56:44 2022] DELETE /placement/allocations/60faf330-91c2-463e-b662-09c660e0676b => generated 0 bytes in 275 msecs (HTTP/1.1 204) 5 headers in 198 bytes (1 switches on core 0)
Feb 09 18:56:45.302582 n-d-712143-33 devstack@placement-api.service[111093]: DEBUG placement.requestlog [req-01d5c43e-9e33-41dd-becd-b9e8d7e2a611 req-9b370896-41a9-4106-a9e5-36527d1b7c2c None None] Starting request: 10.222.0.79 "GET /placement/allocation_candidates?limit=1000&resources=DISK_GB%3A1%2CMEMORY_MB%3A1024%2CVCPU%3A1&root_required=%21COMPUTE_STATUS_DISABLED" {{(pid=111093) __call__ /opt/stack/placement/placement/requestlog.py:55}}
Feb 09 18:56:45.385172 n-d-712143-33 devstack@placement-api.service[111093]: DEBUG placement.objects.research_context [req-01d5c43e-9e33-41dd-becd-b9e8d7e2a611 req-9b370896-41a9-4106-a9e5-36527d1b7c2c service placement] getting providers with 1 DISK_GB {{(pid=111093) __init__ /opt/stack/placement/placement/objects/research_context.py:126}}
Feb 09 18:56:45.404159 n-d-712143-33 devstack@placement-api.service[111093]: DEBUG placement.objects.research_context [req-01d5c43e-9e33-41dd-becd-b9e8d7e2a611 req-9b370896-41a9-4106-a9e5-36527d1b7c2c service placement] getting providers with 1024 MEMORY_MB {{(pid=111093) __init__ /opt/stack/placement/placement/objects/research_context.py:126}}
Feb 09 18:56:45.420170 n-d-712143-33 devstack@placement-api.service[111093]: DEBUG placement.objects.research_context [req-01d5c43e-9e33-41dd-becd-b9e8d7e2a611 req-9b370896-41a9-4106-a9e5-36527d1b7c2c service placement] getting providers with 1 VCPU {{(pid=111093) __init__ /opt/stack/placement/placement/objects/research_context.py:126}}
Feb 09 18:56:45.431631 n-d-712143-33 devstack@placement-api.service[111093]: DEBUG placement.objects.research_context [req-01d5c43e-9e33-41dd-becd-b9e8d7e2a611 req-9b370896-41a9-4106-a9e5-36527d1b7c2c service placement] found 2 providers with available 1 DISK_GB {{(pid=111093) get_provider_ids_matching /opt/stack/placement/placement/objects/research_context.py:549}}
Feb 09 18:56:45.433955 n-d-712143-33 devstack@placement-api.service[111093]: DEBUG placement.objects.research_context [req-01d5c43e-9e33-41dd-becd-b9e8d7e2a611 req-9b370896-41a9-4106-a9e5-36527d1b7c2c service placement] found 2 providers with available 1024 MEMORY_MB {{(pid=111093) get_provider_ids_matching /opt/stack/placement/placement/objects/research_context.py:549}}
Feb 09 18:56:45.434460 n-d-712143-33 devstack@placement-api.service[111093]: DEBUG placement.objects.research_context [req-01d5c43e-9e33-41dd-becd-b9e8d7e2a611 req-9b370896-41a9-4106-a9e5-36527d1b7c2c service placement] found 2 providers after filtering by previous result {{(pid=111093) get_provider_ids_matching /opt/stack/placement/placement/objects/research_context.py:580}}
Feb 09 18:56:45.434915 n-d-712143-33 devstack@placement-api.service[111093]: DEBUG placement.objects.research_context [req-01d5c43e-9e33-41dd-becd-b9e8d7e2a611 req-9b370896-41a9-4106-a9e5-36527d1b7c2c service placement] found 2 providers with available 1 VCPU {{(pid=111093) get_provider_ids_matching /opt/stack/placement/placement/objects/research_context.py:549}}
Feb 09 18:56:45.435373 n-d-712143-33 devstack@placement-api.service[111093]: DEBUG placement.objects.research_context [req-01d5c43e-9e33-41dd-becd-b9e8d7e2a611 req-9b370896-41a9-4106-a9e5-36527d1b7c2c service placement] found 2 providers after filtering by previous result {{(pid=111093) get_provider_ids_matching /opt/stack/placement/placement/objects/research_context.py:580}}
Feb 09 18:56:45.450780 n-d-712143-33 devstack@placement-api.service[111093]: DEBUG placement.objects.allocation_candidate [req-01d5c43e-9e33-41dd-becd-b9e8d7e2a611 req-9b370896-41a9-4106-a9e5-36527d1b7c2c service placement] RequestGroup(use_same_provider=False, resources={DISK_GB:1, MEMORY_MB:1024, VCPU:1}, traits=[], aggregates=[]) (suffix '') returned 2 matches {{(pid=111093) _get_by_requests /opt/stack/placement/placement/objects/allocation_candidate.py:145}}
Feb 09 18:56:45.451846 n-d-712143-33 devstack@placement-api.service[111093]: DEBUG placement.objects.allocation_candidate [req-01d5c43e-9e33-41dd-becd-b9e8d7e2a611 req-9b370896-41a9-4106-a9e5-36527d1b7c2c service placement] Merging candidates yields 2 allocation requests and 2 provider summaries {{(pid=111093) _merge_candidates /opt/stack/placement/placement/objects/allocation_candidate.py:783}}
Feb 09 18:56:45.471357 n-d-712143-33 devstack@placement-api.service[111093]: INFO placement.requestlog [req-01d5c43e-9e33-41dd-becd-b9e8d7e2a611 req-9b370896-41a9-4106-a9e5-36527d1b7c2c service placement] 10.222.0.79 "GET /placement/allocation_candidates?limit=1000&resources=DISK_GB%3A1%2CMEMORY_MB%3A1024%2CVCPU%3A1&root_required=%21COMPUTE_STATUS_DISABLED" status: 200 len: 1309 microversion: 1.36
Feb 09 18:56:45.474786 n-d-712143-33 devstack@placement-api.service[111093]: [pid: 111093|app: 0|req: 302/601] 10.222.0.79 () {60 vars in 1506 bytes} [Wed Feb 9 18:56:45 2022] GET /placement/allocation_candidates?limit=1000&resources=DISK_GB%3A1%2CMEMORY_MB%3A1024%2CVCPU%3A1&root_required=%21COMPUTE_STATUS_DISABLED => generated 1309 bytes in 173 msecs (HTTP/1.1 200) 8 headers in 297 bytes (2 switches on core 0)
Feb 09 18:56:45.532404 n-d-712143-33 devstack@placement-api.service[111094]: DEBUG placement.requestlog [req-01d5c43e-9e33-41dd-becd-b9e8d7e2a611 req-0be7187b-ed23-45cf-a5b2-77ce07c70693 None None] Starting request: 10.222.0.79 "GET /placement/allocations/5fe908d0-0669-4656-8822-3b7d4b51cda9" {{(pid=111094) __call__ /opt/stack/placement/placement/requestlog.py:55}}
Feb 09 18:56:45.553502 n-d-712143-33 devstack@placement-api.service[111094]: INFO placement.requestlog [req-01d5c43e-9e33-41dd-becd-b9e8d7e2a611 req-0be7187b-ed23-45cf-a5b2-77ce07c70693 service placement] 10.222.0.79 "GET /placement/allocations/5fe908d0-0669-4656-8822-3b7d4b51cda9" status: 200 len: 19 microversion: 1.28
Feb 09 18:56:45.554067 n-d-712143-33 devstack@placement-api.service[111094]: [pid: 111094|app: 0|req: 300/602] 10.222.0.79 () {60 vars in 1380 bytes} [Wed Feb 9 18:56:45 2022] GET /placement/allocations/5fe908d0-0669-4656-8822-3b7d4b51cda9 => generated 19 bytes in 22 msecs (HTTP/1.1 200) 8 headers in 295 bytes (1 switches on core 0)
Feb 09 18:56:45.563661 n-d-712143-33 devstack@placement-api.service[111093]: DEBUG placement.requestlog [req-01d5c43e-9e33-41dd-becd-b9e8d7e2a611 req-cb25778f-e5e3-4d7f-807e-ea91c3e93f78 None None] Starting request: 10.222.0.79 "PUT /placement/allocations/5fe908d0-0669-4656-8822-3b7d4b51cda9" {{(pid=111093) __call__ /opt/stack/placement/placement/requestlog.py:55}}
