Sep 16 04:50:41.429537 n-d-712143-16 neutron-server[101825]: DEBUG neutron.notifiers.nova [req-581e42f2-eaee-4c05-ab68-6286ba6d7462 req-dcf38f7a-0e86-4f80-9611-6d6f015579fc service neutron] Ignoring state change previous_port_status: DOWN current_port_status: DOWN port_id ffb2462b-c700-4020-81d9-4721298d97c9 {{(pid=101825) record_port_status_changed /opt/stack/neutron/neutron/notifiers/nova.py:224}}
Sep 16 04:50:41.447073 n-d-712143-16 neutron-server[101825]: DEBUG neutron_lib.callbacks.manager [req-581e42f2-eaee-4c05-ab68-6286ba6d7462 req-dcf38f7a-0e86-4f80-9611-6d6f015579fc service neutron] Notify callbacks [] for port, precommit_update {{(pid=101825) _notify_loop /usr/local/lib/python3.8/dist-packages/neutron_lib/callbacks/manager.py:192}}
Sep 16 04:50:41.467641 n-d-712143-16 neutron-server[101824]: DEBUG neutron.wsgi [-] (101824) accepted ('10.222.0.59', 57738) {{(pid=101824) server /usr/local/lib/python3.8/dist-packages/eventlet/wsgi.py:982}}
Sep 16 04:50:41.522271 n-d-712143-16 neutron-server[101825]: DEBUG neutron.db.provisioning_blocks [req-581e42f2-eaee-4c05-ab68-6286ba6d7462 req-dcf38f7a-0e86-4f80-9611-6d6f015579fc service neutron] Transition to ACTIVE for port object ffb2462b-c700-4020-81d9-4721298d97c9 will not be triggered until provisioned by entity L2. {{(pid=101825) add_provisioning_component /opt/stack/neutron/neutron/db/provisioning_blocks.py:73}}
Sep 16 04:50:41.543056 n-d-712143-16 neutron-server[101824]: DEBUG neutron_lib.callbacks.manager [req-515956d5-36f1-494c-b4f6-74a02006643e req-8604490e-f583-4901-8aae-5637f9619314 tempest-AggregatesAdminTestJSON-1759406250 tempest-AggregatesAdminTestJSON-1759406250-project-admin] Notify callbacks [] for security_group, precommit_create {{(pid=101824) _notify_loop /usr/local/lib/python3.8/dist-packages/neutron_lib/callbacks/manager.py:192}}
Sep 16 04:50:41.560682 n-d-712143-16 neutron-server[101824]: DEBUG neutron.db.db_base_plugin_v2 [None req-e7e1f946-18d8-4d63-b9da-d0f5b5c6fdc4 admin admin] Deleting subnet c214faaa-6163-4533-ac48-206cd5b71f59 {{(pid=101824) delete_subnet /opt/stack/neutron/neutron/db/db_base_plugin_v2.py:1056}}
Sep 16 04:50:41.564600 n-d-712143-16 neutron-server[101824]: DEBUG neutron_lib.callbacks.manager [None req-e7e1f946-18d8-4d63-b9da-d0f5b5c6fdc4 admin admin] Notify callbacks [] for subnet, before_delete {{(pid=101824) _notify_loop /usr/local/lib/python3.8/dist-packages/neutron_lib/callbacks/manager.py:192}}
Sep 16 04:50:41.623405 n-d-712143-16 neutron-server[101825]: DEBUG neutron_lib.callbacks.manager [req-581e42f2-eaee-4c05-ab68-6286ba6d7462 req-dcf38f7a-0e86-4f80-9611-6d6f015579fc service neutron] Notify callbacks ['neutron.plugins.ml2.plugin.SecurityGroupServerNotifierRpcMixin._notify_sg_on_port_change-1038500', 'neutron.plugins.ml2.ovo_rpc._ObjectChangeHandler.handle_event-148858', 'neutron.api.rpc.agentnotifiers.dhcp_rpc_agent_api.DhcpAgentNotifyAPI._native_event_send_dhcp_notification-1585732', 'neutron.db.l3_db.L3RpcNotifierMixin._notify_gateway_port_ip_changed-8769093533709', 'neutron.db.l3_dvrscheduler_db._notify_l3_agent_port_update-8769092983754', 'neutron.db.l3_hascheduler_db._notify_l3_agent_ha_port_update-8769092983772'] for port, after_update {{(pid=101825) _notify_loop /usr/local/lib/python3.8/dist-packages/neutron_lib/callbacks/manager.py:192}}
Sep 16 04:50:41.663544 n-d-712143-16 neutron-server[101824]: DEBUG neutron_lib.callbacks.manager [None req-e7e1f946-18d8-4d63-b9da-d0f5b5c6fdc4 admin admin] Notify callbacks [] for subnet, precommit_delete_associations {{(pid=101824) _notify_loop /usr/local/lib/python3.8/dist-packages/neutron_lib/callbacks/manager.py:192}}
Sep 16 04:50:41.694772 n-d-712143-16 neutron-server[101824]: DEBUG neutron_lib.callbacks.manager [None req-e7e1f946-18d8-4d63-b9da-d0f5b5c6fdc4 admin admin] Notify callbacks ['neutron.plugins.ml2.plugin.Ml2Plugin._subnet_delete_precommit_handler-1010517'] for subnet, precommit_delete {{(pid=101824) _notify_loop /usr/local/lib/python3.8/dist-packages/neutron_lib/callbacks/manager.py:192}}
Sep 16 04:50:41.742425 n-d-712143-16 neutron-server[101824]: DEBUG neutron_lib.callbacks.manager [req-515956d5-36f1-494c-b4f6-74a02006643e req-8604490e-f583-4901-8aae-5637f9619314 tempest-AggregatesAdminTestJSON-1759406250 tempest-AggregatesAdminTestJSON-1759406250-project-admin] Notify callbacks ['neutron.plugins.ml2.ovo_rpc._ObjectChangeHandler.handle_event-1861075'] for security_group, after_create {{(pid=101824) _notify_loop /usr/local/lib/python3.8/dist-packages/neutron_lib/callbacks/manager.py:192}}
Sep 16 04:50:41.753819 n-d-712143-16 neutron-server[101825]: DEBUG neutron.api.rpc.handlers.resources_rpc [None req-dcf38f7a-0e86-4f80-9611-6d6f015579fc service neutron] Pushing event updated for resources: {'Port': ['ID=ffb2462b-c700-4020-81d9-4721298d97c9,revision_number=2']} {{(pid=101825) push /opt/stack/neutron/neutron/api/rpc/handlers/resources_rpc.py:237}}
Sep 16 04:50:41.807404 n-d-712143-16 neutron-server[101824]: INFO neutron.wsgi [req-76d85338-77ef-4b56-a077-63d592d2d157 req-5122e11b-3d54-4285-b056-5a6f93b82667 tempest-ServersAdminTestJSON-2008929006 tempest-ServersAdminTestJSON-2008929006-project] 10.222.0.59 "GET /v2.0/ports?device_id=bb039e55-73f7-403c-9527-6b63bdbe2445 HTTP/1.1" status: 200 len: 210 time: 0.0706952
Sep 16 04:50:41.807692 n-d-712143-16 neutron-server[101825]: DEBUG neutron.plugins.ml2.managers [req-581e42f2-eaee-4c05-ab68-6286ba6d7462 req-dcf38f7a-0e86-4f80-9611-6d6f015579fc service neutron] Attempting to bind port ffb2462b-c700-4020-81d9-4721298d97c9 on host n-h1-712143-16 for vnic_type normal with profile {{(pid=101825) bind_port /opt/stack/neutron/neutron/plugins/ml2/managers.py:790}}
Sep 16 04:50:41.808105 n-d-712143-16 neutron-server[101825]: DEBUG neutron.plugins.ml2.managers [req-581e42f2-eaee-4c05-ab68-6286ba6d7462 req-dcf38f7a-0e86-4f80-9611-6d6f015579fc service neutron] Attempting to bind port ffb2462b-c700-4020-81d9-4721298d97c9 by drivers openvswitch,hyperv on host n-h1-712143-16 at level 0 using segments [{'id': 'd5ff4e59-16a0-4fe4-833e-d75430f9f5d2', 'network_type': 'vlan', 'physical_network': 'physnet1', 'segmentation_id': 402, 'network_id': '67533389-3bb3-4806-87ef-1c99dee8a51d'}] {{(pid=101825) _bind_port_level /opt/stack/neutron/neutron/plugins/ml2/managers.py:815}}
Sep 16 04:50:41.808536 n-d-712143-16 neutron-server[101825]: DEBUG neutron.plugins.ml2.drivers.mech_agent [req-581e42f2-eaee-4c05-ab68-6286ba6d7462 req-dcf38f7a-0e86-4f80-9611-6d6f015579fc service neutron] Attempting to bind port ffb2462b-c700-4020-81d9-4721298d97c9 on network 67533389-3bb3-4806-87ef-1c99dee8a51d {{(pid=101825) bind_port /opt/stack/neutron/neutron/plugins/ml2/drivers/mech_agent.py:91}}
Sep 16 04:50:41.813833 n-d-712143-16 neutron-server[101825]: DEBUG neutron.plugins.ml2.drivers.mech_agent [req-581e42f2-eaee-4c05-ab68-6286ba6d7462 req-dcf38f7a-0e86-4f80-9611-6d6f015579fc service neutron] Port ffb2462b-c700-4020-81d9-4721298d97c9 on network 67533389-3bb3-4806-87ef-1c99dee8a51d not bound, no agent of type Open vSwitch agent registered on host n-h1-712143-16 {{(pid=101825) bind_port /opt/stack/neutron/neutron/plugins/ml2/drivers/mech_agent.py:103}}
Sep 16 04:50:41.814155 n-d-712143-16 neutron-server[101825]: DEBUG neutron.plugins.ml2.drivers.mech_agent [req-581e42f2-eaee-4c05-ab68-6286ba6d7462 req-dcf38f7a-0e86-4f80-9611-6d6f015579fc service neutron] Attempting to bind port ffb2462b-c700-4020-81d9-4721298d97c9 on network 67533389-3bb3-4806-87ef-1c99dee8a51d {{(pid=101825) bind_port /opt/stack/neutron/neutron/plugins/ml2/drivers/mech_agent.py:91}}
Sep 16 04:50:41.819509 n-d-712143-16 neutron-server[101825]: DEBUG neutron.plugins.ml2.drivers.mech_agent [req-581e42f2-eaee-4c05-ab68-6286ba6d7462 req-dcf38f7a-0e86-4f80-9611-6d6f015579fc service neutron] Checking agent: {'id': '92368b1a-622d-4ece-b1b2-e83580e3d07a', 'agent_type': 'HyperV agent', 'binary': 'neutron-hyperv-agent', 'topic': 'N/A', 'host': 'n-h1-712143-16', 'admin_state_up': True, 'created_at': datetime.datetime(2021, 9, 16, 4, 47, 58), 'started_at': datetime.datetime(2021, 9, 16, 4, 47, 58), 'heartbeat_timestamp': datetime.datetime(2021, 9, 16, 4, 50, 28), 'description': None, 'resources_synced': None, 'availability_zone': None, 'alive': True, 'configurations': {'vswitch_mappings': {'physnet1$': 'br-data'}}, 'resource_versions': {}} {{(pid=101825) bind_port /opt/stack/neutron/neutron/plugins/ml2/drivers/mech_agent.py:110}}
Sep 16 04:50:41.819868 n-d-712143-16 neutron-server[101825]: DEBUG neutron.plugins.ml2.drivers.mech_agent [req-581e42f2-eaee-4c05-ab68-6286ba6d7462 req-dcf38f7a-0e86-4f80-9611-6d6f015579fc service neutron] Checking segment: {'id': 'd5ff4e59-16a0-4fe4-833e-d75430f9f5d2', 'network_type': 'vlan', 'physical_network': 'physnet1', 'segmentation_id': 402, 'network_id': '67533389-3bb3-4806-87ef-1c99dee8a51d'} for mappings: {'physnet1$': 'br-data'} with network types: ['local', 'flat', 'vlan'] {{(pid=101825) check_segment_for_agent /opt/stack/neutron/neutron/plugins/ml2/drivers/mech_agent.py:358}}
Sep 16 04:50:41.821983 n-d-712143-16 neutron-server[101824]: INFO neutron.wsgi [req-515956d5-36f1-494c-b4f6-74a02006643e req-8604490e-f583-4901-8aae-5637f9619314 tempest-AggregatesAdminTestJSON-1759406250 tempest-AggregatesAdminTestJSON-1759406250-project-admin] 10.222.0.59 "GET /v2.0/security-groups?id=c3c3d9e6-43cc-4a9e-9a83-a9ac29cee108&fields=id&fields=name HTTP/1.1" status: 200 len: 286 time: 0.5562358
Sep 16 04:50:41.822092 n-d-712143-16 neutron-server[101825]: DEBUG neutron.plugins.ml2.drivers.mech_agent [req-581e42f2-eaee-4c05-ab68-6286ba6d7462 req-dcf38f7a-0e86-4f80-9611-6d6f015579fc service neutron] Bound using segment: {'id': 'd5ff4e59-16a0-4fe4-833e-d75430f9f5d2', 'network_type': 'vlan', 'physical_network': 'physnet1', 'segmentation_id': 402, 'network_id': '67533389-3bb3-4806-87ef-1c99dee8a51d'} {{(pid=101825) bind_port /opt/stack/neutron/neutron/plugins/ml2/drivers/mech_agent.py:120}}
Sep 16 04:50:41.822092 n-d-712143-16 neutron-server[101825]: DEBUG neutron.plugins.ml2.managers [req-581e42f2-eaee-4c05-ab68-6286ba6d7462 req-dcf38f7a-0e86-4f80-9611-6d6f015579fc service neutron] Bound port: ffb2462b-c700-4020-81d9-4721298d97c9, host: n-h1-712143-16, vif_type: hyperv, vif_details: {"connectivity": "legacy", "port_filter": false}, binding_levels: [{'bound_driver': 'hyperv', 'bound_segment': {'id': 'd5ff4e59-16a0-4fe4-833e-d75430f9f5d2', 'network_type': 'vlan', 'physical_network': 'physnet1', 'segmentation_id': 402, 'network_id': '67533389-3bb3-4806-87ef-1c99dee8a51d'}}] {{(pid=101825) _bind_port_level /opt/stack/neutron/neutron/plugins/ml2/managers.py:928}}
Sep 16 04:50:41.822092 n-d-712143-16 neutron-server[101825]: DEBUG neutron_lib.callbacks.manager [req-581e42f2-eaee-4c05-ab68-6286ba6d7462 req-dcf38f7a-0e86-4f80-9611-6d6f015579fc service neutron] Notify callbacks ['neutron.plugins.ml2.plugin.SecurityGroupDbMixin._ensure_default_security_group_handler-1038565'] for port, before_update {{(pid=101825) _notify_loop /usr/local/lib/python3.8/dist-packages/neutron_lib/callbacks/manager.py:192}}
Sep 16 04:50:41.854208 n-d-712143-16 neutron-server[101824]: DEBUG neutron.api.rpc.handlers.resources_rpc [None req-8604490e-f583-4901-8aae-5637f9619314 tempest-AggregatesAdminTestJSON-1759406250 tempest-AggregatesAdminTestJSON-1759406250-project-admin] Pushing event updated for resources: {'SecurityGroup': ['ID=102ebbb5-016f-48d0-a2e8-61ff66ff2d1e,revision_number=1']} {{(pid=101824) push /opt/stack/neutron/neutron/api/rpc/handlers/resources_rpc.py:237}}
Sep 16 04:50:41.941683 n-d-712143-16 neutron-server[101824]: DEBUG neutron_lib.callbacks.manager [None req-31a4c372-bf54-44ee-b83c-7d3806276e38 tempest-ServersWithSpecificFlavorTestJSON-1471971803 tempest-ServersWithSpecificFlavorTestJSON-1471971803-project] Notify callbacks [] for security_group_rule, before_create {{(pid=101824) _notify_loop /usr/local/lib/python3.8/dist-packages/neutron_lib/callbacks/manager.py:192}}
Sep 16 04:50:42.014891 n-d-712143-16 neutron-server[101824]: DEBUG neutron_lib.callbacks.manager [None req-31a4c372-bf54-44ee-b83c-7d3806276e38 tempest-ServersWithSpecificFlavorTestJSON-1471971803 tempest-ServersWithSpecificFlavorTestJSON-1471971803-project] Notify callbacks [] for security_group_rule, precommit_create {{(pid=101824) _notify_loop /usr/local/lib/python3.8/dist-packages/neutron_lib/callbacks/manager.py:192}}
Sep 16 04:50:42.052558 n-d-712143-16 neutron-server[101825]: DEBUG neutron.plugins.ml2.db [req-581e42f2-eaee-4c05-ab68-6286ba6d7462 req-dcf38f7a-0e86-4f80-9611-6d6f015579fc service neutron] For port ffb2462b-c700-4020-81d9-4721298d97c9, host n-h1-712143-16, cleared binding levels {{(pid=101825) clear_binding_levels /opt/stack/neutron/neutron/plugins/ml2/db.py:87}}
Sep 16 04:50:42.061766 n-d-712143-16 neutron-server[101824]: DEBUG neutron_lib.callbacks.manager [None req-e7e1f946-18d8-4d63-b9da-d0f5b5c6fdc4 admin admin] Notify callbacks ['neutron.plugins.ml2.plugin.Ml2Plugin._subnet_delete_after_delete_handler-1010498', 'neutron.plugins.ml2.ovo_rpc._ObjectChangeHandler.handle_event-1867104', 'neutron.api.rpc.agentnotifiers.dhcp_rpc_agent_api.DhcpAgentNotifyAPI._native_event_send_dhcp_notification-1585732'] for subnet, after_delete {{(pid=101824) _notify_loop /usr/local/lib/python3.8/dist-packages/neutron_lib/callbacks/manager.py:192}}
Sep 16 04:50:42.098144 n-d-712143-16 neutron-server[101825]: DEBUG neutron.plugins.ml2.db [req-581e42f2-eaee-4c05-ab68-6286ba6d7462 req-dcf38f7a-0e86-4f80-9611-6d6f015579fc service neutron] For port ffb2462b-c700-4020-81d9-4721298d97c9, host n-h1-712143-16, set binding levels [PortBindingLevel(driver='hyperv',host='n-h1-712143-16',level=0,port_id=ffb2462b-c700-4020-81d9-4721298d97c9,segment=NetworkSegment(d5ff4e59-16a0-4fe4-833e-d75430f9f5d2),segment_id=d5ff4e59-16a0-4fe4-833e-d75430f9f5d2)] {{(pid=101825) set_binding_levels /opt/stack/neutron/neutron/plugins/ml2/db.py:59}}
Sep 16 04:50:42.108644 n-d-712143-16 neutron-server[101824]: DEBUG neutron_lib.callbacks.manager [None req-e7e1f946-18d8-4d63-b9da-d0f5b5c6fdc4 admin admin] Notify callbacks [] for subnet, before_response {{(pid=101824) _notify_loop /usr/local/lib/python3.8/dist-packages/neutron_lib/callbacks/manager.py:192}}
Sep 16 04:50:42.111305 n-d-712143-16 neutron-server[101825]: DEBUG neutron.wsgi [-] (101825) accepted ('10.222.0.59', 57772) {{(pid=101825) server /usr/local/lib/python3.8/dist-packages/eventlet/wsgi.py:982}}
Sep 16 04:50:42.111730 n-d-712143-16 neutron-server[101824]: INFO neutron.wsgi [None req-e7e1f946-18d8-4d63-b9da-d0f5b5c6fdc4 admin admin] 10.222.0.59 "DELETE /v2.0/subnets/c214faaa-6163-4533-ac48-206cd5b71f59 HTTP/1.1" status: 204 len: 168 time: 0.6429856
Sep 16 04:50:42.115274 n-d-712143-16 neutron-server[101824]: DEBUG neutron_lib.callbacks.manager [None req-31a4c372-bf54-44ee-b83c-7d3806276e38 tempest-ServersWithSpecificFlavorTestJSON-1471971803 tempest-ServersWithSpecificFlavorTestJSON-1471971803-project] Notify callbacks ['neutron.plugins.ml2.ovo_rpc._ObjectChangeHandler.handle_event-1854756'] for security_group_rule, after_create {{(pid=101824) _notify_loop /usr/local/lib/python3.8/dist-packages/neutron_lib/callbacks/manager.py:192}}
Sep 16 04:50:42.117476 n-d-712143-16 neutron-server[101824]: DEBUG neutron.api.rpc.handlers.resources_rpc [None req-e7e1f946-18d8-4d63-b9da-d0f5b5c6fdc4 admin admin] Pushing event deleted for resources: {'Subnet': ['ID=c214faaa-6163-4533-ac48-206cd5b71f59,revision_number=None']} {{(pid=101824) push /opt/stack/neutron/neutron/api/rpc/handlers/resources_rpc.py:237}}
Sep 16 04:50:42.171201 n-d-712143-16 neutron-server[101824]: DEBUG neutron.api.rpc.handlers.resources_rpc [None req-31a4c372-bf54-44ee-b83c-7d3806276e38 tempest-ServersWithSpecificFlavorTestJSON-1471971803 tempest-ServersWithSpecificFlavorTestJSON-1471971803-project] Pushing event updated for resources: {'SecurityGroupRule': ['ID=b68197d1-d757-4dcc-ba6a-004aea1faaab,revision_number=0']} {{(pid=101824) push /opt/stack/neutron/neutron/api/rpc/handlers/resources_rpc.py:237}}
Sep 16 04:50:42.198032 n-d-712143-16 neutron-server[101824]: DEBUG neutron.pecan_wsgi.hooks.policy_enforcement [req-cf0eb39f-c2e8-40bc-b115-c7678d62b593 req-849948d5-8862-494a-97b0-748e3df0b705 tempest-LiveAutoBlockMigrationV225Test-228142768 tempest-LiveAutoBlockMigrationV225Test-228142768-project] Attributes excluded by policy engine: ['standard_attr_id', 'binding:profile', 'binding:host_id', 'binding:vif_type', 'binding:vif_details'] {{(pid=101824) _exclude_attributes_by_policy /opt/stack/neutron/neutron/pecan_wsgi/hooks/policy_enforcement.py:255}}
Sep 16 04:50:42.199595 n-d-712143-16 neutron-server[101824]: INFO neutron.wsgi [req-cf0eb39f-c2e8-40bc-b115-c7678d62b593 req-849948d5-8862-494a-97b0-748e3df0b705 tempest-LiveAutoBlockMigrationV225Test-228142768 tempest-LiveAutoBlockMigrationV225Test-228142768-project] 10.222.0.59 "GET /v2.0/ports?device_id=c58b9c05-2b7b-49c6-9edf-698b26404545 HTTP/1.1" status: 200 len: 943 time: 0.0867720
Sep 16 04:50:42.201648 n-d-712143-16 neutron-server[101825]: DEBUG neutron_lib.callbacks.manager [req-581e42f2-eaee-4c05-ab68-6286ba6d7462 req-dcf38f7a-0e86-4f80-9611-6d6f015579fc service neutron] Notify callbacks ['neutron.plugins.ml2.plugin.SecurityGroupServerNotifierRpcMixin._notify_sg_on_port_change-1038500', 'neutron.plugins.ml2.ovo_rpc._ObjectChangeHandler.handle_event-148858', 'neutron.api.rpc.agentnotifiers.dhcp_rpc_agent_api.DhcpAgentNotifyAPI._native_event_send_dhcp_notification-1585732', 'neutron.db.l3_db.L3RpcNotifierMixin._notify_gateway_port_ip_changed-8769093533709', 'neutron.db.l3_dvrscheduler_db._notify_l3_agent_port_update-8769092983754', 'neutron.db.l3_hascheduler_db._notify_l3_agent_ha_port_update-8769092983772'] for port, after_update {{(pid=101825) _notify_loop /usr/local/lib/python3.8/dist-packages/neutron_lib/callbacks/manager.py:192}}
Sep 16 04:50:42.232249 n-d-712143-16 neutron-server[101825]: DEBUG neutron_lib.callbacks.manager [None req-e37dcc2a-a084-4154-8478-d31437c7e620 admin admin] Notify callbacks ['neutron.plugins.ml2.plugin.External_net_db_mixin._before_network_delete_handler-913060'] for network, before_delete {{(pid=101825) _notify_loop /usr/local/lib/python3.8/dist-packages/neutron_lib/callbacks/manager.py:192}}
Sep 16 04:50:42.249434 n-d-712143-16 neutron-server[101825]: DEBUG neutron.pecan_wsgi.hooks.policy_enforcement [req-581e42f2-eaee-4c05-ab68-6286ba6d7462 req-dcf38f7a-0e86-4f80-9611-6d6f015579fc service neutron] Attributes excluded by policy engine: ['standard_attr_id'] {{(pid=101825) _exclude_attributes_by_policy /opt/stack/neutron/neutron/pecan_wsgi/hooks/policy_enforcement.py:255}}
Sep 16 04:50:42.250480 n-d-712143-16 neutron-server[101825]: DEBUG neutron_lib.callbacks.manager [req-581e42f2-eaee-4c05-ab68-6286ba6d7462 req-dcf38f7a-0e86-4f80-9611-6d6f015579fc service neutron] Notify callbacks ['neutron.notifiers.nova.Notifier._send_nova_notification-31251', 'neutron.api.rpc.agentnotifiers.dhcp_rpc_agent_api.DhcpAgentNotifyAPI._send_dhcp_notification-1585750'] for port, before_response {{(pid=101825) _notify_loop /usr/local/lib/python3.8/dist-packages/neutron_lib/callbacks/manager.py:192}}
Sep 16 04:50:42.252030 n-d-712143-16 neutron-server[101825]: INFO neutron.wsgi [req-581e42f2-eaee-4c05-ab68-6286ba6d7462 req-dcf38f7a-0e86-4f80-9611-6d6f015579fc service neutron] 10.222.0.57 "PUT /v2.0/ports/ffb2462b-c700-4020-81d9-4721298d97c9 HTTP/1.1" status: 200 len: 1092 time: 1.4958303
Sep 16 04:50:42.253318 n-d-712143-16 neutron-server[101824]: INFO neutron.wsgi [req-cf0eb39f-c2e8-40bc-b115-c7678d62b593 req-45395059-e18e-4bc0-99ad-7c4ecb84b9c4 tempest-LiveAutoBlockMigrationV225Test-228142768 tempest-LiveAutoBlockMigrationV225Test-228142768-project] 10.222.0.59 "GET /v2.0/security-groups?id=135aa173-9f66-4bee-a920-c4a22bf6f5ad&fields=id&fields=name HTTP/1.1" status: 200 len: 286 time: 0.0463004
Sep 16 04:50:42.257177 n-d-712143-16 neutron-server[101825]: DEBUG neutron.notifiers.nova [-] Sending events: [{'name': 'network-changed', 'server_uuid': 'c58b9c05-2b7b-49c6-9edf-698b26404545', 'tag': 'ffb2462b-c700-4020-81d9-4721298d97c9'}] {{(pid=101825) send_events /opt/stack/neutron/neutron/notifiers/nova.py:262}}
Sep 16 04:50:42.269670 n-d-712143-16 neutron-server[101824]: DEBUG neutron_lib.callbacks.manager [None req-31a4c372-bf54-44ee-b83c-7d3806276e38 tempest-ServersWithSpecificFlavorTestJSON-1471971803 tempest-ServersWithSpecificFlavorTestJSON-1471971803-project] Notify callbacks [] for security_group_rule, before_response {{(pid=101824) _notify_loop /usr/local/lib/python3.8/dist-packages/neutron_lib/callbacks/manager.py:192}}
Sep 16 04:50:42.274692 n-d-712143-16 neutron-server[101824]: INFO neutron.wsgi [None req-31a4c372-bf54-44ee-b83c-7d3806276e38 tempest-ServersWithSpecificFlavorTestJSON-1471971803 tempest-ServersWithSpecificFlavorTestJSON-1471971803-project] 10.222.0.59 "POST /v2.0/security-group-rules HTTP/1.1" status: 201 len: 769 time: 0.9597032
Sep 16 04:50:42.275345 n-d-712143-16 neutron-server[101824]: DEBUG neutron.wsgi [-] (101824) accepted ('10.222.0.59', 57782) {{(pid=101824) server /usr/local/lib/python3.8/dist-packages/eventlet/wsgi.py:982}}
Sep 16 04:50:42.280526 n-d-712143-16 neutron-server[101824]: DEBUG neutron.api.v2.base [None req-83d824c7-f475-4431-af01-e474a43187b2 tempest-ServersWithSpecificFlavorTestJSON-1471971803 tempest-ServersWithSpecificFlavorTestJSON-1471971803-project] Request body: {'floatingip': {'floating_network_id': 'acae3052-0cbf-44f5-a498-404a6def8461'}} {{(pid=101824) prepare_request_body /opt/stack/neutron/neutron/api/v2/base.py:730}}
Sep 16 04:50:42.398642 n-d-712143-16 neutron-server[101825]: DEBUG neutron.api.rpc.handlers.resources_rpc [None req-dcf38f7a-0e86-4f80-9611-6d6f015579fc service neutron] Pushing event updated for resources: {'Port': ['ID=ffb2462b-c700-4020-81d9-4721298d97c9,revision_number=3']} {{(pid=101825) push /opt/stack/neutron/neutron/api/rpc/handlers/resources_rpc.py:237}}
Sep 16 04:50:42.491389 n-d-712143-16 neutron-server[101825]: DEBUG neutron_lib.callbacks.manager [None req-e37dcc2a-a084-4154-8478-d31437c7e620 admin admin] Notify callbacks ['neutron.plugins.ml2.plugin.Ml2Plugin._network_delete_precommit_handler-1013714', 'neutron.services.segments.db._delete_segments_for_network-8769093558685'] for network, precommit_delete {{(pid=101825) _notify_loop /usr/local/lib/python3.8/dist-packages/neutron_lib/callbacks/manager.py:192}}
Sep 16 04:50:42.503790 n-d-712143-16 neutron-server[101824]: DEBUG neutron_lib.callbacks.manager [None req-83d824c7-f475-4431-af01-e474a43187b2 tempest-ServersWithSpecificFlavorTestJSON-1471971803 tempest-ServersWithSpecificFlavorTestJSON-1471971803-project] Notify callbacks [] for floatingip, before_create {{(pid=101824) _notify_loop /usr/local/lib/python3.8/dist-packages/neutron_lib/callbacks/manager.py:192}}
Sep 16 04:50:42.520226 n-d-712143-16 neutron-server[101825]: DEBUG neutron_lib.callbacks.manager [None req-e37dcc2a-a084-4154-8478-d31437c7e620 admin admin] Subscribe: > segment before_delete 55550000 {{(pid=101825) subscribe /usr/local/lib/python3.8/dist-packages/neutron_lib/callbacks/manager.py:45}}
Sep 16 04:50:42.520586 n-d-712143-16 neutron-server[101825]: DEBUG neutron_lib.callbacks.manager [None req-e37dcc2a-a084-4154-8478-d31437c7e620 admin admin] Subscribe: > subnet precommit_delete_associations 55550000 {{(pid=101825) subscribe /usr/local/lib/python3.8/dist-packages/neutron_lib/callbacks/manager.py:45}}
Sep 16 04:50:42.521482 n-d-712143-16 neutron-server[101825]: DEBUG neutron_lib.callbacks.manager [None req-e37dcc2a-a084-4154-8478-d31437c7e620 admin admin] Subscribe: > segment_host_mapping after_create 55550000 {{(pid=101825) subscribe /usr/local/lib/python3.8/dist-packages/neutron_lib/callbacks/manager.py:45}}
Sep 16 04:50:42.521848 n-d-712143-16 neutron-server[101825]: DEBUG neutron_lib.callbacks.manager [None req-e37dcc2a-a084-4154-8478-d31437c7e620 admin admin] Subscribe: > port after_create 55550000 {{(pid=101825) subscribe /usr/local/lib/python3.8/dist-packages/neutron_lib/callbacks/manager.py:45}}
Sep 16 04:50:42.522193 n-d-712143-16 neutron-server[101825]: DEBUG neutron_lib.callbacks.manager [None req-e37dcc2a-a084-4154-8478-d31437c7e620 admin admin] Subscribe: > port after_delete 55550000 {{(pid=101825) subscribe /usr/local/lib/python3.8/dist-packages/neutron_lib/callbacks/manager.py:45}}
Sep 16 04:50:42.522534 n-d-712143-16 neutron-server[101825]: DEBUG neutron_lib.callbacks.manager [None req-e37dcc2a-a084-4154-8478-d31437c7e620 admin admin] Subscribe: > port after_update 55550000 {{(pid=101825) subscribe /usr/local/lib/python3.8/dist-packages/neutron_lib/callbacks/manager.py:45}}
Sep 16 04:50:42.522866 n-d-712143-16 neutron-server[101825]: DEBUG neutron_lib.callbacks.manager [None req-e37dcc2a-a084-4154-8478-d31437c7e620 admin admin] Subscribe: > segment after_delete 55550000 {{(pid=101825) subscribe /usr/local/lib/python3.8/dist-packages/neutron_lib/callbacks/manager.py:45}}
Sep 16 04:50:42.523190 n-d-712143-16 neutron-server[101825]: DEBUG neutron_lib.callbacks.manager [None req-e37dcc2a-a084-4154-8478-d31437c7e620 admin admin] Subscribe: > subnet after_create 55550000 {{(pid=101825) subscribe /usr/local/lib/python3.8/dist-packages/neutron_lib/callbacks/manager.py:45}}
Sep 16 04:50:42.523544 n-d-712143-16 neutron-server[101825]: DEBUG neutron_lib.callbacks.manager [None req-e37dcc2a-a084-4154-8478-d31437c7e620 admin admin] Subscribe: > subnet after_delete 55550000 {{(pid=101825) subscribe /usr/local/lib/python3.8/dist-packages/neutron_lib/callbacks/manager.py:45}}
Sep 16 04:50:42.523866 n-d-712143-16 neutron-server[101825]: DEBUG neutron_lib.callbacks.manager [None req-e37dcc2a-a084-4154-8478-d31437c7e620 admin admin] Subscribe: > subnet after_update 55550000 {{(pid=101825) subscribe /usr/local/lib/python3.8/dist-packages/neutron_lib/callbacks/manager.py:45}}
Sep 16 04:50:42.598725 n-d-712143-16 neutron-server[101825]: DEBUG neutron_lib.callbacks.manager [None req-e37dcc2a-a084-4154-8478-d31437c7e620 admin admin] Subscribe: > subnet after_create 55550000 {{(pid=101825) subscribe /usr/local/lib/python3.8/dist-packages/neutron_lib/callbacks/manager.py:45}}
Sep 16 04:50:42.599078 n-d-712143-16 neutron-server[101825]: DEBUG neutron_lib.callbacks.manager [None req-e37dcc2a-a084-4154-8478-d31437c7e620 admin admin] Subscribe: > subnet after_delete 55550000 {{(pid=101825) subscribe /usr/local/lib/python3.8/dist-packages/neutron_lib/callbacks/manager.py:45}}
Sep 16 04:50:42.599437 n-d-712143-16 neutron-server[101825]: DEBUG neutron_lib.callbacks.manager [None req-e37dcc2a-a084-4154-8478-d31437c7e620 admin admin] Subscribe: > subnet before_create 55550000 {{(pid=101825) subscribe /usr/local/lib/python3.8/dist-packages/neutron_lib/callbacks/manager.py:45}}
Sep 16 04:50:42.599780 n-d-712143-16 neutron-server[101825]: DEBUG neutron_lib.callbacks.manager [None req-e37dcc2a-a084-4154-8478-d31437c7e620 admin admin] Subscribe: > subnet before_update 55550000 {{(pid=101825) subscribe /usr/local/lib/python3.8/dist-packages/neutron_lib/callbacks/manager.py:45}}
Sep 16 04:50:42.600149 n-d-712143-16 neutron-server[101825]: DEBUG neutron.services.segments.db [None req-e37dcc2a-a084-4154-8478-d31437c7e620 admin admin] neutron.services.segments.plugin.Plugin method get_segments called with arguments (,) {'filters': {'network_id': ['7e299c61-b6df-4f15-9df8-d856c52029dd']}} {{(pid=101825) wrapper /usr/local/lib/python3.8/dist-packages/oslo_log/helpers.py:65}}
Sep 16 04:50:42.603120 n-d-712143-16 neutron-server[101824]: DEBUG neutron_lib.callbacks.manager [None req-83d824c7-f475-4431-af01-e474a43187b2 tempest-ServersWithSpecificFlavorTestJSON-1471971803 tempest-ServersWithSpecificFlavorTestJSON-1471971803-project] Notify callbacks ['neutron.plugins.ml2.plugin.SecurityGroupDbMixin._ensure_default_security_group_handler-1038565'] for port, before_create {{(pid=101824) _notify_loop /usr/local/lib/python3.8/dist-packages/neutron_lib/callbacks/manager.py:192}}
Sep 16 04:50:42.625965 n-d-712143-16 neutron-server[101825]: DEBUG neutron.services.segments.db [None req-e37dcc2a-a084-4154-8478-d31437c7e620 admin admin] neutron.services.segments.plugin.Plugin method delete_segment called with arguments (, '48a5c8b8-7945-41df-b324-77a5c17090f2') {'for_net_delete': True} {{(pid=101825) wrapper /usr/local/lib/python3.8/dist-packages/oslo_log/helpers.py:65}}
Sep 16 04:50:42.626263 n-d-712143-16 neutron-server[101825]: DEBUG neutron.services.segments.db [None req-e37dcc2a-a084-4154-8478-d31437c7e620 admin admin] neutron.services.segments.plugin.Plugin method get_segment called with arguments (, '48a5c8b8-7945-41df-b324-77a5c17090f2') {} {{(pid=101825) wrapper /usr/local/lib/python3.8/dist-packages/oslo_log/helpers.py:65}}
Sep 16 04:50:42.647883 n-d-712143-16 neutron-server[101825]: DEBUG neutron.pecan_wsgi.hooks.policy_enforcement [req-581e42f2-eaee-4c05-ab68-6286ba6d7462 req-43fb1b17-0c49-447f-9b6f-6e53c5e05089 service neutron] Attributes excluded by policy engine: ['standard_attr_id'] {{(pid=101825) _exclude_attributes_by_policy /opt/stack/neutron/neutron/pecan_wsgi/hooks/policy_enforcement.py:255}}
Sep 16 04:50:42.650026 n-d-712143-16 neutron-server[101825]: INFO neutron.wsgi [req-581e42f2-eaee-4c05-ab68-6286ba6d7462 req-43fb1b17-0c49-447f-9b6f-6e53c5e05089 service neutron] 10.222.0.57 "GET /v2.0/ports?tenant_id=8cdb984372b74e3fad220d4bbcbe4521&device_id=c58b9c05-2b7b-49c6-9edf-698b26404545 HTTP/1.1" status: 200 len: 1095 time: 0.2380104
Sep 16 04:50:42.651854 n-d-712143-16 neutron-server[101825]: DEBUG neutron_lib.callbacks.manager [None req-e37dcc2a-a084-4154-8478-d31437c7e620 admin admin] Notify callbacks ['neutron.plugins.ml2.db._prevent_segment_delete_with_port_bound-8769093559718', 'neutron.services.segments.plugin.Plugin._prevent_segment_delete_with_subnet_associated-3537461'] for segment, before_delete {{(pid=101825) _notify_loop /usr/local/lib/python3.8/dist-packages/neutron_lib/callbacks/manager.py:192}}
Sep 16 04:50:42.704846 n-d-712143-16 neutron-server[101825]: DEBUG neutron_lib.callbacks.manager [None req-e37dcc2a-a084-4154-8478-d31437c7e620 admin admin] Notify callbacks ['neutron.plugins.ml2.plugin.Ml2Plugin._handle_segment_change-1008064'] for segment, precommit_delete {{(pid=101825) _notify_loop /usr/local/lib/python3.8/dist-packages/neutron_lib/callbacks/manager.py:192}}
Sep 16 04:50:42.735069 n-d-712143-16 neutron-server[101824]: DEBUG neutron.db.db_base_plugin_common [None req-83d824c7-f475-4431-af01-e474a43187b2 tempest-ServersWithSpecificFlavorTestJSON-1471971803 tempest-ServersWithSpecificFlavorTestJSON-1471971803-project] Allocated IP 172.25.7.160 (acae3052-0cbf-44f5-a498-404a6def8461/6307c441-634a-44ea-8781-2aea1be77055/6e389239-c6ed-4a79-8618-1a69438c53a2) {{(pid=101824) _store_ip_allocation /opt/stack/neutron/neutron/db/db_base_plugin_common.py:131}}
Sep 16 04:50:42.740929 n-d-712143-16 neutron-server[101825]: INFO neutron.wsgi [req-581e42f2-eaee-4c05-ab68-6286ba6d7462 req-79d4950a-23a4-4b08-b7f3-636bcaa82f5c service neutron] 10.222.0.57 "GET /v2.0/floatingips?fixed_ip_address=172.20.0.2&port_id=ffb2462b-c700-4020-81d9-4721298d97c9 HTTP/1.1" status: 200 len: 217 time: 0.0718582
Sep 16 04:50:42.744792 n-d-712143-16 neutron-server[101825]: DEBUG neutron.plugins.ml2.drivers.type_vlan [None req-e37dcc2a-a084-4154-8478-d31437c7e620 admin admin] Releasing vlan 426 on physical network physnet1 to pool {{(pid=101825) release_segment /opt/stack/neutron/neutron/plugins/ml2/drivers/type_vlan.py:304}}
Sep 16 04:50:42.745196 n-d-712143-16 neutron-server[101825]: DEBUG neutron_lib.callbacks.manager [None req-e37dcc2a-a084-4154-8478-d31437c7e620 admin admin] Notify callbacks ['neutron.plugins.ml2.plugin.Ml2Plugin._handle_segment_change-1008064', 'neutron.services.segments.plugin.NovaSegmentNotifier._notify_segment_deleted-9370630'] for segment, after_delete {{(pid=101825) _notify_loop /usr/local/lib/python3.8/dist-packages/neutron_lib/callbacks/manager.py:192}}
Sep 16 04:50:42.764901 n-d-712143-16 neutron-server[101825]: /usr/lib/python3/dist-packages/secretstorage/dhcrypto.py:15: CryptographyDeprecationWarning: int_from_bytes is deprecated, use int.from_bytes instead
Sep 16 04:50:42.764901 n-d-712143-16 neutron-server[101825]: from cryptography.utils import int_from_bytes
Sep 16 04:50:42.764901 n-d-712143-16 neutron-server[101825]: /usr/lib/python3/dist-packages/secretstorage/util.py:19: CryptographyDeprecationWarning: int_from_bytes is deprecated, use int.from_bytes instead
Sep 16 04:50:42.764901 n-d-712143-16 neutron-server[101825]: from cryptography.utils import int_from_bytes
Sep 16 04:50:42.764901 n-d-712143-16 neutron-server[101825]: Traceback (most recent call last):
Sep 16 04:50:42.764901 n-d-712143-16 neutron-server[101825]: File "/usr/local/lib/python3.8/dist-packages/eventlet/hubs/hub.py", line 476, in fire_timers
Sep 16 04:50:42.764901 n-d-712143-16 neutron-server[101825]: timer()
Sep 16 04:50:42.764901 n-d-712143-16 neutron-server[101825]: File "/usr/local/lib/python3.8/dist-packages/eventlet/hubs/timer.py", line 59, in __call__
Sep 16 04:50:42.764901 n-d-712143-16 neutron-server[101825]: cb(*args, **kw)
Sep 16 04:50:42.764901 n-d-712143-16 neutron-server[101825]: File "/opt/stack/neutron/neutron/common/utils.py", line 906, in wrapper
Sep 16 04:50:42.764901 n-d-712143-16 neutron-server[101825]: return func(*args, **kwargs)
Sep 16 04:50:42.764901 n-d-712143-16 neutron-server[101825]: File "/opt/stack/neutron/neutron/notifiers/batch_notifier.py", line 58, in synced_send
Sep 16 04:50:42.764901 n-d-712143-16 neutron-server[101825]: self._notify()
Sep 16 04:50:42.764901 n-d-712143-16 neutron-server[101825]: File "/opt/stack/neutron/neutron/notifiers/batch_notifier.py", line 69, in _notify
Sep 16 04:50:42.764901 n-d-712143-16 neutron-server[101825]: self.callback(batched_events)
Sep 16 04:50:42.764901 n-d-712143-16 neutron-server[101825]: File "/opt/stack/neutron/neutron/services/segments/plugin.py", line 211, in _send_notifications
Sep 16 04:50:42.764901 n-d-712143-16 neutron-server[101825]: event.method(event)
Sep 16 04:50:42.764901 n-d-712143-16 neutron-server[101825]: File "/opt/stack/neutron/neutron/services/segments/plugin.py", line 383, in _delete_nova_inventory
Sep 16 04:50:42.764901 n-d-712143-16 neutron-server[101825]: aggregate_id = self._get_aggregate_id(event.segment_id)
Sep 16 04:50:42.764901 n-d-712143-16 neutron-server[101825]: File "/opt/stack/neutron/neutron/services/segments/plugin.py", line 370, in _get_aggregate_id
Sep 16 04:50:42.764901 n-d-712143-16 neutron-server[101825]: aggregate_uuid = self.p_client.list_aggregates(
Sep 16 04:50:42.764901 n-d-712143-16 neutron-server[101825]: File "/usr/local/lib/python3.8/dist-packages/neutron_lib/placement/client.py", line 58, in wrapper
Sep 16 04:50:42.764901 n-d-712143-16 neutron-server[101825]: return f(self, *a, **k)
Sep 16 04:50:42.764901 n-d-712143-16 neutron-server[101825]: File "/usr/local/lib/python3.8/dist-packages/neutron_lib/placement/client.py", line 554, in list_aggregates
Sep 16 04:50:42.764901 n-d-712143-16 neutron-server[101825]: return self._get(url).json()
Sep 16 04:50:42.764901 n-d-712143-16 neutron-server[101825]: File "/usr/local/lib/python3.8/dist-packages/neutron_lib/placement/client.py", line 190, in _get
Sep 16 04:50:42.764901 n-d-712143-16 neutron-server[101825]: return self._client.get(url, endpoint_filter=self._ks_filter,
Sep 16 04:50:42.764901 n-d-712143-16 neutron-server[101825]: File "/usr/local/lib/python3.8/dist-packages/keystoneauth1/session.py", line 1141, in get
Sep 16 04:50:42.764901 n-d-712143-16 neutron-server[101825]: return self.request(url, 'GET', **kwargs)
Sep 16 04:50:42.764901 n-d-712143-16 neutron-server[101825]: File "/usr/local/lib/python3.8/dist-packages/keystoneauth1/session.py", line 811, in request
Sep 16 04:50:42.764901 n-d-712143-16 neutron-server[101825]: base_url = self.get_endpoint(auth, allow=allow,
Sep 16 04:50:42.764901 n-d-712143-16 neutron-server[101825]: File "/usr/local/lib/python3.8/dist-packages/keystoneauth1/session.py", line 1241, in get_endpoint
Sep 16 04:50:42.764901 n-d-712143-16 neutron-server[101825]: auth = self._auth_required(auth, 'determine endpoint URL')
Sep 16 04:50:42.764901 n-d-712143-16 neutron-server[101825]: File "/usr/local/lib/python3.8/dist-packages/keystoneauth1/session.py", line 1181, in _auth_required
Sep 16 04:50:42.764901 n-d-712143-16 neutron-server[101825]: raise exceptions.MissingAuthPlugin(msg_fmt % msg)
Sep 16 04:50:42.764901 n-d-712143-16 neutron-server[101825]: keystoneauth1.exceptions.auth_plugins.MissingAuthPlugin: An auth plugin is required to determine endpoint URL
Sep 16 04:50:42.818784 n-d-712143-16 neutron-server[101825]: DEBUG novaclient.v2.client [-] REQ: curl -g -i --cacert "/opt/stack/data/ca-bundle.pem" -X POST http://10.222.0.59/compute/v2.1/os-server-external-events -H "Accept: application/json" -H "Content-Type: application/json" -H "User-Agent: python-novaclient" -H "X-Auth-Token: {SHA256}c16b6d6744946e58789aac7eb540319c57784796c5514956c3a040968ba74142" -H "X-OpenStack-Nova-API-Version: 2.1" -H "X-OpenStack-Request-ID: req-b97761cb-cf3d-4961-a98e-6bb76a5a6b64" -d '{"events": [{"name": "network-changed", "server_uuid": "c58b9c05-2b7b-49c6-9edf-698b26404545", "tag": "ffb2462b-c700-4020-81d9-4721298d97c9"}]}' {{(pid=101825) _http_log_request /usr/local/lib/python3.8/dist-packages/keystoneauth1/session.py:519}}
Sep 16 04:50:42.867182 n-d-712143-16 neutron-server[101824]: DEBUG neutron_lib.callbacks.manager [None req-83d824c7-f475-4431-af01-e474a43187b2 tempest-ServersWithSpecificFlavorTestJSON-1471971803 tempest-ServersWithSpecificFlavorTestJSON-1471971803-project] Notify callbacks [] for port, precommit_create {{(pid=101824) _notify_loop /usr/local/lib/python3.8/dist-packages/neutron_lib/callbacks/manager.py:192}}
Sep 16 04:50:42.886153 n-d-712143-16 neutron-server[101825]: DEBUG neutron.pecan_wsgi.hooks.policy_enforcement [req-581e42f2-eaee-4c05-ab68-6286ba6d7462 req-e52c515f-cf68-4443-952f-772f22b93e19 service neutron] Attributes excluded by policy engine: ['standard_attr_id', 'shared', 'segment_id'] {{(pid=101825) _exclude_attributes_by_policy /opt/stack/neutron/neutron/pecan_wsgi/hooks/policy_enforcement.py:255}}
Sep 16 04:50:42.887603 n-d-712143-16 neutron-server[101825]: INFO neutron.wsgi [req-581e42f2-eaee-4c05-ab68-6286ba6d7462 req-e52c515f-cf68-4443-952f-772f22b93e19 service neutron] 10.222.0.57 "GET /v2.0/subnets?id=75d3002a-9b64-4709-99ca-fa6dd9ce7ca5 HTTP/1.1" status: 200 len: 861 time: 0.1216502
Sep 16 04:50:42.913584 n-d-712143-16 neutron-server[101824]: DEBUG neutron.wsgi [-] (101824) accepted ('10.222.0.59', 57804) {{(pid=101824) server /usr/local/lib/python3.8/dist-packages/eventlet/wsgi.py:982}}
Sep 16 04:50:43.001888 n-d-712143-16 neutron-server[101825]: INFO neutron.wsgi [req-581e42f2-eaee-4c05-ab68-6286ba6d7462 req-2496aaab-ded9-4b7a-bd4a-90e138c6452a service neutron] 10.222.0.57 "GET /v2.0/ports?network_id=67533389-3bb3-4806-87ef-1c99dee8a51d&device_owner=network%3Adhcp HTTP/1.1" status: 200 len: 210 time: 0.0606618
Sep 16 04:50:43.005110 n-d-712143-16 neutron-server[101824]: INFO neutron.wsgi [req-3b114160-247e-4c08-b6e3-68ce964f996b req-60b92ec3-3a6a-4892-bf75-0801d0d830f8 tempest-ServersAdminTestJSON-2008929006 tempest-ServersAdminTestJSON-2008929006-project] 10.222.0.59 "GET /v2.0/ports?device_id=bb039e55-73f7-403c-9527-6b63bdbe2445 HTTP/1.1" status: 200 len: 210 time: 0.0369966
Sep 16 04:50:43.015737 n-d-712143-16 neutron-server[101825]: DEBUG novaclient.v2.client [-] RESP: [200] Connection: close Content-Length: 179 Content-Type: application/json Date: Thu, 16 Sep 2021 04:50:42 GMT OpenStack-API-Version: compute 2.1 Server: Apache/2.4.41 (Ubuntu) Vary: OpenStack-API-Version,X-OpenStack-Nova-API-Version X-OpenStack-Nova-API-Version: 2.1 x-compute-request-id: req-52483c0d-a48e-4bba-b983-3d721f58c9ff x-openstack-request-id: req-52483c0d-a48e-4bba-b983-3d721f58c9ff {{(pid=101825) _http_log_response /usr/local/lib/python3.8/dist-packages/keystoneauth1/session.py:550}}
Sep 16 04:50:43.016210 n-d-712143-16 neutron-server[101825]: DEBUG novaclient.v2.client [-] RESP BODY: {"events": [{"name": "network-changed", "server_uuid": "c58b9c05-2b7b-49c6-9edf-698b26404545", "tag": "ffb2462b-c700-4020-81d9-4721298d97c9", "status": "completed", "code": 200}]} {{(pid=101825) _http_log_response /usr/local/lib/python3.8/dist-packages/keystoneauth1/session.py:582}}
Sep 16 04:50:43.016593 n-d-712143-16 neutron-server[101825]: DEBUG novaclient.v2.client [-] POST call to compute for http://10.222.0.59/compute/v2.1/os-server-external-events used request id req-52483c0d-a48e-4bba-b983-3d721f58c9ff {{(pid=101825) request /usr/local/lib/python3.8/dist-packages/keystoneauth1/session.py:954}}
Sep 16 04:50:43.017631 n-d-712143-16 neutron-server[101825]: INFO neutron.notifiers.nova [-] Nova event response: {'name': 'network-changed', 'server_uuid': 'c58b9c05-2b7b-49c6-9edf-698b26404545', 'tag': 'ffb2462b-c700-4020-81d9-4721298d97c9', 'status': 'completed', 'code': 200}
Sep 16 04:50:43.080920 n-d-712143-16 neutron-server[101824]: DEBUG neutron_lib.callbacks.manager [None req-640f8de9-9bb3-40f9-8aa1-e6da1acfb6b4 admin admin] Notify callbacks [] for security_group, before_create {{(pid=101824) _notify_loop /usr/local/lib/python3.8/dist-packages/neutron_lib/callbacks/manager.py:192}}
Sep 16 04:50:43.115578 n-d-712143-16 neutron-server[101825]: DEBUG neutron_lib.callbacks.manager [None req-e37dcc2a-a084-4154-8478-d31437c7e620 admin admin] Notify callbacks ['neutron.plugins.ml2.plugin.Ml2Plugin._network_delete_after_delete_handler-1013707', 'neutron.plugins.ml2.ovo_rpc._ObjectChangeHandler.handle_event-1867019', 'neutron.api.rpc.agentnotifiers.dhcp_rpc_agent_api.DhcpAgentNotifyAPI._native_event_send_dhcp_notification-1585732', 'neutron.services.l3_router.l3_router_plugin.DVRResourceOperationHandler.delete_fip_namespaces_for_ext_net-1678617'] for network, after_delete {{(pid=101825) _notify_loop /usr/local/lib/python3.8/dist-packages/neutron_lib/callbacks/manager.py:192}}
Sep 16 04:50:43.126962 n-d-712143-16 neutron-server[101825]: DEBUG neutron_lib.callbacks.manager [None req-e37dcc2a-a084-4154-8478-d31437c7e620 admin admin] Notify callbacks ['neutron.api.rpc.agentnotifiers.dhcp_rpc_agent_api.DhcpAgentNotifyAPI._send_dhcp_notification-1585750'] for network, before_response {{(pid=101825) _notify_loop /usr/local/lib/python3.8/dist-packages/neutron_lib/callbacks/manager.py:192}}
Sep 16 04:50:43.126962 n-d-712143-16 neutron-server[101825]: INFO neutron.wsgi [None req-e37dcc2a-a084-4154-8478-d31437c7e620 admin admin] 10.222.0.59 "DELETE /v2.0/networks/7e299c61-b6df-4f15-9df8-d856c52029dd HTTP/1.1" status: 204 len: 168 time: 1.0120490
Sep 16 04:50:43.130665 n-d-712143-16 neutron-server[101824]: DEBUG neutron.wsgi [-] (101824) accepted ('10.222.0.59', 57810) {{(pid=101824) server /usr/local/lib/python3.8/dist-packages/eventlet/wsgi.py:982}}
Sep 16 04:50:43.141981 n-d-712143-16 neutron-server[101825]: DEBUG neutron.api.rpc.handlers.resources_rpc [None req-e37dcc2a-a084-4154-8478-d31437c7e620 admin admin] Pushing event deleted for resources: {'Network': ['ID=7e299c61-b6df-4f15-9df8-d856c52029dd,revision_number=None']} {{(pid=101825) push /opt/stack/neutron/neutron/api/rpc/handlers/resources_rpc.py:237}}
Sep 16 04:50:43.172662 n-d-712143-16 neutron-server[101825]: INFO neutron.wsgi [req-581e42f2-eaee-4c05-ab68-6286ba6d7462 req-432b208b-27d5-4891-b2fe-514c7730fa40 service neutron] 10.222.0.57 "GET /v2.0/networks/67533389-3bb3-4806-87ef-1c99dee8a51d?fields=segments HTTP/1.1" status: 200 len: 212 time: 0.1127696
Sep 16 04:50:43.198844 n-d-712143-16 neutron-server[101824]: DEBUG neutron_lib.callbacks.manager [None req-83d824c7-f475-4431-af01-e474a43187b2 tempest-ServersWithSpecificFlavorTestJSON-1471971803 tempest-ServersWithSpecificFlavorTestJSON-1471971803-project] Notify callbacks ['neutron.plugins.ml2.plugin.SecurityGroupServerNotifierRpcMixin._notify_sg_on_port_change-1038500', 'neutron.plugins.ml2.ovo_rpc._ObjectChangeHandler.handle_event-148858', 'neutron.api.rpc.agentnotifiers.dhcp_rpc_agent_api.DhcpAgentNotifyAPI._native_event_send_dhcp_notification-1585732', 'neutron.db.l3_dvrscheduler_db._notify_l3_agent_new_port-8769092983736'] for port, after_create {{(pid=101824) _notify_loop /usr/local/lib/python3.8/dist-packages/neutron_lib/callbacks/manager.py:192}}
Sep 16 04:50:43.202986 n-d-712143-16 neutron-server[101824]: DEBUG neutron.db.db_base_plugin_v2 [None req-7460486b-1b49-4e14-8799-85537b10eb67 admin admin] Deleting subnet ec6de41d-d9e9-46a2-8695-e5ff8ae8cc07 {{(pid=101824) delete_subnet /opt/stack/neutron/neutron/db/db_base_plugin_v2.py:1056}}
Sep 16 04:50:43.214923 n-d-712143-16 neutron-server[101824]: DEBUG neutron_lib.callbacks.manager [None req-7460486b-1b49-4e14-8799-85537b10eb67 admin admin] Notify callbacks [] for subnet, before_delete {{(pid=101824) _notify_loop /usr/local/lib/python3.8/dist-packages/neutron_lib/callbacks/manager.py:192}}
Sep 16 04:50:43.285333 n-d-712143-16 neutron-server[101825]: INFO neutron.wsgi [req-581e42f2-eaee-4c05-ab68-6286ba6d7462 req-44dd8cf0-aa85-4827-b980-75fabe342795 service neutron] 10.222.0.57 "GET /v2.0/networks/67533389-3bb3-4806-87ef-1c99dee8a51d?fields=provider%3Aphysical_network&fields=provider%3Anetwork_type HTTP/1.1" status: 200 len: 281 time: 0.1062016
Sep 16 04:50:43.285816 n-d-712143-16 neutron-server[101825]: DEBUG neutron.wsgi [-] (101825) accepted ('10.222.0.59', 57818) {{(pid=101825) server /usr/local/lib/python3.8/dist-packages/eventlet/wsgi.py:982}}
Sep 16 04:50:43.322632 n-d-712143-16 neutron-server[101824]: DEBUG neutron.scheduler.dhcp_agent_scheduler [None req-83d824c7-f475-4431-af01-e474a43187b2 tempest-ServersWithSpecificFlavorTestJSON-1471971803 tempest-ServersWithSpecificFlavorTestJSON-1471971803-project] Network acae3052-0cbf-44f5-a498-404a6def8461 is already hosted by enough agents. {{(pid=101824) _get_dhcp_agents_hosting_network /opt/stack/neutron/neutron/scheduler/dhcp_agent_scheduler.py:275}}
Sep 16 04:50:43.327755 n-d-712143-16 neutron-server[101824]: DEBUG neutron.api.rpc.handlers.resources_rpc [None req-83d824c7-f475-4431-af01-e474a43187b2 tempest-ServersWithSpecificFlavorTestJSON-1471971803 tempest-ServersWithSpecificFlavorTestJSON-1471971803-project] Pushing event updated for resources: {'Port': ['ID=6e389239-c6ed-4a79-8618-1a69438c53a2,revision_number=1']} {{(pid=101824) push /opt/stack/neutron/neutron/api/rpc/handlers/resources_rpc.py:237}}
Sep 16 04:50:43.332444 n-d-712143-16 neutron-server[101824]: DEBUG neutron_lib.callbacks.manager [None req-640f8de9-9bb3-40f9-8aa1-e6da1acfb6b4 admin admin] Notify callbacks [] for security_group, precommit_create {{(pid=101824) _notify_loop /usr/local/lib/python3.8/dist-packages/neutron_lib/callbacks/manager.py:192}}
Sep 16 04:50:43.359206 n-d-712143-16 neutron-server[101824]: DEBUG neutron.scheduler.base_scheduler [None req-83d824c7-f475-4431-af01-e474a43187b2 tempest-ServersWithSpecificFlavorTestJSON-1471971803 tempest-ServersWithSpecificFlavorTestJSON-1471971803-project] Resources bound (agent type, host, resource id): {{(pid=101824) schedule /opt/stack/neutron/neutron/scheduler/base_scheduler.py:57}}
Sep 16 04:50:43.365589 n-d-712143-16 neutron-server[101824]: DEBUG neutron.db.l3_dvrscheduler_db [None req-83d824c7-f475-4431-af01-e474a43187b2 tempest-ServersWithSpecificFlavorTestJSON-1471971803 tempest-ServersWithSpecificFlavorTestJSON-1471971803-project] Received port after_create {{(pid=101824) _notify_l3_agent_new_port /opt/stack/neutron/neutron/db/l3_dvrscheduler_db.py:535}}
Sep 16 04:50:43.392551 n-d-712143-16 neutron-server[101824]: DEBUG neutron_lib.callbacks.manager [None req-7460486b-1b49-4e14-8799-85537b10eb67 admin admin] Notify callbacks [] for subnet, precommit_delete_associations {{(pid=101824) _notify_loop /usr/local/lib/python3.8/dist-packages/neutron_lib/callbacks/manager.py:192}}
Sep 16 04:50:43.418533 n-d-712143-16 neutron-server[101824]: DEBUG neutron_lib.callbacks.manager [None req-7460486b-1b49-4e14-8799-85537b10eb67 admin admin] Notify callbacks ['neutron.plugins.ml2.plugin.Ml2Plugin._subnet_delete_precommit_handler-1010517'] for subnet, precommit_delete {{(pid=101824) _notify_loop /usr/local/lib/python3.8/dist-packages/neutron_lib/callbacks/manager.py:192}}
Sep 16 04:50:43.429239 n-d-712143-16 neutron-server[101825]: DEBUG neutron_lib.callbacks.manager [None req-24fb76c6-6463-408c-b150-c8fd040a0b3c admin admin] Notify callbacks [] for security_group, before_create {{(pid=101825) _notify_loop /usr/local/lib/python3.8/dist-packages/neutron_lib/callbacks/manager.py:192}}
Sep 16 04:50:43.495850 n-d-712143-16 neutron-server[101824]: DEBUG neutron_lib.callbacks.manager [None req-640f8de9-9bb3-40f9-8aa1-e6da1acfb6b4 admin admin] Notify callbacks ['neutron.plugins.ml2.ovo_rpc._ObjectChangeHandler.handle_event-1861075'] for security_group, after_create {{(pid=101824) _notify_loop /usr/local/lib/python3.8/dist-packages/neutron_lib/callbacks/manager.py:192}}
Sep 16 04:50:43.530365 n-d-712143-16 neutron-server[101824]: INFO neutron.wsgi [req-81f458a6-a791-4670-a921-0dd735e7c670 req-cb8a895d-eeda-44b0-90fe-e7c78f9aed26 service neutron] 10.222.0.60 "GET /v2.0/ports?device_id=683f7a3e-01c9-493c-a4cd-16bb9e8f4971&fields=binding%3Ahost_id&fields=binding%3Avif_type HTTP/1.1" status: 200 len: 274 time: 0.2381926
Sep 16 04:50:43.546620 n-d-712143-16 neutron-server[101825]: DEBUG neutron_lib.callbacks.manager [None req-24fb76c6-6463-408c-b150-c8fd040a0b3c admin admin] Notify callbacks [] for security_group, precommit_create {{(pid=101825) _notify_loop /usr/local/lib/python3.8/dist-packages/neutron_lib/callbacks/manager.py:192}}
Sep 16 04:50:43.562201 n-d-712143-16 neutron-server[101824]: DEBUG neutron.api.rpc.handlers.resources_rpc [None req-640f8de9-9bb3-40f9-8aa1-e6da1acfb6b4 admin admin] Pushing event updated for resources: {'SecurityGroup': ['ID=3b720173-4ab6-441d-bacd-f64a972cd153,revision_number=1']} {{(pid=101824) push /opt/stack/neutron/neutron/api/rpc/handlers/resources_rpc.py:237}}
