Aug 11 00:19:42.175333 n-d-712143-13 devstack@n-api.service[116853]: DEBUG oslo_concurrency.lockutils [None req-e942edb9-298e-42fb-a781-440266e60e3d tempest-AggregatesAdminTestJSON-1939870761 tempest-AggregatesAdminTestJSON-1939870761-project] Lock "777f2969-d4e6-4281-998f-8b85ae9fafea" released by "nova.context.set_target_cell..get_or_set_cached_cell_and_set_connections" :: held 0.001s {{(pid=116853) inner /usr/local/lib/python3.8/dist-packages/oslo_concurrency/lockutils.py:367}}
Aug 11 00:19:42.176947 n-d-712143-13 devstack@n-api.service[116853]: DEBUG oslo_concurrency.lockutils [None req-e942edb9-298e-42fb-a781-440266e60e3d tempest-AggregatesAdminTestJSON-1939870761 tempest-AggregatesAdminTestJSON-1939870761-project] Lock "777f2969-d4e6-4281-998f-8b85ae9fafea" acquired by "nova.context.set_target_cell..get_or_set_cached_cell_and_set_connections" :: waited 0.000s {{(pid=116853) inner /usr/local/lib/python3.8/dist-packages/oslo_concurrency/lockutils.py:355}}
Aug 11 00:19:42.177816 n-d-712143-13 devstack@n-api.service[116853]: DEBUG oslo_concurrency.lockutils [None req-e942edb9-298e-42fb-a781-440266e60e3d tempest-AggregatesAdminTestJSON-1939870761 tempest-AggregatesAdminTestJSON-1939870761-project] Lock "777f2969-d4e6-4281-998f-8b85ae9fafea" released by "nova.context.set_target_cell..get_or_set_cached_cell_and_set_connections" :: held 0.001s {{(pid=116853) inner /usr/local/lib/python3.8/dist-packages/oslo_concurrency/lockutils.py:367}}
Aug 11 00:19:42.413426 n-d-712143-13 devstack@n-api.service[116853]: DEBUG nova.policy [None req-e942edb9-298e-42fb-a781-440266e60e3d tempest-AggregatesAdminTestJSON-1939870761 tempest-AggregatesAdminTestJSON-1939870761-project] Policy check for os_compute_api:os-extended-server-attributes failed with credentials {'is_admin': False, 'user_id': '73e1d3a62f4d443593257fca9071b082', 'user_domain_id': 'default', 'system_scope': None, 'domain_id': None, 'project_id': '83610428e3654607832f32db5b5de890', 'project_domain_id': 'default', 'roles': ['member', 'reader'], 'is_admin_project': True, 'service_user_id': None, 'service_user_domain_id': None, 'service_project_id': None, 'service_project_domain_id': None, 'service_roles': []} {{(pid=116853) authorize /opt/stack/nova/nova/policy.py:199}}
Aug 11 00:19:42.435851 n-d-712143-13 devstack@n-api.service[116853]: INFO nova.api.openstack.requestlog [None req-e942edb9-298e-42fb-a781-440266e60e3d tempest-AggregatesAdminTestJSON-1939870761 tempest-AggregatesAdminTestJSON-1939870761-project] 10.222.0.43 "GET /compute/v2.1/servers/a2a9cea1-ced3-4112-9d67-cd545885cfa6" status: 200 len: 1337 microversion: 2.1 time: 0.308064
Aug 11 00:19:42.437741 n-d-712143-13 devstack@n-api.service[116853]: [pid: 116853|app: 0|req: 64/147] 10.222.0.43 () {58 vars in 1236 bytes} [Wed Aug 11 00:19:42 2021] GET /compute/v2.1/servers/a2a9cea1-ced3-4112-9d67-cd545885cfa6 => generated 1337 bytes in 314 msecs (HTTP/1.1 200) 9 headers in 358 bytes (1 switches on core 0)
Aug 11 00:19:43.457709 n-d-712143-13 devstack@n-api.service[116853]: DEBUG nova.api.openstack.wsgi [None req-dd641de6-10ce-4cbf-a361-e52891d2fa43 tempest-AggregatesAdminTestJSON-1939870761 tempest-AggregatesAdminTestJSON-1939870761-project] Calling method '>' {{(pid=116853) _process_stack /opt/stack/nova/nova/api/openstack/wsgi.py:513}}
Aug 11 00:19:43.460577 n-d-712143-13 devstack@n-api.service[116853]: DEBUG nova.compute.api [None req-dd641de6-10ce-4cbf-a361-e52891d2fa43 tempest-AggregatesAdminTestJSON-1939870761 tempest-AggregatesAdminTestJSON-1939870761-project] [instance: a2a9cea1-ced3-4112-9d67-cd545885cfa6] Fetching instance by UUID {{(pid=116853) get /opt/stack/nova/nova/compute/api.py:2791}}
Aug 11 00:19:43.478748 n-d-712143-13 devstack@n-api.service[116853]: DEBUG oslo_concurrency.lockutils [None req-dd641de6-10ce-4cbf-a361-e52891d2fa43 tempest-AggregatesAdminTestJSON-1939870761 tempest-AggregatesAdminTestJSON-1939870761-project] Lock "777f2969-d4e6-4281-998f-8b85ae9fafea" acquired by "nova.context.set_target_cell..get_or_set_cached_cell_and_set_connections" :: waited 0.000s {{(pid=116853) inner /usr/local/lib/python3.8/dist-packages/oslo_concurrency/lockutils.py:355}}
Aug 11 00:19:43.480385 n-d-712143-13 devstack@n-api.service[116853]: DEBUG oslo_concurrency.lockutils [None req-dd641de6-10ce-4cbf-a361-e52891d2fa43 tempest-AggregatesAdminTestJSON-1939870761 tempest-AggregatesAdminTestJSON-1939870761-project] Lock "777f2969-d4e6-4281-998f-8b85ae9fafea" released by "nova.context.set_target_cell..get_or_set_cached_cell_and_set_connections" :: held 0.002s {{(pid=116853) inner /usr/local/lib/python3.8/dist-packages/oslo_concurrency/lockutils.py:367}}
Aug 11 00:19:43.488030 n-d-712143-13 devstack@n-api.service[116853]: DEBUG oslo_concurrency.lockutils [None req-dd641de6-10ce-4cbf-a361-e52891d2fa43 tempest-AggregatesAdminTestJSON-1939870761 tempest-AggregatesAdminTestJSON-1939870761-project] Lock "777f2969-d4e6-4281-998f-8b85ae9fafea" acquired by "nova.context.set_target_cell..get_or_set_cached_cell_and_set_connections" :: waited 0.000s {{(pid=116853) inner /usr/local/lib/python3.8/dist-packages/oslo_concurrency/lockutils.py:355}}
Aug 11 00:19:43.488030 n-d-712143-13 devstack@n-api.service[116853]: DEBUG oslo_concurrency.lockutils [None req-dd641de6-10ce-4cbf-a361-e52891d2fa43 tempest-AggregatesAdminTestJSON-1939870761 tempest-AggregatesAdminTestJSON-1939870761-project] Lock "777f2969-d4e6-4281-998f-8b85ae9fafea" released by "nova.context.set_target_cell..get_or_set_cached_cell_and_set_connections" :: held 0.003s {{(pid=116853) inner /usr/local/lib/python3.8/dist-packages/oslo_concurrency/lockutils.py:367}}
Aug 11 00:19:43.752844 n-d-712143-13 devstack@n-api.service[116853]: DEBUG nova.policy [None req-dd641de6-10ce-4cbf-a361-e52891d2fa43 tempest-AggregatesAdminTestJSON-1939870761 tempest-AggregatesAdminTestJSON-1939870761-project] Policy check for os_compute_api:os-extended-server-attributes failed with credentials {'is_admin': False, 'user_id': '73e1d3a62f4d443593257fca9071b082', 'user_domain_id': 'default', 'system_scope': None, 'domain_id': None, 'project_id': '83610428e3654607832f32db5b5de890', 'project_domain_id': 'default', 'roles': ['member', 'reader'], 'is_admin_project': True, 'service_user_id': None, 'service_user_domain_id': None, 'service_project_id': None, 'service_project_domain_id': None, 'service_roles': []} {{(pid=116853) authorize /opt/stack/nova/nova/policy.py:199}}
Aug 11 00:19:43.768005 n-d-712143-13 devstack@n-api.service[116853]: INFO nova.api.openstack.requestlog [None req-dd641de6-10ce-4cbf-a361-e52891d2fa43 tempest-AggregatesAdminTestJSON-1939870761 tempest-AggregatesAdminTestJSON-1939870761-project] 10.222.0.43 "GET /compute/v2.1/servers/a2a9cea1-ced3-4112-9d67-cd545885cfa6" status: 200 len: 1337 microversion: 2.1 time: 0.318627
Aug 11 00:19:43.770606 n-d-712143-13 devstack@n-api.service[116853]: [pid: 116853|app: 0|req: 65/148] 10.222.0.43 () {58 vars in 1236 bytes} [Wed Aug 11 00:19:43 2021] GET /compute/v2.1/servers/a2a9cea1-ced3-4112-9d67-cd545885cfa6 => generated 1337 bytes in 324 msecs (HTTP/1.1 200) 9 headers in 358 bytes (1 switches on core 0)
Aug 11 00:19:44.012989 n-d-712143-13 devstack@n-api.service[116854]: DEBUG nova.api.openstack.wsgi [None req-451aa9e2-d64d-4e67-b2cd-7d6c2c50c635 tempest-LiveMigrationNegativeTest-1584243 tempest-LiveMigrationNegativeTest-1584243-project] Action: 'create', calling method: >, body: {"server": {"name": "tempest-LiveMigrationNegativeTest-server-274245497", "imageRef": "361c02d4-300c-42e5-a059-f1828d08bf7d", "flavorRef": "452"}} {{(pid=116854) _process_stack /opt/stack/nova/nova/api/openstack/wsgi.py:511}}
Aug 11 00:19:44.109164 n-d-712143-13 devstack@n-api.service[116854]: DEBUG nova.network.neutron [None req-451aa9e2-d64d-4e67-b2cd-7d6c2c50c635 tempest-LiveMigrationNegativeTest-1584243 tempest-LiveMigrationNegativeTest-1584243-project] validate_networks() for None {{(pid=116854) validate_networks /opt/stack/nova/nova/network/neutron.py:2255}}
Aug 11 00:19:44.881101 n-d-712143-13 devstack@n-api.service[116854]: DEBUG nova.virt.hardware [None req-451aa9e2-d64d-4e67-b2cd-7d6c2c50c635 tempest-LiveMigrationNegativeTest-1584243 tempest-LiveMigrationNegativeTest-1584243-project] Flavor limits 0:0:0 {{(pid=116854) get_cpu_topology_constraints /opt/stack/nova/nova/virt/hardware.py:343}}
Aug 11 00:19:44.882423 n-d-712143-13 devstack@n-api.service[116854]: DEBUG nova.virt.hardware [None req-451aa9e2-d64d-4e67-b2cd-7d6c2c50c635 tempest-LiveMigrationNegativeTest-1584243 tempest-LiveMigrationNegativeTest-1584243-project] Image limits 0:0:0 {{(pid=116854) get_cpu_topology_constraints /opt/stack/nova/nova/virt/hardware.py:347}}
Aug 11 00:19:44.883470 n-d-712143-13 devstack@n-api.service[116854]: DEBUG nova.virt.hardware [None req-451aa9e2-d64d-4e67-b2cd-7d6c2c50c635 tempest-LiveMigrationNegativeTest-1584243 tempest-LiveMigrationNegativeTest-1584243-project] Flavor pref 0:0:0 {{(pid=116854) get_cpu_topology_constraints /opt/stack/nova/nova/virt/hardware.py:383}}
Aug 11 00:19:44.884144 n-d-712143-13 devstack@n-api.service[116854]: DEBUG nova.virt.hardware [None req-451aa9e2-d64d-4e67-b2cd-7d6c2c50c635 tempest-LiveMigrationNegativeTest-1584243 tempest-LiveMigrationNegativeTest-1584243-project] Image pref 0:0:0 {{(pid=116854) get_cpu_topology_constraints /opt/stack/nova/nova/virt/hardware.py:387}}
Aug 11 00:19:44.885128 n-d-712143-13 devstack@n-api.service[116854]: DEBUG nova.virt.hardware [None req-451aa9e2-d64d-4e67-b2cd-7d6c2c50c635 tempest-LiveMigrationNegativeTest-1584243 tempest-LiveMigrationNegativeTest-1584243-project] Chose sockets=0, cores=0, threads=0; limits were sockets=65536, cores=65536, threads=65536 {{(pid=116854) get_cpu_topology_constraints /opt/stack/nova/nova/virt/hardware.py:425}}
Aug 11 00:19:44.909525 n-d-712143-13 devstack@n-api.service[116854]: DEBUG oslo_concurrency.lockutils [None req-451aa9e2-d64d-4e67-b2cd-7d6c2c50c635 tempest-LiveMigrationNegativeTest-1584243 tempest-LiveMigrationNegativeTest-1584243-project] Lock "00000000-0000-0000-0000-000000000000" acquired by "nova.context.set_target_cell..get_or_set_cached_cell_and_set_connections" :: waited 0.000s {{(pid=116854) inner /usr/local/lib/python3.8/dist-packages/oslo_concurrency/lockutils.py:355}}
Aug 11 00:19:44.910279 n-d-712143-13 devstack@n-api.service[116854]: DEBUG oslo_concurrency.lockutils [None req-451aa9e2-d64d-4e67-b2cd-7d6c2c50c635 tempest-LiveMigrationNegativeTest-1584243 tempest-LiveMigrationNegativeTest-1584243-project] Lock "00000000-0000-0000-0000-000000000000" released by "nova.context.set_target_cell..get_or_set_cached_cell_and_set_connections" :: held 0.001s {{(pid=116854) inner /usr/local/lib/python3.8/dist-packages/oslo_concurrency/lockutils.py:367}}
Aug 11 00:19:44.911750 n-d-712143-13 devstack@n-api.service[116854]: DEBUG oslo_concurrency.lockutils [None req-451aa9e2-d64d-4e67-b2cd-7d6c2c50c635 tempest-LiveMigrationNegativeTest-1584243 tempest-LiveMigrationNegativeTest-1584243-project] Lock "777f2969-d4e6-4281-998f-8b85ae9fafea" acquired by "nova.context.set_target_cell..get_or_set_cached_cell_and_set_connections" :: waited 0.000s {{(pid=116854) inner /usr/local/lib/python3.8/dist-packages/oslo_concurrency/lockutils.py:355}}
Aug 11 00:19:44.912796 n-d-712143-13 devstack@n-api.service[116854]: DEBUG oslo_concurrency.lockutils [None req-451aa9e2-d64d-4e67-b2cd-7d6c2c50c635 tempest-LiveMigrationNegativeTest-1584243 tempest-LiveMigrationNegativeTest-1584243-project] Lock "777f2969-d4e6-4281-998f-8b85ae9fafea" released by "nova.context.set_target_cell..get_or_set_cached_cell_and_set_connections" :: held 0.001s {{(pid=116854) inner /usr/local/lib/python3.8/dist-packages/oslo_concurrency/lockutils.py:367}}
Aug 11 00:19:44.963945 n-d-712143-13 devstack@n-api.service[116854]: DEBUG nova.quota [None req-451aa9e2-d64d-4e67-b2cd-7d6c2c50c635 tempest-LiveMigrationNegativeTest-1584243 tempest-LiveMigrationNegativeTest-1584243-project] Getting quotas for project 8cc91a92f30c41c7a27c5347e218d0f1. Resources: {'instances', 'cores', 'ram'} {{(pid=116854) _get_quotas /opt/stack/nova/nova/quota.py:384}}
Aug 11 00:19:44.984245 n-d-712143-13 devstack@n-api.service[116854]: DEBUG nova.quota [None req-451aa9e2-d64d-4e67-b2cd-7d6c2c50c635 tempest-LiveMigrationNegativeTest-1584243 tempest-LiveMigrationNegativeTest-1584243-project] Getting quotas for user 4e4fa07936d14a449d8f61f6c659d15b and project 8cc91a92f30c41c7a27c5347e218d0f1. Resources: {'instances', 'cores', 'ram'} {{(pid=116854) _get_quotas /opt/stack/nova/nova/quota.py:374}}
Aug 11 00:19:45.025686 n-d-712143-13 devstack@n-api.service[116854]: DEBUG nova.compute.api [None req-451aa9e2-d64d-4e67-b2cd-7d6c2c50c635 tempest-LiveMigrationNegativeTest-1584243 tempest-LiveMigrationNegativeTest-1584243-project] Going to run 1 instances... {{(pid=116854) _provision_instances /opt/stack/nova/nova/compute/api.py:1280}}
Aug 11 00:19:45.031637 n-d-712143-13 devstack@n-api.service[116854]: DEBUG nova.compute.api [None req-451aa9e2-d64d-4e67-b2cd-7d6c2c50c635 tempest-LiveMigrationNegativeTest-1584243 tempest-LiveMigrationNegativeTest-1584243-project] [instance: 00e6d3e3-2783-4b99-8e4d-81ae6ed12e9c] block_device_mapping [BlockDeviceMapping(attachment_id=,boot_index=0,connection_info=None,created_at=,delete_on_termination=True,deleted=,deleted_at=,destination_type='local',device_name=None,device_type='disk',disk_bus=None,guest_format=None,id=,image_id='361c02d4-300c-42e5-a059-f1828d08bf7d',instance=,instance_uuid=,no_device=False,snapshot_id=None,source_type='image',tag=None,updated_at=,uuid=,volume_id=None,volume_size=None,volume_type=None)] {{(pid=116854) _bdm_validate_set_size_and_instance /opt/stack/nova/nova/compute/api.py:1685}}
Aug 11 00:19:45.233305 n-d-712143-13 devstack@n-api.service[116854]: INFO nova.api.openstack.requestlog [None req-451aa9e2-d64d-4e67-b2cd-7d6c2c50c635 tempest-LiveMigrationNegativeTest-1584243 tempest-LiveMigrationNegativeTest-1584243-project] 10.222.0.43 "POST /compute/v2.1/servers" status: 202 len: 380 microversion: 2.1 time: 2.159595
Aug 11 00:19:45.236498 n-d-712143-13 devstack@n-api.service[116854]: [pid: 116854|app: 0|req: 84/149] 10.222.0.43 () {60 vars in 1147 bytes} [Wed Aug 11 00:19:43 2021] POST /compute/v2.1/servers => generated 380 bytes in 2164 msecs (HTTP/1.1 202) 10 headers in 451 bytes (2 switches on core 0)
Aug 11 00:19:45.265550 n-d-712143-13 devstack@n-api.service[116854]: DEBUG nova.api.openstack.wsgi [None req-2aee9c1f-91c1-4101-9807-46c9f1f3f725 tempest-AggregatesAdminTestJSON-1939870761 tempest-AggregatesAdminTestJSON-1939870761-project] Calling method '>' {{(pid=116854) _process_stack /opt/stack/nova/nova/api/openstack/wsgi.py:513}}
Aug 11 00:19:45.272208 n-d-712143-13 devstack@n-api.service[116854]: DEBUG nova.compute.api [None req-2aee9c1f-91c1-4101-9807-46c9f1f3f725 tempest-AggregatesAdminTestJSON-1939870761 tempest-AggregatesAdminTestJSON-1939870761-project] [instance: a2a9cea1-ced3-4112-9d67-cd545885cfa6] Fetching instance by UUID {{(pid=116854) get /opt/stack/nova/nova/compute/api.py:2791}}
Aug 11 00:19:45.303832 n-d-712143-13 devstack@n-api.service[116854]: DEBUG oslo_concurrency.lockutils [None req-2aee9c1f-91c1-4101-9807-46c9f1f3f725 tempest-AggregatesAdminTestJSON-1939870761 tempest-AggregatesAdminTestJSON-1939870761-project] Lock "777f2969-d4e6-4281-998f-8b85ae9fafea" acquired by "nova.context.set_target_cell..get_or_set_cached_cell_and_set_connections" :: waited 0.000s {{(pid=116854) inner /usr/local/lib/python3.8/dist-packages/oslo_concurrency/lockutils.py:355}}
Aug 11 00:19:45.304622 n-d-712143-13 devstack@n-api.service[116854]: DEBUG oslo_concurrency.lockutils [None req-2aee9c1f-91c1-4101-9807-46c9f1f3f725 tempest-AggregatesAdminTestJSON-1939870761 tempest-AggregatesAdminTestJSON-1939870761-project] Lock "777f2969-d4e6-4281-998f-8b85ae9fafea" released by "nova.context.set_target_cell..get_or_set_cached_cell_and_set_connections" :: held 0.001s {{(pid=116854) inner /usr/local/lib/python3.8/dist-packages/oslo_concurrency/lockutils.py:367}}
Aug 11 00:19:45.305898 n-d-712143-13 devstack@n-api.service[116854]: DEBUG oslo_concurrency.lockutils [None req-2aee9c1f-91c1-4101-9807-46c9f1f3f725 tempest-AggregatesAdminTestJSON-1939870761 tempest-AggregatesAdminTestJSON-1939870761-project] Lock "777f2969-d4e6-4281-998f-8b85ae9fafea" acquired by "nova.context.set_target_cell..get_or_set_cached_cell_and_set_connections" :: waited 0.000s {{(pid=116854) inner /usr/local/lib/python3.8/dist-packages/oslo_concurrency/lockutils.py:355}}
Aug 11 00:19:45.313073 n-d-712143-13 devstack@n-api.service[116854]: DEBUG oslo_concurrency.lockutils [None req-2aee9c1f-91c1-4101-9807-46c9f1f3f725 tempest-AggregatesAdminTestJSON-1939870761 tempest-AggregatesAdminTestJSON-1939870761-project] Lock "777f2969-d4e6-4281-998f-8b85ae9fafea" released by "nova.context.set_target_cell..get_or_set_cached_cell_and_set_connections" :: held 0.001s {{(pid=116854) inner /usr/local/lib/python3.8/dist-packages/oslo_concurrency/lockutils.py:367}}
Aug 11 00:19:45.562036 n-d-712143-13 devstack@n-api.service[116853]: DEBUG nova.api.openstack.wsgi [None req-d289e5ef-3c0d-4308-ac3a-210729211c9d tempest-NetworksTest-932850157 tempest-NetworksTest-932850157-project-admin] Calling method '.version_select at 0x7f045f624a60>' {{(pid=116853) _process_stack /opt/stack/nova/nova/api/openstack/wsgi.py:513}}
Aug 11 00:19:45.695849 n-d-712143-13 devstack@n-api.service[116853]: INFO nova.api.openstack.requestlog [None req-d289e5ef-3c0d-4308-ac3a-210729211c9d tempest-NetworksTest-932850157 tempest-NetworksTest-932850157-project-admin] 10.222.0.43 "GET /compute/v2.1/os-networks" status: 200 len: 3328 microversion: 2.1 time: 0.956323
Aug 11 00:19:45.696969 n-d-712143-13 devstack@n-api.service[116853]: [pid: 116853|app: 0|req: 66/150] 10.222.0.43 () {58 vars in 1137 bytes} [Wed Aug 11 00:19:44 2021] GET /compute/v2.1/os-networks => generated 3328 bytes in 959 msecs (HTTP/1.1 200) 9 headers in 358 bytes (1 switches on core 0)
Aug 11 00:19:45.702480 n-d-712143-13 devstack@n-api.service[116853]: DEBUG nova.api.openstack.wsgi [None req-cab7ecd8-5a5d-43ea-a146-23bf2e4c97ae tempest-LiveMigrationNegativeTest-1584243 tempest-LiveMigrationNegativeTest-1584243-project] Calling method '>' {{(pid=116853) _process_stack /opt/stack/nova/nova/api/openstack/wsgi.py:513}}
Aug 11 00:19:45.703369 n-d-712143-13 devstack@n-api.service[116853]: DEBUG nova.compute.api [None req-cab7ecd8-5a5d-43ea-a146-23bf2e4c97ae tempest-LiveMigrationNegativeTest-1584243 tempest-LiveMigrationNegativeTest-1584243-project] [instance: 00e6d3e3-2783-4b99-8e4d-81ae6ed12e9c] Fetching instance by UUID {{(pid=116853) get /opt/stack/nova/nova/compute/api.py:2791}}
Aug 11 00:19:45.741151 n-d-712143-13 devstack@n-api.service[116854]: DEBUG nova.policy [None req-2aee9c1f-91c1-4101-9807-46c9f1f3f725 tempest-AggregatesAdminTestJSON-1939870761 tempest-AggregatesAdminTestJSON-1939870761-project] Policy check for os_compute_api:os-extended-server-attributes failed with credentials {'is_admin': False, 'user_id': '73e1d3a62f4d443593257fca9071b082', 'user_domain_id': 'default', 'system_scope': None, 'domain_id': None, 'project_id': '83610428e3654607832f32db5b5de890', 'project_domain_id': 'default', 'roles': ['member', 'reader'], 'is_admin_project': True, 'service_user_id': None, 'service_user_domain_id': None, 'service_project_id': None, 'service_project_domain_id': None, 'service_roles': []} {{(pid=116854) authorize /opt/stack/nova/nova/policy.py:199}}
Aug 11 00:19:45.768646 n-d-712143-13 devstack@n-api.service[116854]: INFO nova.api.openstack.requestlog [None req-2aee9c1f-91c1-4101-9807-46c9f1f3f725 tempest-AggregatesAdminTestJSON-1939870761 tempest-AggregatesAdminTestJSON-1939870761-project] 10.222.0.43 "GET /compute/v2.1/servers/a2a9cea1-ced3-4112-9d67-cd545885cfa6" status: 200 len: 1337 microversion: 2.1 time: 0.510895
Aug 11 00:19:45.768646 n-d-712143-13 devstack@n-api.service[116854]: [pid: 116854|app: 0|req: 85/151] 10.222.0.43 () {58 vars in 1236 bytes} [Wed Aug 11 00:19:45 2021] GET /compute/v2.1/servers/a2a9cea1-ced3-4112-9d67-cd545885cfa6 => generated 1337 bytes in 530 msecs (HTTP/1.1 200) 9 headers in 358 bytes (1 switches on core 0)
Aug 11 00:19:45.786804 n-d-712143-13 devstack@n-api.service[116854]: DEBUG nova.api.openstack.wsgi [None req-338f096e-ffc7-4f65-8553-c8e9519577c2 tempest-NetworksTest-932850157 tempest-NetworksTest-932850157-project-admin] Calling method '.version_select at 0x7f045f5eeee0>' {{(pid=116854) _process_stack /opt/stack/nova/nova/api/openstack/wsgi.py:513}}
Aug 11 00:19:45.801979 n-d-712143-13 devstack@n-api.service[116853]: DEBUG nova.policy [None req-cab7ecd8-5a5d-43ea-a146-23bf2e4c97ae tempest-LiveMigrationNegativeTest-1584243 tempest-LiveMigrationNegativeTest-1584243-project] Policy check for os_compute_api:os-extended-server-attributes failed with credentials {'is_admin': False, 'user_id': '4e4fa07936d14a449d8f61f6c659d15b', 'user_domain_id': 'default', 'system_scope': None, 'domain_id': None, 'project_id': '8cc91a92f30c41c7a27c5347e218d0f1', 'project_domain_id': 'default', 'roles': ['member', 'reader'], 'is_admin_project': True, 'service_user_id': None, 'service_user_domain_id': None, 'service_project_id': None, 'service_project_domain_id': None, 'service_roles': []} {{(pid=116853) authorize /opt/stack/nova/nova/policy.py:199}}
Aug 11 00:19:45.812986 n-d-712143-13 devstack@n-api.service[116853]: INFO nova.api.openstack.requestlog [None req-cab7ecd8-5a5d-43ea-a146-23bf2e4c97ae tempest-LiveMigrationNegativeTest-1584243 tempest-LiveMigrationNegativeTest-1584243-project] 10.222.0.43 "GET /compute/v2.1/servers/00e6d3e3-2783-4b99-8e4d-81ae6ed12e9c" status: 200 len: 1218 microversion: 2.1 time: 0.114577
Aug 11 00:19:45.819407 n-d-712143-13 devstack@n-api.service[116853]: [pid: 116853|app: 0|req: 67/152] 10.222.0.43 () {58 vars in 1236 bytes} [Wed Aug 11 00:19:45 2021] GET /compute/v2.1/servers/00e6d3e3-2783-4b99-8e4d-81ae6ed12e9c => generated 1218 bytes in 122 msecs (HTTP/1.1 200) 9 headers in 358 bytes (1 switches on core 0)
Aug 11 00:19:46.120272 n-d-712143-13 devstack@n-api.service[116854]: INFO nova.api.openstack.requestlog [None req-338f096e-ffc7-4f65-8553-c8e9519577c2 tempest-NetworksTest-932850157 tempest-NetworksTest-932850157-project-admin] 10.222.0.43 "GET /compute/v2.1/os-networks/6bde03f5-9690-46ae-8115-de22b61c77ca" status: 200 len: 652 microversion: 2.1 time: 0.347867
Aug 11 00:19:46.122152 n-d-712143-13 devstack@n-api.service[116854]: [pid: 116854|app: 0|req: 86/153] 10.222.0.43 () {58 vars in 1248 bytes} [Wed Aug 11 00:19:45 2021] GET /compute/v2.1/os-networks/6bde03f5-9690-46ae-8115-de22b61c77ca => generated 652 bytes in 354 msecs (HTTP/1.1 200) 9 headers in 357 bytes (1 switches on core 0)
Aug 11 00:19:46.143484 n-d-712143-13 devstack@n-api.service[116853]: DEBUG nova.api.openstack.wsgi [None req-3f146f95-3a93-4d77-8269-ef91ad4e4bf0 tempest-NetworksTest-932850157 tempest-NetworksTest-932850157-project-admin] Calling method '.version_select at 0x7f045f67bca0>' {{(pid=116853) _process_stack /opt/stack/nova/nova/api/openstack/wsgi.py:513}}
Aug 11 00:19:46.329907 n-d-712143-13 devstack@n-api.service[116853]: INFO nova.api.openstack.requestlog [None req-3f146f95-3a93-4d77-8269-ef91ad4e4bf0 tempest-NetworksTest-932850157 tempest-NetworksTest-932850157-project-admin] 10.222.0.43 "GET /compute/v2.1/os-networks" status: 200 len: 3328 microversion: 2.1 time: 0.193600
Aug 11 00:19:46.329907 n-d-712143-13 devstack@n-api.service[116853]: [pid: 116853|app: 0|req: 68/154] 10.222.0.43 () {58 vars in 1137 bytes} [Wed Aug 11 00:19:46 2021] GET /compute/v2.1/os-networks => generated 3328 bytes in 196 msecs (HTTP/1.1 200) 9 headers in 358 bytes (2 switches on core 0)
Aug 11 00:19:46.788727 n-d-712143-13 devstack@n-api.service[116854]: DEBUG nova.api.openstack.wsgi [None req-0b153a49-436b-4882-ae13-422fff697daf tempest-AggregatesAdminTestJSON-1939870761 tempest-AggregatesAdminTestJSON-1939870761-project] Calling method '>' {{(pid=116854) _process_stack /opt/stack/nova/nova/api/openstack/wsgi.py:513}}
Aug 11 00:19:46.790251 n-d-712143-13 devstack@n-api.service[116854]: DEBUG nova.compute.api [None req-0b153a49-436b-4882-ae13-422fff697daf tempest-AggregatesAdminTestJSON-1939870761 tempest-AggregatesAdminTestJSON-1939870761-project] [instance: a2a9cea1-ced3-4112-9d67-cd545885cfa6] Fetching instance by UUID {{(pid=116854) get /opt/stack/nova/nova/compute/api.py:2791}}
Aug 11 00:19:46.819364 n-d-712143-13 devstack@n-api.service[116854]: DEBUG oslo_concurrency.lockutils [None req-0b153a49-436b-4882-ae13-422fff697daf tempest-AggregatesAdminTestJSON-1939870761 tempest-AggregatesAdminTestJSON-1939870761-project] Lock "777f2969-d4e6-4281-998f-8b85ae9fafea" acquired by "nova.context.set_target_cell..get_or_set_cached_cell_and_set_connections" :: waited 0.000s {{(pid=116854) inner /usr/local/lib/python3.8/dist-packages/oslo_concurrency/lockutils.py:355}}
Aug 11 00:19:46.820887 n-d-712143-13 devstack@n-api.service[116854]: DEBUG oslo_concurrency.lockutils [None req-0b153a49-436b-4882-ae13-422fff697daf tempest-AggregatesAdminTestJSON-1939870761 tempest-AggregatesAdminTestJSON-1939870761-project] Lock "777f2969-d4e6-4281-998f-8b85ae9fafea" released by "nova.context.set_target_cell..get_or_set_cached_cell_and_set_connections" :: held 0.002s {{(pid=116854) inner /usr/local/lib/python3.8/dist-packages/oslo_concurrency/lockutils.py:367}}
Aug 11 00:19:46.822640 n-d-712143-13 devstack@n-api.service[116854]: DEBUG oslo_concurrency.lockutils [None req-0b153a49-436b-4882-ae13-422fff697daf tempest-AggregatesAdminTestJSON-1939870761 tempest-AggregatesAdminTestJSON-1939870761-project] Lock "777f2969-d4e6-4281-998f-8b85ae9fafea" acquired by "nova.context.set_target_cell..get_or_set_cached_cell_and_set_connections" :: waited 0.000s {{(pid=116854) inner /usr/local/lib/python3.8/dist-packages/oslo_concurrency/lockutils.py:355}}
Aug 11 00:19:46.823820 n-d-712143-13 devstack@n-api.service[116854]: DEBUG oslo_concurrency.lockutils [None req-0b153a49-436b-4882-ae13-422fff697daf tempest-AggregatesAdminTestJSON-1939870761 tempest-AggregatesAdminTestJSON-1939870761-project] Lock "777f2969-d4e6-4281-998f-8b85ae9fafea" released by "nova.context.set_target_cell..get_or_set_cached_cell_and_set_connections" :: held 0.001s {{(pid=116854) inner /usr/local/lib/python3.8/dist-packages/oslo_concurrency/lockutils.py:367}}
Aug 11 00:19:46.850057 n-d-712143-13 devstack@n-api.service[116853]: DEBUG nova.api.openstack.wsgi [None req-5c9b23df-cbee-4e28-8a39-213c6bb90a6e tempest-LiveMigrationNegativeTest-1584243 tempest-LiveMigrationNegativeTest-1584243-project] Calling method '>' {{(pid=116853) _process_stack /opt/stack/nova/nova/api/openstack/wsgi.py:513}}
Aug 11 00:19:46.851121 n-d-712143-13 devstack@n-api.service[116853]: DEBUG nova.compute.api [None req-5c9b23df-cbee-4e28-8a39-213c6bb90a6e tempest-LiveMigrationNegativeTest-1584243 tempest-LiveMigrationNegativeTest-1584243-project] [instance: 00e6d3e3-2783-4b99-8e4d-81ae6ed12e9c] Fetching instance by UUID {{(pid=116853) get /opt/stack/nova/nova/compute/api.py:2791}}
Aug 11 00:19:46.999070 n-d-712143-13 devstack@n-api.service[116853]: DEBUG nova.policy [None req-5c9b23df-cbee-4e28-8a39-213c6bb90a6e tempest-LiveMigrationNegativeTest-1584243 tempest-LiveMigrationNegativeTest-1584243-project] Policy check for os_compute_api:os-extended-server-attributes failed with credentials {'is_admin': False, 'user_id': '4e4fa07936d14a449d8f61f6c659d15b', 'user_domain_id': 'default', 'system_scope': None, 'domain_id': None, 'project_id': '8cc91a92f30c41c7a27c5347e218d0f1', 'project_domain_id': 'default', 'roles': ['member', 'reader'], 'is_admin_project': True, 'service_user_id': None, 'service_user_domain_id': None, 'service_project_id': None, 'service_project_domain_id': None, 'service_roles': []} {{(pid=116853) authorize /opt/stack/nova/nova/policy.py:199}}
Aug 11 00:19:47.025864 n-d-712143-13 devstack@n-api.service[116853]: INFO nova.api.openstack.requestlog [None req-5c9b23df-cbee-4e28-8a39-213c6bb90a6e tempest-LiveMigrationNegativeTest-1584243 tempest-LiveMigrationNegativeTest-1584243-project] 10.222.0.43 "GET /compute/v2.1/servers/00e6d3e3-2783-4b99-8e4d-81ae6ed12e9c" status: 200 len: 1218 microversion: 2.1 time: 0.181291
Aug 11 00:19:47.043214 n-d-712143-13 devstack@n-api.service[116853]: [pid: 116853|app: 0|req: 69/155] 10.222.0.43 () {58 vars in 1236 bytes} [Wed Aug 11 00:19:46 2021] GET /compute/v2.1/servers/00e6d3e3-2783-4b99-8e4d-81ae6ed12e9c => generated 1218 bytes in 188 msecs (HTTP/1.1 200) 9 headers in 358 bytes (1 switches on core 0)
Aug 11 00:19:47.233933 n-d-712143-13 devstack@n-api.service[116854]: DEBUG nova.policy [None req-0b153a49-436b-4882-ae13-422fff697daf tempest-AggregatesAdminTestJSON-1939870761 tempest-AggregatesAdminTestJSON-1939870761-project] Policy check for os_compute_api:os-extended-server-attributes failed with credentials {'is_admin': False, 'user_id': '73e1d3a62f4d443593257fca9071b082', 'user_domain_id': 'default', 'system_scope': None, 'domain_id': None, 'project_id': '83610428e3654607832f32db5b5de890', 'project_domain_id': 'default', 'roles': ['member', 'reader'], 'is_admin_project': True, 'service_user_id': None, 'service_user_domain_id': None, 'service_project_id': None, 'service_project_domain_id': None, 'service_roles': []} {{(pid=116854) authorize /opt/stack/nova/nova/policy.py:199}}
Aug 11 00:19:47.247138 n-d-712143-13 devstack@n-api.service[116854]: INFO nova.api.openstack.requestlog [None req-0b153a49-436b-4882-ae13-422fff697daf tempest-AggregatesAdminTestJSON-1939870761 tempest-AggregatesAdminTestJSON-1939870761-project] 10.222.0.43 "GET /compute/v2.1/servers/a2a9cea1-ced3-4112-9d67-cd545885cfa6" status: 200 len: 1337 microversion: 2.1 time: 0.465570
Aug 11 00:19:47.248466 n-d-712143-13 devstack@n-api.service[116854]: [pid: 116854|app: 0|req: 87/156] 10.222.0.43 () {58 vars in 1236 bytes} [Wed Aug 11 00:19:46 2021] GET /compute/v2.1/servers/a2a9cea1-ced3-4112-9d67-cd545885cfa6 => generated 1337 bytes in 468 msecs (HTTP/1.1 200) 9 headers in 358 bytes (1 switches on core 0)
Aug 11 00:19:47.942669 n-d-712143-13 devstack@n-api.service[116853]: DEBUG nova.api.openstack.wsgi [None req-02df1852-767f-4412-b438-bad698eee0ae tempest-FlavorsV255TestJSON-140943744 tempest-FlavorsV255TestJSON-140943744-project-admin] Action: 'create', calling method: >, body: {"flavor": {"ram": 512, "vcpus": 1, "disk": 10, "name": "tempest-FlavorsV255TestJSON-flavor-1983677437", "id": 1949765297, "os-flavor-access:is_public": "True"}} {{(pid=116853) _process_stack /opt/stack/nova/nova/api/openstack/wsgi.py:511}}
Aug 11 00:19:47.945677 n-d-712143-13 devstack@n-api.service[116853]: /usr/local/lib/python3.8/dist-packages/oslo_policy/policy.py:1064: UserWarning: Policy os_compute_api:os-flavor-manage:create failed scope check. The token used to make the request was project scoped but the policy requires ['system'] scope. This behavior may change in the future where using the intended scope is required
Aug 11 00:19:47.945677 n-d-712143-13 devstack@n-api.service[116853]: warnings.warn(msg)
Aug 11 00:19:48.059765 n-d-712143-13 devstack@n-api.service[116854]: DEBUG nova.api.openstack.wsgi [None req-ad847262-46b0-4bd4-a80f-ec4bfba3e9f0 tempest-LiveMigrationNegativeTest-1584243 tempest-LiveMigrationNegativeTest-1584243-project] Calling method '>' {{(pid=116854) _process_stack /opt/stack/nova/nova/api/openstack/wsgi.py:513}}
Aug 11 00:19:48.062684 n-d-712143-13 devstack@n-api.service[116854]: DEBUG nova.compute.api [None req-ad847262-46b0-4bd4-a80f-ec4bfba3e9f0 tempest-LiveMigrationNegativeTest-1584243 tempest-LiveMigrationNegativeTest-1584243-project] [instance: 00e6d3e3-2783-4b99-8e4d-81ae6ed12e9c] Fetching instance by UUID {{(pid=116854) get /opt/stack/nova/nova/compute/api.py:2791}}
Aug 11 00:19:48.081608 n-d-712143-13 devstack@n-api.service[116854]: DEBUG oslo_concurrency.lockutils [None req-ad847262-46b0-4bd4-a80f-ec4bfba3e9f0 tempest-LiveMigrationNegativeTest-1584243 tempest-LiveMigrationNegativeTest-1584243-project] Lock "777f2969-d4e6-4281-998f-8b85ae9fafea" acquired by "nova.context.set_target_cell..get_or_set_cached_cell_and_set_connections" :: waited 0.000s {{(pid=116854) inner /usr/local/lib/python3.8/dist-packages/oslo_concurrency/lockutils.py:355}}
Aug 11 00:19:48.083030 n-d-712143-13 devstack@n-api.service[116854]: DEBUG oslo_concurrency.lockutils [None req-ad847262-46b0-4bd4-a80f-ec4bfba3e9f0 tempest-LiveMigrationNegativeTest-1584243 tempest-LiveMigrationNegativeTest-1584243-project] Lock "777f2969-d4e6-4281-998f-8b85ae9fafea" released by "nova.context.set_target_cell..get_or_set_cached_cell_and_set_connections" :: held 0.001s {{(pid=116854) inner /usr/local/lib/python3.8/dist-packages/oslo_concurrency/lockutils.py:367}}
Aug 11 00:19:48.084091 n-d-712143-13 devstack@n-api.service[116854]: DEBUG oslo_concurrency.lockutils [None req-ad847262-46b0-4bd4-a80f-ec4bfba3e9f0 tempest-LiveMigrationNegativeTest-1584243 tempest-LiveMigrationNegativeTest-1584243-project] Lock "777f2969-d4e6-4281-998f-8b85ae9fafea" acquired by "nova.context.set_target_cell..get_or_set_cached_cell_and_set_connections" :: waited 0.000s {{(pid=116854) inner /usr/local/lib/python3.8/dist-packages/oslo_concurrency/lockutils.py:355}}
Aug 11 00:19:48.084692 n-d-712143-13 devstack@n-api.service[116854]: DEBUG oslo_concurrency.lockutils [None req-ad847262-46b0-4bd4-a80f-ec4bfba3e9f0 tempest-LiveMigrationNegativeTest-1584243 tempest-LiveMigrationNegativeTest-1584243-project] Lock "777f2969-d4e6-4281-998f-8b85ae9fafea" released by "nova.context.set_target_cell..get_or_set_cached_cell_and_set_connections" :: held 0.001s {{(pid=116854) inner /usr/local/lib/python3.8/dist-packages/oslo_concurrency/lockutils.py:367}}
Aug 11 00:19:48.106808 n-d-712143-13 devstack@n-api.service[116853]: INFO nova.api.openstack.requestlog [None req-02df1852-767f-4412-b438-bad698eee0ae tempest-FlavorsV255TestJSON-140943744 tempest-FlavorsV255TestJSON-140943744-project-admin] 10.222.0.43 "POST /compute/v2.1/flavors" status: 200 len: 449 microversion: 2.55 time: 0.706471
Aug 11 00:19:48.122878 n-d-712143-13 devstack@n-api.service[116853]: [pid: 116853|app: 0|req: 70/157] 10.222.0.43 () {62 vars in 1188 bytes} [Wed Aug 11 00:19:47 2021] POST /compute/v2.1/flavors => generated 449 bytes in 729 msecs (HTTP/1.1 200) 9 headers in 359 bytes (1 switches on core 0)
Aug 11 00:19:48.251007 n-d-712143-13 devstack@n-api.service[116854]: DEBUG nova.policy [None req-ad847262-46b0-4bd4-a80f-ec4bfba3e9f0 tempest-LiveMigrationNegativeTest-1584243 tempest-LiveMigrationNegativeTest-1584243-project] Policy check for os_compute_api:os-extended-server-attributes failed with credentials {'is_admin': False, 'user_id': '4e4fa07936d14a449d8f61f6c659d15b', 'user_domain_id': 'default', 'system_scope': None, 'domain_id': None, 'project_id': '8cc91a92f30c41c7a27c5347e218d0f1', 'project_domain_id': 'default', 'roles': ['member', 'reader'], 'is_admin_project': True, 'service_user_id': None, 'service_user_domain_id': None, 'service_project_id': None, 'service_project_domain_id': None, 'service_roles': []} {{(pid=116854) authorize /opt/stack/nova/nova/policy.py:199}}
Aug 11 00:19:48.280289 n-d-712143-13 devstack@n-api.service[116854]: INFO nova.api.openstack.requestlog [None req-ad847262-46b0-4bd4-a80f-ec4bfba3e9f0 tempest-LiveMigrationNegativeTest-1584243 tempest-LiveMigrationNegativeTest-1584243-project] 10.222.0.43 "GET /compute/v2.1/servers/00e6d3e3-2783-4b99-8e4d-81ae6ed12e9c" status: 200 len: 1222 microversion: 2.1 time: 0.226847
Aug 11 00:19:48.288432 n-d-712143-13 devstack@n-api.service[116854]: [pid: 116854|app: 0|req: 88/158] 10.222.0.43 () {58 vars in 1236 bytes} [Wed Aug 11 00:19:48 2021] GET /compute/v2.1/servers/00e6d3e3-2783-4b99-8e4d-81ae6ed12e9c => generated 1222 bytes in 236 msecs (HTTP/1.1 200) 9 headers in 358 bytes (2 switches on core 0)
Aug 11 00:19:48.308794 n-d-712143-13 devstack@n-api.service[116854]: DEBUG nova.api.openstack.wsgi [None req-00b34a4c-b8dc-40d4-b99c-7d9a05a1e399 tempest-AggregatesAdminTestJSON-1939870761 tempest-AggregatesAdminTestJSON-1939870761-project] Calling method '>' {{(pid=116854) _process_stack /opt/stack/nova/nova/api/openstack/wsgi.py:513}}
Aug 11 00:19:48.309933 n-d-712143-13 devstack@n-api.service[116854]: DEBUG nova.compute.api [None req-00b34a4c-b8dc-40d4-b99c-7d9a05a1e399 tempest-AggregatesAdminTestJSON-1939870761 tempest-AggregatesAdminTestJSON-1939870761-project] [instance: a2a9cea1-ced3-4112-9d67-cd545885cfa6] Fetching instance by UUID {{(pid=116854) get /opt/stack/nova/nova/compute/api.py:2791}}
Aug 11 00:19:48.327359 n-d-712143-13 devstack@n-api.service[116854]: DEBUG oslo_concurrency.lockutils [None req-00b34a4c-b8dc-40d4-b99c-7d9a05a1e399 tempest-AggregatesAdminTestJSON-1939870761 tempest-AggregatesAdminTestJSON-1939870761-project] Lock "777f2969-d4e6-4281-998f-8b85ae9fafea" acquired by "nova.context.set_target_cell..get_or_set_cached_cell_and_set_connections" :: waited 0.000s {{(pid=116854) inner /usr/local/lib/python3.8/dist-packages/oslo_concurrency/lockutils.py:355}}
Aug 11 00:19:48.329217 n-d-712143-13 devstack@n-api.service[116854]: DEBUG oslo_concurrency.lockutils [None req-00b34a4c-b8dc-40d4-b99c-7d9a05a1e399 tempest-AggregatesAdminTestJSON-1939870761 tempest-AggregatesAdminTestJSON-1939870761-project] Lock "777f2969-d4e6-4281-998f-8b85ae9fafea" released by "nova.context.set_target_cell..get_or_set_cached_cell_and_set_connections" :: held 0.002s {{(pid=116854) inner /usr/local/lib/python3.8/dist-packages/oslo_concurrency/lockutils.py:367}}
Aug 11 00:19:48.331017 n-d-712143-13 devstack@n-api.service[116854]: DEBUG oslo_concurrency.lockutils [None req-00b34a4c-b8dc-40d4-b99c-7d9a05a1e399 tempest-AggregatesAdminTestJSON-1939870761 tempest-AggregatesAdminTestJSON-1939870761-project] Lock "777f2969-d4e6-4281-998f-8b85ae9fafea" acquired by "nova.context.set_target_cell..get_or_set_cached_cell_and_set_connections" :: waited 0.000s {{(pid=116854) inner /usr/local/lib/python3.8/dist-packages/oslo_concurrency/lockutils.py:355}}
Aug 11 00:19:48.332797 n-d-712143-13 devstack@n-api.service[116854]: DEBUG oslo_concurrency.lockutils [None req-00b34a4c-b8dc-40d4-b99c-7d9a05a1e399 tempest-AggregatesAdminTestJSON-1939870761 tempest-AggregatesAdminTestJSON-1939870761-project] Lock "777f2969-d4e6-4281-998f-8b85ae9fafea" released by "nova.context.set_target_cell..get_or_set_cached_cell_and_set_connections" :: held 0.001s {{(pid=116854) inner /usr/local/lib/python3.8/dist-packages/oslo_concurrency/lockutils.py:367}}
Aug 11 00:19:48.609951 n-d-712143-13 devstack@n-api.service[116853]: DEBUG nova.api.openstack.wsgi [None req-a9407a47-27f1-421a-9779-2d4af3d1cac0 tempest-FlavorsV255TestJSON-1970655912 tempest-FlavorsV255TestJSON-1970655912-project] Calling method '>' {{(pid=116853) _process_stack /opt/stack/nova/nova/api/openstack/wsgi.py:513}}
Aug 11 00:19:48.637964 n-d-712143-13 devstack@n-api.service[116853]: INFO nova.api.openstack.requestlog [None req-a9407a47-27f1-421a-9779-2d4af3d1cac0 tempest-FlavorsV255TestJSON-1970655912 tempest-FlavorsV255TestJSON-1970655912-project] 10.222.0.43 "GET /compute/v2.1/flavors/1949765297" status: 200 len: 449 microversion: 2.55 time: 0.512942
Aug 11 00:19:48.642410 n-d-712143-13 devstack@n-api.service[116853]: [pid: 116853|app: 0|req: 71/159] 10.222.0.43 () {60 vars in 1199 bytes} [Wed Aug 11 00:19:48 2021] GET /compute/v2.1/flavors/1949765297 => generated 449 bytes in 518 msecs (HTTP/1.1 200) 9 headers in 359 bytes (1 switches on core 0)
Aug 11 00:19:48.667882 n-d-712143-13 devstack@n-api.service[116853]: DEBUG nova.api.openstack.wsgi [None req-9e80a1bb-482c-47c8-8bb8-9f3899759c0c tempest-FlavorsV255TestJSON-140943744 tempest-FlavorsV255TestJSON-140943744-project-admin] Action: 'update', calling method: .version_select at 0x7f04656b64c0>, body: {"flavor": {"description": "new"}} {{(pid=116853) _process_stack /opt/stack/nova/nova/api/openstack/wsgi.py:511}}
Aug 11 00:19:48.695324 n-d-712143-13 devstack@n-api.service[116853]: /usr/local/lib/python3.8/dist-packages/oslo_policy/policy.py:1064: UserWarning: Policy os_compute_api:os-flavor-manage:update failed scope check. The token used to make the request was project scoped but the policy requires ['system'] scope. This behavior may change in the future where using the intended scope is required
Aug 11 00:19:48.695324 n-d-712143-13 devstack@n-api.service[116853]: warnings.warn(msg)
Aug 11 00:19:48.811960 n-d-712143-13 devstack@n-api.service[116854]: DEBUG nova.policy [None req-00b34a4c-b8dc-40d4-b99c-7d9a05a1e399 tempest-AggregatesAdminTestJSON-1939870761 tempest-AggregatesAdminTestJSON-1939870761-project] Policy check for os_compute_api:os-extended-server-attributes failed with credentials {'is_admin': False, 'user_id': '73e1d3a62f4d443593257fca9071b082', 'user_domain_id': 'default', 'system_scope': None, 'domain_id': None, 'project_id': '83610428e3654607832f32db5b5de890', 'project_domain_id': 'default', 'roles': ['member', 'reader'], 'is_admin_project': True, 'service_user_id': None, 'service_user_domain_id': None, 'service_project_id': None, 'service_project_domain_id': None, 'service_roles': []} {{(pid=116854) authorize /opt/stack/nova/nova/policy.py:199}}
Aug 11 00:19:48.825992 n-d-712143-13 devstack@n-api.service[116854]: INFO nova.api.openstack.requestlog [None req-00b34a4c-b8dc-40d4-b99c-7d9a05a1e399 tempest-AggregatesAdminTestJSON-1939870761 tempest-AggregatesAdminTestJSON-1939870761-project] 10.222.0.43 "GET /compute/v2.1/servers/a2a9cea1-ced3-4112-9d67-cd545885cfa6" status: 200 len: 1337 microversion: 2.1 time: 0.535097
Aug 11 00:19:48.846166 n-d-712143-13 devstack@n-api.service[116854]: [pid: 116854|app: 0|req: 89/160] 10.222.0.43 () {58 vars in 1236 bytes} [Wed Aug 11 00:19:48 2021] GET /compute/v2.1/servers/a2a9cea1-ced3-4112-9d67-cd545885cfa6 => generated 1337 bytes in 550 msecs (HTTP/1.1 200) 9 headers in 358 bytes (1 switches on core 0)
Aug 11 00:19:48.902996 n-d-712143-13 devstack@n-api.service[116853]: INFO nova.api.openstack.requestlog [None req-9e80a1bb-482c-47c8-8bb8-9f3899759c0c tempest-FlavorsV255TestJSON-140943744 tempest-FlavorsV255TestJSON-140943744-project-admin] 10.222.0.43 "PUT /compute/v2.1/flavors/1949765297" status: 200 len: 450 microversion: 2.55 time: 0.250117
Aug 11 00:19:48.904461 n-d-712143-13 devstack@n-api.service[116853]: [pid: 116853|app: 0|req: 72/161] 10.222.0.43 () {62 vars in 1219 bytes} [Wed Aug 11 00:19:48 2021] PUT /compute/v2.1/flavors/1949765297 => generated 450 bytes in 253 msecs (HTTP/1.1 200) 9 headers in 359 bytes (1 switches on core 0)
Aug 11 00:19:48.933807 n-d-712143-13 devstack@n-api.service[116854]: DEBUG nova.api.openstack.wsgi [None req-449596ee-923b-4511-8acc-d53c18f794b9 tempest-FlavorsV255TestJSON-1970655912 tempest-FlavorsV255TestJSON-1970655912-project] Calling method '>' {{(pid=116854) _process_stack /opt/stack/nova/nova/api/openstack/wsgi.py:513}}
Aug 11 00:19:49.039760 n-d-712143-13 devstack@n-api.service[116854]: INFO nova.api.openstack.requestlog [None req-449596ee-923b-4511-8acc-d53c18f794b9 tempest-FlavorsV255TestJSON-1970655912 tempest-FlavorsV255TestJSON-1970655912-project] 10.222.0.43 "GET /compute/v2.1/flavors/detail" status: 200 len: 5725 microversion: 2.55 time: 0.122475
Aug 11 00:19:49.046460 n-d-712143-13 devstack@n-api.service[116854]: [pid: 116854|app: 0|req: 90/162] 10.222.0.43 () {60 vars in 1187 bytes} [Wed Aug 11 00:19:48 2021] GET /compute/v2.1/flavors/detail => generated 5725 bytes in 129 msecs (HTTP/1.1 200) 9 headers in 360 bytes (1 switches on core 0)
Aug 11 00:19:49.071503 n-d-712143-13 devstack@n-api.service[116853]: DEBUG nova.api.openstack.wsgi [None req-984d716d-47ad-4acd-aaa6-2a03968fdf2c tempest-FlavorsV255TestJSON-1970655912 tempest-FlavorsV255TestJSON-1970655912-project] Calling method '>' {{(pid=116853) _process_stack /opt/stack/nova/nova/api/openstack/wsgi.py:513}}
Aug 11 00:19:49.124204 n-d-712143-13 devstack@n-api.service[116853]: INFO nova.api.openstack.requestlog [None req-984d716d-47ad-4acd-aaa6-2a03968fdf2c tempest-FlavorsV255TestJSON-1970655912 tempest-FlavorsV255TestJSON-1970655912-project] 10.222.0.43 "GET /compute/v2.1/flavors" status: 200 len: 3157 microversion: 2.55 time: 0.058058
Aug 11 00:19:49.127294 n-d-712143-13 devstack@n-api.service[116853]: [pid: 116853|app: 0|req: 73/163] 10.222.0.43 () {60 vars in 1166 bytes} [Wed Aug 11 00:19:49 2021] GET /compute/v2.1/flavors => generated 3157 bytes in 62 msecs (HTTP/1.1 200) 9 headers in 360 bytes (1 switches on core 0)
Aug 11 00:19:49.156702 n-d-712143-13 devstack@n-api.service[116854]: DEBUG nova.api.openstack.wsgi [None req-5ce558bf-fb80-42a0-ba4f-cc486d4ccdb4 tempest-FlavorsV255TestJSON-140943744 tempest-FlavorsV255TestJSON-140943744-project-admin] Calling method '>' {{(pid=116854) _process_stack /opt/stack/nova/nova/api/openstack/wsgi.py:513}}
Aug 11 00:19:49.161022 n-d-712143-13 devstack@n-api.service[116854]: /usr/local/lib/python3.8/dist-packages/oslo_policy/policy.py:1064: UserWarning: Policy os_compute_api:os-flavor-manage:delete failed scope check. The token used to make the request was project scoped but the policy requires ['system'] scope. This behavior may change in the future where using the intended scope is required
Aug 11 00:19:49.161022 n-d-712143-13 devstack@n-api.service[116854]: warnings.warn(msg)
Aug 11 00:19:49.318041 n-d-712143-13 devstack@n-api.service[116853]: DEBUG nova.api.openstack.wsgi [None req-0f3166bd-ea1f-4c80-a28b-b608546ce3d8 tempest-LiveMigrationNegativeTest-1584243 tempest-LiveMigrationNegativeTest-1584243-project] Calling method '>' {{(pid=116853) _process_stack /opt/stack/nova/nova/api/openstack/wsgi.py:513}}
Aug 11 00:19:49.329260 n-d-712143-13 devstack@n-api.service[116853]: DEBUG nova.compute.api [None req-0f3166bd-ea1f-4c80-a28b-b608546ce3d8 tempest-LiveMigrationNegativeTest-1584243 tempest-LiveMigrationNegativeTest-1584243-project] [instance: 00e6d3e3-2783-4b99-8e4d-81ae6ed12e9c] Fetching instance by UUID {{(pid=116853) get /opt/stack/nova/nova/compute/api.py:2791}}
Aug 11 00:19:49.348660 n-d-712143-13 devstack@n-api.service[116853]: DEBUG oslo_concurrency.lockutils [None req-0f3166bd-ea1f-4c80-a28b-b608546ce3d8 tempest-LiveMigrationNegativeTest-1584243 tempest-LiveMigrationNegativeTest-1584243-project] Lock "777f2969-d4e6-4281-998f-8b85ae9fafea" acquired by "nova.context.set_target_cell..get_or_set_cached_cell_and_set_connections" :: waited 0.000s {{(pid=116853) inner /usr/local/lib/python3.8/dist-packages/oslo_concurrency/lockutils.py:355}}
Aug 11 00:19:49.349736 n-d-712143-13 devstack@n-api.service[116853]: DEBUG oslo_concurrency.lockutils [None req-0f3166bd-ea1f-4c80-a28b-b608546ce3d8 tempest-LiveMigrationNegativeTest-1584243 tempest-LiveMigrationNegativeTest-1584243-project] Lock "777f2969-d4e6-4281-998f-8b85ae9fafea" released by "nova.context.set_target_cell..get_or_set_cached_cell_and_set_connections" :: held 0.002s {{(pid=116853) inner /usr/local/lib/python3.8/dist-packages/oslo_concurrency/lockutils.py:367}}
Aug 11 00:19:49.351222 n-d-712143-13 devstack@n-api.service[116853]: DEBUG oslo_concurrency.lockutils [None req-0f3166bd-ea1f-4c80-a28b-b608546ce3d8 tempest-LiveMigrationNegativeTest-1584243 tempest-LiveMigrationNegativeTest-1584243-project] Lock "777f2969-d4e6-4281-998f-8b85ae9fafea" acquired by "nova.context.set_target_cell..get_or_set_cached_cell_and_set_connections" :: waited 0.000s {{(pid=116853) inner /usr/local/lib/python3.8/dist-packages/oslo_concurrency/lockutils.py:355}}
Aug 11 00:19:49.353288 n-d-712143-13 devstack@n-api.service[116853]: DEBUG oslo_concurrency.lockutils [None req-0f3166bd-ea1f-4c80-a28b-b608546ce3d8 tempest-LiveMigrationNegativeTest-1584243 tempest-LiveMigrationNegativeTest-1584243-project] Lock "777f2969-d4e6-4281-998f-8b85ae9fafea" released by "nova.context.set_target_cell..get_or_set_cached_cell_and_set_connections" :: held 0.002s {{(pid=116853) inner /usr/local/lib/python3.8/dist-packages/oslo_concurrency/lockutils.py:367}}
Aug 11 00:19:49.354089 n-d-712143-13 devstack@n-api.service[116854]: INFO nova.api.openstack.requestlog [None req-5ce558bf-fb80-42a0-ba4f-cc486d4ccdb4 tempest-FlavorsV255TestJSON-140943744 tempest-FlavorsV255TestJSON-140943744-project-admin] 10.222.0.43 "DELETE /compute/v2.1/flavors/1949765297" status: 202 len: 0 microversion: 2.55 time: 0.206578
Aug 11 00:19:49.372159 n-d-712143-13 devstack@n-api.service[116854]: [pid: 116854|app: 0|req: 91/164] 10.222.0.43 () {60 vars in 1202 bytes} [Wed Aug 11 00:19:49 2021] DELETE /compute/v2.1/flavors/1949765297 => generated 0 bytes in 208 msecs (HTTP/1.1 202) 9 headers in 363 bytes (1 switches on core 0)
Aug 11 00:19:49.377748 n-d-712143-13 devstack@n-api.service[116854]: DEBUG nova.api.openstack.wsgi [None req-5130a0a2-76f9-400f-8434-b6aa69cdba5b tempest-FlavorsV255TestJSON-140943744 tempest-FlavorsV255TestJSON-140943744-project-admin] Calling method '>' {{(pid=116854) _process_stack /opt/stack/nova/nova/api/openstack/wsgi.py:513}}
Aug 11 00:19:49.433250 n-d-712143-13 devstack@n-api.service[116854]: INFO nova.api.openstack.requestlog [None req-5130a0a2-76f9-400f-8434-b6aa69cdba5b tempest-FlavorsV255TestJSON-140943744 tempest-FlavorsV255TestJSON-140943744-project-admin] 10.222.0.43 "GET /compute/v2.1/flavors/detail" status: 200 len: 5285 microversion: 2.55 time: 0.059690
Aug 11 00:19:49.434499 n-d-712143-13 devstack@n-api.service[116854]: [pid: 116854|app: 0|req: 92/165] 10.222.0.43 () {60 vars in 1187 bytes} [Wed Aug 11 00:19:49 2021] GET /compute/v2.1/flavors/detail => generated 5285 bytes in 62 msecs (HTTP/1.1 200) 9 headers in 360 bytes (2 switches on core 0)
