Feb 11 04:17:40.695270 n-d-712142-35 devstack@placement-api.service[104299]: INFO placement.requestlog [req-1599802a-c241-4a97-a55a-9189228bdc97 req-ae79b76e-4c2f-44eb-938d-a6629016ab55 service placement] 10.222.0.13 "GET /placement/allocation_candidates?limit=1000&resources=DISK_GB%3A1%2CMEMORY_MB%3A1024%2CVCPU%3A1&root_required=%21COMPUTE_STATUS_DISABLED" status: 200 len: 1309 microversion: 1.36
Feb 11 04:17:40.695270 n-d-712142-35 devstack@placement-api.service[104299]: [pid: 104299|app: 0|req: 140/280] 10.222.0.13 () {60 vars in 1506 bytes} [Fri Feb 11 04:17:40 2022] GET /placement/allocation_candidates?limit=1000&resources=DISK_GB%3A1%2CMEMORY_MB%3A1024%2CVCPU%3A1&root_required=%21COMPUTE_STATUS_DISABLED => generated 1309 bytes in 138 msecs (HTTP/1.1 200) 8 headers in 297 bytes (1 switches on core 0)
Feb 11 04:17:40.784556 n-d-712142-35 devstack@placement-api.service[104298]: DEBUG placement.requestlog [req-1599802a-c241-4a97-a55a-9189228bdc97 req-69113b5e-604f-4997-89d8-27128a1f1da6 None None] Starting request: 10.222.0.13 "GET /placement/allocations/6ca19b1b-43d0-4c83-a9cf-5c06d4299712" {{(pid=104298) __call__ /opt/stack/placement/placement/requestlog.py:55}}
Feb 11 04:17:40.797861 n-d-712142-35 devstack@placement-api.service[104298]: INFO placement.requestlog [req-1599802a-c241-4a97-a55a-9189228bdc97 req-69113b5e-604f-4997-89d8-27128a1f1da6 service placement] 10.222.0.13 "GET /placement/allocations/6ca19b1b-43d0-4c83-a9cf-5c06d4299712" status: 200 len: 19 microversion: 1.28
Feb 11 04:17:40.798788 n-d-712142-35 devstack@placement-api.service[104298]: [pid: 104298|app: 0|req: 141/281] 10.222.0.13 () {60 vars in 1380 bytes} [Fri Feb 11 04:17:40 2022] GET /placement/allocations/6ca19b1b-43d0-4c83-a9cf-5c06d4299712 => generated 19 bytes in 15 msecs (HTTP/1.1 200) 8 headers in 295 bytes (1 switches on core 0)
Feb 11 04:17:40.808521 n-d-712142-35 devstack@placement-api.service[104299]: DEBUG placement.requestlog [req-1599802a-c241-4a97-a55a-9189228bdc97 req-d07e3ac3-d0c8-491d-9ae0-6907f34d4414 None None] Starting request: 10.222.0.13 "PUT /placement/allocations/6ca19b1b-43d0-4c83-a9cf-5c06d4299712" {{(pid=104299) __call__ /opt/stack/placement/placement/requestlog.py:55}}
Feb 11 04:17:40.942656 n-d-712142-35 devstack@placement-api.service[104299]: DEBUG placement.handlers.allocation [req-1599802a-c241-4a97-a55a-9189228bdc97 req-d07e3ac3-d0c8-491d-9ae0-6907f34d4414 service placement] Successfully wrote allocations [, , ] {{(pid=104299) _update_consumers_and_create_allocations /opt/stack/placement/placement/handlers/allocation.py:462}}
Feb 11 04:17:41.022288 n-d-712142-35 devstack@placement-api.service[104299]: INFO placement.requestlog [req-1599802a-c241-4a97-a55a-9189228bdc97 req-d07e3ac3-d0c8-491d-9ae0-6907f34d4414 service placement] 10.222.0.13 "PUT /placement/allocations/6ca19b1b-43d0-4c83-a9cf-5c06d4299712" status: 204 len: 0 microversion: 1.36
Feb 11 04:17:41.022757 n-d-712142-35 devstack@placement-api.service[104299]: [pid: 104299|app: 0|req: 141/282] 10.222.0.13 () {64 vars in 1433 bytes} [Fri Feb 11 04:17:40 2022] PUT /placement/allocations/6ca19b1b-43d0-4c83-a9cf-5c06d4299712 => generated 0 bytes in 215 msecs (HTTP/1.1 204) 5 headers in 199 bytes (1 switches on core 0)
Feb 11 04:17:42.060862 n-d-712142-35 devstack@placement-api.service[104298]: DEBUG placement.requestlog [req-1599802a-c241-4a97-a55a-9189228bdc97 req-bce62962-538a-422a-9b41-00a23c9e20d1 None None] Starting request: 10.222.0.47 "GET /placement/allocations/6ca19b1b-43d0-4c83-a9cf-5c06d4299712" {{(pid=104298) __call__ /opt/stack/placement/placement/requestlog.py:55}}
Feb 11 04:17:42.083743 n-d-712142-35 devstack@placement-api.service[104298]: INFO placement.requestlog [req-1599802a-c241-4a97-a55a-9189228bdc97 req-bce62962-538a-422a-9b41-00a23c9e20d1 service placement] 10.222.0.47 "GET /placement/allocations/6ca19b1b-43d0-4c83-a9cf-5c06d4299712" status: 200 len: 259 microversion: 1.28
Feb 11 04:17:42.084758 n-d-712142-35 devstack@placement-api.service[104298]: [pid: 104298|app: 0|req: 142/283] 10.222.0.47 () {60 vars in 1377 bytes} [Fri Feb 11 04:17:42 2022] GET /placement/allocations/6ca19b1b-43d0-4c83-a9cf-5c06d4299712 => generated 259 bytes in 25 msecs (HTTP/1.1 200) 8 headers in 296 bytes (1 switches on core 0)
Feb 11 04:17:43.681857 n-d-712142-35 devstack@placement-api.service[104299]: DEBUG placement.requestlog [req-6bc877b4-fb87-4830-b200-6165691c9a09 req-78b0e16f-6425-4a32-83fa-290bc7df357e None None] Starting request: 10.222.0.47 "DELETE /placement/allocations/54bb11aa-f274-4fdb-94ec-186bdf35f97d" {{(pid=104299) __call__ /opt/stack/placement/placement/requestlog.py:55}}
Feb 11 04:17:43.863512 n-d-712142-35 devstack@placement-api.service[104299]: DEBUG placement.handlers.allocation [req-6bc877b4-fb87-4830-b200-6165691c9a09 req-78b0e16f-6425-4a32-83fa-290bc7df357e service placement] Successfully deleted allocations [, , ] {{(pid=104299) delete_allocations /opt/stack/placement/placement/handlers/allocation.py:627}}
Feb 11 04:17:43.863512 n-d-712142-35 devstack@placement-api.service[104299]: INFO placement.requestlog [req-6bc877b4-fb87-4830-b200-6165691c9a09 req-78b0e16f-6425-4a32-83fa-290bc7df357e service placement] 10.222.0.47 "DELETE /placement/allocations/54bb11aa-f274-4fdb-94ec-186bdf35f97d" status: 204 len: 0 microversion: 1.0
Feb 11 04:17:43.863774 n-d-712142-35 devstack@placement-api.service[104299]: [pid: 104299|app: 0|req: 142/284] 10.222.0.47 () {60 vars in 1355 bytes} [Fri Feb 11 04:17:43 2022] DELETE /placement/allocations/54bb11aa-f274-4fdb-94ec-186bdf35f97d => generated 0 bytes in 182 msecs (HTTP/1.1 204) 5 headers in 198 bytes (1 switches on core 0)
Feb 11 04:17:46.324465 n-d-712142-35 devstack@placement-api.service[104298]: DEBUG placement.requestlog [None req-109bb6b7-79b5-4c44-837e-afc72339e60b None None] Starting request: 10.222.0.13 "GET /placement/" {{(pid=104298) __call__ /opt/stack/placement/placement/requestlog.py:55}}
Feb 11 04:17:46.330687 n-d-712142-35 devstack@placement-api.service[104298]: INFO placement.requestlog [None req-109bb6b7-79b5-4c44-837e-afc72339e60b None None] 10.222.0.13 "GET /placement/" status: 200 len: 136 microversion: 1.0
Feb 11 04:17:46.330687 n-d-712142-35 devstack@placement-api.service[104298]: [pid: 104298|app: 0|req: 143/285] 10.222.0.13 () {54 vars in 916 bytes} [Fri Feb 11 04:17:46 2022] GET /placement => generated 136 bytes in 2 msecs (HTTP/1.1 200) 6 headers in 224 bytes (1 switches on core 0)
Feb 11 04:17:46.367698 n-d-712142-35 devstack@placement-api.service[104299]: DEBUG placement.requestlog [req-774b3088-9b08-4f20-94fe-39aa6a7b9514 req-060a3f9c-16b2-411e-b293-38d9cb16d0eb None None] Starting request: 10.222.0.13 "GET /placement/allocations/782a29a3-9c2e-42d3-978e-63c79bbb09b6" {{(pid=104299) __call__ /opt/stack/placement/placement/requestlog.py:55}}
Feb 11 04:17:46.625589 n-d-712142-35 devstack@placement-api.service[104299]: INFO placement.requestlog [req-774b3088-9b08-4f20-94fe-39aa6a7b9514 req-060a3f9c-16b2-411e-b293-38d9cb16d0eb service placement] 10.222.0.13 "GET /placement/allocations/782a29a3-9c2e-42d3-978e-63c79bbb09b6" status: 200 len: 259 microversion: 1.28
Feb 11 04:17:46.627019 n-d-712142-35 devstack@placement-api.service[104299]: [pid: 104299|app: 0|req: 143/286] 10.222.0.13 () {60 vars in 1380 bytes} [Fri Feb 11 04:17:46 2022] GET /placement/allocations/782a29a3-9c2e-42d3-978e-63c79bbb09b6 => generated 259 bytes in 260 msecs (HTTP/1.1 200) 8 headers in 296 bytes (1 switches on core 0)
Feb 11 04:17:46.636561 n-d-712142-35 devstack@placement-api.service[104298]: DEBUG placement.requestlog [req-774b3088-9b08-4f20-94fe-39aa6a7b9514 req-f7c18ac6-8f09-47a5-9a1c-729900663667 None None] Starting request: 10.222.0.13 "GET /placement/allocations/782a29a3-9c2e-42d3-978e-63c79bbb09b6" {{(pid=104298) __call__ /opt/stack/placement/placement/requestlog.py:55}}
Feb 11 04:17:46.655694 n-d-712142-35 devstack@placement-api.service[104298]: INFO placement.requestlog [req-774b3088-9b08-4f20-94fe-39aa6a7b9514 req-f7c18ac6-8f09-47a5-9a1c-729900663667 service placement] 10.222.0.13 "GET /placement/allocations/782a29a3-9c2e-42d3-978e-63c79bbb09b6" status: 200 len: 259 microversion: 1.28
Feb 11 04:17:46.662675 n-d-712142-35 devstack@placement-api.service[104299]: DEBUG placement.requestlog [req-774b3088-9b08-4f20-94fe-39aa6a7b9514 req-33ba323b-a49b-4e7a-9fcc-08a6ae325cf1 None None] Starting request: 10.222.0.13 "GET /placement/allocations/fd3891c0-48b9-46de-9659-3faaa3d989ad" {{(pid=104299) __call__ /opt/stack/placement/placement/requestlog.py:55}}
Feb 11 04:17:46.671220 n-d-712142-35 devstack@placement-api.service[104298]: [pid: 104298|app: 0|req: 144/287] 10.222.0.13 () {60 vars in 1380 bytes} [Fri Feb 11 04:17:46 2022] GET /placement/allocations/782a29a3-9c2e-42d3-978e-63c79bbb09b6 => generated 259 bytes in 35 msecs (HTTP/1.1 200) 8 headers in 296 bytes (1 switches on core 0)
Feb 11 04:17:46.678005 n-d-712142-35 devstack@placement-api.service[104299]: INFO placement.requestlog [req-774b3088-9b08-4f20-94fe-39aa6a7b9514 req-33ba323b-a49b-4e7a-9fcc-08a6ae325cf1 service placement] 10.222.0.13 "GET /placement/allocations/fd3891c0-48b9-46de-9659-3faaa3d989ad" status: 200 len: 19 microversion: 1.28
Feb 11 04:17:46.685008 n-d-712142-35 devstack@placement-api.service[104298]: DEBUG placement.requestlog [req-774b3088-9b08-4f20-94fe-39aa6a7b9514 req-1271a443-99ca-4f53-adcc-6ebecd614534 None None] Starting request: 10.222.0.13 "POST /placement/allocations" {{(pid=104298) __call__ /opt/stack/placement/placement/requestlog.py:55}}
Feb 11 04:17:46.696517 n-d-712142-35 devstack@placement-api.service[104299]: [pid: 104299|app: 0|req: 144/288] 10.222.0.13 () {60 vars in 1380 bytes} [Fri Feb 11 04:17:46 2022] GET /placement/allocations/fd3891c0-48b9-46de-9659-3faaa3d989ad => generated 19 bytes in 32 msecs (HTTP/1.1 200) 8 headers in 295 bytes (2 switches on core 0)
Feb 11 04:17:46.944558 n-d-712142-35 devstack@placement-api.service[104298]: DEBUG placement.handlers.allocation [req-774b3088-9b08-4f20-94fe-39aa6a7b9514 req-1271a443-99ca-4f53-adcc-6ebecd614534 service placement] Successfully wrote allocations [, , , , , ] {{(pid=104298) _update_consumers_and_create_allocations /opt/stack/placement/placement/handlers/allocation.py:572}}
Feb 11 04:17:47.018771 n-d-712142-35 devstack@placement-api.service[104298]: INFO placement.requestlog [req-774b3088-9b08-4f20-94fe-39aa6a7b9514 req-1271a443-99ca-4f53-adcc-6ebecd614534 service placement] 10.222.0.13 "POST /placement/allocations" status: 204 len: 0 microversion: 1.28
Feb 11 04:17:47.020905 n-d-712142-35 devstack@placement-api.service[104298]: [pid: 104298|app: 0|req: 145/289] 10.222.0.13 () {64 vars in 1323 bytes} [Fri Feb 11 04:17:46 2022] POST /placement/allocations => generated 0 bytes in 335 msecs (HTTP/1.1 204) 5 headers in 199 bytes (2 switches on core 0)
Feb 11 04:17:47.153602 n-d-712142-35 devstack@placement-api.service[104299]: DEBUG placement.requestlog [req-774b3088-9b08-4f20-94fe-39aa6a7b9514 req-f585ed0b-33ff-4083-863b-c476499ec027 None None] Starting request: 10.222.0.13 "GET /placement/allocation_candidates?limit=1000&resources=DISK_GB%3A1%2CMEMORY_MB%3A512%2CVCPU%3A1&root_required=%21COMPUTE_STATUS_DISABLED" {{(pid=104299) __call__ /opt/stack/placement/placement/requestlog.py:55}}
Feb 11 04:17:47.265259 n-d-712142-35 devstack@placement-api.service[104299]: DEBUG placement.objects.research_context [req-774b3088-9b08-4f20-94fe-39aa6a7b9514 req-f585ed0b-33ff-4083-863b-c476499ec027 service placement] getting providers with 1 DISK_GB {{(pid=104299) __init__ /opt/stack/placement/placement/objects/research_context.py:126}}
Feb 11 04:17:47.292100 n-d-712142-35 devstack@placement-api.service[104299]: DEBUG placement.objects.research_context [req-774b3088-9b08-4f20-94fe-39aa6a7b9514 req-f585ed0b-33ff-4083-863b-c476499ec027 service placement] getting providers with 512 MEMORY_MB {{(pid=104299) __init__ /opt/stack/placement/placement/objects/research_context.py:126}}
Feb 11 04:17:47.307575 n-d-712142-35 devstack@placement-api.service[104299]: DEBUG placement.objects.research_context [req-774b3088-9b08-4f20-94fe-39aa6a7b9514 req-f585ed0b-33ff-4083-863b-c476499ec027 service placement] getting providers with 1 VCPU {{(pid=104299) __init__ /opt/stack/placement/placement/objects/research_context.py:126}}
Feb 11 04:17:47.323775 n-d-712142-35 devstack@placement-api.service[104299]: DEBUG placement.objects.research_context [req-774b3088-9b08-4f20-94fe-39aa6a7b9514 req-f585ed0b-33ff-4083-863b-c476499ec027 service placement] found 2 providers with available 1 DISK_GB {{(pid=104299) get_provider_ids_matching /opt/stack/placement/placement/objects/research_context.py:549}}
Feb 11 04:17:47.324066 n-d-712142-35 devstack@placement-api.service[104299]: DEBUG placement.objects.research_context [req-774b3088-9b08-4f20-94fe-39aa6a7b9514 req-f585ed0b-33ff-4083-863b-c476499ec027 service placement] found 2 providers with available 512 MEMORY_MB {{(pid=104299) get_provider_ids_matching /opt/stack/placement/placement/objects/research_context.py:549}}
Feb 11 04:17:47.324347 n-d-712142-35 devstack@placement-api.service[104299]: DEBUG placement.objects.research_context [req-774b3088-9b08-4f20-94fe-39aa6a7b9514 req-f585ed0b-33ff-4083-863b-c476499ec027 service placement] found 2 providers after filtering by previous result {{(pid=104299) get_provider_ids_matching /opt/stack/placement/placement/objects/research_context.py:580}}
Feb 11 04:17:47.324606 n-d-712142-35 devstack@placement-api.service[104299]: DEBUG placement.objects.research_context [req-774b3088-9b08-4f20-94fe-39aa6a7b9514 req-f585ed0b-33ff-4083-863b-c476499ec027 service placement] found 2 providers with available 1 VCPU {{(pid=104299) get_provider_ids_matching /opt/stack/placement/placement/objects/research_context.py:549}}
Feb 11 04:17:47.327296 n-d-712142-35 devstack@placement-api.service[104299]: DEBUG placement.objects.research_context [req-774b3088-9b08-4f20-94fe-39aa6a7b9514 req-f585ed0b-33ff-4083-863b-c476499ec027 service placement] found 2 providers after filtering by previous result {{(pid=104299) get_provider_ids_matching /opt/stack/placement/placement/objects/research_context.py:580}}
Feb 11 04:17:47.359352 n-d-712142-35 devstack@placement-api.service[104299]: DEBUG placement.objects.allocation_candidate [req-774b3088-9b08-4f20-94fe-39aa6a7b9514 req-f585ed0b-33ff-4083-863b-c476499ec027 service placement] RequestGroup(use_same_provider=False, resources={DISK_GB:1, MEMORY_MB:512, VCPU:1}, traits=[], aggregates=[]) (suffix '') returned 2 matches {{(pid=104299) _get_by_requests /opt/stack/placement/placement/objects/allocation_candidate.py:145}}
Feb 11 04:17:47.361060 n-d-712142-35 devstack@placement-api.service[104299]: DEBUG placement.objects.allocation_candidate [req-774b3088-9b08-4f20-94fe-39aa6a7b9514 req-f585ed0b-33ff-4083-863b-c476499ec027 service placement] Merging candidates yields 2 allocation requests and 2 provider summaries {{(pid=104299) _merge_candidates /opt/stack/placement/placement/objects/allocation_candidate.py:783}}
Feb 11 04:17:47.368176 n-d-712142-35 devstack@placement-api.service[104299]: INFO placement.requestlog [req-774b3088-9b08-4f20-94fe-39aa6a7b9514 req-f585ed0b-33ff-4083-863b-c476499ec027 service placement] 10.222.0.13 "GET /placement/allocation_candidates?limit=1000&resources=DISK_GB%3A1%2CMEMORY_MB%3A512%2CVCPU%3A1&root_required=%21COMPUTE_STATUS_DISABLED" status: 200 len: 1307 microversion: 1.36
Feb 11 04:17:47.370386 n-d-712142-35 devstack@placement-api.service[104299]: [pid: 104299|app: 0|req: 145/290] 10.222.0.13 () {60 vars in 1504 bytes} [Fri Feb 11 04:17:47 2022] GET /placement/allocation_candidates?limit=1000&resources=DISK_GB%3A1%2CMEMORY_MB%3A512%2CVCPU%3A1&root_required=%21COMPUTE_STATUS_DISABLED => generated 1307 bytes in 217 msecs (HTTP/1.1 200) 8 headers in 297 bytes (1 switches on core 0)
Feb 11 04:17:47.445352 n-d-712142-35 devstack@placement-api.service[104298]: DEBUG placement.requestlog [req-774b3088-9b08-4f20-94fe-39aa6a7b9514 req-56f974fd-ad86-478e-9824-0da2d025b194 None None] Starting request: 10.222.0.13 "GET /placement/allocations/782a29a3-9c2e-42d3-978e-63c79bbb09b6" {{(pid=104298) __call__ /opt/stack/placement/placement/requestlog.py:55}}
Feb 11 04:17:47.464450 n-d-712142-35 devstack@placement-api.service[104298]: INFO placement.requestlog [req-774b3088-9b08-4f20-94fe-39aa6a7b9514 req-56f974fd-ad86-478e-9824-0da2d025b194 service placement] 10.222.0.13 "GET /placement/allocations/782a29a3-9c2e-42d3-978e-63c79bbb09b6" status: 200 len: 19 microversion: 1.28
Feb 11 04:17:47.472378 n-d-712142-35 devstack@placement-api.service[104298]: [pid: 104298|app: 0|req: 146/291] 10.222.0.13 () {60 vars in 1380 bytes} [Fri Feb 11 04:17:47 2022] GET /placement/allocations/782a29a3-9c2e-42d3-978e-63c79bbb09b6 => generated 19 bytes in 20 msecs (HTTP/1.1 200) 8 headers in 295 bytes (1 switches on core 0)
Feb 11 04:17:47.477226 n-d-712142-35 devstack@placement-api.service[104299]: DEBUG placement.requestlog [req-774b3088-9b08-4f20-94fe-39aa6a7b9514 req-0e93da4d-5061-4848-9834-a639c761dcca None None] Starting request: 10.222.0.13 "PUT /placement/allocations/782a29a3-9c2e-42d3-978e-63c79bbb09b6" {{(pid=104299) __call__ /opt/stack/placement/placement/requestlog.py:55}}
Feb 11 04:17:47.672459 n-d-712142-35 devstack@placement-api.service[104299]: DEBUG placement.handlers.allocation [req-774b3088-9b08-4f20-94fe-39aa6a7b9514 req-0e93da4d-5061-4848-9834-a639c761dcca service placement] Successfully wrote allocations [, , ] {{(pid=104299) _update_consumers_and_create_allocations /opt/stack/placement/placement/handlers/allocation.py:462}}
Feb 11 04:17:47.754666 n-d-712142-35 devstack@placement-api.service[104299]: INFO placement.requestlog [req-774b3088-9b08-4f20-94fe-39aa6a7b9514 req-0e93da4d-5061-4848-9834-a639c761dcca service placement] 10.222.0.13 "PUT /placement/allocations/782a29a3-9c2e-42d3-978e-63c79bbb09b6" status: 204 len: 0 microversion: 1.36
Feb 11 04:17:47.761496 n-d-712142-35 devstack@placement-api.service[104299]: [pid: 104299|app: 0|req: 146/292] 10.222.0.13 () {64 vars in 1433 bytes} [Fri Feb 11 04:17:47 2022] PUT /placement/allocations/782a29a3-9c2e-42d3-978e-63c79bbb09b6 => generated 0 bytes in 285 msecs (HTTP/1.1 204) 5 headers in 199 bytes (1 switches on core 0)
Feb 11 04:17:48.235386 n-d-712142-35 devstack@placement-api.service[104298]: DEBUG placement.requestlog [req-774b3088-9b08-4f20-94fe-39aa6a7b9514 req-f3d37482-e647-4bfd-9174-1bb786420ce5 None None] Starting request: 10.222.0.47 "GET /placement/allocations/782a29a3-9c2e-42d3-978e-63c79bbb09b6" {{(pid=104298) __call__ /opt/stack/placement/placement/requestlog.py:55}}
Feb 11 04:17:48.264749 n-d-712142-35 devstack@placement-api.service[104298]: INFO placement.requestlog [req-774b3088-9b08-4f20-94fe-39aa6a7b9514 req-f3d37482-e647-4bfd-9174-1bb786420ce5 service placement] 10.222.0.47 "GET /placement/allocations/782a29a3-9c2e-42d3-978e-63c79bbb09b6" status: 200 len: 258 microversion: 1.28
Feb 11 04:17:48.277036 n-d-712142-35 devstack@placement-api.service[104298]: [pid: 104298|app: 0|req: 147/293] 10.222.0.47 () {60 vars in 1377 bytes} [Fri Feb 11 04:17:48 2022] GET /placement/allocations/782a29a3-9c2e-42d3-978e-63c79bbb09b6 => generated 258 bytes in 42 msecs (HTTP/1.1 200) 8 headers in 296 bytes (1 switches on core 0)
Feb 11 04:17:48.761841 n-d-712142-35 devstack@placement-api.service[104299]: DEBUG placement.requestlog [req-0c163ec3-5c3b-4ffb-9652-1d462a3bcd2d req-44e9b686-3cc2-40a5-ab22-5a995bb19d1e None None] Starting request: 10.222.0.13 "GET /placement/allocation_candidates?limit=1000&resources=DISK_GB%3A1%2CMEMORY_MB%3A1024%2CVCPU%3A1&root_required=%21COMPUTE_STATUS_DISABLED" {{(pid=104299) __call__ /opt/stack/placement/placement/requestlog.py:55}}
Feb 11 04:17:48.843613 n-d-712142-35 devstack@placement-api.service[104299]: DEBUG placement.objects.research_context [req-0c163ec3-5c3b-4ffb-9652-1d462a3bcd2d req-44e9b686-3cc2-40a5-ab22-5a995bb19d1e service placement] getting providers with 1 DISK_GB {{(pid=104299) __init__ /opt/stack/placement/placement/objects/research_context.py:126}}
Feb 11 04:17:48.854752 n-d-712142-35 devstack@placement-api.service[104299]: DEBUG placement.objects.research_context [req-0c163ec3-5c3b-4ffb-9652-1d462a3bcd2d req-44e9b686-3cc2-40a5-ab22-5a995bb19d1e service placement] getting providers with 1024 MEMORY_MB {{(pid=104299) __init__ /opt/stack/placement/placement/objects/research_context.py:126}}
Feb 11 04:17:48.862330 n-d-712142-35 devstack@placement-api.service[104299]: DEBUG placement.objects.research_context [req-0c163ec3-5c3b-4ffb-9652-1d462a3bcd2d req-44e9b686-3cc2-40a5-ab22-5a995bb19d1e service placement] getting providers with 1 VCPU {{(pid=104299) __init__ /opt/stack/placement/placement/objects/research_context.py:126}}
Feb 11 04:17:48.869101 n-d-712142-35 devstack@placement-api.service[104299]: DEBUG placement.objects.research_context [req-0c163ec3-5c3b-4ffb-9652-1d462a3bcd2d req-44e9b686-3cc2-40a5-ab22-5a995bb19d1e service placement] found 2 providers with available 1 DISK_GB {{(pid=104299) get_provider_ids_matching /opt/stack/placement/placement/objects/research_context.py:549}}
Feb 11 04:17:48.869811 n-d-712142-35 devstack@placement-api.service[104299]: DEBUG placement.objects.research_context [req-0c163ec3-5c3b-4ffb-9652-1d462a3bcd2d req-44e9b686-3cc2-40a5-ab22-5a995bb19d1e service placement] found 2 providers with available 1024 MEMORY_MB {{(pid=104299) get_provider_ids_matching /opt/stack/placement/placement/objects/research_context.py:549}}
Feb 11 04:17:48.870168 n-d-712142-35 devstack@placement-api.service[104299]: DEBUG placement.objects.research_context [req-0c163ec3-5c3b-4ffb-9652-1d462a3bcd2d req-44e9b686-3cc2-40a5-ab22-5a995bb19d1e service placement] found 2 providers after filtering by previous result {{(pid=104299) get_provider_ids_matching /opt/stack/placement/placement/objects/research_context.py:580}}
Feb 11 04:17:48.870533 n-d-712142-35 devstack@placement-api.service[104299]: DEBUG placement.objects.research_context [req-0c163ec3-5c3b-4ffb-9652-1d462a3bcd2d req-44e9b686-3cc2-40a5-ab22-5a995bb19d1e service placement] found 2 providers with available 1 VCPU {{(pid=104299) get_provider_ids_matching /opt/stack/placement/placement/objects/research_context.py:549}}
Feb 11 04:17:48.870978 n-d-712142-35 devstack@placement-api.service[104299]: DEBUG placement.objects.research_context [req-0c163ec3-5c3b-4ffb-9652-1d462a3bcd2d req-44e9b686-3cc2-40a5-ab22-5a995bb19d1e service placement] found 2 providers after filtering by previous result {{(pid=104299) get_provider_ids_matching /opt/stack/placement/placement/objects/research_context.py:580}}
Feb 11 04:17:48.887290 n-d-712142-35 devstack@placement-api.service[104299]: DEBUG placement.objects.allocation_candidate [req-0c163ec3-5c3b-4ffb-9652-1d462a3bcd2d req-44e9b686-3cc2-40a5-ab22-5a995bb19d1e service placement] RequestGroup(use_same_provider=False, resources={DISK_GB:1, MEMORY_MB:1024, VCPU:1}, traits=[], aggregates=[]) (suffix '') returned 2 matches {{(pid=104299) _get_by_requests /opt/stack/placement/placement/objects/allocation_candidate.py:145}}
Feb 11 04:17:48.888062 n-d-712142-35 devstack@placement-api.service[104299]: DEBUG placement.objects.allocation_candidate [req-0c163ec3-5c3b-4ffb-9652-1d462a3bcd2d req-44e9b686-3cc2-40a5-ab22-5a995bb19d1e service placement] Merging candidates yields 2 allocation requests and 2 provider summaries {{(pid=104299) _merge_candidates /opt/stack/placement/placement/objects/allocation_candidate.py:783}}
Feb 11 04:17:48.890290 n-d-712142-35 devstack@placement-api.service[104299]: INFO placement.requestlog [req-0c163ec3-5c3b-4ffb-9652-1d462a3bcd2d req-44e9b686-3cc2-40a5-ab22-5a995bb19d1e service placement] 10.222.0.13 "GET /placement/allocation_candidates?limit=1000&resources=DISK_GB%3A1%2CMEMORY_MB%3A1024%2CVCPU%3A1&root_required=%21COMPUTE_STATUS_DISABLED" status: 200 len: 1309 microversion: 1.36
Feb 11 04:17:48.891209 n-d-712142-35 devstack@placement-api.service[104299]: [pid: 104299|app: 0|req: 147/294] 10.222.0.13 () {60 vars in 1506 bytes} [Fri Feb 11 04:17:48 2022] GET /placement/allocation_candidates?limit=1000&resources=DISK_GB%3A1%2CMEMORY_MB%3A1024%2CVCPU%3A1&root_required=%21COMPUTE_STATUS_DISABLED => generated 1309 bytes in 130 msecs (HTTP/1.1 200) 8 headers in 297 bytes (1 switches on core 0)
Feb 11 04:17:48.961122 n-d-712142-35 devstack@placement-api.service[104298]: DEBUG placement.requestlog [req-0c163ec3-5c3b-4ffb-9652-1d462a3bcd2d req-d5e394f1-b2f9-413f-97d4-6f9459bfdd98 None None] Starting request: 10.222.0.13 "GET /placement/allocations/b0348508-1e8b-47ba-b558-eed413cc5c26" {{(pid=104298) __call__ /opt/stack/placement/placement/requestlog.py:55}}
Feb 11 04:17:48.984082 n-d-712142-35 devstack@placement-api.service[104298]: INFO placement.requestlog [req-0c163ec3-5c3b-4ffb-9652-1d462a3bcd2d req-d5e394f1-b2f9-413f-97d4-6f9459bfdd98 service placement] 10.222.0.13 "GET /placement/allocations/b0348508-1e8b-47ba-b558-eed413cc5c26" status: 200 len: 19 microversion: 1.28
Feb 11 04:17:48.985132 n-d-712142-35 devstack@placement-api.service[104298]: [pid: 104298|app: 0|req: 148/295] 10.222.0.13 () {60 vars in 1380 bytes} [Fri Feb 11 04:17:48 2022] GET /placement/allocations/b0348508-1e8b-47ba-b558-eed413cc5c26 => generated 19 bytes in 24 msecs (HTTP/1.1 200) 8 headers in 295 bytes (1 switches on core 0)
Feb 11 04:17:48.993096 n-d-712142-35 devstack@placement-api.service[104299]: DEBUG placement.requestlog [req-0c163ec3-5c3b-4ffb-9652-1d462a3bcd2d req-3a1c2c5b-62db-4f7d-a54b-7c7e840379b4 None None] Starting request: 10.222.0.13 "PUT /placement/allocations/b0348508-1e8b-47ba-b558-eed413cc5c26" {{(pid=104299) __call__ /opt/stack/placement/placement/requestlog.py:55}}
Feb 11 04:17:49.290844 n-d-712142-35 devstack@placement-api.service[104299]: DEBUG placement.handlers.allocation [req-0c163ec3-5c3b-4ffb-9652-1d462a3bcd2d req-3a1c2c5b-62db-4f7d-a54b-7c7e840379b4 service placement] Successfully wrote allocations [, , ] {{(pid=104299) _update_consumers_and_create_allocations /opt/stack/placement/placement/handlers/allocation.py:462}}
Feb 11 04:17:49.359549 n-d-712142-35 devstack@placement-api.service[104299]: INFO placement.requestlog [req-0c163ec3-5c3b-4ffb-9652-1d462a3bcd2d req-3a1c2c5b-62db-4f7d-a54b-7c7e840379b4 service placement] 10.222.0.13 "PUT /placement/allocations/b0348508-1e8b-47ba-b558-eed413cc5c26" status: 204 len: 0 microversion: 1.36
Feb 11 04:17:49.360015 n-d-712142-35 devstack@placement-api.service[104299]: [pid: 104299|app: 0|req: 148/296] 10.222.0.13 () {64 vars in 1433 bytes} [Fri Feb 11 04:17:48 2022] PUT /placement/allocations/b0348508-1e8b-47ba-b558-eed413cc5c26 => generated 0 bytes in 367 msecs (HTTP/1.1 204) 5 headers in 199 bytes (1 switches on core 0)
Feb 11 04:17:50.804737 n-d-712142-35 devstack@placement-api.service[104298]: DEBUG placement.requestlog [req-0c163ec3-5c3b-4ffb-9652-1d462a3bcd2d req-9db45cc1-9dbe-4cd7-a872-aa5d2c9301a9 None None] Starting request: 10.222.0.47 "GET /placement/allocations/b0348508-1e8b-47ba-b558-eed413cc5c26" {{(pid=104298) __call__ /opt/stack/placement/placement/requestlog.py:55}}
Feb 11 04:17:50.834037 n-d-712142-35 devstack@placement-api.service[104298]: INFO placement.requestlog [req-0c163ec3-5c3b-4ffb-9652-1d462a3bcd2d req-9db45cc1-9dbe-4cd7-a872-aa5d2c9301a9 service placement] 10.222.0.47 "GET /placement/allocations/b0348508-1e8b-47ba-b558-eed413cc5c26" status: 200 len: 259 microversion: 1.28
Feb 11 04:17:50.835550 n-d-712142-35 devstack@placement-api.service[104298]: [pid: 104298|app: 0|req: 149/297] 10.222.0.47 () {60 vars in 1377 bytes} [Fri Feb 11 04:17:50 2022] GET /placement/allocations/b0348508-1e8b-47ba-b558-eed413cc5c26 => generated 259 bytes in 31 msecs (HTTP/1.1 200) 8 headers in 296 bytes (1 switches on core 0)
Feb 11 04:18:06.979338 n-d-712142-35 devstack@placement-api.service[104299]: DEBUG placement.requestlog [req-742d353c-2ca4-4d34-a4e3-0b88d2003a9d req-7df5730d-3a18-4320-a959-9a6d7dec621a None None] Starting request: 10.222.0.32 "GET /placement/resource_providers/50c54344-5c61-499d-847a-3ece0f453c13/allocations" {{(pid=104299) __call__ /opt/stack/placement/placement/requestlog.py:55}}
Feb 11 04:18:07.027000 n-d-712142-35 devstack@placement-api.service[104299]: INFO placement.requestlog [req-742d353c-2ca4-4d34-a4e3-0b88d2003a9d req-7df5730d-3a18-4320-a959-9a6d7dec621a service placement] 10.222.0.32 "GET /placement/resource_providers/50c54344-5c61-499d-847a-3ece0f453c13/allocations" status: 200 len: 860 microversion: 1.0
Feb 11 04:18:07.027386 n-d-712142-35 devstack@placement-api.service[104299]: [pid: 104299|app: 0|req: 149/298] 10.222.0.32 () {58 vars in 1390 bytes} [Fri Feb 11 04:18:06 2022] GET /placement/resource_providers/50c54344-5c61-499d-847a-3ece0f453c13/allocations => generated 860 bytes in 49 msecs (HTTP/1.1 200) 6 headers in 224 bytes (1 switches on core 0)
Feb 11 04:18:07.590127 n-d-712142-35 devstack@placement-api.service[104298]: DEBUG placement.requestlog [req-742d353c-2ca4-4d34-a4e3-0b88d2003a9d req-5e2df2ff-360f-406d-b093-32d5531b306a None None] Starting request: 10.222.0.32 "GET /placement/allocations/9f679bff-0e01-42d0-9432-f15b1818fc61" {{(pid=104298) __call__ /opt/stack/placement/placement/requestlog.py:55}}
Feb 11 04:18:07.620302 n-d-712142-35 devstack@placement-api.service[104298]: INFO placement.requestlog [req-742d353c-2ca4-4d34-a4e3-0b88d2003a9d req-5e2df2ff-360f-406d-b093-32d5531b306a service placement] 10.222.0.32 "GET /placement/allocations/9f679bff-0e01-42d0-9432-f15b1818fc61" status: 200 len: 259 microversion: 1.28
Feb 11 04:18:07.623259 n-d-712142-35 devstack@placement-api.service[104298]: [pid: 104298|app: 0|req: 150/299] 10.222.0.32 () {60 vars in 1377 bytes} [Fri Feb 11 04:18:07 2022] GET /placement/allocations/9f679bff-0e01-42d0-9432-f15b1818fc61 => generated 259 bytes in 39 msecs (HTTP/1.1 200) 8 headers in 296 bytes (1 switches on core 0)
Feb 11 04:18:07.630865 n-d-712142-35 devstack@placement-api.service[104299]: DEBUG placement.requestlog [req-742d353c-2ca4-4d34-a4e3-0b88d2003a9d req-32f6e7f7-a2a5-46bb-aff6-b9c3769d4757 None None] Starting request: 10.222.0.32 "PUT /placement/allocations/9f679bff-0e01-42d0-9432-f15b1818fc61" {{(pid=104299) __call__ /opt/stack/placement/placement/requestlog.py:55}}
Feb 11 04:18:07.712996 n-d-712142-35 devstack@placement-api.service[104299]: DEBUG placement.handlers.allocation [req-742d353c-2ca4-4d34-a4e3-0b88d2003a9d req-32f6e7f7-a2a5-46bb-aff6-b9c3769d4757 service placement] Successfully wrote allocations [, , ] {{(pid=104299) _update_consumers_and_create_allocations /opt/stack/placement/placement/handlers/allocation.py:462}}
Feb 11 04:18:07.816206 n-d-712142-35 devstack@placement-api.service[104299]: INFO placement.requestlog [req-742d353c-2ca4-4d34-a4e3-0b88d2003a9d req-32f6e7f7-a2a5-46bb-aff6-b9c3769d4757 service placement] 10.222.0.32 "PUT /placement/allocations/9f679bff-0e01-42d0-9432-f15b1818fc61" status: 204 len: 0 microversion: 1.28
Feb 11 04:18:07.817319 n-d-712142-35 devstack@placement-api.service[104299]: [pid: 104299|app: 0|req: 150/300] 10.222.0.32 () {64 vars in 1430 bytes} [Fri Feb 11 04:18:07 2022] PUT /placement/allocations/9f679bff-0e01-42d0-9432-f15b1818fc61 => generated 0 bytes in 187 msecs (HTTP/1.1 204) 5 headers in 199 bytes (1 switches on core 0)
Feb 11 04:18:10.011461 n-d-712142-35 devstack@placement-api.service[104298]: DEBUG placement.requestlog [req-4589d08b-62d7-460f-9e01-df5a3dc39045 req-bebc19af-77b9-4a18-af37-8675d8ac7571 None None] Starting request: 10.222.0.47 "GET /placement/resource_providers/a120ca8d-3d1d-4d83-9cdd-0bdf1f830f37/allocations" {{(pid=104298) __call__ /opt/stack/placement/placement/requestlog.py:55}}
Feb 11 04:18:10.064786 n-d-712142-35 devstack@placement-api.service[104298]: INFO placement.requestlog [req-4589d08b-62d7-460f-9e01-df5a3dc39045 req-bebc19af-77b9-4a18-af37-8675d8ac7571 service placement] 10.222.0.47 "GET /placement/resource_providers/a120ca8d-3d1d-4d83-9cdd-0bdf1f830f37/allocations" status: 200 len: 860 microversion: 1.0
Feb 11 04:18:10.066578 n-d-712142-35 devstack@placement-api.service[104298]: [pid: 104298|app: 0|req: 151/301] 10.222.0.47 () {58 vars in 1390 bytes} [Fri Feb 11 04:18:10 2022] GET /placement/resource_providers/a120ca8d-3d1d-4d83-9cdd-0bdf1f830f37/allocations => generated 860 bytes in 55 msecs (HTTP/1.1 200) 6 headers in 224 bytes (1 switches on core 0)
Feb 11 04:18:10.666088 n-d-712142-35 devstack@placement-api.service[104299]: DEBUG placement.requestlog [req-0a5d208c-9183-4dde-8ef3-82a9c5030702 req-bbabf4ca-a6a4-4a6c-bf18-58204feb20b7 None None] Starting request: 10.222.0.32 "GET /placement/resource_providers/50c54344-5c61-499d-847a-3ece0f453c13/allocations" {{(pid=104299) __call__ /opt/stack/placement/placement/requestlog.py:55}}
Feb 11 04:18:10.719519 n-d-712142-35 devstack@placement-api.service[104299]: INFO placement.requestlog [req-0a5d208c-9183-4dde-8ef3-82a9c5030702 req-bbabf4ca-a6a4-4a6c-bf18-58204feb20b7 service placement] 10.222.0.32 "GET /placement/resource_providers/50c54344-5c61-499d-847a-3ece0f453c13/allocations" status: 200 len: 759 microversion: 1.0
Feb 11 04:18:10.720201 n-d-712142-35 devstack@placement-api.service[104299]: [pid: 104299|app: 0|req: 151/302] 10.222.0.32 () {58 vars in 1390 bytes} [Fri Feb 11 04:18:10 2022] GET /placement/resource_providers/50c54344-5c61-499d-847a-3ece0f453c13/allocations => generated 759 bytes in 54 msecs (HTTP/1.1 200) 6 headers in 224 bytes (1 switches on core 0)
Feb 11 04:18:16.591421 n-d-712142-35 devstack@placement-api.service[104298]: DEBUG placement.requestlog [req-774b3088-9b08-4f20-94fe-39aa6a7b9514 req-0dbc5335-3ccd-40a1-ae3e-c3f3a53a122a None None] Starting request: 10.222.0.47 "GET /placement/allocations/782a29a3-9c2e-42d3-978e-63c79bbb09b6" {{(pid=104298) __call__ /opt/stack/placement/placement/requestlog.py:55}}
Feb 11 04:18:16.626555 n-d-712142-35 devstack@placement-api.service[104298]: INFO placement.requestlog [req-774b3088-9b08-4f20-94fe-39aa6a7b9514 req-0dbc5335-3ccd-40a1-ae3e-c3f3a53a122a service placement] 10.222.0.47 "GET /placement/allocations/782a29a3-9c2e-42d3-978e-63c79bbb09b6" status: 200 len: 258 microversion: 1.28
Feb 11 04:18:16.629183 n-d-712142-35 devstack@placement-api.service[104298]: [pid: 104298|app: 0|req: 152/303] 10.222.0.47 () {60 vars in 1377 bytes} [Fri Feb 11 04:18:16 2022] GET /placement/allocations/782a29a3-9c2e-42d3-978e-63c79bbb09b6 => generated 258 bytes in 38 msecs (HTTP/1.1 200) 8 headers in 296 bytes (2 switches on core 0)
Feb 11 04:18:17.635891 n-d-712142-35 devstack@placement-api.service[104299]: DEBUG placement.requestlog [req-f5ef3490-9450-4717-b98b-6c3519940976 req-856bfce6-02f3-488a-8212-9d5525aa4678 None None] Starting request: 10.222.0.13 "GET /placement/allocation_candidates?limit=1000&resources=DISK_GB%3A1%2CMEMORY_MB%3A1024%2CVCPU%3A1&root_required=%21COMPUTE_STATUS_DISABLED" {{(pid=104299) __call__ /opt/stack/placement/placement/requestlog.py:55}}
Feb 11 04:18:17.721249 n-d-712142-35 devstack@placement-api.service[104299]: DEBUG placement.objects.research_context [req-f5ef3490-9450-4717-b98b-6c3519940976 req-856bfce6-02f3-488a-8212-9d5525aa4678 service placement] getting providers with 1 DISK_GB {{(pid=104299) __init__ /opt/stack/placement/placement/objects/research_context.py:126}}
Feb 11 04:18:17.734949 n-d-712142-35 devstack@placement-api.service[104299]: DEBUG placement.objects.research_context [req-f5ef3490-9450-4717-b98b-6c3519940976 req-856bfce6-02f3-488a-8212-9d5525aa4678 service placement] getting providers with 1024 MEMORY_MB {{(pid=104299) __init__ /opt/stack/placement/placement/objects/research_context.py:126}}
Feb 11 04:18:17.749585 n-d-712142-35 devstack@placement-api.service[104299]: DEBUG placement.objects.research_context [req-f5ef3490-9450-4717-b98b-6c3519940976 req-856bfce6-02f3-488a-8212-9d5525aa4678 service placement] getting providers with 1 VCPU {{(pid=104299) __init__ /opt/stack/placement/placement/objects/research_context.py:126}}
Feb 11 04:18:17.774028 n-d-712142-35 devstack@placement-api.service[104299]: DEBUG placement.objects.research_context [req-f5ef3490-9450-4717-b98b-6c3519940976 req-856bfce6-02f3-488a-8212-9d5525aa4678 service placement] found 2 providers with available 1 DISK_GB {{(pid=104299) get_provider_ids_matching /opt/stack/placement/placement/objects/research_context.py:549}}
Feb 11 04:18:17.774553 n-d-712142-35 devstack@placement-api.service[104299]: DEBUG placement.objects.research_context [req-f5ef3490-9450-4717-b98b-6c3519940976 req-856bfce6-02f3-488a-8212-9d5525aa4678 service placement] found 2 providers with available 1024 MEMORY_MB {{(pid=104299) get_provider_ids_matching /opt/stack/placement/placement/objects/research_context.py:549}}
Feb 11 04:18:17.775070 n-d-712142-35 devstack@placement-api.service[104299]: DEBUG placement.objects.research_context [req-f5ef3490-9450-4717-b98b-6c3519940976 req-856bfce6-02f3-488a-8212-9d5525aa4678 service placement] found 2 providers after filtering by previous result {{(pid=104299) get_provider_ids_matching /opt/stack/placement/placement/objects/research_context.py:580}}
Feb 11 04:18:17.775515 n-d-712142-35 devstack@placement-api.service[104299]: DEBUG placement.objects.research_context [req-f5ef3490-9450-4717-b98b-6c3519940976 req-856bfce6-02f3-488a-8212-9d5525aa4678 service placement] found 2 providers with available 1 VCPU {{(pid=104299) get_provider_ids_matching /opt/stack/placement/placement/objects/research_context.py:549}}
Feb 11 04:18:17.775952 n-d-712142-35 devstack@placement-api.service[104299]: DEBUG placement.objects.research_context [req-f5ef3490-9450-4717-b98b-6c3519940976 req-856bfce6-02f3-488a-8212-9d5525aa4678 service placement] found 2 providers after filtering by previous result {{(pid=104299) get_provider_ids_matching /opt/stack/placement/placement/objects/research_context.py:580}}
Feb 11 04:18:17.823116 n-d-712142-35 devstack@placement-api.service[104299]: DEBUG placement.objects.allocation_candidate [req-f5ef3490-9450-4717-b98b-6c3519940976 req-856bfce6-02f3-488a-8212-9d5525aa4678 service placement] RequestGroup(use_same_provider=False, resources={DISK_GB:1, MEMORY_MB:1024, VCPU:1}, traits=[], aggregates=[]) (suffix '') returned 2 matches {{(pid=104299) _get_by_requests /opt/stack/placement/placement/objects/allocation_candidate.py:145}}
Feb 11 04:18:17.823642 n-d-712142-35 devstack@placement-api.service[104299]: DEBUG placement.objects.allocation_candidate [req-f5ef3490-9450-4717-b98b-6c3519940976 req-856bfce6-02f3-488a-8212-9d5525aa4678 service placement] Merging candidates yields 2 allocation requests and 2 provider summaries {{(pid=104299) _merge_candidates /opt/stack/placement/placement/objects/allocation_candidate.py:783}}
Feb 11 04:18:17.833249 n-d-712142-35 devstack@placement-api.service[104299]: INFO placement.requestlog [req-f5ef3490-9450-4717-b98b-6c3519940976 req-856bfce6-02f3-488a-8212-9d5525aa4678 service placement] 10.222.0.13 "GET /placement/allocation_candidates?limit=1000&resources=DISK_GB%3A1%2CMEMORY_MB%3A1024%2CVCPU%3A1&root_required=%21COMPUTE_STATUS_DISABLED" status: 200 len: 1309 microversion: 1.36
Feb 11 04:18:17.834328 n-d-712142-35 devstack@placement-api.service[104299]: [pid: 104299|app: 0|req: 152/304] 10.222.0.13 () {60 vars in 1506 bytes} [Fri Feb 11 04:18:17 2022] GET /placement/allocation_candidates?limit=1000&resources=DISK_GB%3A1%2CMEMORY_MB%3A1024%2CVCPU%3A1&root_required=%21COMPUTE_STATUS_DISABLED => generated 1309 bytes in 199 msecs (HTTP/1.1 200) 8 headers in 297 bytes (1 switches on core 0)
Feb 11 04:18:17.972582 n-d-712142-35 devstack@placement-api.service[104298]: DEBUG placement.requestlog [req-f5ef3490-9450-4717-b98b-6c3519940976 req-789613d5-96ba-430d-a870-26a54dc9ff4a None None] Starting request: 10.222.0.13 "GET /placement/allocations/b848901b-4744-471e-826a-5118caf29ac0" {{(pid=104298) __call__ /opt/stack/placement/placement/requestlog.py:55}}
Feb 11 04:18:17.993325 n-d-712142-35 devstack@placement-api.service[104298]: INFO placement.requestlog [req-f5ef3490-9450-4717-b98b-6c3519940976 req-789613d5-96ba-430d-a870-26a54dc9ff4a service placement] 10.222.0.13 "GET /placement/allocations/b848901b-4744-471e-826a-5118caf29ac0" status: 200 len: 19 microversion: 1.28
Feb 11 04:18:17.994977 n-d-712142-35 devstack@placement-api.service[104298]: [pid: 104298|app: 0|req: 153/305] 10.222.0.13 () {60 vars in 1380 bytes} [Fri Feb 11 04:18:17 2022] GET /placement/allocations/b848901b-4744-471e-826a-5118caf29ac0 => generated 19 bytes in 23 msecs (HTTP/1.1 200) 8 headers in 295 bytes (2 switches on core 0)
Feb 11 04:18:18.001298 n-d-712142-35 devstack@placement-api.service[104299]: DEBUG placement.requestlog [req-f5ef3490-9450-4717-b98b-6c3519940976 req-78ab2600-9320-498a-8e28-e3c41bf6b8a7 None None] Starting request: 10.222.0.13 "PUT /placement/allocations/b848901b-4744-471e-826a-5118caf29ac0" {{(pid=104299) __call__ /opt/stack/placement/placement/requestlog.py:55}}
Feb 11 04:18:18.335684 n-d-712142-35 devstack@placement-api.service[104299]: DEBUG placement.handlers.allocation [req-f5ef3490-9450-4717-b98b-6c3519940976 req-78ab2600-9320-498a-8e28-e3c41bf6b8a7 service placement] Successfully wrote allocations [, , ] {{(pid=104299) _update_consumers_and_create_allocations /opt/stack/placement/placement/handlers/allocation.py:462}}
Feb 11 04:18:18.422269 n-d-712142-35 devstack@placement-api.service[104299]: INFO placement.requestlog [req-f5ef3490-9450-4717-b98b-6c3519940976 req-78ab2600-9320-498a-8e28-e3c41bf6b8a7 service placement] 10.222.0.13 "PUT /placement/allocations/b848901b-4744-471e-826a-5118caf29ac0" status: 204 len: 0 microversion: 1.36
Feb 11 04:18:18.422997 n-d-712142-35 devstack@placement-api.service[104299]: [pid: 104299|app: 0|req: 153/306] 10.222.0.13 () {64 vars in 1433 bytes} [Fri Feb 11 04:18:18 2022] PUT /placement/allocations/b848901b-4744-471e-826a-5118caf29ac0 => generated 0 bytes in 422 msecs (HTTP/1.1 204) 5 headers in 199 bytes (2 switches on core 0)
Feb 11 04:18:19.800024 n-d-712142-35 devstack@placement-api.service[104298]: DEBUG placement.requestlog [req-f5ef3490-9450-4717-b98b-6c3519940976 req-19b061ad-d246-4f1b-88c2-cbc99927d1e3 None None] Starting request: 10.222.0.32 "GET /placement/allocations/b848901b-4744-471e-826a-5118caf29ac0" {{(pid=104298) __call__ /opt/stack/placement/placement/requestlog.py:55}}
Feb 11 04:18:19.832693 n-d-712142-35 devstack@placement-api.service[104298]: INFO placement.requestlog [req-f5ef3490-9450-4717-b98b-6c3519940976 req-19b061ad-d246-4f1b-88c2-cbc99927d1e3 service placement] 10.222.0.32 "GET /placement/allocations/b848901b-4744-471e-826a-5118caf29ac0" status: 200 len: 259 microversion: 1.28
Feb 11 04:18:19.833732 n-d-712142-35 devstack@placement-api.service[104298]: [pid: 104298|app: 0|req: 154/307] 10.222.0.32 () {60 vars in 1377 bytes} [Fri Feb 11 04:18:19 2022] GET /placement/allocations/b848901b-4744-471e-826a-5118caf29ac0 => generated 259 bytes in 34 msecs (HTTP/1.1 200) 8 headers in 296 bytes (2 switches on core 0)
Feb 11 04:18:22.615992 n-d-712142-35 devstack@placement-api.service[104299]: DEBUG placement.requestlog [req-2854aff3-a4a5-407d-b2c5-ad3480adfe17 req-4fc2dff2-5526-403d-b85d-f21d9bfcc185 None None] Starting request: 10.222.0.13 "GET /placement/allocation_candidates?resources=DISK_GB%3A1%2CMEMORY_MB%3A1024%2CVCPU%3A1&root_required=%21COMPUTE_STATUS_DISABLED" {{(pid=104299) __call__ /opt/stack/placement/placement/requestlog.py:55}}
Feb 11 04:18:22.654535 n-d-712142-35 devstack@placement-api.service[104299]: DEBUG placement.objects.research_context [req-2854aff3-a4a5-407d-b2c5-ad3480adfe17 req-4fc2dff2-5526-403d-b85d-f21d9bfcc185 service placement] getting providers with 1 DISK_GB {{(pid=104299) __init__ /opt/stack/placement/placement/objects/research_context.py:126}}
Feb 11 04:18:22.663544 n-d-712142-35 devstack@placement-api.service[104299]: DEBUG placement.objects.research_context [req-2854aff3-a4a5-407d-b2c5-ad3480adfe17 req-4fc2dff2-5526-403d-b85d-f21d9bfcc185 service placement] getting providers with 1024 MEMORY_MB {{(pid=104299) __init__ /opt/stack/placement/placement/objects/research_context.py:126}}
Feb 11 04:18:22.670967 n-d-712142-35 devstack@placement-api.service[104299]: DEBUG placement.objects.research_context [req-2854aff3-a4a5-407d-b2c5-ad3480adfe17 req-4fc2dff2-5526-403d-b85d-f21d9bfcc185 service placement] getting providers with 1 VCPU {{(pid=104299) __init__ /opt/stack/placement/placement/objects/research_context.py:126}}
Feb 11 04:18:22.678396 n-d-712142-35 devstack@placement-api.service[104299]: DEBUG placement.objects.research_context [req-2854aff3-a4a5-407d-b2c5-ad3480adfe17 req-4fc2dff2-5526-403d-b85d-f21d9bfcc185 service placement] found 2 providers with available 1 DISK_GB {{(pid=104299) get_provider_ids_matching /opt/stack/placement/placement/objects/research_context.py:549}}
Feb 11 04:18:22.678967 n-d-712142-35 devstack@placement-api.service[104299]: DEBUG placement.objects.research_context [req-2854aff3-a4a5-407d-b2c5-ad3480adfe17 req-4fc2dff2-5526-403d-b85d-f21d9bfcc185 service placement] found 2 providers with available 1024 MEMORY_MB {{(pid=104299) get_provider_ids_matching /opt/stack/placement/placement/objects/research_context.py:549}}
Feb 11 04:18:22.679397 n-d-712142-35 devstack@placement-api.service[104299]: DEBUG placement.objects.research_context [req-2854aff3-a4a5-407d-b2c5-ad3480adfe17 req-4fc2dff2-5526-403d-b85d-f21d9bfcc185 service placement] found 2 providers after filtering by previous result {{(pid=104299) get_provider_ids_matching /opt/stack/placement/placement/objects/research_context.py:580}}
Feb 11 04:18:22.679917 n-d-712142-35 devstack@placement-api.service[104299]: DEBUG placement.objects.research_context [req-2854aff3-a4a5-407d-b2c5-ad3480adfe17 req-4fc2dff2-5526-403d-b85d-f21d9bfcc185 service placement] found 2 providers with available 1 VCPU {{(pid=104299) get_provider_ids_matching /opt/stack/placement/placement/objects/research_context.py:549}}
Feb 11 04:18:22.680344 n-d-712142-35 devstack@placement-api.service[104299]: DEBUG placement.objects.research_context [req-2854aff3-a4a5-407d-b2c5-ad3480adfe17 req-4fc2dff2-5526-403d-b85d-f21d9bfcc185 service placement] found 2 providers after filtering by previous result {{(pid=104299) get_provider_ids_matching /opt/stack/placement/placement/objects/research_context.py:580}}
Feb 11 04:18:22.694787 n-d-712142-35 devstack@placement-api.service[104299]: DEBUG placement.objects.allocation_candidate [req-2854aff3-a4a5-407d-b2c5-ad3480adfe17 req-4fc2dff2-5526-403d-b85d-f21d9bfcc185 service placement] RequestGroup(use_same_provider=False, resources={DISK_GB:1, MEMORY_MB:1024, VCPU:1}, traits=[], aggregates=[]) (suffix '') returned 2 matches {{(pid=104299) _get_by_requests /opt/stack/placement/placement/objects/allocation_candidate.py:145}}
Feb 11 04:18:22.695622 n-d-712142-35 devstack@placement-api.service[104299]: DEBUG placement.objects.allocation_candidate [req-2854aff3-a4a5-407d-b2c5-ad3480adfe17 req-4fc2dff2-5526-403d-b85d-f21d9bfcc185 service placement] Merging candidates yields 2 allocation requests and 2 provider summaries {{(pid=104299) _merge_candidates /opt/stack/placement/placement/objects/allocation_candidate.py:783}}
Feb 11 04:18:22.697474 n-d-712142-35 devstack@placement-api.service[104299]: INFO placement.requestlog [req-2854aff3-a4a5-407d-b2c5-ad3480adfe17 req-4fc2dff2-5526-403d-b85d-f21d9bfcc185 service placement] 10.222.0.13 "GET /placement/allocation_candidates?resources=DISK_GB%3A1%2CMEMORY_MB%3A1024%2CVCPU%3A1&root_required=%21COMPUTE_STATUS_DISABLED" status: 200 len: 1309 microversion: 1.36
Feb 11 04:18:22.710747 n-d-712142-35 devstack@placement-api.service[104299]: [pid: 104299|app: 0|req: 154/308] 10.222.0.13 () {60 vars in 1484 bytes} [Fri Feb 11 04:18:22 2022] GET /placement/allocation_candidates?resources=DISK_GB%3A1%2CMEMORY_MB%3A1024%2CVCPU%3A1&root_required=%21COMPUTE_STATUS_DISABLED => generated 1309 bytes in 96 msecs (HTTP/1.1 200) 8 headers in 297 bytes (1 switches on core 0)
Feb 11 04:18:22.760535 n-d-712142-35 devstack@placement-api.service[104298]: DEBUG placement.requestlog [req-2854aff3-a4a5-407d-b2c5-ad3480adfe17 req-6951f16e-a81f-4ab1-a843-e365a4007517 None None] Starting request: 10.222.0.13 "GET /placement/allocations/ff90ec13-940a-4a11-80e6-e5b23829f85f" {{(pid=104298) __call__ /opt/stack/placement/placement/requestlog.py:55}}
Feb 11 04:18:22.774337 n-d-712142-35 devstack@placement-api.service[104298]: INFO placement.requestlog [req-2854aff3-a4a5-407d-b2c5-ad3480adfe17 req-6951f16e-a81f-4ab1-a843-e365a4007517 service placement] 10.222.0.13 "GET /placement/allocations/ff90ec13-940a-4a11-80e6-e5b23829f85f" status: 200 len: 19 microversion: 1.28
Feb 11 04:18:22.774707 n-d-712142-35 devstack@placement-api.service[104298]: [pid: 104298|app: 0|req: 155/309] 10.222.0.13 () {60 vars in 1380 bytes} [Fri Feb 11 04:18:22 2022] GET /placement/allocations/ff90ec13-940a-4a11-80e6-e5b23829f85f => generated 19 bytes in 14 msecs (HTTP/1.1 200) 8 headers in 295 bytes (1 switches on core 0)
Feb 11 04:18:22.782069 n-d-712142-35 devstack@placement-api.service[104299]: DEBUG placement.requestlog [req-2854aff3-a4a5-407d-b2c5-ad3480adfe17 req-ebe45093-cafa-4685-b22d-a1e1a40a6eb4 None None] Starting request: 10.222.0.13 "PUT /placement/allocations/ff90ec13-940a-4a11-80e6-e5b23829f85f" {{(pid=104299) __call__ /opt/stack/placement/placement/requestlog.py:55}}
Feb 11 04:18:22.931372 n-d-712142-35 devstack@placement-api.service[104299]: DEBUG placement.handlers.allocation [req-2854aff3-a4a5-407d-b2c5-ad3480adfe17 req-ebe45093-cafa-4685-b22d-a1e1a40a6eb4 service placement] Successfully wrote allocations [, , ] {{(pid=104299) _update_consumers_and_create_allocations /opt/stack/placement/placement/handlers/allocation.py:462}}
