Feb 09 07:32:11.947163 n-d-712142-33 neutron-server[103108]: DEBUG neutron_lib.callbacks.manager [None req-3cb715f3-d812-4b37-9662-744b1b9b28db admin admin] Publish callbacks [] for subnet (d8804ee7-934d-4594-ad27-cecb70dfa103), before_delete {{(pid=103108) _notify_loop /usr/local/lib/python3.8/dist-packages/neutron_lib/callbacks/manager.py:176}}
Feb 09 07:32:11.986956 n-d-712142-33 neutron-server[103108]: DEBUG neutron_lib.callbacks.manager [None req-3cb715f3-d812-4b37-9662-744b1b9b28db admin admin] Publish callbacks [] for subnet (d8804ee7-934d-4594-ad27-cecb70dfa103), precommit_delete_associations {{(pid=103108) _notify_loop /usr/local/lib/python3.8/dist-packages/neutron_lib/callbacks/manager.py:176}}
Feb 09 07:32:12.004422 n-d-712142-33 neutron-server[103108]: DEBUG neutron_lib.callbacks.manager [None req-3cb715f3-d812-4b37-9662-744b1b9b28db admin admin] Publish callbacks ['neutron.plugins.ml2.plugin.Ml2Plugin._subnet_delete_precommit_handler-3536940'] for subnet (d8804ee7-934d-4594-ad27-cecb70dfa103), precommit_delete {{(pid=103108) _notify_loop /usr/local/lib/python3.8/dist-packages/neutron_lib/callbacks/manager.py:176}}
Feb 09 07:32:12.031014 n-d-712142-33 neutron-server[103109]: DEBUG neutron_lib.callbacks.manager [None req-e1afb0d3-5171-4953-8f64-a967722bfefa admin admin] Publish callbacks [] for security_group (None), before_create {{(pid=103109) _notify_loop /usr/local/lib/python3.8/dist-packages/neutron_lib/callbacks/manager.py:176}}
Feb 09 07:32:12.058426 n-d-712142-33 neutron-server[103108]: DEBUG neutron_lib.callbacks.manager [None req-3cb715f3-d812-4b37-9662-744b1b9b28db admin admin] Publish callbacks ['neutron.plugins.ml2.plugin.Ml2Plugin._subnet_delete_after_delete_handler-3537111', 'neutron.plugins.ml2.ovo_rpc._ObjectChangeHandler.handle_event-148044', 'neutron.api.rpc.agentnotifiers.dhcp_rpc_agent_api.DhcpAgentNotifyAPI._native_event_send_dhcp_notification-3712396'] for subnet (d8804ee7-934d-4594-ad27-cecb70dfa103), after_delete {{(pid=103108) _notify_loop /usr/local/lib/python3.8/dist-packages/neutron_lib/callbacks/manager.py:176}}
Feb 09 07:32:12.084325 n-d-712142-33 neutron-server[103108]: DEBUG neutron.api.rpc.handlers.resources_rpc [None req-3cb715f3-d812-4b37-9662-744b1b9b28db admin admin] Pushing event deleted for resources: {'Subnet': ['ID=d8804ee7-934d-4594-ad27-cecb70dfa103,revision_number=None']} {{(pid=103108) push /opt/stack/neutron/neutron/api/rpc/handlers/resources_rpc.py:237}}
Feb 09 07:32:12.105791 n-d-712142-33 neutron-server[103108]: DEBUG neutron_lib.callbacks.manager [None req-3cb715f3-d812-4b37-9662-744b1b9b28db admin admin] Publish callbacks [] for subnet (None), before_response {{(pid=103108) _notify_loop /usr/local/lib/python3.8/dist-packages/neutron_lib/callbacks/manager.py:176}}
Feb 09 07:32:12.114818 n-d-712142-33 neutron-server[103108]: INFO neutron.wsgi [None req-3cb715f3-d812-4b37-9662-744b1b9b28db admin admin] 10.222.0.30 "DELETE /v2.0/subnets/d8804ee7-934d-4594-ad27-cecb70dfa103 HTTP/1.1" status: 204 len: 168 time: 0.2178807
Feb 09 07:32:12.115065 n-d-712142-33 neutron-server[103109]: DEBUG neutron_lib.callbacks.manager [None req-e1afb0d3-5171-4953-8f64-a967722bfefa admin admin] Publish callbacks [] for security_group (1069cb9a-e97a-4e1a-9a15-da351a77c7c5), precommit_create {{(pid=103109) _notify_loop /usr/local/lib/python3.8/dist-packages/neutron_lib/callbacks/manager.py:176}}
Feb 09 07:32:12.115065 n-d-712142-33 neutron-server[103109]: DEBUG neutron.wsgi [-] (103109) accepted ('10.222.0.30', 40332) {{(pid=103109) server /usr/local/lib/python3.8/dist-packages/eventlet/wsgi.py:1004}}
Feb 09 07:32:12.123479 n-d-712142-33 neutron-server[103109]: DEBUG neutron_lib.callbacks.manager [None req-e1afb0d3-5171-4953-8f64-a967722bfefa admin admin] Publish callbacks ['neutron.plugins.ml2.ovo_rpc._ObjectChangeHandler.handle_event-324331'] for security_group (1069cb9a-e97a-4e1a-9a15-da351a77c7c5), after_create {{(pid=103109) _notify_loop /usr/local/lib/python3.8/dist-packages/neutron_lib/callbacks/manager.py:176}}
Feb 09 07:32:12.216560 n-d-712142-33 neutron-server[103109]: INFO neutron.wsgi [None req-e1afb0d3-5171-4953-8f64-a967722bfefa admin admin] 10.222.0.30 "GET /v2.0/security-groups?tenant_id=30a0e0f9f9a147078e6fb16915d0403a&name=default HTTP/1.1" status: 200 len: 2996 time: 0.3012173
Feb 09 07:32:12.219200 n-d-712142-33 neutron-server[103109]: DEBUG neutron.wsgi [-] (103109) accepted ('10.222.0.30', 40338) {{(pid=103109) server /usr/local/lib/python3.8/dist-packages/eventlet/wsgi.py:1004}}
Feb 09 07:32:12.220920 n-d-712142-33 neutron-server[103108]: DEBUG neutron.pecan_wsgi.hooks.policy_enforcement [req-705d61da-c5cc-4205-9750-a125bd8c9871 req-2d066e26-7ef0-45b3-b1ba-1bb0bffc2c1c tempest-DeleteServersAdminTestJSON-1288117484 tempest-DeleteServersAdminTestJSON-1288117484-project] Attributes excluded by policy engine: ['standard_attr_id', 'binding:profile', 'binding:host_id', 'binding:vif_type', 'binding:vif_details'] {{(pid=103108) _exclude_attributes_by_policy /opt/stack/neutron/neutron/pecan_wsgi/hooks/policy_enforcement.py:255}}
Feb 09 07:32:12.222430 n-d-712142-33 neutron-server[103108]: INFO neutron.wsgi [req-705d61da-c5cc-4205-9750-a125bd8c9871 req-2d066e26-7ef0-45b3-b1ba-1bb0bffc2c1c tempest-DeleteServersAdminTestJSON-1288117484 tempest-DeleteServersAdminTestJSON-1288117484-project] 10.222.0.30 "GET /v2.0/ports?device_id=a649c0a9-16ac-4ae9-b5a6-2e23bc5d6603 HTTP/1.1" status: 200 len: 950 time: 0.0585904
Feb 09 07:32:12.228000 n-d-712142-33 neutron-server[103109]: DEBUG neutron.api.rpc.handlers.resources_rpc [None req-e1afb0d3-5171-4953-8f64-a967722bfefa admin admin] Pushing event updated for resources: {'SecurityGroup': ['ID=1069cb9a-e97a-4e1a-9a15-da351a77c7c5,revision_number=1']} {{(pid=103109) push /opt/stack/neutron/neutron/api/rpc/handlers/resources_rpc.py:237}}
Feb 09 07:32:12.231942 n-d-712142-33 neutron-server[103109]: DEBUG neutron_lib.callbacks.manager [None req-0d6f5895-f942-4b04-b7c6-dca66167a130 admin admin] Publish callbacks ['neutron.plugins.ml2.plugin.External_net_db_mixin._before_network_delete_handler-665338'] for network (cf081534-af5c-4780-ae88-4f5daad43d3a), before_delete {{(pid=103109) _notify_loop /usr/local/lib/python3.8/dist-packages/neutron_lib/callbacks/manager.py:176}}
Feb 09 07:32:12.288374 n-d-712142-33 neutron-server[103108]: INFO neutron.wsgi [req-705d61da-c5cc-4205-9750-a125bd8c9871 req-05a63b27-e952-4878-b831-a0302e2ef077 tempest-DeleteServersAdminTestJSON-1288117484 tempest-DeleteServersAdminTestJSON-1288117484-project] 10.222.0.30 "GET /v2.0/security-groups?id=7eb914a8-61ed-4702-ab1f-50513bc90260&fields=id&fields=name HTTP/1.1" status: 200 len: 286 time: 0.0592170
Feb 09 07:32:12.335268 n-d-712142-33 neutron-server[103109]: DEBUG neutron_lib.callbacks.manager [None req-50ae2a1c-9191-41d7-8cd6-f58d42b72062 admin admin] Publish callbacks [] for security_group (1069cb9a-e97a-4e1a-9a15-da351a77c7c5), before_delete {{(pid=103109) _notify_loop /usr/local/lib/python3.8/dist-packages/neutron_lib/callbacks/manager.py:176}}
Feb 09 07:32:12.352796 n-d-712142-33 neutron-server[103109]: DEBUG neutron_lib.callbacks.manager [None req-0d6f5895-f942-4b04-b7c6-dca66167a130 admin admin] Publish callbacks ['neutron.plugins.ml2.plugin.Ml2Plugin._network_delete_precommit_handler-3457211', 'neutron.services.segments.db._delete_segments_for_network-8792462866113'] for network (cf081534-af5c-4780-ae88-4f5daad43d3a), precommit_delete {{(pid=103109) _notify_loop /usr/local/lib/python3.8/dist-packages/neutron_lib/callbacks/manager.py:176}}
Feb 09 07:32:12.370953 n-d-712142-33 neutron-server[103110]: DEBUG neutron.notifiers.nova [-] Sending events: [{'server_uuid': 'a649c0a9-16ac-4ae9-b5a6-2e23bc5d6603', 'name': 'network-vif-plugged', 'status': 'completed', 'tag': 'f6cb1ece-a95f-4d98-87c7-d90c2f5e3962'}] {{(pid=103110) send_events /opt/stack/neutron/neutron/notifiers/nova.py:271}}
Feb 09 07:32:12.374328 n-d-712142-33 neutron-server[103110]: DEBUG novaclient.v2.client [-] REQ: curl -g -i --cacert "/opt/stack/data/ca-bundle.pem" -X POST http://10.222.0.30/compute/v2.1/os-server-external-events -H "Accept: application/json" -H "Content-Type: application/json" -H "User-Agent: python-novaclient" -H "X-Auth-Token: {SHA256}56eb168ac666fbe8423b58a1c8fb8b6e184b4d2284aa203645c79cff06590cd7" -H "X-OpenStack-Nova-API-Version: 2.1" -H "X-OpenStack-Request-ID: req-9b1bfe9b-174f-4322-aae0-ad20ba6f7f2b" -d '{"events": [{"server_uuid": "a649c0a9-16ac-4ae9-b5a6-2e23bc5d6603", "name": "network-vif-plugged", "status": "completed", "tag": "f6cb1ece-a95f-4d98-87c7-d90c2f5e3962"}]}' {{(pid=103110) _http_log_request /usr/local/lib/python3.8/dist-packages/keystoneauth1/session.py:519}}
Feb 09 07:32:12.382699 n-d-712142-33 neutron-server[103109]: DEBUG neutron_lib.callbacks.manager [None req-50ae2a1c-9191-41d7-8cd6-f58d42b72062 admin admin] Publish callbacks [] for security_group (1069cb9a-e97a-4e1a-9a15-da351a77c7c5), precommit_delete {{(pid=103109) _notify_loop /usr/local/lib/python3.8/dist-packages/neutron_lib/callbacks/manager.py:176}}
Feb 09 07:32:12.391108 n-d-712142-33 neutron-server[103109]: DEBUG neutron.services.segments.db [None req-0d6f5895-f942-4b04-b7c6-dca66167a130 admin admin] neutron.services.segments.plugin.Plugin method get_segments called with arguments (,) {'filters': {'network_id': ['cf081534-af5c-4780-ae88-4f5daad43d3a']}} {{(pid=103109) wrapper /usr/local/lib/python3.8/dist-packages/oslo_log/helpers.py:65}}
Feb 09 07:32:12.413960 n-d-712142-33 neutron-server[103109]: DEBUG neutron.services.segments.db [None req-0d6f5895-f942-4b04-b7c6-dca66167a130 admin admin] neutron.services.segments.plugin.Plugin method delete_segment called with arguments (, '98b32c07-69a7-494a-85ad-148f7c02aebe') {'for_net_delete': True} {{(pid=103109) wrapper /usr/local/lib/python3.8/dist-packages/oslo_log/helpers.py:65}}
Feb 09 07:32:12.414923 n-d-712142-33 neutron-server[103109]: DEBUG neutron.services.segments.db [None req-0d6f5895-f942-4b04-b7c6-dca66167a130 admin admin] neutron.services.segments.plugin.Plugin method get_segment called with arguments (, '98b32c07-69a7-494a-85ad-148f7c02aebe') {} {{(pid=103109) wrapper /usr/local/lib/python3.8/dist-packages/oslo_log/helpers.py:65}}
Feb 09 07:32:12.416234 n-d-712142-33 neutron-server[103110]: DEBUG novaclient.v2.client [-] RESP: [200] Connection: close Content-Length: 183 Content-Type: application/json Date: Wed, 09 Feb 2022 07:32:12 GMT OpenStack-API-Version: compute 2.1 Server: Apache/2.4.41 (Ubuntu) Vary: OpenStack-API-Version,X-OpenStack-Nova-API-Version X-OpenStack-Nova-API-Version: 2.1 x-compute-request-id: req-d8366040-c2cf-47cd-b506-9d0d3eb023e8 x-openstack-request-id: req-d8366040-c2cf-47cd-b506-9d0d3eb023e8 {{(pid=103110) _http_log_response /usr/local/lib/python3.8/dist-packages/keystoneauth1/session.py:550}}
Feb 09 07:32:12.416541 n-d-712142-33 neutron-server[103110]: DEBUG novaclient.v2.client [-] RESP BODY: {"events": [{"server_uuid": "a649c0a9-16ac-4ae9-b5a6-2e23bc5d6603", "name": "network-vif-plugged", "status": "completed", "tag": "f6cb1ece-a95f-4d98-87c7-d90c2f5e3962", "code": 200}]} {{(pid=103110) _http_log_response /usr/local/lib/python3.8/dist-packages/keystoneauth1/session.py:582}}
Feb 09 07:32:12.417007 n-d-712142-33 neutron-server[103110]: DEBUG novaclient.v2.client [-] POST call to compute for http://10.222.0.30/compute/v2.1/os-server-external-events used request id req-d8366040-c2cf-47cd-b506-9d0d3eb023e8 {{(pid=103110) request /usr/local/lib/python3.8/dist-packages/keystoneauth1/session.py:954}}
Feb 09 07:32:12.417400 n-d-712142-33 neutron-server[103110]: INFO neutron.notifiers.nova [-] Nova event response: {'server_uuid': 'a649c0a9-16ac-4ae9-b5a6-2e23bc5d6603', 'name': 'network-vif-plugged', 'status': 'completed', 'tag': 'f6cb1ece-a95f-4d98-87c7-d90c2f5e3962', 'code': 200}
Feb 09 07:32:12.438673 n-d-712142-33 neutron-server[103109]: DEBUG neutron_lib.callbacks.manager [None req-0d6f5895-f942-4b04-b7c6-dca66167a130 admin admin] Publish callbacks ['neutron.plugins.ml2.db._prevent_segment_delete_with_port_bound-8792462867658', 'neutron.services.segments.plugin.Plugin._prevent_segment_delete_with_subnet_associated-11938141'] for segment (98b32c07-69a7-494a-85ad-148f7c02aebe), before_delete {{(pid=103109) _notify_loop /usr/local/lib/python3.8/dist-packages/neutron_lib/callbacks/manager.py:176}}
Feb 09 07:32:12.457044 n-d-712142-33 neutron-server[103109]: DEBUG neutron_lib.callbacks.manager [None req-0d6f5895-f942-4b04-b7c6-dca66167a130 admin admin] Publish callbacks ['neutron.plugins.ml2.plugin.Ml2Plugin._handle_segment_change-3534870'] for segment (98b32c07-69a7-494a-85ad-148f7c02aebe), precommit_delete {{(pid=103109) _notify_loop /usr/local/lib/python3.8/dist-packages/neutron_lib/callbacks/manager.py:176}}
Feb 09 07:32:12.464865 n-d-712142-33 neutron-server[103109]: DEBUG neutron.plugins.ml2.drivers.type_vlan [None req-0d6f5895-f942-4b04-b7c6-dca66167a130 admin admin] Releasing vlan 500 on physical network physnet1 to pool {{(pid=103109) release_segment /opt/stack/neutron/neutron/plugins/ml2/drivers/type_vlan.py:304}}
Feb 09 07:32:12.465496 n-d-712142-33 neutron-server[103109]: DEBUG neutron_lib.callbacks.manager [None req-0d6f5895-f942-4b04-b7c6-dca66167a130 admin admin] Publish callbacks ['neutron.plugins.ml2.plugin.Ml2Plugin._handle_segment_change-3534870', 'neutron.services.segments.plugin.NovaSegmentNotifier._notify_segment_deleted-11789436'] for segment (98b32c07-69a7-494a-85ad-148f7c02aebe), after_delete {{(pid=103109) _notify_loop /usr/local/lib/python3.8/dist-packages/neutron_lib/callbacks/manager.py:176}}
Feb 09 07:32:12.468004 n-d-712142-33 neutron-server[103109]: Traceback (most recent call last):
Feb 09 07:32:12.468004 n-d-712142-33 neutron-server[103109]: File "/usr/local/lib/python3.8/dist-packages/eventlet/hubs/hub.py", line 476, in fire_timers
Feb 09 07:32:12.468004 n-d-712142-33 neutron-server[103109]: timer()
Feb 09 07:32:12.468004 n-d-712142-33 neutron-server[103109]: File "/usr/local/lib/python3.8/dist-packages/eventlet/hubs/timer.py", line 59, in __call__
Feb 09 07:32:12.468004 n-d-712142-33 neutron-server[103109]: cb(*args, **kw)
Feb 09 07:32:12.468004 n-d-712142-33 neutron-server[103109]: File "/opt/stack/neutron/neutron/common/utils.py", line 921, in wrapper
Feb 09 07:32:12.468004 n-d-712142-33 neutron-server[103109]: return func(*args, **kwargs)
Feb 09 07:32:12.468004 n-d-712142-33 neutron-server[103109]: File "/opt/stack/neutron/neutron/notifiers/batch_notifier.py", line 58, in synced_send
Feb 09 07:32:12.468004 n-d-712142-33 neutron-server[103109]: self._notify()
Feb 09 07:32:12.468004 n-d-712142-33 neutron-server[103109]: File "/opt/stack/neutron/neutron/notifiers/batch_notifier.py", line 69, in _notify
Feb 09 07:32:12.468004 n-d-712142-33 neutron-server[103109]: self.callback(batched_events)
Feb 09 07:32:12.468004 n-d-712142-33 neutron-server[103109]: File "/opt/stack/neutron/neutron/services/segments/plugin.py", line 211, in _send_notifications
Feb 09 07:32:12.468004 n-d-712142-33 neutron-server[103109]: event.method(event)
Feb 09 07:32:12.468004 n-d-712142-33 neutron-server[103109]: File "/opt/stack/neutron/neutron/services/segments/plugin.py", line 383, in _delete_nova_inventory
Feb 09 07:32:12.468004 n-d-712142-33 neutron-server[103109]: aggregate_id = self._get_aggregate_id(event.segment_id)
Feb 09 07:32:12.468004 n-d-712142-33 neutron-server[103109]: File "/opt/stack/neutron/neutron/services/segments/plugin.py", line 370, in _get_aggregate_id
Feb 09 07:32:12.468004 n-d-712142-33 neutron-server[103109]: aggregate_uuid = self.p_client.list_aggregates(
Feb 09 07:32:12.468004 n-d-712142-33 neutron-server[103109]: File "/usr/local/lib/python3.8/dist-packages/neutron_lib/placement/client.py", line 58, in wrapper
Feb 09 07:32:12.468004 n-d-712142-33 neutron-server[103109]: return f(self, *a, **k)
Feb 09 07:32:12.468004 n-d-712142-33 neutron-server[103109]: File "/usr/local/lib/python3.8/dist-packages/neutron_lib/placement/client.py", line 554, in list_aggregates
Feb 09 07:32:12.468004 n-d-712142-33 neutron-server[103109]: return self._get(url).json()
Feb 09 07:32:12.468004 n-d-712142-33 neutron-server[103109]: File "/usr/local/lib/python3.8/dist-packages/neutron_lib/placement/client.py", line 190, in _get
Feb 09 07:32:12.468004 n-d-712142-33 neutron-server[103109]: return self._client.get(url, endpoint_filter=self._ks_filter,
Feb 09 07:32:12.468004 n-d-712142-33 neutron-server[103109]: File "/usr/local/lib/python3.8/dist-packages/keystoneauth1/session.py", line 1141, in get
Feb 09 07:32:12.468004 n-d-712142-33 neutron-server[103109]: return self.request(url, 'GET', **kwargs)
Feb 09 07:32:12.468004 n-d-712142-33 neutron-server[103109]: File "/usr/local/lib/python3.8/dist-packages/keystoneauth1/session.py", line 811, in request
Feb 09 07:32:12.468004 n-d-712142-33 neutron-server[103109]: base_url = self.get_endpoint(auth, allow=allow,
Feb 09 07:32:12.468004 n-d-712142-33 neutron-server[103109]: File "/usr/local/lib/python3.8/dist-packages/keystoneauth1/session.py", line 1241, in get_endpoint
Feb 09 07:32:12.468004 n-d-712142-33 neutron-server[103109]: auth = self._auth_required(auth, 'determine endpoint URL')
Feb 09 07:32:12.468004 n-d-712142-33 neutron-server[103109]: File "/usr/local/lib/python3.8/dist-packages/keystoneauth1/session.py", line 1181, in _auth_required
Feb 09 07:32:12.468004 n-d-712142-33 neutron-server[103109]: raise exceptions.MissingAuthPlugin(msg_fmt % msg)
Feb 09 07:32:12.468004 n-d-712142-33 neutron-server[103109]: keystoneauth1.exceptions.auth_plugins.MissingAuthPlugin: An auth plugin is required to determine endpoint URL
Feb 09 07:32:12.566448 n-d-712142-33 neutron-server[103109]: DEBUG neutron_lib.callbacks.manager [None req-50ae2a1c-9191-41d7-8cd6-f58d42b72062 admin admin] Publish callbacks ['neutron.plugins.ml2.ovo_rpc._ObjectChangeHandler.handle_event-324331'] for security_group (1069cb9a-e97a-4e1a-9a15-da351a77c7c5), after_delete {{(pid=103109) _notify_loop /usr/local/lib/python3.8/dist-packages/neutron_lib/callbacks/manager.py:176}}
Feb 09 07:32:12.568983 n-d-712142-33 neutron-server[103109]: DEBUG neutron_lib.callbacks.manager [None req-50ae2a1c-9191-41d7-8cd6-f58d42b72062 admin admin] Publish callbacks [] for security_group (None), before_response {{(pid=103109) _notify_loop /usr/local/lib/python3.8/dist-packages/neutron_lib/callbacks/manager.py:176}}
Feb 09 07:32:12.570122 n-d-712142-33 neutron-server[103109]: INFO neutron.wsgi [None req-50ae2a1c-9191-41d7-8cd6-f58d42b72062 admin admin] 10.222.0.30 "DELETE /v2.0/security-groups/1069cb9a-e97a-4e1a-9a15-da351a77c7c5 HTTP/1.1" status: 204 len: 168 time: 0.3496208
Feb 09 07:32:12.589647 n-d-712142-33 neutron-server[103109]: DEBUG neutron.api.rpc.handlers.resources_rpc [None req-50ae2a1c-9191-41d7-8cd6-f58d42b72062 admin admin] Pushing event deleted for resources: {'SecurityGroup': ['ID=1069cb9a-e97a-4e1a-9a15-da351a77c7c5,revision_number=None']} {{(pid=103109) push /opt/stack/neutron/neutron/api/rpc/handlers/resources_rpc.py:237}}
Feb 09 07:32:12.604727 n-d-712142-33 neutron-server[103109]: DEBUG neutron_lib.callbacks.manager [None req-0d6f5895-f942-4b04-b7c6-dca66167a130 admin admin] Publish callbacks ['neutron.plugins.ml2.plugin.Ml2Plugin._network_delete_after_delete_handler-3457186', 'neutron.plugins.ml2.ovo_rpc._ObjectChangeHandler.handle_event-314426', 'neutron.api.rpc.agentnotifiers.dhcp_rpc_agent_api.DhcpAgentNotifyAPI._native_event_send_dhcp_notification-3712396', 'neutron.services.l3_router.l3_router_plugin.DVRResourceOperationHandler.delete_fip_namespaces_for_ext_net-3786255'] for network (cf081534-af5c-4780-ae88-4f5daad43d3a), after_delete {{(pid=103109) _notify_loop /usr/local/lib/python3.8/dist-packages/neutron_lib/callbacks/manager.py:176}}
Feb 09 07:32:12.609587 n-d-712142-33 neutron-server[103109]: DEBUG neutron_lib.callbacks.manager [None req-0d6f5895-f942-4b04-b7c6-dca66167a130 admin admin] Publish callbacks ['neutron.api.rpc.agentnotifiers.dhcp_rpc_agent_api.DhcpAgentNotifyAPI._send_dhcp_notification-3712510'] for network (None), before_response {{(pid=103109) _notify_loop /usr/local/lib/python3.8/dist-packages/neutron_lib/callbacks/manager.py:176}}
Feb 09 07:32:12.616043 n-d-712142-33 neutron-server[103109]: INFO neutron.wsgi [None req-0d6f5895-f942-4b04-b7c6-dca66167a130 admin admin] 10.222.0.30 "DELETE /v2.0/networks/cf081534-af5c-4780-ae88-4f5daad43d3a HTTP/1.1" status: 204 len: 168 time: 0.5000918
Feb 09 07:32:12.635020 n-d-712142-33 neutron-server[103109]: DEBUG neutron.pecan_wsgi.hooks.policy_enforcement [req-1c8e6ff3-1155-461a-bb4f-4827b58350b5 req-5575fcb4-f6e9-4730-b430-6d0826d0a1cc service neutron] Attributes excluded by policy engine: ['standard_attr_id'] {{(pid=103109) _exclude_attributes_by_policy /opt/stack/neutron/neutron/pecan_wsgi/hooks/policy_enforcement.py:255}}
Feb 09 07:32:12.637969 n-d-712142-33 neutron-server[103109]: INFO neutron.wsgi [req-1c8e6ff3-1155-461a-bb4f-4827b58350b5 req-5575fcb4-f6e9-4730-b430-6d0826d0a1cc service neutron] 10.222.0.64 "GET /v2.0/ports?device_id=a649c0a9-16ac-4ae9-b5a6-2e23bc5d6603 HTTP/1.1" status: 200 len: 1133 time: 0.1321893
Feb 09 07:32:12.648366 n-d-712142-33 neutron-server[103109]: DEBUG neutron.api.rpc.handlers.resources_rpc [None req-0d6f5895-f942-4b04-b7c6-dca66167a130 admin admin] Pushing event deleted for resources: {'Network': ['ID=cf081534-af5c-4780-ae88-4f5daad43d3a,revision_number=None']} {{(pid=103109) push /opt/stack/neutron/neutron/api/rpc/handlers/resources_rpc.py:237}}
Feb 09 07:32:12.704119 n-d-712142-33 neutron-server[103109]: INFO neutron.wsgi [req-1c8e6ff3-1155-461a-bb4f-4827b58350b5 req-8b6ff10d-077e-4f78-8b9f-84bf7b945d94 service neutron] 10.222.0.64 "GET /v2.0/security-groups?id=7eb914a8-61ed-4702-ab1f-50513bc90260&fields=id&fields=name HTTP/1.1" status: 200 len: 286 time: 0.0579691
Feb 09 07:32:12.739907 n-d-712142-33 neutron-server[103110]: DEBUG neutron_lib.callbacks.manager [None req-4397ad2d-27a8-488d-8518-db074a8ebc4e None None] Publish callbacks ['neutron.services.segments.db._update_segment_host_mapping_for_agent-8792462866095', 'neutron.plugins.ml2.plugin.Ml2Plugin._retry_binding_revived_agents-3460272'] for agent (1afb9507-aa92-4dd8-b5bd-0c273851bb80), after_update {{(pid=103110) _notify_loop /usr/local/lib/python3.8/dist-packages/neutron_lib/callbacks/manager.py:176}}
Feb 09 07:32:12.763322 n-d-712142-33 neutron-server[103108]: DEBUG neutron.pecan_wsgi.hooks.policy_enforcement [req-a017adca-98b8-4eb2-a99e-0de896366b26 req-6d48614a-41cb-4208-bc66-23230e69cbcb tempest-AggregatesAdminTestJSON-223103806 tempest-AggregatesAdminTestJSON-223103806-project] Attributes excluded by policy engine: ['standard_attr_id', 'binding:profile', 'binding:host_id', 'binding:vif_type', 'binding:vif_details'] {{(pid=103108) _exclude_attributes_by_policy /opt/stack/neutron/neutron/pecan_wsgi/hooks/policy_enforcement.py:255}}
Feb 09 07:32:12.764878 n-d-712142-33 neutron-server[103108]: INFO neutron.wsgi [req-a017adca-98b8-4eb2-a99e-0de896366b26 req-6d48614a-41cb-4208-bc66-23230e69cbcb tempest-AggregatesAdminTestJSON-223103806 tempest-AggregatesAdminTestJSON-223103806-project] 10.222.0.30 "GET /v2.0/ports?device_id=f4edeb28-5bdd-4709-872c-d248b2254a6b HTTP/1.1" status: 200 len: 971 time: 0.0626745
Feb 09 07:32:12.813079 n-d-712142-33 neutron-server[103109]: DEBUG neutron.wsgi [-] (103109) accepted ('10.222.0.30', 40362) {{(pid=103109) server /usr/local/lib/python3.8/dist-packages/eventlet/wsgi.py:1004}}
Feb 09 07:32:12.829760 n-d-712142-33 neutron-server[103108]: INFO neutron.wsgi [req-a017adca-98b8-4eb2-a99e-0de896366b26 req-7a871ac4-861d-4fd1-bac7-7567c486827f tempest-AggregatesAdminTestJSON-223103806 tempest-AggregatesAdminTestJSON-223103806-project] 10.222.0.30 "GET /v2.0/security-groups?id=108855cc-a3f2-40a1-853d-ea5adcd21edf&fields=id&fields=name HTTP/1.1" status: 200 len: 286 time: 0.0578468
Feb 09 07:32:12.878372 n-d-712142-33 neutron-server[103109]: INFO neutron.wsgi [None req-a7ff9cd3-2552-485e-bd6e-a20d58e8a164 admin admin] 10.222.0.30 "GET /v2.0/security-groups?tenant_id=d10633a6a2994f84bfb37dd6f3a7900f&name=default HTTP/1.1" status: 200 len: 2996 time: 0.0639114
Feb 09 07:32:12.880901 n-d-712142-33 neutron-server[103109]: DEBUG neutron.wsgi [-] (103109) accepted ('10.222.0.30', 40364) {{(pid=103109) server /usr/local/lib/python3.8/dist-packages/eventlet/wsgi.py:1004}}
Feb 09 07:32:12.946974 n-d-712142-33 neutron-server[103109]: DEBUG neutron_lib.callbacks.manager [None req-8426a242-5b96-4837-a694-aa97eb77a729 admin admin] Publish callbacks [] for security_group (70a38de0-c56c-46ab-bc4e-bd2e84bff6d7), before_delete {{(pid=103109) _notify_loop /usr/local/lib/python3.8/dist-packages/neutron_lib/callbacks/manager.py:176}}
Feb 09 07:32:12.970484 n-d-712142-33 neutron-server[103109]: DEBUG neutron_lib.callbacks.manager [None req-8426a242-5b96-4837-a694-aa97eb77a729 admin admin] Publish callbacks [] for security_group (70a38de0-c56c-46ab-bc4e-bd2e84bff6d7), precommit_delete {{(pid=103109) _notify_loop /usr/local/lib/python3.8/dist-packages/neutron_lib/callbacks/manager.py:176}}
Feb 09 07:32:13.042479 n-d-712142-33 neutron-server[103109]: DEBUG neutron_lib.callbacks.manager [None req-8426a242-5b96-4837-a694-aa97eb77a729 admin admin] Publish callbacks ['neutron.plugins.ml2.ovo_rpc._ObjectChangeHandler.handle_event-324331'] for security_group (70a38de0-c56c-46ab-bc4e-bd2e84bff6d7), after_delete {{(pid=103109) _notify_loop /usr/local/lib/python3.8/dist-packages/neutron_lib/callbacks/manager.py:176}}
Feb 09 07:32:13.045883 n-d-712142-33 neutron-server[103109]: DEBUG neutron_lib.callbacks.manager [None req-8426a242-5b96-4837-a694-aa97eb77a729 admin admin] Publish callbacks [] for security_group (None), before_response {{(pid=103109) _notify_loop /usr/local/lib/python3.8/dist-packages/neutron_lib/callbacks/manager.py:176}}
Feb 09 07:32:13.047481 n-d-712142-33 neutron-server[103109]: INFO neutron.wsgi [None req-8426a242-5b96-4837-a694-aa97eb77a729 admin admin] 10.222.0.30 "DELETE /v2.0/security-groups/70a38de0-c56c-46ab-bc4e-bd2e84bff6d7 HTTP/1.1" status: 204 len: 168 time: 0.1656318
Feb 09 07:32:13.056337 n-d-712142-33 neutron-server[103109]: DEBUG neutron.api.rpc.handlers.resources_rpc [None req-8426a242-5b96-4837-a694-aa97eb77a729 admin admin] Pushing event deleted for resources: {'SecurityGroup': ['ID=70a38de0-c56c-46ab-bc4e-bd2e84bff6d7,revision_number=None']} {{(pid=103109) push /opt/stack/neutron/neutron/api/rpc/handlers/resources_rpc.py:237}}
Feb 09 07:32:13.420099 n-d-712142-33 neutron-server[103108]: DEBUG neutron.pecan_wsgi.hooks.policy_enforcement [req-854be7ee-a6af-4cb5-a8cf-4b06cf943cf0 req-7d78e87f-4c6c-4483-bb30-12f276c7397a tempest-DeleteServersAdminTestJSON-1288117484 tempest-DeleteServersAdminTestJSON-1288117484-project] Attributes excluded by policy engine: ['standard_attr_id', 'binding:profile', 'binding:host_id', 'binding:vif_type', 'binding:vif_details'] {{(pid=103108) _exclude_attributes_by_policy /opt/stack/neutron/neutron/pecan_wsgi/hooks/policy_enforcement.py:255}}
Feb 09 07:32:13.426912 n-d-712142-33 neutron-server[103108]: INFO neutron.wsgi [req-854be7ee-a6af-4cb5-a8cf-4b06cf943cf0 req-7d78e87f-4c6c-4483-bb30-12f276c7397a tempest-DeleteServersAdminTestJSON-1288117484 tempest-DeleteServersAdminTestJSON-1288117484-project] 10.222.0.30 "GET /v2.0/ports?device_id=a649c0a9-16ac-4ae9-b5a6-2e23bc5d6603 HTTP/1.1" status: 200 len: 950 time: 0.0613294
Feb 09 07:32:13.446596 n-d-712142-33 neutron-server[103109]: DEBUG neutron.wsgi [-] (103109) accepted ('10.222.0.30', 40392) {{(pid=103109) server /usr/local/lib/python3.8/dist-packages/eventlet/wsgi.py:1004}}
Feb 09 07:32:13.473758 n-d-712142-33 neutron-server[103108]: INFO neutron.wsgi [req-854be7ee-a6af-4cb5-a8cf-4b06cf943cf0 req-4a55a1ad-fe81-440d-8d8a-0f9b32a59b67 tempest-DeleteServersAdminTestJSON-1288117484 tempest-DeleteServersAdminTestJSON-1288117484-project] 10.222.0.30 "GET /v2.0/security-groups?id=7eb914a8-61ed-4702-ab1f-50513bc90260&fields=id&fields=name HTTP/1.1" status: 200 len: 286 time: 0.0458992
Feb 09 07:32:13.509697 n-d-712142-33 neutron-server[103109]: INFO neutron.wsgi [None req-036c0dbd-8f5a-47c6-8594-f1018469f9ab admin admin] 10.222.0.30 "GET /v2.0/security-groups?tenant_id=68a846e18976443ab438cfe66258efb3&name=default HTTP/1.1" status: 200 len: 2996 time: 0.0613785
Feb 09 07:32:13.512169 n-d-712142-33 neutron-server[103109]: DEBUG neutron.wsgi [-] (103109) accepted ('10.222.0.30', 40398) {{(pid=103109) server /usr/local/lib/python3.8/dist-packages/eventlet/wsgi.py:1004}}
Feb 09 07:32:13.561085 n-d-712142-33 neutron-server[103109]: DEBUG neutron_lib.callbacks.manager [None req-5f04107f-1d4f-48e4-804c-81ee5cd37b76 admin admin] Publish callbacks [] for security_group (8668b7a1-e7c9-4353-8617-71f044e4d2bd), before_delete {{(pid=103109) _notify_loop /usr/local/lib/python3.8/dist-packages/neutron_lib/callbacks/manager.py:176}}
Feb 09 07:32:13.583273 n-d-712142-33 neutron-server[103109]: DEBUG neutron_lib.callbacks.manager [None req-5f04107f-1d4f-48e4-804c-81ee5cd37b76 admin admin] Publish callbacks [] for security_group (8668b7a1-e7c9-4353-8617-71f044e4d2bd), precommit_delete {{(pid=103109) _notify_loop /usr/local/lib/python3.8/dist-packages/neutron_lib/callbacks/manager.py:176}}
Feb 09 07:32:13.633777 n-d-712142-33 neutron-server[103109]: DEBUG neutron_lib.callbacks.manager [None req-5f04107f-1d4f-48e4-804c-81ee5cd37b76 admin admin] Publish callbacks ['neutron.plugins.ml2.ovo_rpc._ObjectChangeHandler.handle_event-324331'] for security_group (8668b7a1-e7c9-4353-8617-71f044e4d2bd), after_delete {{(pid=103109) _notify_loop /usr/local/lib/python3.8/dist-packages/neutron_lib/callbacks/manager.py:176}}
Feb 09 07:32:13.636632 n-d-712142-33 neutron-server[103109]: DEBUG neutron_lib.callbacks.manager [None req-5f04107f-1d4f-48e4-804c-81ee5cd37b76 admin admin] Publish callbacks [] for security_group (None), before_response {{(pid=103109) _notify_loop /usr/local/lib/python3.8/dist-packages/neutron_lib/callbacks/manager.py:176}}
Feb 09 07:32:13.637924 n-d-712142-33 neutron-server[103109]: INFO neutron.wsgi [None req-5f04107f-1d4f-48e4-804c-81ee5cd37b76 admin admin] 10.222.0.30 "DELETE /v2.0/security-groups/8668b7a1-e7c9-4353-8617-71f044e4d2bd HTTP/1.1" status: 204 len: 168 time: 0.1246760
Feb 09 07:32:13.645818 n-d-712142-33 neutron-server[103109]: DEBUG neutron.api.rpc.handlers.resources_rpc [None req-5f04107f-1d4f-48e4-804c-81ee5cd37b76 admin admin] Pushing event deleted for resources: {'SecurityGroup': ['ID=8668b7a1-e7c9-4353-8617-71f044e4d2bd,revision_number=None']} {{(pid=103109) push /opt/stack/neutron/neutron/api/rpc/handlers/resources_rpc.py:237}}
Feb 09 07:32:13.688571 n-d-712142-33 neutron-server[103109]: DEBUG neutron.wsgi [-] (103109) accepted ('10.222.0.30', 40406) {{(pid=103109) server /usr/local/lib/python3.8/dist-packages/eventlet/wsgi.py:1004}}
Feb 09 07:32:13.953290 n-d-712142-33 neutron-server[103109]: DEBUG neutron.api.v2.base [None req-78bf394d-2c03-46bf-91bd-3ca2ceec962a admin admin] Request body: {'network': {'name': 'tempest-FloatingIPsTestJSON-1512224976-network', 'tenant_id': 'f3b834ae36f14081bccb80b89df5010e'}} {{(pid=103109) prepare_request_body /opt/stack/neutron/neutron/api/v2/base.py:729}}
Feb 09 07:32:13.962164 n-d-712142-33 neutron-server[103108]: DEBUG neutron.pecan_wsgi.hooks.policy_enforcement [req-bc55f06f-62ae-432b-9fe9-7cefb88a1b72 req-664f09a8-b808-400d-a8a6-c31ffe855143 tempest-AggregatesAdminTestJSON-223103806 tempest-AggregatesAdminTestJSON-223103806-project] Attributes excluded by policy engine: ['standard_attr_id', 'binding:profile', 'binding:host_id', 'binding:vif_type', 'binding:vif_details'] {{(pid=103108) _exclude_attributes_by_policy /opt/stack/neutron/neutron/pecan_wsgi/hooks/policy_enforcement.py:255}}
Feb 09 07:32:13.964121 n-d-712142-33 neutron-server[103108]: INFO neutron.wsgi [req-bc55f06f-62ae-432b-9fe9-7cefb88a1b72 req-664f09a8-b808-400d-a8a6-c31ffe855143 tempest-AggregatesAdminTestJSON-223103806 tempest-AggregatesAdminTestJSON-223103806-project] 10.222.0.30 "GET /v2.0/ports?device_id=f4edeb28-5bdd-4709-872c-d248b2254a6b HTTP/1.1" status: 200 len: 971 time: 0.0650268
Feb 09 07:32:13.978676 n-d-712142-33 neutron-server[103109]: DEBUG neutron.pecan_wsgi.hooks.quota_enforcement [None req-78bf394d-2c03-46bf-91bd-3ca2ceec962a admin admin] Made reservation on behalf of f3b834ae36f14081bccb80b89df5010e for: {'network': 1} {{(pid=103109) before /opt/stack/neutron/neutron/pecan_wsgi/hooks/quota_enforcement.py:53}}
Feb 09 07:32:13.981668 n-d-712142-33 neutron-server[103109]: DEBUG neutron_lib.callbacks.manager [None req-78bf394d-2c03-46bf-91bd-3ca2ceec962a admin admin] Publish callbacks ['neutron.plugins.ml2.plugin.SecurityGroupDbMixin._ensure_default_security_group_handler-3505801'] for network (None), before_create {{(pid=103109) _notify_loop /usr/local/lib/python3.8/dist-packages/neutron_lib/callbacks/manager.py:176}}
Feb 09 07:32:13.990497 n-d-712142-33 neutron-server[103109]: DEBUG neutron_lib.callbacks.manager [None req-78bf394d-2c03-46bf-91bd-3ca2ceec962a admin admin] Publish callbacks [] for security_group (None), before_create {{(pid=103109) _notify_loop /usr/local/lib/python3.8/dist-packages/neutron_lib/callbacks/manager.py:176}}
Feb 09 07:32:14.032398 n-d-712142-33 neutron-server[103108]: INFO neutron.wsgi [req-bc55f06f-62ae-432b-9fe9-7cefb88a1b72 req-fbc34c1c-7e39-4f41-ad2f-7128ba5e74a9 tempest-AggregatesAdminTestJSON-223103806 tempest-AggregatesAdminTestJSON-223103806-project] 10.222.0.30 "GET /v2.0/security-groups?id=108855cc-a3f2-40a1-853d-ea5adcd21edf&fields=id&fields=name HTTP/1.1" status: 200 len: 286 time: 0.0623708
Feb 09 07:32:14.087844 n-d-712142-33 neutron-server[103110]: DEBUG neutron_lib.callbacks.manager [None req-1f4f9412-9e9f-47c9-891e-41ae7991c8c3 None None] Publish callbacks ['neutron.services.segments.db._update_segment_host_mapping_for_agent-8792462866095', 'neutron.plugins.ml2.plugin.Ml2Plugin._retry_binding_revived_agents-3460272'] for agent (7867e517-2403-4a06-95f1-5402a0190694), after_update {{(pid=103110) _notify_loop /usr/local/lib/python3.8/dist-packages/neutron_lib/callbacks/manager.py:176}}
Feb 09 07:32:14.105439 n-d-712142-33 neutron-server[103109]: DEBUG neutron_lib.callbacks.manager [None req-78bf394d-2c03-46bf-91bd-3ca2ceec962a admin admin] Publish callbacks [] for security_group (2dac87ce-c0e0-42fc-b8a0-d7d0beb8228d), precommit_create {{(pid=103109) _notify_loop /usr/local/lib/python3.8/dist-packages/neutron_lib/callbacks/manager.py:176}}
Feb 09 07:32:14.110931 n-d-712142-33 neutron-server[103109]: DEBUG neutron_lib.callbacks.manager [None req-78bf394d-2c03-46bf-91bd-3ca2ceec962a admin admin] Publish callbacks ['neutron.plugins.ml2.ovo_rpc._ObjectChangeHandler.handle_event-324331'] for security_group (2dac87ce-c0e0-42fc-b8a0-d7d0beb8228d), after_create {{(pid=103109) _notify_loop /usr/local/lib/python3.8/dist-packages/neutron_lib/callbacks/manager.py:176}}
Feb 09 07:32:14.139893 n-d-712142-33 neutron-server[103109]: DEBUG neutron.plugins.ml2.drivers.helpers [None req-78bf394d-2c03-46bf-91bd-3ca2ceec962a admin admin] vlan segment allocate from pool success with {'physical_network': 'physnet1', 'vlan_id': 544} {{(pid=103109) allocate_partially_specified_segment /opt/stack/neutron/neutron/plugins/ml2/drivers/helpers.py:153}}
Feb 09 07:32:14.156557 n-d-712142-33 neutron-server[103109]: DEBUG neutron.api.rpc.handlers.resources_rpc [None req-78bf394d-2c03-46bf-91bd-3ca2ceec962a admin admin] Pushing event updated for resources: {'SecurityGroup': ['ID=2dac87ce-c0e0-42fc-b8a0-d7d0beb8228d,revision_number=1']} {{(pid=103109) push /opt/stack/neutron/neutron/api/rpc/handlers/resources_rpc.py:237}}
Feb 09 07:32:14.160983 n-d-712142-33 neutron-server[103109]: DEBUG neutron_lib.callbacks.manager [None req-78bf394d-2c03-46bf-91bd-3ca2ceec962a admin admin] Publish callbacks ['neutron.plugins.ml2.plugin.Ml2Plugin._handle_segment_change-3534870'] for segment (99de88c6-213b-4264-a06b-d3629d67bf1b), precommit_create {{(pid=103109) _notify_loop /usr/local/lib/python3.8/dist-packages/neutron_lib/callbacks/manager.py:176}}
Feb 09 07:32:14.161389 n-d-712142-33 neutron-server[103109]: INFO neutron.db.segments_db [None req-78bf394d-2c03-46bf-91bd-3ca2ceec962a admin admin] Added segment 99de88c6-213b-4264-a06b-d3629d67bf1b of type vlan for network aa3f87bb-3ede-4257-9ee0-8eadb6b95340
Feb 09 07:32:14.212994 n-d-712142-33 neutron-server[103109]: DEBUG neutron_lib.callbacks.manager [None req-78bf394d-2c03-46bf-91bd-3ca2ceec962a admin admin] Publish callbacks ['neutron.services.auto_allocate.db._ensure_external_network_default_value_callback-8792462392863'] for network (aa3f87bb-3ede-4257-9ee0-8eadb6b95340), precommit_create {{(pid=103109) _notify_loop /usr/local/lib/python3.8/dist-packages/neutron_lib/callbacks/manager.py:176}}
Feb 09 07:32:14.219857 n-d-712142-33 neutron-server[103108]: DEBUG neutron.pecan_wsgi.hooks.policy_enforcement [req-d9d6dc29-383e-4d41-9f2d-ee5be2ba5170 req-1c4178c3-42dc-4d91-bd3b-5caf44474e8f tempest-AggregatesAdminTestJSON-967605038 tempest-AggregatesAdminTestJSON-967605038-project-admin] Attributes excluded by policy engine: ['standard_attr_id'] {{(pid=103108) _exclude_attributes_by_policy /opt/stack/neutron/neutron/pecan_wsgi/hooks/policy_enforcement.py:255}}
Feb 09 07:32:14.229199 n-d-712142-33 neutron-server[103108]: INFO neutron.wsgi [req-d9d6dc29-383e-4d41-9f2d-ee5be2ba5170 req-1c4178c3-42dc-4d91-bd3b-5caf44474e8f tempest-AggregatesAdminTestJSON-967605038 tempest-AggregatesAdminTestJSON-967605038-project-admin] 10.222.0.30 "GET /v2.0/ports?device_id=f4edeb28-5bdd-4709-872c-d248b2254a6b HTTP/1.1" status: 200 len: 1154 time: 0.0649650
Feb 09 07:32:14.239484 n-d-712142-33 neutron-server[103109]: DEBUG neutron.wsgi [-] (103109) accepted ('10.222.0.30', 40434) {{(pid=103109) server /usr/local/lib/python3.8/dist-packages/eventlet/wsgi.py:1004}}
Feb 09 07:32:14.243058 n-d-712142-33 neutron-server[103108]: DEBUG neutron_lib.callbacks.manager [req-d9d6dc29-383e-4d41-9f2d-ee5be2ba5170 req-7776a5b0-84ed-4bba-99f5-cfac100f62d2 tempest-AggregatesAdminTestJSON-967605038 tempest-AggregatesAdminTestJSON-967605038-project-admin] Publish callbacks [] for security_group (None), before_create {{(pid=103108) _notify_loop /usr/local/lib/python3.8/dist-packages/neutron_lib/callbacks/manager.py:176}}
Feb 09 07:32:14.255263 n-d-712142-33 neutron-server[103109]: DEBUG neutron_lib.callbacks.manager [None req-78bf394d-2c03-46bf-91bd-3ca2ceec962a admin admin] Publish callbacks ['neutron.plugins.ml2.ovo_rpc._ObjectChangeHandler.handle_event-314426', 'neutron.api.rpc.agentnotifiers.dhcp_rpc_agent_api.DhcpAgentNotifyAPI._native_event_send_dhcp_notification-3712396'] for network (aa3f87bb-3ede-4257-9ee0-8eadb6b95340), after_create {{(pid=103109) _notify_loop /usr/local/lib/python3.8/dist-packages/neutron_lib/callbacks/manager.py:176}}
Feb 09 07:32:14.257009 n-d-712142-33 neutron-server[103109]: DEBUG neutron.pecan_wsgi.hooks.policy_enforcement [None req-78bf394d-2c03-46bf-91bd-3ca2ceec962a admin admin] Attributes excluded by policy engine: ['standard_attr_id', 'vlan_transparent'] {{(pid=103109) _exclude_attributes_by_policy /opt/stack/neutron/neutron/pecan_wsgi/hooks/policy_enforcement.py:255}}
Feb 09 07:32:14.258489 n-d-712142-33 neutron-server[103109]: DEBUG neutron_lib.callbacks.manager [None req-78bf394d-2c03-46bf-91bd-3ca2ceec962a admin admin] Publish callbacks ['neutron.api.rpc.agentnotifiers.dhcp_rpc_agent_api.DhcpAgentNotifyAPI._send_dhcp_notification-3712510'] for network (None), before_response {{(pid=103109) _notify_loop /usr/local/lib/python3.8/dist-packages/neutron_lib/callbacks/manager.py:176}}
Feb 09 07:32:14.328840 n-d-712142-33 neutron-server[103109]: INFO neutron.wsgi [None req-78bf394d-2c03-46bf-91bd-3ca2ceec962a admin admin] 10.222.0.30 "POST /v2.0/networks HTTP/1.1" status: 201 len: 883 time: 0.6390874
Feb 09 07:32:14.331988 n-d-712142-33 neutron-server[103109]: DEBUG neutron.wsgi [-] (103109) accepted ('10.222.0.30', 40440) {{(pid=103109) server /usr/local/lib/python3.8/dist-packages/eventlet/wsgi.py:1004}}
Feb 09 07:32:14.335040 n-d-712142-33 neutron-server[103108]: DEBUG neutron_lib.callbacks.manager [req-d9d6dc29-383e-4d41-9f2d-ee5be2ba5170 req-7776a5b0-84ed-4bba-99f5-cfac100f62d2 tempest-AggregatesAdminTestJSON-967605038 tempest-AggregatesAdminTestJSON-967605038-project-admin] Publish callbacks [] for security_group (8e9f20db-66a6-484f-a8ab-03901ce23e0e), precommit_create {{(pid=103108) _notify_loop /usr/local/lib/python3.8/dist-packages/neutron_lib/callbacks/manager.py:176}}
Feb 09 07:32:14.340572 n-d-712142-33 neutron-server[103108]: DEBUG neutron_lib.callbacks.manager [req-d9d6dc29-383e-4d41-9f2d-ee5be2ba5170 req-7776a5b0-84ed-4bba-99f5-cfac100f62d2 tempest-AggregatesAdminTestJSON-967605038 tempest-AggregatesAdminTestJSON-967605038-project-admin] Publish callbacks ['neutron.plugins.ml2.ovo_rpc._ObjectChangeHandler.handle_event-324331'] for security_group (8e9f20db-66a6-484f-a8ab-03901ce23e0e), after_create {{(pid=103108) _notify_loop /usr/local/lib/python3.8/dist-packages/neutron_lib/callbacks/manager.py:176}}
Feb 09 07:32:14.340928 n-d-712142-33 neutron-server[103109]: DEBUG neutron.api.v2.base [None req-13b602d7-d1d7-4efe-b2d9-d04293d85b67 admin admin] Request body: {'subnet': {'network_id': 'aa3f87bb-3ede-4257-9ee0-8eadb6b95340', 'cidr': '172.20.0.0/28', 'name': 'tempest-FloatingIPsTestJSON-1512224976-subnet', 'tenant_id': 'f3b834ae36f14081bccb80b89df5010e', 'enable_dhcp': True, 'ip_version': 4}} {{(pid=103109) prepare_request_body /opt/stack/neutron/neutron/api/v2/base.py:729}}
Feb 09 07:32:14.350689 n-d-712142-33 neutron-server[103109]: DEBUG neutron.api.rpc.handlers.resources_rpc [None req-78bf394d-2c03-46bf-91bd-3ca2ceec962a admin admin] Pushing event updated for resources: {'Network': ['ID=aa3f87bb-3ede-4257-9ee0-8eadb6b95340,revision_number=1']} {{(pid=103109) push /opt/stack/neutron/neutron/api/rpc/handlers/resources_rpc.py:237}}
Feb 09 07:32:14.362684 n-d-712142-33 neutron-server[103110]: DEBUG neutron.plugins.ml2.rpc [None req-1f4f9412-9e9f-47c9-891e-41ae7991c8c3 None None] Network aa3f87bb-3ede-4257-9ee0-8eadb6b95340 details requested by agent ovs-agent-n-d-712142-33 with host n-d-712142-33 {{(pid=103110) get_network_details /opt/stack/neutron/neutron/plugins/ml2/rpc.py:248}}
Feb 09 07:32:14.385782 n-d-712142-33 neutron-server[103109]: DEBUG neutron.pecan_wsgi.hooks.quota_enforcement [None req-13b602d7-d1d7-4efe-b2d9-d04293d85b67 admin admin] Made reservation on behalf of f3b834ae36f14081bccb80b89df5010e for: {'subnet': 1} {{(pid=103109) before /opt/stack/neutron/neutron/pecan_wsgi/hooks/quota_enforcement.py:53}}
Feb 09 07:32:14.391472 n-d-712142-33 neutron-server[103109]: DEBUG neutron_lib.callbacks.manager [None req-13b602d7-d1d7-4efe-b2d9-d04293d85b67 admin admin] Publish callbacks ['neutron.services.segments.plugin.SegmentHostRoutes.host_routes_before_create-11635801'] for subnet (None), before_create {{(pid=103109) _notify_loop /usr/local/lib/python3.8/dist-packages/neutron_lib/callbacks/manager.py:176}}
Feb 09 07:32:14.394775 n-d-712142-33 neutron-server[103108]: INFO neutron.wsgi [req-d9d6dc29-383e-4d41-9f2d-ee5be2ba5170 req-7776a5b0-84ed-4bba-99f5-cfac100f62d2 tempest-AggregatesAdminTestJSON-967605038 tempest-AggregatesAdminTestJSON-967605038-project-admin] 10.222.0.30 "GET /v2.0/security-groups?id=108855cc-a3f2-40a1-853d-ea5adcd21edf&fields=id&fields=name HTTP/1.1" status: 200 len: 286 time: 0.1647170
Feb 09 07:32:14.396166 n-d-712142-33 neutron-server[103108]: DEBUG neutron.api.rpc.handlers.resources_rpc [None req-7776a5b0-84ed-4bba-99f5-cfac100f62d2 tempest-AggregatesAdminTestJSON-967605038 tempest-AggregatesAdminTestJSON-967605038-project-admin] Pushing event updated for resources: {'SecurityGroup': ['ID=8e9f20db-66a6-484f-a8ab-03901ce23e0e,revision_number=1']} {{(pid=103108) push /opt/stack/neutron/neutron/api/rpc/handlers/resources_rpc.py:237}}
Feb 09 07:32:14.487815 n-d-712142-33 neutron-server[103109]: DEBUG neutron_lib.callbacks.manager [None req-8b59a010-9085-4db4-b8f9-951f51a9a8e7 admin admin] Publish callbacks [] for security_group (None), before_create {{(pid=103109) _notify_loop /usr/local/lib/python3.8/dist-packages/neutron_lib/callbacks/manager.py:176}}
Feb 09 07:32:14.672051 n-d-712142-33 neutron-server[103108]: DEBUG neutron.pecan_wsgi.hooks.policy_enforcement [req-b0a39eda-865b-44f3-a6c3-0c461eef9656 req-09dfeb28-6ca7-4177-8124-f094939522e4 tempest-DeleteServersAdminTestJSON-1288117484 tempest-DeleteServersAdminTestJSON-1288117484-project] Attributes excluded by policy engine: ['standard_attr_id', 'binding:profile', 'binding:host_id', 'binding:vif_type', 'binding:vif_details'] {{(pid=103108) _exclude_attributes_by_policy /opt/stack/neutron/neutron/pecan_wsgi/hooks/policy_enforcement.py:255}}
Feb 09 07:32:14.677305 n-d-712142-33 neutron-server[103108]: INFO neutron.wsgi [req-b0a39eda-865b-44f3-a6c3-0c461eef9656 req-09dfeb28-6ca7-4177-8124-f094939522e4 tempest-DeleteServersAdminTestJSON-1288117484 tempest-DeleteServersAdminTestJSON-1288117484-project] 10.222.0.30 "GET /v2.0/ports?device_id=a649c0a9-16ac-4ae9-b5a6-2e23bc5d6603 HTTP/1.1" status: 200 len: 950 time: 0.1054304
Feb 09 07:32:14.686663 n-d-712142-33 neutron-server[103109]: DEBUG neutron_lib.callbacks.manager [None req-8b59a010-9085-4db4-b8f9-951f51a9a8e7 admin admin] Publish callbacks [] for security_group (46be5200-b6a1-46af-8c3a-2d626d8208b4), precommit_create {{(pid=103109) _notify_loop /usr/local/lib/python3.8/dist-packages/neutron_lib/callbacks/manager.py:176}}
Feb 09 07:32:14.714469 n-d-712142-33 neutron-server[103109]: DEBUG neutron_lib.callbacks.manager [None req-8b59a010-9085-4db4-b8f9-951f51a9a8e7 admin admin] Publish callbacks ['neutron.plugins.ml2.ovo_rpc._ObjectChangeHandler.handle_event-324331'] for security_group (46be5200-b6a1-46af-8c3a-2d626d8208b4), after_create {{(pid=103109) _notify_loop /usr/local/lib/python3.8/dist-packages/neutron_lib/callbacks/manager.py:176}}
Feb 09 07:32:14.761391 n-d-712142-33 neutron-server[103108]: INFO neutron.wsgi [req-b0a39eda-865b-44f3-a6c3-0c461eef9656 req-dd49c3e6-f3f5-4051-bff6-06458344fa72 tempest-DeleteServersAdminTestJSON-1288117484 tempest-DeleteServersAdminTestJSON-1288117484-project] 10.222.0.30 "GET /v2.0/security-groups?id=7eb914a8-61ed-4702-ab1f-50513bc90260&fields=id&fields=name HTTP/1.1" status: 200 len: 286 time: 0.0781376
Feb 09 07:32:14.764681 n-d-712142-33 neutron-server[103109]: DEBUG neutron_lib.callbacks.manager [None req-13b602d7-d1d7-4efe-b2d9-d04293d85b67 admin admin] Publish callbacks ['neutron.plugins.ml2.ovo_rpc._ObjectChangeHandler.handle_event-148044', 'neutron.api.rpc.agentnotifiers.dhcp_rpc_agent_api.DhcpAgentNotifyAPI._native_event_send_dhcp_notification-3712396', 'neutron.services.segments.plugin.NovaSegmentNotifier._notify_subnet_created-11789461', 'neutron.services.segments.plugin.SegmentHostRoutes.host_routes_after_create-11635815'] for subnet (d3a0f06c-7141-49d5-82c5-c1e6c6b82284), after_create {{(pid=103109) _notify_loop /usr/local/lib/python3.8/dist-packages/neutron_lib/callbacks/manager.py:176}}
Feb 09 07:32:14.779843 n-d-712142-33 neutron-server[103109]: INFO neutron.wsgi [None req-8b59a010-9085-4db4-b8f9-951f51a9a8e7 admin admin] 10.222.0.30 "GET /v2.0/security-groups?tenant_id=f2a17de6c3894633b53f23dbb907f144&name=default HTTP/1.1" status: 200 len: 2996 time: 0.5337017
Feb 09 07:32:14.780015 n-d-712142-33 neutron-server[103108]: DEBUG neutron.wsgi [-] (103108) accepted ('10.222.0.30', 40456) {{(pid=103108) server /usr/local/lib/python3.8/dist-packages/eventlet/wsgi.py:1004}}
Feb 09 07:32:14.790535 n-d-712142-33 neutron-server[103108]: DEBUG neutron.pecan_wsgi.hooks.policy_enforcement [req-48e2c081-635c-4476-af96-b66aea0ea665 req-5d176c84-def4-4088-bf96-1249eccc212f tempest-AggregatesAdminTestJSON-223103806 tempest-AggregatesAdminTestJSON-223103806-project] Attributes excluded by policy engine: ['standard_attr_id', 'binding:profile', 'binding:host_id', 'binding:vif_type', 'binding:vif_details'] {{(pid=103108) _exclude_attributes_by_policy /opt/stack/neutron/neutron/pecan_wsgi/hooks/policy_enforcement.py:255}}
Feb 09 07:32:14.792003 n-d-712142-33 neutron-server[103108]: INFO neutron.wsgi [req-48e2c081-635c-4476-af96-b66aea0ea665 req-5d176c84-def4-4088-bf96-1249eccc212f tempest-AggregatesAdminTestJSON-223103806 tempest-AggregatesAdminTestJSON-223103806-project] 10.222.0.30 "GET /v2.0/ports?device_id=f4edeb28-5bdd-4709-872c-d248b2254a6b HTTP/1.1" status: 200 len: 971 time: 0.0874131
Feb 09 07:32:14.797813 n-d-712142-33 neutron-server[103109]: DEBUG neutron.api.rpc.handlers.resources_rpc [None req-8b59a010-9085-4db4-b8f9-951f51a9a8e7 admin admin] Pushing event updated for resources: {'SecurityGroup': ['ID=46be5200-b6a1-46af-8c3a-2d626d8208b4,revision_number=1']} {{(pid=103109) push /opt/stack/neutron/neutron/api/rpc/handlers/resources_rpc.py:237}}
Feb 09 07:32:14.836469 n-d-712142-33 neutron-server[103109]: DEBUG neutron.api.rpc.handlers.resources_rpc [None req-13b602d7-d1d7-4efe-b2d9-d04293d85b67 admin admin] Pushing event updated for resources: {'Subnet': ['ID=d3a0f06c-7141-49d5-82c5-c1e6c6b82284,revision_number=0']} {{(pid=103109) push /opt/stack/neutron/neutron/api/rpc/handlers/resources_rpc.py:237}}
Feb 09 07:32:14.841119 n-d-712142-33 neutron-server[103109]: DEBUG neutron.plugins.ml2.drivers.mech_agent [None req-13b602d7-d1d7-4efe-b2d9-d04293d85b67 admin admin] Checking segment: {'id': '99de88c6-213b-4264-a06b-d3629d67bf1b', 'network_type': 'vlan', 'physical_network': 'physnet1', 'segmentation_id': 544, 'network_id': 'aa3f87bb-3ede-4257-9ee0-8eadb6b95340'} for mappings: {'physnet1': 'br-data'} with network types: ['local', 'flat', 'vlan'] {{(pid=103109) check_segment_for_agent /opt/stack/neutron/neutron/plugins/ml2/drivers/mech_agent.py:373}}
