Feb 08 21:24:06.745196 n-d-712142-32 cinder-volume[111604]: DEBUG cinder.volume.drivers.lvm [None req-bc50034d-7825-4d80-92d1-41ba02e2dfba None None] Updating volume stats {{(pid=111604) _update_volume_stats /opt/stack/cinder/cinder/volume/drivers/lvm.py:213}}
Feb 08 21:24:06.745894 n-d-712142-32 cinder-volume[111604]: DEBUG oslo_concurrency.processutils [None req-bc50034d-7825-4d80-92d1-41ba02e2dfba None None] Running cmd (subprocess): sudo cinder-rootwrap /etc/cinder/rootwrap.conf env LC_ALL=C vgs --noheadings --unit=g -o name,size,free,lv_count,uuid --separator : --nosuffix stack-volumes-lvmdriver-1 {{(pid=111604) execute /usr/local/lib/python3.8/dist-packages/oslo_concurrency/processutils.py:384}}
Feb 08 21:24:06.793401 n-d-712142-32 sudo[138143]: ubuntu : TTY=unknown ; PWD=/ ; USER=root ; COMMAND=/usr/local/bin/cinder-rootwrap /etc/cinder/rootwrap.conf env LC_ALL=C vgs --noheadings --unit=g -o name,size,free,lv_count,uuid --separator : --nosuffix stack-volumes-lvmdriver-1
Feb 08 21:24:06.795910 n-d-712142-32 sudo[138143]: pam_unix(sudo:session): session opened for user root by (uid=0)
Feb 08 21:24:08.605742 n-d-712142-32 sudo[138143]: pam_unix(sudo:session): session closed for user root
Feb 08 21:24:08.610069 n-d-712142-32 cinder-volume[111604]: DEBUG oslo_concurrency.processutils [None req-bc50034d-7825-4d80-92d1-41ba02e2dfba None None] CMD "sudo cinder-rootwrap /etc/cinder/rootwrap.conf env LC_ALL=C vgs --noheadings --unit=g -o name,size,free,lv_count,uuid --separator : --nosuffix stack-volumes-lvmdriver-1" returned: 0 in 1.863s {{(pid=111604) execute /usr/local/lib/python3.8/dist-packages/oslo_concurrency/processutils.py:422}}
Feb 08 21:24:08.613535 n-d-712142-32 cinder-volume[111604]: DEBUG oslo_concurrency.processutils [None req-bc50034d-7825-4d80-92d1-41ba02e2dfba None None] Running cmd (subprocess): sudo cinder-rootwrap /etc/cinder/rootwrap.conf env LC_ALL=C lvs --noheadings --unit=g -o vg_name,name,size --nosuffix --readonly stack-volumes-lvmdriver-1 {{(pid=111604) execute /usr/local/lib/python3.8/dist-packages/oslo_concurrency/processutils.py:384}}
Feb 08 21:24:08.648626 n-d-712142-32 sudo[138209]: ubuntu : TTY=unknown ; PWD=/ ; USER=root ; COMMAND=/usr/local/bin/cinder-rootwrap /etc/cinder/rootwrap.conf env LC_ALL=C lvs --noheadings --unit=g -o vg_name,name,size --nosuffix --readonly stack-volumes-lvmdriver-1
Feb 08 21:24:08.649459 n-d-712142-32 sudo[138209]: pam_unix(sudo:session): session opened for user root by (uid=0)
Feb 08 21:24:10.651245 n-d-712142-32 sudo[138209]: pam_unix(sudo:session): session closed for user root
Feb 08 21:24:10.658548 n-d-712142-32 cinder-volume[111604]: DEBUG oslo_concurrency.processutils [None req-bc50034d-7825-4d80-92d1-41ba02e2dfba None None] CMD "sudo cinder-rootwrap /etc/cinder/rootwrap.conf env LC_ALL=C lvs --noheadings --unit=g -o vg_name,name,size --nosuffix --readonly stack-volumes-lvmdriver-1" returned: 0 in 2.046s {{(pid=111604) execute /usr/local/lib/python3.8/dist-packages/oslo_concurrency/processutils.py:422}}
Feb 08 21:24:10.659758 n-d-712142-32 cinder-volume[111604]: DEBUG cinder.manager [None req-bc50034d-7825-4d80-92d1-41ba02e2dfba None None] Notifying Schedulers of capabilities ... {{(pid=111604) _publish_service_capabilities /opt/stack/cinder/cinder/manager.py:202}}
Feb 08 21:24:11.712983 n-d-712142-32 cinder-volume[111604]: INFO cinder.volume.manager [None req-90cd31b5-16f2-4e64-8838-53266e81f410 tempest-GroupsV314Test-453133247 None] Group tempest-GroupsV314Test-Group-2108941240: creating
Feb 08 21:24:11.760242 n-d-712142-32 cinder-volume[111604]: INFO cinder.volume.manager [None req-90cd31b5-16f2-4e64-8838-53266e81f410 tempest-GroupsV314Test-453133247 None] Group tempest-GroupsV314Test-Group-2108941240: created successfully
Feb 08 21:24:11.788063 n-d-712142-32 cinder-volume[111604]: INFO cinder.volume.manager [None req-90cd31b5-16f2-4e64-8838-53266e81f410 tempest-GroupsV314Test-453133247 None] Create group completed successfully.
Feb 08 21:24:13.422887 n-d-712142-32 cinder-volume[111604]: DEBUG cinder.volume.flows.manager.create_volume [None req-c24bb75c-a316-4523-acec-e9916068ed03 tempest-GroupsV314Test-453133247 None] Volume reschedule parameters: True retry: {'num_attempts': 1, 'backends': ['n-d-712142-32@lvmdriver-1#lvmdriver-1'], 'hosts': ['n-d-712142-32@lvmdriver-1#lvmdriver-1']} {{(pid=111604) get_flow /opt/stack/cinder/cinder/volume/flows/manager/create_volume.py:1341}}
Feb 08 21:24:13.427428 n-d-712142-32 cinder-volume[111604]: WARNING stevedore.named [None req-c24bb75c-a316-4523-acec-e9916068ed03 tempest-GroupsV314Test-453133247 None] Could not load cinder.keymgr.conf_key_mgr.ConfKeyManager
Feb 08 21:24:13.428322 n-d-712142-32 cinder-volume[111604]: WARNING castellan.key_manager [None req-c24bb75c-a316-4523-acec-e9916068ed03 tempest-GroupsV314Test-453133247 None] Deprecation Warning : cinder.keymgr.conf_key_mgr.ConfKeyManager is not a stevedore based driver, trying to load it as a class: stevedore.exception.NoMatches: No 'castellan.drivers' driver found, looking for 'cinder.keymgr.conf_key_mgr.ConfKeyManager'
Feb 08 21:24:13.459386 n-d-712142-32 cinder-volume[111604]: DEBUG cinder.volume.manager [None req-c24bb75c-a316-4523-acec-e9916068ed03 tempest-GroupsV314Test-453133247 None] Flow 'volume_create_manager' (34d50dbb-a9ed-4613-ab30-af77b3d1635b) transitioned into state 'RUNNING' from state 'PENDING' {{(pid=111604) _flow_receiver /usr/local/lib/python3.8/dist-packages/taskflow/listeners/logging.py:141}}
Feb 08 21:24:13.468260 n-d-712142-32 cinder-volume[111604]: DEBUG cinder.volume.manager [None req-c24bb75c-a316-4523-acec-e9916068ed03 tempest-GroupsV314Test-453133247 None] Task 'cinder.volume.flows.manager.create_volume.ExtractVolumeRefTask;volume:create' (bfb6fb45-fc5c-4b56-9bc7-9113cea3ee16) transitioned into state 'RUNNING' from state 'PENDING' {{(pid=111604) _task_receiver /usr/local/lib/python3.8/dist-packages/taskflow/listeners/logging.py:190}}
Feb 08 21:24:13.476284 n-d-712142-32 cinder-volume[111604]: DEBUG oslo_db.sqlalchemy.engines [None req-c24bb75c-a316-4523-acec-e9916068ed03 tempest-GroupsV314Test-453133247 None] MySQL server mode set to STRICT_TRANS_TABLES,STRICT_ALL_TABLES,NO_ZERO_IN_DATE,NO_ZERO_DATE,ERROR_FOR_DIVISION_BY_ZERO,TRADITIONAL,NO_ENGINE_SUBSTITUTION {{(pid=111604) _check_effective_sql_mode /usr/local/lib/python3.8/dist-packages/oslo_db/sqlalchemy/engines.py:314}}
Feb 08 21:24:13.500247 n-d-712142-32 cinder-volume[111604]: DEBUG cinder.volume.manager [None req-c24bb75c-a316-4523-acec-e9916068ed03 tempest-GroupsV314Test-453133247 None] Task 'cinder.volume.flows.manager.create_volume.ExtractVolumeRefTask;volume:create' (bfb6fb45-fc5c-4b56-9bc7-9113cea3ee16) transitioned into state 'SUCCESS' from state 'RUNNING' with result 'Volume(_name_id=None,admin_metadata=,attach_status='detached',availability_zone='nova',bootable=False,cluster=,cluster_name=None,consistencygroup=,consistencygroup_id=None,created_at=2022-02-08T21:24:13Z,deleted=False,deleted_at=None,display_description=None,display_name='tempest-GroupsV314Test-Volume-1102089901',ec2_id=None,encryption_key_id=None,glance_metadata=,group=,group_id=847d3cae-6906-4c2d-9285-ac6837b484e1,host='n-d-712142-32@lvmdriver-1#lvmdriver-1',id=8ea98e79-f252-4daa-a2e4-6e4ec5c6f2c7,launched_at=None,metadata={},migration_status=None,multiattach=False,previous_status=None,project_id='bb6fe26ca5e74545ae35d0c0629ef325',provider_auth=None,provider_geometry=None,provider_id=None,provider_location=None,replication_driver_data=None,replication_extended_status=None,replication_status=None,scheduled_at=2022-02-08T21:24:13Z,service_uuid=None,shared_targets=True,size=1,snapshot_id=None,snapshots=,source_volid=None,status='creating',terminated_at=None,updated_at=2022-02-08T21:24:13Z,use_quota=True,user_id='588a9abe9b1f4c148f05138ed1487d70',volume_attachment=VolumeAttachmentList,volume_type=VolumeType(43de6433-c767-4432-b411-54b3f63dff2d),volume_type_id=43de6433-c767-4432-b411-54b3f63dff2d)' {{(pid=111604) _task_receiver /usr/local/lib/python3.8/dist-packages/taskflow/listeners/logging.py:178}}
Feb 08 21:24:13.511697 n-d-712142-32 cinder-volume[111604]: DEBUG cinder.volume.manager [None req-c24bb75c-a316-4523-acec-e9916068ed03 tempest-GroupsV314Test-453133247 None] Task 'cinder.volume.flows.manager.create_volume.OnFailureRescheduleTask;volume:create' (70b3289d-5f9a-476e-b4ea-3df86ed2445e) transitioned into state 'RUNNING' from state 'PENDING' {{(pid=111604) _task_receiver /usr/local/lib/python3.8/dist-packages/taskflow/listeners/logging.py:190}}
Feb 08 21:24:13.517152 n-d-712142-32 cinder-volume[111604]: DEBUG cinder.volume.manager [None req-c24bb75c-a316-4523-acec-e9916068ed03 tempest-GroupsV314Test-453133247 None] Task 'cinder.volume.flows.manager.create_volume.OnFailureRescheduleTask;volume:create' (70b3289d-5f9a-476e-b4ea-3df86ed2445e) transitioned into state 'SUCCESS' from state 'RUNNING' with result 'None' {{(pid=111604) _task_receiver /usr/local/lib/python3.8/dist-packages/taskflow/listeners/logging.py:178}}
Feb 08 21:24:13.524935 n-d-712142-32 cinder-volume[111604]: DEBUG cinder.volume.manager [None req-c24bb75c-a316-4523-acec-e9916068ed03 tempest-GroupsV314Test-453133247 None] Task 'cinder.volume.flows.manager.create_volume.ExtractVolumeSpecTask;volume:create' (65927844-8202-468f-adb4-2b7564832b42) transitioned into state 'RUNNING' from state 'PENDING' {{(pid=111604) _task_receiver /usr/local/lib/python3.8/dist-packages/taskflow/listeners/logging.py:190}}
Feb 08 21:24:13.530669 n-d-712142-32 cinder-volume[111604]: DEBUG cinder.volume.manager [None req-c24bb75c-a316-4523-acec-e9916068ed03 tempest-GroupsV314Test-453133247 None] Task 'cinder.volume.flows.manager.create_volume.ExtractVolumeSpecTask;volume:create' (65927844-8202-468f-adb4-2b7564832b42) transitioned into state 'SUCCESS' from state 'RUNNING' with result '{'status': 'creating', 'type': 'raw', 'volume_id': '8ea98e79-f252-4daa-a2e4-6e4ec5c6f2c7', 'volume_name': 'volume-8ea98e79-f252-4daa-a2e4-6e4ec5c6f2c7', 'volume_size': 1}' {{(pid=111604) _task_receiver /usr/local/lib/python3.8/dist-packages/taskflow/listeners/logging.py:178}}
Feb 08 21:24:13.542258 n-d-712142-32 cinder-volume[111604]: DEBUG cinder.volume.manager [None req-c24bb75c-a316-4523-acec-e9916068ed03 tempest-GroupsV314Test-453133247 None] Task 'cinder.volume.flows.manager.create_volume.NotifyVolumeActionTask;volume:create, create.start' (e5db9a25-2242-4e13-9bb7-f2972a45531e) transitioned into state 'RUNNING' from state 'PENDING' {{(pid=111604) _task_receiver /usr/local/lib/python3.8/dist-packages/taskflow/listeners/logging.py:190}}
Feb 08 21:24:13.550587 n-d-712142-32 cinder-volume[111604]: DEBUG cinder.volume.manager [None req-c24bb75c-a316-4523-acec-e9916068ed03 tempest-GroupsV314Test-453133247 None] Task 'cinder.volume.flows.manager.create_volume.NotifyVolumeActionTask;volume:create, create.start' (e5db9a25-2242-4e13-9bb7-f2972a45531e) transitioned into state 'SUCCESS' from state 'RUNNING' with result 'None' {{(pid=111604) _task_receiver /usr/local/lib/python3.8/dist-packages/taskflow/listeners/logging.py:178}}
Feb 08 21:24:13.563902 n-d-712142-32 cinder-volume[111604]: DEBUG cinder.volume.manager [None req-c24bb75c-a316-4523-acec-e9916068ed03 tempest-GroupsV314Test-453133247 None] Task 'cinder.volume.flows.manager.create_volume.CreateVolumeFromSpecTask;volume:create' (06ce0ca8-3e71-4acf-98fa-197c57cbc6e4) transitioned into state 'RUNNING' from state 'PENDING' {{(pid=111604) _task_receiver /usr/local/lib/python3.8/dist-packages/taskflow/listeners/logging.py:190}}
Feb 08 21:24:13.566066 n-d-712142-32 cinder-volume[111604]: INFO cinder.volume.flows.manager.create_volume [None req-c24bb75c-a316-4523-acec-e9916068ed03 tempest-GroupsV314Test-453133247 None] Volume 8ea98e79-f252-4daa-a2e4-6e4ec5c6f2c7: being created as raw with specification: {'status': 'creating', 'volume_name': 'volume-8ea98e79-f252-4daa-a2e4-6e4ec5c6f2c7', 'volume_size': 1}
Feb 08 21:24:13.567664 n-d-712142-32 cinder-volume[111604]: DEBUG oslo_concurrency.processutils [None req-c24bb75c-a316-4523-acec-e9916068ed03 tempest-GroupsV314Test-453133247 None] Running cmd (subprocess): sudo cinder-rootwrap /etc/cinder/rootwrap.conf env LC_ALL=C lvcreate -n volume-8ea98e79-f252-4daa-a2e4-6e4ec5c6f2c7 stack-volumes-lvmdriver-1 -L 1g {{(pid=111604) execute /usr/local/lib/python3.8/dist-packages/oslo_concurrency/processutils.py:384}}
Feb 08 21:24:13.596762 n-d-712142-32 sudo[138296]: ubuntu : TTY=unknown ; PWD=/ ; USER=root ; COMMAND=/usr/local/bin/cinder-rootwrap /etc/cinder/rootwrap.conf env LC_ALL=C lvcreate -n volume-8ea98e79-f252-4daa-a2e4-6e4ec5c6f2c7 stack-volumes-lvmdriver-1 -L 1g
Feb 08 21:24:13.598364 n-d-712142-32 sudo[138296]: pam_unix(sudo:session): session opened for user root by (uid=0)
Feb 08 21:24:15.022909 n-d-712142-32 sudo[138296]: pam_unix(sudo:session): session closed for user root
Feb 08 21:24:15.025555 n-d-712142-32 cinder-volume[111604]: DEBUG oslo_concurrency.processutils [None req-c24bb75c-a316-4523-acec-e9916068ed03 tempest-GroupsV314Test-453133247 None] CMD "sudo cinder-rootwrap /etc/cinder/rootwrap.conf env LC_ALL=C lvcreate -n volume-8ea98e79-f252-4daa-a2e4-6e4ec5c6f2c7 stack-volumes-lvmdriver-1 -L 1g" returned: 0 in 1.457s {{(pid=111604) execute /usr/local/lib/python3.8/dist-packages/oslo_concurrency/processutils.py:422}}
Feb 08 21:24:15.032205 n-d-712142-32 cinder-volume[111604]: DEBUG cinder.volume.manager [None req-c24bb75c-a316-4523-acec-e9916068ed03 tempest-GroupsV314Test-453133247 None] Task 'cinder.volume.flows.manager.create_volume.CreateVolumeFromSpecTask;volume:create' (06ce0ca8-3e71-4acf-98fa-197c57cbc6e4) transitioned into state 'SUCCESS' from state 'RUNNING' with result '{'status': 'creating', 'volume_name': 'volume-8ea98e79-f252-4daa-a2e4-6e4ec5c6f2c7', 'volume_size': 1}' {{(pid=111604) _task_receiver /usr/local/lib/python3.8/dist-packages/taskflow/listeners/logging.py:178}}
Feb 08 21:24:15.037367 n-d-712142-32 cinder-volume[111604]: DEBUG cinder.volume.manager [None req-c24bb75c-a316-4523-acec-e9916068ed03 tempest-GroupsV314Test-453133247 None] Task 'cinder.volume.flows.manager.create_volume.CreateVolumeOnFinishTask;volume:create, create.end' (43e71d23-e6e2-452c-af15-3b298e2f6a6c) transitioned into state 'RUNNING' from state 'PENDING' {{(pid=111604) _task_receiver /usr/local/lib/python3.8/dist-packages/taskflow/listeners/logging.py:190}}
Feb 08 21:24:15.057596 n-d-712142-32 cinder-volume[111604]: INFO cinder.volume.flows.manager.create_volume [None req-c24bb75c-a316-4523-acec-e9916068ed03 tempest-GroupsV314Test-453133247 None] Volume volume-8ea98e79-f252-4daa-a2e4-6e4ec5c6f2c7 (8ea98e79-f252-4daa-a2e4-6e4ec5c6f2c7): created successfully
Feb 08 21:24:15.063542 n-d-712142-32 cinder-volume[111604]: DEBUG cinder.volume.manager [None req-c24bb75c-a316-4523-acec-e9916068ed03 tempest-GroupsV314Test-453133247 None] Task 'cinder.volume.flows.manager.create_volume.CreateVolumeOnFinishTask;volume:create, create.end' (43e71d23-e6e2-452c-af15-3b298e2f6a6c) transitioned into state 'SUCCESS' from state 'RUNNING' with result 'None' {{(pid=111604) _task_receiver /usr/local/lib/python3.8/dist-packages/taskflow/listeners/logging.py:178}}
Feb 08 21:24:15.071802 n-d-712142-32 cinder-volume[111604]: DEBUG cinder.volume.manager [None req-c24bb75c-a316-4523-acec-e9916068ed03 tempest-GroupsV314Test-453133247 None] Flow 'volume_create_manager' (34d50dbb-a9ed-4613-ab30-af77b3d1635b) transitioned into state 'SUCCESS' from state 'RUNNING' {{(pid=111604) _flow_receiver /usr/local/lib/python3.8/dist-packages/taskflow/listeners/logging.py:141}}
Feb 08 21:24:15.086115 n-d-712142-32 cinder-volume[111604]: INFO cinder.volume.manager [None req-c24bb75c-a316-4523-acec-e9916068ed03 tempest-GroupsV314Test-453133247 None] Created volume successfully.
Feb 08 21:24:16.246802 n-d-712142-32 cinder-volume[111604]: INFO cinder.volume.drivers.lvm [None req-ac2ae383-3388-4480-94d1-5933aad8e03c tempest-GroupsV314Test-453133247 None] Creating clone of volume: 8ea98e79-f252-4daa-a2e4-6e4ec5c6f2c7
Feb 08 21:24:16.248083 n-d-712142-32 cinder-volume[111604]: DEBUG oslo_concurrency.processutils [None req-ac2ae383-3388-4480-94d1-5933aad8e03c tempest-GroupsV314Test-453133247 None] Running cmd (subprocess): sudo cinder-rootwrap /etc/cinder/rootwrap.conf env LC_ALL=C lvs --noheadings --unit=g -o vg_name,name,size --nosuffix --readonly stack-volumes-lvmdriver-1/volume-8ea98e79-f252-4daa-a2e4-6e4ec5c6f2c7 {{(pid=111604) execute /usr/local/lib/python3.8/dist-packages/oslo_concurrency/processutils.py:384}}
Feb 08 21:24:16.278598 n-d-712142-32 sudo[138365]: ubuntu : TTY=unknown ; PWD=/ ; USER=root ; COMMAND=/usr/local/bin/cinder-rootwrap /etc/cinder/rootwrap.conf env LC_ALL=C lvs --noheadings --unit=g -o vg_name,name,size --nosuffix --readonly stack-volumes-lvmdriver-1/volume-8ea98e79-f252-4daa-a2e4-6e4ec5c6f2c7
Feb 08 21:24:16.280333 n-d-712142-32 sudo[138365]: pam_unix(sudo:session): session opened for user root by (uid=0)
Feb 08 21:24:17.753791 n-d-712142-32 sudo[138365]: pam_unix(sudo:session): session closed for user root
Feb 08 21:24:17.757202 n-d-712142-32 cinder-volume[111604]: DEBUG oslo_concurrency.processutils [None req-ac2ae383-3388-4480-94d1-5933aad8e03c tempest-GroupsV314Test-453133247 None] CMD "sudo cinder-rootwrap /etc/cinder/rootwrap.conf env LC_ALL=C lvs --noheadings --unit=g -o vg_name,name,size --nosuffix --readonly stack-volumes-lvmdriver-1/volume-8ea98e79-f252-4daa-a2e4-6e4ec5c6f2c7" returned: 0 in 1.509s {{(pid=111604) execute /usr/local/lib/python3.8/dist-packages/oslo_concurrency/processutils.py:422}}
Feb 08 21:24:17.759524 n-d-712142-32 cinder-volume[111604]: DEBUG oslo_concurrency.processutils [None req-ac2ae383-3388-4480-94d1-5933aad8e03c tempest-GroupsV314Test-453133247 None] Running cmd (subprocess): sudo cinder-rootwrap /etc/cinder/rootwrap.conf env LC_ALL=C lvcreate --name clone-snap-0755a01c-7ed8-43b5-9071-429d3e9a9d04 --snapshot stack-volumes-lvmdriver-1/volume-8ea98e79-f252-4daa-a2e4-6e4ec5c6f2c7 -L 1.00g {{(pid=111604) execute /usr/local/lib/python3.8/dist-packages/oslo_concurrency/processutils.py:384}}
Feb 08 21:24:17.783593 n-d-712142-32 sudo[138380]: ubuntu : TTY=unknown ; PWD=/ ; USER=root ; COMMAND=/usr/local/bin/cinder-rootwrap /etc/cinder/rootwrap.conf env LC_ALL=C lvcreate --name clone-snap-0755a01c-7ed8-43b5-9071-429d3e9a9d04 --snapshot stack-volumes-lvmdriver-1/volume-8ea98e79-f252-4daa-a2e4-6e4ec5c6f2c7 -L 1.00g
Feb 08 21:24:17.785155 n-d-712142-32 sudo[138380]: pam_unix(sudo:session): session opened for user root by (uid=0)
Feb 08 21:24:19.551374 n-d-712142-32 sudo[138380]: pam_unix(sudo:session): session closed for user root
Feb 08 21:24:19.553529 n-d-712142-32 cinder-volume[111604]: DEBUG oslo_concurrency.processutils [None req-ac2ae383-3388-4480-94d1-5933aad8e03c tempest-GroupsV314Test-453133247 None] CMD "sudo cinder-rootwrap /etc/cinder/rootwrap.conf env LC_ALL=C lvcreate --name clone-snap-0755a01c-7ed8-43b5-9071-429d3e9a9d04 --snapshot stack-volumes-lvmdriver-1/volume-8ea98e79-f252-4daa-a2e4-6e4ec5c6f2c7 -L 1.00g" returned: 0 in 1.794s {{(pid=111604) execute /usr/local/lib/python3.8/dist-packages/oslo_concurrency/processutils.py:422}}
Feb 08 21:24:19.557023 n-d-712142-32 cinder-volume[111604]: DEBUG oslo_concurrency.processutils [None req-ac2ae383-3388-4480-94d1-5933aad8e03c tempest-GroupsV314Test-453133247 None] Running cmd (subprocess): sudo cinder-rootwrap /etc/cinder/rootwrap.conf env LC_ALL=C lvcreate -n volume-0755a01c-7ed8-43b5-9071-429d3e9a9d04 stack-volumes-lvmdriver-1 -L 1g {{(pid=111604) execute /usr/local/lib/python3.8/dist-packages/oslo_concurrency/processutils.py:384}}
Feb 08 21:24:19.579896 n-d-712142-32 sudo[138500]: ubuntu : TTY=unknown ; PWD=/ ; USER=root ; COMMAND=/usr/local/bin/cinder-rootwrap /etc/cinder/rootwrap.conf env LC_ALL=C lvcreate -n volume-0755a01c-7ed8-43b5-9071-429d3e9a9d04 stack-volumes-lvmdriver-1 -L 1g
Feb 08 21:24:19.581482 n-d-712142-32 sudo[138500]: pam_unix(sudo:session): session opened for user root by (uid=0)
Feb 08 21:24:21.138308 n-d-712142-32 sudo[138500]: pam_unix(sudo:session): session closed for user root
Feb 08 21:24:21.141700 n-d-712142-32 cinder-volume[111604]: DEBUG oslo_concurrency.processutils [None req-ac2ae383-3388-4480-94d1-5933aad8e03c tempest-GroupsV314Test-453133247 None] CMD "sudo cinder-rootwrap /etc/cinder/rootwrap.conf env LC_ALL=C lvcreate -n volume-0755a01c-7ed8-43b5-9071-429d3e9a9d04 stack-volumes-lvmdriver-1 -L 1g" returned: 0 in 1.584s {{(pid=111604) execute /usr/local/lib/python3.8/dist-packages/oslo_concurrency/processutils.py:422}}
Feb 08 21:24:21.143761 n-d-712142-32 cinder-volume[111604]: DEBUG oslo_concurrency.processutils [None req-ac2ae383-3388-4480-94d1-5933aad8e03c tempest-GroupsV314Test-453133247 None] Running cmd (subprocess): env LC_ALL=C lvm version {{(pid=111604) execute /usr/local/lib/python3.8/dist-packages/oslo_concurrency/processutils.py:384}}
Feb 08 21:24:21.165339 n-d-712142-32 cinder-volume[111604]: DEBUG oslo_concurrency.processutils [None req-ac2ae383-3388-4480-94d1-5933aad8e03c tempest-GroupsV314Test-453133247 None] CMD "env LC_ALL=C lvm version" returned: 0 in 0.021s {{(pid=111604) execute /usr/local/lib/python3.8/dist-packages/oslo_concurrency/processutils.py:422}}
Feb 08 21:24:21.166527 n-d-712142-32 cinder-volume[111604]: DEBUG oslo_concurrency.processutils [None req-ac2ae383-3388-4480-94d1-5933aad8e03c tempest-GroupsV314Test-453133247 None] Running cmd (subprocess): sudo cinder-rootwrap /etc/cinder/rootwrap.conf lvchange -a y --yes -K stack-volumes-lvmdriver-1/clone-snap-0755a01c-7ed8-43b5-9071-429d3e9a9d04 {{(pid=111604) execute /usr/local/lib/python3.8/dist-packages/oslo_concurrency/processutils.py:384}}
Feb 08 21:24:21.188602 n-d-712142-32 sudo[138546]: ubuntu : TTY=unknown ; PWD=/ ; USER=root ; COMMAND=/usr/local/bin/cinder-rootwrap /etc/cinder/rootwrap.conf lvchange -a y --yes -K stack-volumes-lvmdriver-1/clone-snap-0755a01c-7ed8-43b5-9071-429d3e9a9d04
Feb 08 21:24:21.190360 n-d-712142-32 sudo[138546]: pam_unix(sudo:session): session opened for user root by (uid=0)
Feb 08 21:24:22.989956 n-d-712142-32 sudo[138546]: pam_unix(sudo:session): session closed for user root
Feb 08 21:24:22.992062 n-d-712142-32 cinder-volume[111604]: DEBUG oslo_concurrency.processutils [None req-ac2ae383-3388-4480-94d1-5933aad8e03c tempest-GroupsV314Test-453133247 None] CMD "sudo cinder-rootwrap /etc/cinder/rootwrap.conf lvchange -a y --yes -K stack-volumes-lvmdriver-1/clone-snap-0755a01c-7ed8-43b5-9071-429d3e9a9d04" returned: 0 in 1.825s {{(pid=111604) execute /usr/local/lib/python3.8/dist-packages/oslo_concurrency/processutils.py:422}}
Feb 08 21:24:22.995016 n-d-712142-32 cinder-volume[111604]: DEBUG oslo_concurrency.processutils [None req-ac2ae383-3388-4480-94d1-5933aad8e03c tempest-GroupsV314Test-453133247 None] Running cmd (subprocess): sudo cinder-rootwrap /etc/cinder/rootwrap.conf dd count=0 if=/dev/mapper/stack--volumes--lvmdriver--1-clone--snap--0755a01c--7ed8--43b5--9071--429d3e9a9d04 of=/dev/mapper/stack--volumes--lvmdriver--1-volume--0755a01c--7ed8--43b5--9071--429d3e9a9d04 iflag=direct {{(pid=111604) execute /usr/local/lib/python3.8/dist-packages/oslo_concurrency/processutils.py:384}}
Feb 08 21:24:23.022539 n-d-712142-32 sudo[138555]: ubuntu : TTY=unknown ; PWD=/ ; USER=root ; COMMAND=/usr/local/bin/cinder-rootwrap /etc/cinder/rootwrap.conf dd count=0 if=/dev/mapper/stack--volumes--lvmdriver--1-clone--snap--0755a01c--7ed8--43b5--9071--429d3e9a9d04 of=/dev/mapper/stack--volumes--lvmdriver--1-volume--0755a01c--7ed8--43b5--9071--429d3e9a9d04 iflag=direct
Feb 08 21:24:23.024456 n-d-712142-32 sudo[138555]: pam_unix(sudo:session): session opened for user root by (uid=0)
Feb 08 21:24:24.349766 n-d-712142-32 sudo[138555]: pam_unix(sudo:session): session closed for user root
Feb 08 21:24:24.352274 n-d-712142-32 cinder-volume[111604]: DEBUG oslo_concurrency.processutils [None req-ac2ae383-3388-4480-94d1-5933aad8e03c tempest-GroupsV314Test-453133247 None] CMD "sudo cinder-rootwrap /etc/cinder/rootwrap.conf dd count=0 if=/dev/mapper/stack--volumes--lvmdriver--1-clone--snap--0755a01c--7ed8--43b5--9071--429d3e9a9d04 of=/dev/mapper/stack--volumes--lvmdriver--1-volume--0755a01c--7ed8--43b5--9071--429d3e9a9d04 iflag=direct" returned: 0 in 1.358s {{(pid=111604) execute /usr/local/lib/python3.8/dist-packages/oslo_concurrency/processutils.py:422}}
Feb 08 21:24:24.354073 n-d-712142-32 cinder-volume[111604]: DEBUG oslo_concurrency.processutils [None req-ac2ae383-3388-4480-94d1-5933aad8e03c tempest-GroupsV314Test-453133247 None] Running cmd (subprocess): sudo cinder-rootwrap /etc/cinder/rootwrap.conf dd count=0 if=/dev/mapper/stack--volumes--lvmdriver--1-clone--snap--0755a01c--7ed8--43b5--9071--429d3e9a9d04 of=/dev/mapper/stack--volumes--lvmdriver--1-volume--0755a01c--7ed8--43b5--9071--429d3e9a9d04 oflag=direct {{(pid=111604) execute /usr/local/lib/python3.8/dist-packages/oslo_concurrency/processutils.py:384}}
Feb 08 21:24:24.394237 n-d-712142-32 sudo[138574]: ubuntu : TTY=unknown ; PWD=/ ; USER=root ; COMMAND=/usr/local/bin/cinder-rootwrap /etc/cinder/rootwrap.conf dd count=0 if=/dev/mapper/stack--volumes--lvmdriver--1-clone--snap--0755a01c--7ed8--43b5--9071--429d3e9a9d04 of=/dev/mapper/stack--volumes--lvmdriver--1-volume--0755a01c--7ed8--43b5--9071--429d3e9a9d04 oflag=direct
Feb 08 21:24:24.395298 n-d-712142-32 sudo[138574]: pam_unix(sudo:session): session opened for user root by (uid=0)
Feb 08 21:24:25.659499 n-d-712142-32 sudo[138574]: pam_unix(sudo:session): session closed for user root
Feb 08 21:24:25.661698 n-d-712142-32 cinder-volume[111604]: DEBUG oslo_concurrency.processutils [None req-ac2ae383-3388-4480-94d1-5933aad8e03c tempest-GroupsV314Test-453133247 None] CMD "sudo cinder-rootwrap /etc/cinder/rootwrap.conf dd count=0 if=/dev/mapper/stack--volumes--lvmdriver--1-clone--snap--0755a01c--7ed8--43b5--9071--429d3e9a9d04 of=/dev/mapper/stack--volumes--lvmdriver--1-volume--0755a01c--7ed8--43b5--9071--429d3e9a9d04 oflag=direct" returned: 0 in 1.307s {{(pid=111604) execute /usr/local/lib/python3.8/dist-packages/oslo_concurrency/processutils.py:422}}
Feb 08 21:24:25.662757 n-d-712142-32 cinder-volume[111604]: DEBUG oslo_concurrency.processutils [None req-ac2ae383-3388-4480-94d1-5933aad8e03c tempest-GroupsV314Test-453133247 None] Running cmd (subprocess): sudo cinder-rootwrap /etc/cinder/rootwrap.conf dd if=/dev/mapper/stack--volumes--lvmdriver--1-clone--snap--0755a01c--7ed8--43b5--9071--429d3e9a9d04 of=/dev/mapper/stack--volumes--lvmdriver--1-volume--0755a01c--7ed8--43b5--9071--429d3e9a9d04 count=1073741824 bs=1M iflag=count_bytes,direct oflag=direct {{(pid=111604) execute /usr/local/lib/python3.8/dist-packages/oslo_concurrency/processutils.py:384}}
Feb 08 21:24:25.689773 n-d-712142-32 sudo[138587]: ubuntu : TTY=unknown ; PWD=/ ; USER=root ; COMMAND=/usr/local/bin/cinder-rootwrap /etc/cinder/rootwrap.conf dd if=/dev/mapper/stack--volumes--lvmdriver--1-clone--snap--0755a01c--7ed8--43b5--9071--429d3e9a9d04 of=/dev/mapper/stack--volumes--lvmdriver--1-volume--0755a01c--7ed8--43b5--9071--429d3e9a9d04 count=1073741824 bs=1M iflag=count_bytes,direct oflag=direct
Feb 08 21:24:25.691143 n-d-712142-32 sudo[138587]: pam_unix(sudo:session): session opened for user root by (uid=0)
Feb 08 21:24:25.856773 n-d-712142-32 cinder-volume[111604]: INFO cinder.volume.manager [None req-77f22940-7444-47f2-a7d9-80d405e9429f tempest-GroupSnapshotsTest-932969967 None] Group tempest-GroupSnapshotsTest-Group-1023830261: creating
Feb 08 21:24:25.879006 n-d-712142-32 cinder-volume[111604]: INFO cinder.volume.manager [None req-77f22940-7444-47f2-a7d9-80d405e9429f tempest-GroupSnapshotsTest-932969967 None] Group tempest-GroupSnapshotsTest-Group-1023830261: created successfully
Feb 08 21:24:25.895806 n-d-712142-32 cinder-volume[111604]: INFO cinder.volume.manager [None req-77f22940-7444-47f2-a7d9-80d405e9429f tempest-GroupSnapshotsTest-932969967 None] Create group completed successfully.
Feb 08 21:24:27.637896 n-d-712142-32 cinder-volume[111604]: DEBUG cinder.volume.flows.manager.create_volume [None req-c218c2a6-f802-44b8-b29d-dc81333a1aab tempest-GroupSnapshotsTest-932969967 None] Volume reschedule parameters: True retry: {'num_attempts': 1, 'backends': ['n-d-712142-32@lvmdriver-1#lvmdriver-1'], 'hosts': ['n-d-712142-32@lvmdriver-1#lvmdriver-1']} {{(pid=111604) get_flow /opt/stack/cinder/cinder/volume/flows/manager/create_volume.py:1341}}
Feb 08 21:24:27.652843 n-d-712142-32 cinder-volume[111604]: WARNING stevedore.named [None req-c218c2a6-f802-44b8-b29d-dc81333a1aab tempest-GroupSnapshotsTest-932969967 None] Could not load cinder.keymgr.conf_key_mgr.ConfKeyManager
Feb 08 21:24:27.659360 n-d-712142-32 cinder-volume[111604]: WARNING castellan.key_manager [None req-c218c2a6-f802-44b8-b29d-dc81333a1aab tempest-GroupSnapshotsTest-932969967 None] Deprecation Warning : cinder.keymgr.conf_key_mgr.ConfKeyManager is not a stevedore based driver, trying to load it as a class: stevedore.exception.NoMatches: No 'castellan.drivers' driver found, looking for 'cinder.keymgr.conf_key_mgr.ConfKeyManager'
Feb 08 21:24:27.745838 n-d-712142-32 cinder-volume[111604]: DEBUG cinder.volume.manager [None req-c218c2a6-f802-44b8-b29d-dc81333a1aab tempest-GroupSnapshotsTest-932969967 None] Flow 'volume_create_manager' (58d7d6df-d651-4b90-97c9-2d507b80c14c) transitioned into state 'RUNNING' from state 'PENDING' {{(pid=111604) _flow_receiver /usr/local/lib/python3.8/dist-packages/taskflow/listeners/logging.py:141}}
Feb 08 21:24:27.754986 n-d-712142-32 cinder-volume[111604]: DEBUG cinder.volume.manager [None req-c218c2a6-f802-44b8-b29d-dc81333a1aab tempest-GroupSnapshotsTest-932969967 None] Task 'cinder.volume.flows.manager.create_volume.ExtractVolumeRefTask;volume:create' (43c9abd0-00d7-4c6f-9478-e20cf626d87e) transitioned into state 'RUNNING' from state 'PENDING' {{(pid=111604) _task_receiver /usr/local/lib/python3.8/dist-packages/taskflow/listeners/logging.py:190}}
Feb 08 21:24:27.763343 n-d-712142-32 cinder-volume[111604]: DEBUG oslo_db.sqlalchemy.engines [None req-c218c2a6-f802-44b8-b29d-dc81333a1aab tempest-GroupSnapshotsTest-932969967 None] MySQL server mode set to STRICT_TRANS_TABLES,STRICT_ALL_TABLES,NO_ZERO_IN_DATE,NO_ZERO_DATE,ERROR_FOR_DIVISION_BY_ZERO,TRADITIONAL,NO_ENGINE_SUBSTITUTION {{(pid=111604) _check_effective_sql_mode /usr/local/lib/python3.8/dist-packages/oslo_db/sqlalchemy/engines.py:314}}
Feb 08 21:24:27.811396 n-d-712142-32 cinder-volume[111604]: DEBUG cinder.volume.manager [None req-c218c2a6-f802-44b8-b29d-dc81333a1aab tempest-GroupSnapshotsTest-932969967 None] Task 'cinder.volume.flows.manager.create_volume.ExtractVolumeRefTask;volume:create' (43c9abd0-00d7-4c6f-9478-e20cf626d87e) transitioned into state 'SUCCESS' from state 'RUNNING' with result 'Volume(_name_id=None,admin_metadata=,attach_status='detached',availability_zone='nova',bootable=False,cluster=,cluster_name=None,consistencygroup=,consistencygroup_id=None,created_at=2022-02-08T21:24:27Z,deleted=False,deleted_at=None,display_description=None,display_name='tempest-GroupSnapshotsTest-Volume-159204057',ec2_id=None,encryption_key_id=None,glance_metadata=,group=,group_id=5806f67f-acf6-462a-ab36-c5f84a0a3cfd,host='n-d-712142-32@lvmdriver-1#lvmdriver-1',id=d13ee018-daad-450c-8bd0-40f9c8e6876b,launched_at=None,metadata={},migration_status=None,multiattach=False,previous_status=None,project_id='2fe49a8c3f1a451e80730d473ca95b4a',provider_auth=None,provider_geometry=None,provider_id=None,provider_location=None,replication_driver_data=None,replication_extended_status=None,replication_status=None,scheduled_at=2022-02-08T21:24:28Z,service_uuid=None,shared_targets=True,size=1,snapshot_id=None,snapshots=,source_volid=None,status='creating',terminated_at=None,updated_at=2022-02-08T21:24:28Z,use_quota=True,user_id='0dfa1b2ae73d4eb1bcd8bdd28f258496',volume_attachment=VolumeAttachmentList,volume_type=VolumeType(022d6a82-22d3-46e2-b296-e175bbe1eb2f),volume_type_id=022d6a82-22d3-46e2-b296-e175bbe1eb2f)' {{(pid=111604) _task_receiver /usr/local/lib/python3.8/dist-packages/taskflow/listeners/logging.py:178}}
Feb 08 21:24:27.833613 n-d-712142-32 cinder-volume[111604]: DEBUG cinder.volume.manager [None req-c218c2a6-f802-44b8-b29d-dc81333a1aab tempest-GroupSnapshotsTest-932969967 None] Task 'cinder.volume.flows.manager.create_volume.OnFailureRescheduleTask;volume:create' (5db75164-c8fa-4028-b4f4-b9a5ed514700) transitioned into state 'RUNNING' from state 'PENDING' {{(pid=111604) _task_receiver /usr/local/lib/python3.8/dist-packages/taskflow/listeners/logging.py:190}}
Feb 08 21:24:27.848897 n-d-712142-32 cinder-volume[111604]: DEBUG cinder.volume.manager [None req-c218c2a6-f802-44b8-b29d-dc81333a1aab tempest-GroupSnapshotsTest-932969967 None] Task 'cinder.volume.flows.manager.create_volume.OnFailureRescheduleTask;volume:create' (5db75164-c8fa-4028-b4f4-b9a5ed514700) transitioned into state 'SUCCESS' from state 'RUNNING' with result 'None' {{(pid=111604) _task_receiver /usr/local/lib/python3.8/dist-packages/taskflow/listeners/logging.py:178}}
Feb 08 21:24:27.856660 n-d-712142-32 cinder-volume[111604]: DEBUG cinder.volume.manager [None req-c218c2a6-f802-44b8-b29d-dc81333a1aab tempest-GroupSnapshotsTest-932969967 None] Task 'cinder.volume.flows.manager.create_volume.ExtractVolumeSpecTask;volume:create' (e1ba03d6-21a5-4eff-abf4-93db48f944b9) transitioned into state 'RUNNING' from state 'PENDING' {{(pid=111604) _task_receiver /usr/local/lib/python3.8/dist-packages/taskflow/listeners/logging.py:190}}
Feb 08 21:24:27.865851 n-d-712142-32 cinder-volume[111604]: DEBUG cinder.volume.manager [None req-c218c2a6-f802-44b8-b29d-dc81333a1aab tempest-GroupSnapshotsTest-932969967 None] Task 'cinder.volume.flows.manager.create_volume.ExtractVolumeSpecTask;volume:create' (e1ba03d6-21a5-4eff-abf4-93db48f944b9) transitioned into state 'SUCCESS' from state 'RUNNING' with result '{'status': 'creating', 'type': 'raw', 'volume_id': 'd13ee018-daad-450c-8bd0-40f9c8e6876b', 'volume_name': 'volume-d13ee018-daad-450c-8bd0-40f9c8e6876b', 'volume_size': 1}' {{(pid=111604) _task_receiver /usr/local/lib/python3.8/dist-packages/taskflow/listeners/logging.py:178}}
Feb 08 21:24:27.872682 n-d-712142-32 cinder-volume[111604]: DEBUG cinder.volume.manager [None req-c218c2a6-f802-44b8-b29d-dc81333a1aab tempest-GroupSnapshotsTest-932969967 None] Task 'cinder.volume.flows.manager.create_volume.NotifyVolumeActionTask;volume:create, create.start' (6923daed-cf76-4703-8049-b7537b98502e) transitioned into state 'RUNNING' from state 'PENDING' {{(pid=111604) _task_receiver /usr/local/lib/python3.8/dist-packages/taskflow/listeners/logging.py:190}}
Feb 08 21:24:27.878785 n-d-712142-32 cinder-volume[111604]: DEBUG cinder.volume.manager [None req-c218c2a6-f802-44b8-b29d-dc81333a1aab tempest-GroupSnapshotsTest-932969967 None] Task 'cinder.volume.flows.manager.create_volume.NotifyVolumeActionTask;volume:create, create.start' (6923daed-cf76-4703-8049-b7537b98502e) transitioned into state 'SUCCESS' from state 'RUNNING' with result 'None' {{(pid=111604) _task_receiver /usr/local/lib/python3.8/dist-packages/taskflow/listeners/logging.py:178}}
Feb 08 21:24:27.888062 n-d-712142-32 cinder-volume[111604]: DEBUG cinder.volume.manager [None req-c218c2a6-f802-44b8-b29d-dc81333a1aab tempest-GroupSnapshotsTest-932969967 None] Task 'cinder.volume.flows.manager.create_volume.CreateVolumeFromSpecTask;volume:create' (19c778a8-3880-4db8-a6bf-b10ff5d9478b) transitioned into state 'RUNNING' from state 'PENDING' {{(pid=111604) _task_receiver /usr/local/lib/python3.8/dist-packages/taskflow/listeners/logging.py:190}}
Feb 08 21:24:27.890768 n-d-712142-32 cinder-volume[111604]: INFO cinder.volume.flows.manager.create_volume [None req-c218c2a6-f802-44b8-b29d-dc81333a1aab tempest-GroupSnapshotsTest-932969967 None] Volume d13ee018-daad-450c-8bd0-40f9c8e6876b: being created as raw with specification: {'status': 'creating', 'volume_name': 'volume-d13ee018-daad-450c-8bd0-40f9c8e6876b', 'volume_size': 1}
Feb 08 21:24:27.892502 n-d-712142-32 cinder-volume[111604]: DEBUG oslo_concurrency.processutils [None req-c218c2a6-f802-44b8-b29d-dc81333a1aab tempest-GroupSnapshotsTest-932969967 None] Running cmd (subprocess): sudo cinder-rootwrap /etc/cinder/rootwrap.conf env LC_ALL=C lvcreate -n volume-d13ee018-daad-450c-8bd0-40f9c8e6876b stack-volumes-lvmdriver-1 -L 1g {{(pid=111604) execute /usr/local/lib/python3.8/dist-packages/oslo_concurrency/processutils.py:384}}
Feb 08 21:24:27.917928 n-d-712142-32 sudo[138606]: ubuntu : TTY=unknown ; PWD=/ ; USER=root ; COMMAND=/usr/local/bin/cinder-rootwrap /etc/cinder/rootwrap.conf env LC_ALL=C lvcreate -n volume-d13ee018-daad-450c-8bd0-40f9c8e6876b stack-volumes-lvmdriver-1 -L 1g
Feb 08 21:24:27.921873 n-d-712142-32 sudo[138606]: pam_unix(sudo:session): session opened for user root by (uid=0)
Feb 08 21:24:29.465489 n-d-712142-32 sudo[138606]: pam_unix(sudo:session): session closed for user root
Feb 08 21:24:29.468385 n-d-712142-32 cinder-volume[111604]: DEBUG oslo_concurrency.processutils [None req-c218c2a6-f802-44b8-b29d-dc81333a1aab tempest-GroupSnapshotsTest-932969967 None] CMD "sudo cinder-rootwrap /etc/cinder/rootwrap.conf env LC_ALL=C lvcreate -n volume-d13ee018-daad-450c-8bd0-40f9c8e6876b stack-volumes-lvmdriver-1 -L 1g" returned: 0 in 1.575s {{(pid=111604) execute /usr/local/lib/python3.8/dist-packages/oslo_concurrency/processutils.py:422}}
Feb 08 21:24:29.477050 n-d-712142-32 cinder-volume[111604]: DEBUG cinder.volume.manager [None req-c218c2a6-f802-44b8-b29d-dc81333a1aab tempest-GroupSnapshotsTest-932969967 None] Task 'cinder.volume.flows.manager.create_volume.CreateVolumeFromSpecTask;volume:create' (19c778a8-3880-4db8-a6bf-b10ff5d9478b) transitioned into state 'SUCCESS' from state 'RUNNING' with result '{'status': 'creating', 'volume_name': 'volume-d13ee018-daad-450c-8bd0-40f9c8e6876b', 'volume_size': 1}' {{(pid=111604) _task_receiver /usr/local/lib/python3.8/dist-packages/taskflow/listeners/logging.py:178}}
Feb 08 21:24:29.483900 n-d-712142-32 cinder-volume[111604]: DEBUG cinder.volume.manager [None req-c218c2a6-f802-44b8-b29d-dc81333a1aab tempest-GroupSnapshotsTest-932969967 None] Task 'cinder.volume.flows.manager.create_volume.CreateVolumeOnFinishTask;volume:create, create.end' (8b11c482-3f4e-4bae-8f9d-a19733f79e06) transitioned into state 'RUNNING' from state 'PENDING' {{(pid=111604) _task_receiver /usr/local/lib/python3.8/dist-packages/taskflow/listeners/logging.py:190}}
Feb 08 21:24:29.504375 n-d-712142-32 cinder-volume[111604]: INFO cinder.volume.flows.manager.create_volume [None req-c218c2a6-f802-44b8-b29d-dc81333a1aab tempest-GroupSnapshotsTest-932969967 None] Volume volume-d13ee018-daad-450c-8bd0-40f9c8e6876b (d13ee018-daad-450c-8bd0-40f9c8e6876b): created successfully
Feb 08 21:24:29.518817 n-d-712142-32 cinder-volume[111604]: DEBUG cinder.volume.manager [None req-c218c2a6-f802-44b8-b29d-dc81333a1aab tempest-GroupSnapshotsTest-932969967 None] Task 'cinder.volume.flows.manager.create_volume.CreateVolumeOnFinishTask;volume:create, create.end' (8b11c482-3f4e-4bae-8f9d-a19733f79e06) transitioned into state 'SUCCESS' from state 'RUNNING' with result 'None' {{(pid=111604) _task_receiver /usr/local/lib/python3.8/dist-packages/taskflow/listeners/logging.py:178}}
Feb 08 21:24:29.532223 n-d-712142-32 cinder-volume[111604]: DEBUG cinder.volume.manager [None req-c218c2a6-f802-44b8-b29d-dc81333a1aab tempest-GroupSnapshotsTest-932969967 None] Flow 'volume_create_manager' (58d7d6df-d651-4b90-97c9-2d507b80c14c) transitioned into state 'SUCCESS' from state 'RUNNING' {{(pid=111604) _flow_receiver /usr/local/lib/python3.8/dist-packages/taskflow/listeners/logging.py:141}}
Feb 08 21:24:29.542203 n-d-712142-32 cinder-volume[111604]: INFO cinder.volume.manager [None req-c218c2a6-f802-44b8-b29d-dc81333a1aab tempest-GroupSnapshotsTest-932969967 None] Created volume successfully.
Feb 08 21:24:30.063762 n-d-712142-32 cinder-volume[111604]: INFO cinder.volume.manager [None req-750c1940-26c0-48fd-98e5-a1b3c6f4eec0 tempest-GroupSnapshotsTest-932969967 None] GroupSnapshot 2ede38d7-35cd-4a95-a256-a40811dfba30: creating.
Feb 08 21:24:30.082390 n-d-712142-32 cinder-volume[111604]: DEBUG cinder.volume.manager [None req-750c1940-26c0-48fd-98e5-a1b3c6f4eec0 tempest-GroupSnapshotsTest-932969967 None] Group snapshot 2ede38d7-35cd-4a95-a256-a40811dfba30: creating. {{(pid=111604) create_group_snapshot /opt/stack/cinder/cinder/volume/manager.py:4078}}
Feb 08 21:24:30.104912 n-d-712142-32 cinder-volume[111604]: DEBUG oslo_concurrency.processutils [None req-750c1940-26c0-48fd-98e5-a1b3c6f4eec0 tempest-GroupSnapshotsTest-932969967 None] Running cmd (subprocess): sudo cinder-rootwrap /etc/cinder/rootwrap.conf env LC_ALL=C lvs --noheadings --unit=g -o vg_name,name,size --nosuffix --readonly stack-volumes-lvmdriver-1/volume-d13ee018-daad-450c-8bd0-40f9c8e6876b {{(pid=111604) execute /usr/local/lib/python3.8/dist-packages/oslo_concurrency/processutils.py:384}}
Feb 08 21:24:30.131891 n-d-712142-32 sudo[138648]: ubuntu : TTY=unknown ; PWD=/ ; USER=root ; COMMAND=/usr/local/bin/cinder-rootwrap /etc/cinder/rootwrap.conf env LC_ALL=C lvs --noheadings --unit=g -o vg_name,name,size --nosuffix --readonly stack-volumes-lvmdriver-1/volume-d13ee018-daad-450c-8bd0-40f9c8e6876b
Feb 08 21:24:30.132778 n-d-712142-32 sudo[138648]: pam_unix(sudo:session): session opened for user root by (uid=0)
Feb 08 21:24:31.535747 n-d-712142-32 sudo[138648]: pam_unix(sudo:session): session closed for user root
Feb 08 21:24:31.538580 n-d-712142-32 cinder-volume[111604]: DEBUG oslo_concurrency.processutils [None req-750c1940-26c0-48fd-98e5-a1b3c6f4eec0 tempest-GroupSnapshotsTest-932969967 None] CMD "sudo cinder-rootwrap /etc/cinder/rootwrap.conf env LC_ALL=C lvs --noheadings --unit=g -o vg_name,name,size --nosuffix --readonly stack-volumes-lvmdriver-1/volume-d13ee018-daad-450c-8bd0-40f9c8e6876b" returned: 0 in 1.433s {{(pid=111604) execute /usr/local/lib/python3.8/dist-packages/oslo_concurrency/processutils.py:422}}
Feb 08 21:24:31.541471 n-d-712142-32 cinder-volume[111604]: DEBUG oslo_concurrency.processutils [None req-750c1940-26c0-48fd-98e5-a1b3c6f4eec0 tempest-GroupSnapshotsTest-932969967 None] Running cmd (subprocess): sudo cinder-rootwrap /etc/cinder/rootwrap.conf env LC_ALL=C lvcreate --name _snapshot-d8012355-6ca0-4c7b-b983-6b2ab2566867 --snapshot stack-volumes-lvmdriver-1/volume-d13ee018-daad-450c-8bd0-40f9c8e6876b -L 1.00g {{(pid=111604) execute /usr/local/lib/python3.8/dist-packages/oslo_concurrency/processutils.py:384}}
Feb 08 21:24:31.568458 n-d-712142-32 sudo[138663]: ubuntu : TTY=unknown ; PWD=/ ; USER=root ; COMMAND=/usr/local/bin/cinder-rootwrap /etc/cinder/rootwrap.conf env LC_ALL=C lvcreate --name _snapshot-d8012355-6ca0-4c7b-b983-6b2ab2566867 --snapshot stack-volumes-lvmdriver-1/volume-d13ee018-daad-450c-8bd0-40f9c8e6876b -L 1.00g
Feb 08 21:24:31.569841 n-d-712142-32 sudo[138663]: pam_unix(sudo:session): session opened for user root by (uid=0)
Feb 08 21:24:33.472960 n-d-712142-32 sudo[138663]: pam_unix(sudo:session): session closed for user root
Feb 08 21:24:33.476426 n-d-712142-32 cinder-volume[111604]: DEBUG oslo_concurrency.processutils [None req-750c1940-26c0-48fd-98e5-a1b3c6f4eec0 tempest-GroupSnapshotsTest-932969967 None] CMD "sudo cinder-rootwrap /etc/cinder/rootwrap.conf env LC_ALL=C lvcreate --name _snapshot-d8012355-6ca0-4c7b-b983-6b2ab2566867 --snapshot stack-volumes-lvmdriver-1/volume-d13ee018-daad-450c-8bd0-40f9c8e6876b -L 1.00g" returned: 0 in 1.935s {{(pid=111604) execute /usr/local/lib/python3.8/dist-packages/oslo_concurrency/processutils.py:422}}
Feb 08 21:24:33.581451 n-d-712142-32 cinder-volume[111604]: INFO cinder.volume.manager [None req-750c1940-26c0-48fd-98e5-a1b3c6f4eec0 tempest-GroupSnapshotsTest-932969967 None] group_snapshot 2ede38d7-35cd-4a95-a256-a40811dfba30: created successfully
Feb 08 21:24:33.978161 n-d-712142-32 sudo[138587]: pam_unix(sudo:session): session closed for user root
Feb 08 21:24:33.979961 n-d-712142-32 cinder-volume[111604]: DEBUG oslo_concurrency.processutils [None req-ac2ae383-3388-4480-94d1-5933aad8e03c tempest-GroupsV314Test-453133247 None] CMD "sudo cinder-rootwrap /etc/cinder/rootwrap.conf dd if=/dev/mapper/stack--volumes--lvmdriver--1-clone--snap--0755a01c--7ed8--43b5--9071--429d3e9a9d04 of=/dev/mapper/stack--volumes--lvmdriver--1-volume--0755a01c--7ed8--43b5--9071--429d3e9a9d04 count=1073741824 bs=1M iflag=count_bytes,direct oflag=direct" returned: 0 in 8.317s {{(pid=111604) execute /usr/local/lib/python3.8/dist-packages/oslo_concurrency/processutils.py:422}}
Feb 08 21:24:33.980518 n-d-712142-32 cinder-volume[111604]: DEBUG cinder.volume.volume_utils [None req-ac2ae383-3388-4480-94d1-5933aad8e03c tempest-GroupsV314Test-453133247 None] Volume copy details: src /dev/mapper/stack--volumes--lvmdriver--1-clone--snap--0755a01c--7ed8--43b5--9071--429d3e9a9d04, dest /dev/mapper/stack--volumes--lvmdriver--1-volume--0755a01c--7ed8--43b5--9071--429d3e9a9d04, size 1024.00 MB, duration 8.32 sec {{(pid=111604) _copy_volume_with_path /opt/stack/cinder/cinder/volume/volume_utils.py:510}}
Feb 08 21:24:33.980915 n-d-712142-32 cinder-volume[111604]: INFO cinder.volume.volume_utils [None req-ac2ae383-3388-4480-94d1-5933aad8e03c tempest-GroupsV314Test-453133247 None] Volume copy 1024.00 MB at 123.10 MB/s
Feb 08 21:24:33.982036 n-d-712142-32 cinder-volume[111604]: DEBUG oslo_concurrency.processutils [None req-ac2ae383-3388-4480-94d1-5933aad8e03c tempest-GroupsV314Test-453133247 None] Running cmd (subprocess): sudo cinder-rootwrap /etc/cinder/rootwrap.conf env LC_ALL=C lvs --noheadings --unit=g -o vg_name,name,size --nosuffix --readonly stack-volumes-lvmdriver-1/clone-snap-0755a01c-7ed8-43b5-9071-429d3e9a9d04 {{(pid=111604) execute /usr/local/lib/python3.8/dist-packages/oslo_concurrency/processutils.py:384}}
Feb 08 21:24:34.010827 n-d-712142-32 sudo[138787]: ubuntu : TTY=unknown ; PWD=/ ; USER=root ; COMMAND=/usr/local/bin/cinder-rootwrap /etc/cinder/rootwrap.conf env LC_ALL=C lvs --noheadings --unit=g -o vg_name,name,size --nosuffix --readonly stack-volumes-lvmdriver-1/clone-snap-0755a01c-7ed8-43b5-9071-429d3e9a9d04
Feb 08 21:24:34.011946 n-d-712142-32 sudo[138787]: pam_unix(sudo:session): session opened for user root by (uid=0)
Feb 08 21:24:35.537244 n-d-712142-32 cinder-volume[111604]: DEBUG oslo_concurrency.processutils [None req-015fe928-4d0f-44e2-81e4-ec0131c54917 tempest-GroupSnapshotsTest-932969967 None] Running cmd (subprocess): sudo cinder-rootwrap /etc/cinder/rootwrap.conf env LC_ALL=C lvcreate -n volume-743dedcd-4d45-4a28-8b53-0f7b4a37fd11 stack-volumes-lvmdriver-1 -L 1g {{(pid=111604) execute /usr/local/lib/python3.8/dist-packages/oslo_concurrency/processutils.py:384}}
Feb 08 21:24:35.601297 n-d-712142-32 sudo[138867]: ubuntu : TTY=unknown ; PWD=/ ; USER=root ; COMMAND=/usr/local/bin/cinder-rootwrap /etc/cinder/rootwrap.conf env LC_ALL=C lvcreate -n volume-743dedcd-4d45-4a28-8b53-0f7b4a37fd11 stack-volumes-lvmdriver-1 -L 1g
Feb 08 21:24:35.602133 n-d-712142-32 sudo[138867]: pam_unix(sudo:session): session opened for user root by (uid=0)
Feb 08 21:24:35.613843 n-d-712142-32 sudo[138787]: pam_unix(sudo:session): session closed for user root
Feb 08 21:24:35.616143 n-d-712142-32 cinder-volume[111604]: DEBUG oslo_concurrency.processutils [None req-ac2ae383-3388-4480-94d1-5933aad8e03c tempest-GroupsV314Test-453133247 None] CMD "sudo cinder-rootwrap /etc/cinder/rootwrap.conf env LC_ALL=C lvs --noheadings --unit=g -o vg_name,name,size --nosuffix --readonly stack-volumes-lvmdriver-1/clone-snap-0755a01c-7ed8-43b5-9071-429d3e9a9d04" returned: 0 in 1.634s {{(pid=111604) execute /usr/local/lib/python3.8/dist-packages/oslo_concurrency/processutils.py:422}}
Feb 08 21:24:35.618668 n-d-712142-32 cinder-volume[111604]: DEBUG oslo_concurrency.processutils [None req-ac2ae383-3388-4480-94d1-5933aad8e03c tempest-GroupsV314Test-453133247 None] Running cmd (subprocess): sudo cinder-rootwrap /etc/cinder/rootwrap.conf lvremove --config activation { retry_deactivation = 1} -f stack-volumes-lvmdriver-1/clone-snap-0755a01c-7ed8-43b5-9071-429d3e9a9d04 {{(pid=111604) execute /usr/local/lib/python3.8/dist-packages/oslo_concurrency/processutils.py:384}}
Feb 08 21:24:35.662085 n-d-712142-32 sudo[138871]: ubuntu : TTY=unknown ; PWD=/ ; USER=root ; COMMAND=/usr/local/bin/cinder-rootwrap /etc/cinder/rootwrap.conf lvremove --config activation { retry_deactivation = 1} -f stack-volumes-lvmdriver-1/clone-snap-0755a01c-7ed8-43b5-9071-429d3e9a9d04
Feb 08 21:24:35.663054 n-d-712142-32 sudo[138871]: pam_unix(sudo:session): session opened for user root by (uid=0)
Feb 08 21:24:37.380340 n-d-712142-32 sudo[138871]: pam_unix(sudo:session): session closed for user root
Feb 08 21:24:37.383311 n-d-712142-32 cinder-volume[111604]: DEBUG oslo_concurrency.processutils [None req-ac2ae383-3388-4480-94d1-5933aad8e03c tempest-GroupsV314Test-453133247 None] CMD "sudo cinder-rootwrap /etc/cinder/rootwrap.conf lvremove --config activation { retry_deactivation = 1} -f stack-volumes-lvmdriver-1/clone-snap-0755a01c-7ed8-43b5-9071-429d3e9a9d04" returned: 0 in 1.765s {{(pid=111604) execute /usr/local/lib/python3.8/dist-packages/oslo_concurrency/processutils.py:422}}
Feb 08 21:24:37.472037 n-d-712142-32 cinder-volume[111604]: INFO cinder.volume.manager [None req-ac2ae383-3388-4480-94d1-5933aad8e03c tempest-GroupsV314Test-453133247 None] Create group from source-group-847d3cae-6906-4c2d-9285-ac6837b484e1 completed successfully.
Feb 08 21:24:37.525849 n-d-712142-32 sudo[138867]: pam_unix(sudo:session): session closed for user root
Feb 08 21:24:37.528352 n-d-712142-32 cinder-volume[111604]: DEBUG oslo_concurrency.processutils [None req-015fe928-4d0f-44e2-81e4-ec0131c54917 tempest-GroupSnapshotsTest-932969967 None] CMD "sudo cinder-rootwrap /etc/cinder/rootwrap.conf env LC_ALL=C lvcreate -n volume-743dedcd-4d45-4a28-8b53-0f7b4a37fd11 stack-volumes-lvmdriver-1 -L 1g" returned: 0 in 1.997s {{(pid=111604) execute /usr/local/lib/python3.8/dist-packages/oslo_concurrency/processutils.py:422}}
