Sep 16 04:37:25.952669 n-d-712142-17 devstack@placement-api.service[95227]: INFO placement.requestlog [req-cd4082f4-5e6b-4cf2-8c3b-f6e6e87324ba req-8504d31f-fd5b-41f9-88d4-46af17e58d8c service placement] 10.222.0.53 "GET /placement/allocations/70630614-bcb6-437e-ac95-82fbb2b4d19b" status: 200 len: 19 microversion: 1.28
Sep 16 04:37:25.959854 n-d-712142-17 devstack@placement-api.service[95227]: [pid: 95227|app: 0|req: 151/308] 10.222.0.53 () {60 vars in 1381 bytes} [Thu Sep 16 04:37:25 2021] GET /placement/allocations/70630614-bcb6-437e-ac95-82fbb2b4d19b => generated 19 bytes in 34 msecs (HTTP/1.1 200) 8 headers in 295 bytes (2 switches on core 0)
Sep 16 04:37:25.961030 n-d-712142-17 devstack@placement-api.service[95226]: DEBUG placement.requestlog [req-cd4082f4-5e6b-4cf2-8c3b-f6e6e87324ba req-3e3eff23-d27a-4f50-8220-2e4abd2baddc None None] Starting request: 10.222.0.53 "POST /placement/allocations" {{(pid=95226) __call__ /opt/stack/placement/placement/requestlog.py:55}}
Sep 16 04:37:26.061114 n-d-712142-17 devstack@placement-api.service[95226]: DEBUG placement.handlers.allocation [req-cd4082f4-5e6b-4cf2-8c3b-f6e6e87324ba req-3e3eff23-d27a-4f50-8220-2e4abd2baddc service placement] Successfully wrote allocations [<placement.objects.allocation.Allocation object at 0x7fbf505ffe20>, <placement.objects.allocation.Allocation object at 0x7fbf505ffaf0>, <placement.objects.allocation.Allocation object at 0x7fbf505ff0d0>, <placement.objects.allocation.Allocation object at 0x7fbf505c07c0>, <placement.objects.allocation.Allocation object at 0x7fbf505dc2e0>, <placement.objects.allocation.Allocation object at 0x7fbf505dcee0>] {{(pid=95226) _update_consumers_and_create_allocations /opt/stack/placement/placement/handlers/allocation.py:572}}
Sep 16 04:37:26.066844 n-d-712142-17 devstack@placement-api.service[95226]: INFO placement.requestlog [req-cd4082f4-5e6b-4cf2-8c3b-f6e6e87324ba req-3e3eff23-d27a-4f50-8220-2e4abd2baddc service placement] 10.222.0.53 "POST /placement/allocations" status: 204 len: 0 microversion: 1.28
Sep 16 04:37:26.079692 n-d-712142-17 devstack@placement-api.service[95226]: [pid: 95226|app: 0|req: 158/309] 10.222.0.53 () {64 vars in 1324 bytes} [Thu Sep 16 04:37:25 2021] POST /placement/allocations => generated 0 bytes in 107 msecs (HTTP/1.1 204) 5 headers in 199 bytes (1 switches on core 0)
Sep 16 04:37:26.096486 n-d-712142-17 devstack@placement-api.service[95227]: DEBUG placement.requestlog [req-cd4082f4-5e6b-4cf2-8c3b-f6e6e87324ba req-daf104a6-2c4d-4182-b60d-8481cdf89646 None None] Starting request: 10.222.0.53 "GET /placement/allocation_candidates?limit=1000&resources=DISK_GB%3A1%2CMEMORY_MB%3A512%2CVCPU%3A1&root_required=%21COMPUTE_STATUS_DISABLED" {{(pid=95227) __call__ /opt/stack/placement/placement/requestlog.py:55}}
Sep 16 04:37:26.151127 n-d-712142-17 devstack@placement-api.service[95227]: DEBUG placement.objects.research_context [req-cd4082f4-5e6b-4cf2-8c3b-f6e6e87324ba req-daf104a6-2c4d-4182-b60d-8481cdf89646 service placement] getting providers with 1 DISK_GB {{(pid=95227) __init__ /opt/stack/placement/placement/objects/research_context.py:126}}
Sep 16 04:37:26.158404 n-d-712142-17 devstack@placement-api.service[95227]: DEBUG placement.objects.research_context [req-cd4082f4-5e6b-4cf2-8c3b-f6e6e87324ba req-daf104a6-2c4d-4182-b60d-8481cdf89646 service placement] getting providers with 512 MEMORY_MB {{(pid=95227) __init__ /opt/stack/placement/placement/objects/research_context.py:126}}
Sep 16 04:37:26.165079 n-d-712142-17 devstack@placement-api.service[95227]: DEBUG placement.objects.research_context [req-cd4082f4-5e6b-4cf2-8c3b-f6e6e87324ba req-daf104a6-2c4d-4182-b60d-8481cdf89646 service placement] getting providers with 1 VCPU {{(pid=95227) __init__ /opt/stack/placement/placement/objects/research_context.py:126}}
Sep 16 04:37:26.171834 n-d-712142-17 devstack@placement-api.service[95227]: DEBUG placement.objects.research_context [req-cd4082f4-5e6b-4cf2-8c3b-f6e6e87324ba req-daf104a6-2c4d-4182-b60d-8481cdf89646 service placement] found 2 providers with available 1 DISK_GB {{(pid=95227) get_provider_ids_matching /opt/stack/placement/placement/objects/research_context.py:549}}
Sep 16 04:37:26.172183 n-d-712142-17 devstack@placement-api.service[95227]: DEBUG placement.objects.research_context [req-cd4082f4-5e6b-4cf2-8c3b-f6e6e87324ba req-daf104a6-2c4d-4182-b60d-8481cdf89646 service placement] found 2 providers with available 512 MEMORY_MB {{(pid=95227) get_provider_ids_matching /opt/stack/placement/placement/objects/research_context.py:549}}
Sep 16 04:37:26.172461 n-d-712142-17 devstack@placement-api.service[95227]: DEBUG placement.objects.research_context [req-cd4082f4-5e6b-4cf2-8c3b-f6e6e87324ba req-daf104a6-2c4d-4182-b60d-8481cdf89646 service placement] found 2 providers after filtering by previous result {{(pid=95227) get_provider_ids_matching /opt/stack/placement/placement/objects/research_context.py:580}}
Sep 16 04:37:26.172717 n-d-712142-17 devstack@placement-api.service[95227]: DEBUG placement.objects.research_context [req-cd4082f4-5e6b-4cf2-8c3b-f6e6e87324ba req-daf104a6-2c4d-4182-b60d-8481cdf89646 service placement] found 2 providers with available 1 VCPU {{(pid=95227) get_provider_ids_matching /opt/stack/placement/placement/objects/research_context.py:549}}
Sep 16 04:37:26.172980 n-d-712142-17 devstack@placement-api.service[95227]: DEBUG placement.objects.research_context [req-cd4082f4-5e6b-4cf2-8c3b-f6e6e87324ba req-daf104a6-2c4d-4182-b60d-8481cdf89646 service placement] found 2 providers after filtering by previous result {{(pid=95227) get_provider_ids_matching /opt/stack/placement/placement/objects/research_context.py:580}}
Sep 16 04:37:26.188666 n-d-712142-17 devstack@placement-api.service[95227]: DEBUG placement.objects.allocation_candidate [req-cd4082f4-5e6b-4cf2-8c3b-f6e6e87324ba req-daf104a6-2c4d-4182-b60d-8481cdf89646 service placement] RequestGroup(use_same_provider=False, resources={DISK_GB:1, MEMORY_MB:512, VCPU:1}, traits=[], aggregates=[]) (suffix '') returned 2 matches {{(pid=95227) _get_by_requests /opt/stack/placement/placement/objects/allocation_candidate.py:145}}
Sep 16 04:37:26.190375 n-d-712142-17 devstack@placement-api.service[95227]: DEBUG placement.objects.allocation_candidate [req-cd4082f4-5e6b-4cf2-8c3b-f6e6e87324ba req-daf104a6-2c4d-4182-b60d-8481cdf89646 service placement] Merging candidates yields 2 allocation requests and 2 provider summaries {{(pid=95227) _merge_candidates /opt/stack/placement/placement/objects/allocation_candidate.py:783}}
Sep 16 04:37:26.196792 n-d-712142-17 devstack@placement-api.service[95227]: INFO placement.requestlog [req-cd4082f4-5e6b-4cf2-8c3b-f6e6e87324ba req-daf104a6-2c4d-4182-b60d-8481cdf89646 service placement] 10.222.0.53 "GET /placement/allocation_candidates?limit=1000&resources=DISK_GB%3A1%2CMEMORY_MB%3A512%2CVCPU%3A1&root_required=%21COMPUTE_STATUS_DISABLED" status: 200 len: 1311 microversion: 1.36
Sep 16 04:37:26.201227 n-d-712142-17 devstack@placement-api.service[95227]: [pid: 95227|app: 0|req: 152/310] 10.222.0.53 () {60 vars in 1505 bytes} [Thu Sep 16 04:37:26 2021] GET /placement/allocation_candidates?limit=1000&resources=DISK_GB%3A1%2CMEMORY_MB%3A512%2CVCPU%3A1&root_required=%21COMPUTE_STATUS_DISABLED => generated 1311 bytes in 105 msecs (HTTP/1.1 200) 8 headers in 297 bytes (1 switches on core 0)
Sep 16 04:37:26.265347 n-d-712142-17 devstack@placement-api.service[95226]: DEBUG placement.requestlog [req-cd4082f4-5e6b-4cf2-8c3b-f6e6e87324ba req-f8aa76b5-37eb-49d3-8099-cbf264b1c82e None None] Starting request: 10.222.0.53 "GET /placement/allocations/a0cbf0fb-00c7-4512-b539-8b9ec2d64365" {{(pid=95226) __call__ /opt/stack/placement/placement/requestlog.py:55}}
Sep 16 04:37:26.278866 n-d-712142-17 devstack@placement-api.service[95226]: INFO placement.requestlog [req-cd4082f4-5e6b-4cf2-8c3b-f6e6e87324ba req-f8aa76b5-37eb-49d3-8099-cbf264b1c82e service placement] 10.222.0.53 "GET /placement/allocations/a0cbf0fb-00c7-4512-b539-8b9ec2d64365" status: 200 len: 19 microversion: 1.28
Sep 16 04:37:26.279362 n-d-712142-17 devstack@placement-api.service[95226]: [pid: 95226|app: 0|req: 159/311] 10.222.0.53 () {60 vars in 1381 bytes} [Thu Sep 16 04:37:26 2021] GET /placement/allocations/a0cbf0fb-00c7-4512-b539-8b9ec2d64365 => generated 19 bytes in 14 msecs (HTTP/1.1 200) 8 headers in 295 bytes (1 switches on core 0)
Sep 16 04:37:26.286177 n-d-712142-17 devstack@placement-api.service[95227]: DEBUG placement.requestlog [req-cd4082f4-5e6b-4cf2-8c3b-f6e6e87324ba req-5fda2a65-1b49-4556-bf5e-af7834e379e1 None None] Starting request: 10.222.0.53 "PUT /placement/allocations/a0cbf0fb-00c7-4512-b539-8b9ec2d64365" {{(pid=95227) __call__ /opt/stack/placement/placement/requestlog.py:55}}
Sep 16 04:37:26.339083 n-d-712142-17 devstack@placement-api.service[95227]: DEBUG placement.handlers.allocation [req-cd4082f4-5e6b-4cf2-8c3b-f6e6e87324ba req-5fda2a65-1b49-4556-bf5e-af7834e379e1 service placement] Successfully wrote allocations [<placement.objects.allocation.Allocation object at 0x7fbf507f9e20>, <placement.objects.allocation.Allocation object at 0x7fbf507f9bb0>, <placement.objects.allocation.Allocation object at 0x7fbf507f93d0>] {{(pid=95227) _update_consumers_and_create_allocations /opt/stack/placement/placement/handlers/allocation.py:462}}
Sep 16 04:37:26.342964 n-d-712142-17 devstack@placement-api.service[95227]: INFO placement.requestlog [req-cd4082f4-5e6b-4cf2-8c3b-f6e6e87324ba req-5fda2a65-1b49-4556-bf5e-af7834e379e1 service placement] 10.222.0.53 "PUT /placement/allocations/a0cbf0fb-00c7-4512-b539-8b9ec2d64365" status: 204 len: 0 microversion: 1.36
Sep 16 04:37:26.344485 n-d-712142-17 devstack@placement-api.service[95227]: [pid: 95227|app: 0|req: 153/312] 10.222.0.53 () {64 vars in 1434 bytes} [Thu Sep 16 04:37:26 2021] PUT /placement/allocations/a0cbf0fb-00c7-4512-b539-8b9ec2d64365 => generated 0 bytes in 59 msecs (HTTP/1.1 204) 5 headers in 199 bytes (2 switches on core 0)
Sep 16 04:37:26.547257 n-d-712142-17 devstack@placement-api.service[95226]: DEBUG placement.requestlog [req-cd4082f4-5e6b-4cf2-8c3b-f6e6e87324ba req-3040e131-79fb-47a8-93d8-6072da5e337a None None] Starting request: 10.222.0.50 "GET /placement/allocations/a0cbf0fb-00c7-4512-b539-8b9ec2d64365" {{(pid=95226) __call__ /opt/stack/placement/placement/requestlog.py:55}}
Sep 16 04:37:26.565974 n-d-712142-17 devstack@placement-api.service[95226]: INFO placement.requestlog [req-cd4082f4-5e6b-4cf2-8c3b-f6e6e87324ba req-3040e131-79fb-47a8-93d8-6072da5e337a service placement] 10.222.0.50 "GET /placement/allocations/a0cbf0fb-00c7-4512-b539-8b9ec2d64365" status: 200 len: 258 microversion: 1.28
Sep 16 04:37:26.566810 n-d-712142-17 devstack@placement-api.service[95226]: [pid: 95226|app: 0|req: 160/313] 10.222.0.50 () {60 vars in 1378 bytes} [Thu Sep 16 04:37:26 2021] GET /placement/allocations/a0cbf0fb-00c7-4512-b539-8b9ec2d64365 => generated 258 bytes in 20 msecs (HTTP/1.1 200) 8 headers in 296 bytes (1 switches on core 0)
Sep 16 04:37:36.945426 n-d-712142-17 devstack@placement-api.service[95227]: DEBUG placement.requestlog [req-d3510547-9bb6-4e64-89e2-30765ab4d86e req-3692debb-675d-4b0e-a123-2d5fe48dbb28 None None] Starting request: 10.222.0.15 "DELETE /placement/allocations/1dd4ffbc-98f0-4d2f-8123-b3145991fa84" {{(pid=95227) __call__ /opt/stack/placement/placement/requestlog.py:55}}
Sep 16 04:37:36.997976 n-d-712142-17 devstack@placement-api.service[95227]: DEBUG placement.handlers.allocation [req-d3510547-9bb6-4e64-89e2-30765ab4d86e req-3692debb-675d-4b0e-a123-2d5fe48dbb28 service placement] Successfully deleted allocations [<placement.objects.allocation.Allocation object at 0x7fbf504e54f0>, <placement.objects.allocation.Allocation object at 0x7fbf504e5310>, <placement.objects.allocation.Allocation object at 0x7fbf5070afa0>] {{(pid=95227) delete_allocations /opt/stack/placement/placement/handlers/allocation.py:627}}
Sep 16 04:37:36.999699 n-d-712142-17 devstack@placement-api.service[95227]: INFO placement.requestlog [req-d3510547-9bb6-4e64-89e2-30765ab4d86e req-3692debb-675d-4b0e-a123-2d5fe48dbb28 service placement] 10.222.0.15 "DELETE /placement/allocations/1dd4ffbc-98f0-4d2f-8123-b3145991fa84" status: 204 len: 0 microversion: 1.0
Sep 16 04:37:37.000657 n-d-712142-17 devstack@placement-api.service[95227]: [pid: 95227|app: 0|req: 154/314] 10.222.0.15 () {60 vars in 1356 bytes} [Thu Sep 16 04:37:36 2021] DELETE /placement/allocations/1dd4ffbc-98f0-4d2f-8123-b3145991fa84 => generated 0 bytes in 55 msecs (HTTP/1.1 204) 5 headers in 198 bytes (1 switches on core 0)
Sep 16 04:37:37.323637 n-d-712142-17 devstack@placement-api.service[95226]: DEBUG placement.requestlog [req-89baef30-e41c-42eb-833e-df7b40720d94 req-06e56bea-b0fc-491a-aa3e-b6e27d534be0 None None] Starting request: 10.222.0.53 "GET /placement/allocation_candidates?limit=1000&resources=MEMORY_MB%3A1024%2CVCPU%3A1&root_required=%21COMPUTE_STATUS_DISABLED" {{(pid=95226) __call__ /opt/stack/placement/placement/requestlog.py:55}}
Sep 16 04:37:37.378394 n-d-712142-17 devstack@placement-api.service[95226]: DEBUG placement.objects.research_context [req-89baef30-e41c-42eb-833e-df7b40720d94 req-06e56bea-b0fc-491a-aa3e-b6e27d534be0 service placement] getting providers with 1024 MEMORY_MB {{(pid=95226) __init__ /opt/stack/placement/placement/objects/research_context.py:126}}
Sep 16 04:37:37.386631 n-d-712142-17 devstack@placement-api.service[95226]: DEBUG placement.objects.research_context [req-89baef30-e41c-42eb-833e-df7b40720d94 req-06e56bea-b0fc-491a-aa3e-b6e27d534be0 service placement] getting providers with 1 VCPU {{(pid=95226) __init__ /opt/stack/placement/placement/objects/research_context.py:126}}
Sep 16 04:37:37.392396 n-d-712142-17 devstack@placement-api.service[95226]: DEBUG placement.objects.research_context [req-89baef30-e41c-42eb-833e-df7b40720d94 req-06e56bea-b0fc-491a-aa3e-b6e27d534be0 service placement] found 2 providers with available 1024 MEMORY_MB {{(pid=95226) get_provider_ids_matching /opt/stack/placement/placement/objects/research_context.py:549}}
Sep 16 04:37:37.393331 n-d-712142-17 devstack@placement-api.service[95226]: DEBUG placement.objects.research_context [req-89baef30-e41c-42eb-833e-df7b40720d94 req-06e56bea-b0fc-491a-aa3e-b6e27d534be0 service placement] found 2 providers with available 1 VCPU {{(pid=95226) get_provider_ids_matching /opt/stack/placement/placement/objects/research_context.py:549}}
Sep 16 04:37:37.393331 n-d-712142-17 devstack@placement-api.service[95226]: DEBUG placement.objects.research_context [req-89baef30-e41c-42eb-833e-df7b40720d94 req-06e56bea-b0fc-491a-aa3e-b6e27d534be0 service placement] found 2 providers after filtering by previous result {{(pid=95226) get_provider_ids_matching /opt/stack/placement/placement/objects/research_context.py:580}}
Sep 16 04:37:37.411912 n-d-712142-17 devstack@placement-api.service[95226]: DEBUG placement.objects.allocation_candidate [req-89baef30-e41c-42eb-833e-df7b40720d94 req-06e56bea-b0fc-491a-aa3e-b6e27d534be0 service placement] RequestGroup(use_same_provider=False, resources={MEMORY_MB:1024, VCPU:1}, traits=[], aggregates=[]) (suffix '') returned 2 matches {{(pid=95226) _get_by_requests /opt/stack/placement/placement/objects/allocation_candidate.py:145}}
Sep 16 04:37:37.413225 n-d-712142-17 devstack@placement-api.service[95226]: DEBUG placement.objects.allocation_candidate [req-89baef30-e41c-42eb-833e-df7b40720d94 req-06e56bea-b0fc-491a-aa3e-b6e27d534be0 service placement] Merging candidates yields 2 allocation requests and 2 provider summaries {{(pid=95226) _merge_candidates /opt/stack/placement/placement/objects/allocation_candidate.py:783}}
Sep 16 04:37:37.415107 n-d-712142-17 devstack@placement-api.service[95226]: INFO placement.requestlog [req-89baef30-e41c-42eb-833e-df7b40720d94 req-06e56bea-b0fc-491a-aa3e-b6e27d534be0 service placement] 10.222.0.53 "GET /placement/allocation_candidates?limit=1000&resources=MEMORY_MB%3A1024%2CVCPU%3A1&root_required=%21COMPUTE_STATUS_DISABLED" status: 200 len: 1287 microversion: 1.36
Sep 16 04:37:37.415517 n-d-712142-17 devstack@placement-api.service[95226]: [pid: 95226|app: 0|req: 161/315] 10.222.0.53 () {60 vars in 1479 bytes} [Thu Sep 16 04:37:37 2021] GET /placement/allocation_candidates?limit=1000&resources=MEMORY_MB%3A1024%2CVCPU%3A1&root_required=%21COMPUTE_STATUS_DISABLED => generated 1287 bytes in 92 msecs (HTTP/1.1 200) 8 headers in 297 bytes (1 switches on core 0)
Sep 16 04:37:37.513162 n-d-712142-17 devstack@placement-api.service[95227]: DEBUG placement.requestlog [req-89baef30-e41c-42eb-833e-df7b40720d94 req-bf143da0-6159-4569-8e8d-e7cd272376cf None None] Starting request: 10.222.0.53 "GET /placement/allocations/abd2b00f-d6e8-45fb-816f-2c43dec4148d" {{(pid=95227) __call__ /opt/stack/placement/placement/requestlog.py:55}}
Sep 16 04:37:37.528492 n-d-712142-17 devstack@placement-api.service[95227]: INFO placement.requestlog [req-89baef30-e41c-42eb-833e-df7b40720d94 req-bf143da0-6159-4569-8e8d-e7cd272376cf service placement] 10.222.0.53 "GET /placement/allocations/abd2b00f-d6e8-45fb-816f-2c43dec4148d" status: 200 len: 19 microversion: 1.28
Sep 16 04:37:37.534153 n-d-712142-17 devstack@placement-api.service[95227]: [pid: 95227|app: 0|req: 155/316] 10.222.0.53 () {60 vars in 1381 bytes} [Thu Sep 16 04:37:37 2021] GET /placement/allocations/abd2b00f-d6e8-45fb-816f-2c43dec4148d => generated 19 bytes in 21 msecs (HTTP/1.1 200) 8 headers in 295 bytes (1 switches on core 0)
Sep 16 04:37:37.541027 n-d-712142-17 devstack@placement-api.service[95226]: DEBUG placement.requestlog [req-89baef30-e41c-42eb-833e-df7b40720d94 req-4a91a93c-a991-48a5-9061-8cb6a90642f2 None None] Starting request: 10.222.0.53 "PUT /placement/allocations/abd2b00f-d6e8-45fb-816f-2c43dec4148d" {{(pid=95226) __call__ /opt/stack/placement/placement/requestlog.py:55}}
Sep 16 04:37:37.619046 n-d-712142-17 devstack@placement-api.service[95226]: DEBUG placement.handlers.allocation [req-89baef30-e41c-42eb-833e-df7b40720d94 req-4a91a93c-a991-48a5-9061-8cb6a90642f2 service placement] Successfully wrote allocations [<placement.objects.allocation.Allocation object at 0x7fbf50560550>, <placement.objects.allocation.Allocation object at 0x7fbf50533940>] {{(pid=95226) _update_consumers_and_create_allocations /opt/stack/placement/placement/handlers/allocation.py:462}}
Sep 16 04:37:37.624232 n-d-712142-17 devstack@placement-api.service[95226]: INFO placement.requestlog [req-89baef30-e41c-42eb-833e-df7b40720d94 req-4a91a93c-a991-48a5-9061-8cb6a90642f2 service placement] 10.222.0.53 "PUT /placement/allocations/abd2b00f-d6e8-45fb-816f-2c43dec4148d" status: 204 len: 0 microversion: 1.36
Sep 16 04:37:37.625201 n-d-712142-17 devstack@placement-api.service[95226]: [pid: 95226|app: 0|req: 162/317] 10.222.0.53 () {64 vars in 1434 bytes} [Thu Sep 16 04:37:37 2021] PUT /placement/allocations/abd2b00f-d6e8-45fb-816f-2c43dec4148d => generated 0 bytes in 84 msecs (HTTP/1.1 204) 5 headers in 199 bytes (1 switches on core 0)
Sep 16 04:37:37.939056 n-d-712142-17 devstack@placement-api.service[95227]: DEBUG placement.requestlog [req-89baef30-e41c-42eb-833e-df7b40720d94 req-62677733-c19f-4964-85d2-8f18046b5d6b None None] Starting request: 10.222.0.15 "GET /placement/allocations/abd2b00f-d6e8-45fb-816f-2c43dec4148d" {{(pid=95227) __call__ /opt/stack/placement/placement/requestlog.py:55}}
Sep 16 04:37:37.955424 n-d-712142-17 devstack@placement-api.service[95227]: INFO placement.requestlog [req-89baef30-e41c-42eb-833e-df7b40720d94 req-62677733-c19f-4964-85d2-8f18046b5d6b service placement] 10.222.0.15 "GET /placement/allocations/abd2b00f-d6e8-45fb-816f-2c43dec4148d" status: 200 len: 245 microversion: 1.28
Sep 16 04:37:37.956075 n-d-712142-17 devstack@placement-api.service[95227]: [pid: 95227|app: 0|req: 156/318] 10.222.0.15 () {60 vars in 1378 bytes} [Thu Sep 16 04:37:37 2021] GET /placement/allocations/abd2b00f-d6e8-45fb-816f-2c43dec4148d => generated 245 bytes in 17 msecs (HTTP/1.1 200) 8 headers in 296 bytes (1 switches on core 0)
Sep 16 04:37:39.043052 n-d-712142-17 devstack@placement-api.service[95226]: DEBUG placement.requestlog [req-1c95e3f8-41de-49d0-9836-7dec711d5393 req-fbca8208-6873-4b34-8c82-03cdff9fbdf8 None None] Starting request: 10.222.0.15 "GET /placement/resource_providers/c0e3db13-0da2-4da3-8194-46e9fd25ebb3/allocations" {{(pid=95226) __call__ /opt/stack/placement/placement/requestlog.py:55}}
Sep 16 04:37:39.104328 n-d-712142-17 devstack@placement-api.service[95226]: INFO placement.requestlog [req-1c95e3f8-41de-49d0-9836-7dec711d5393 req-fbca8208-6873-4b34-8c82-03cdff9fbdf8 service placement] 10.222.0.15 "GET /placement/resource_providers/c0e3db13-0da2-4da3-8194-46e9fd25ebb3/allocations" status: 200 len: 1150 microversion: 1.0
Sep 16 04:37:39.105512 n-d-712142-17 devstack@placement-api.service[95226]: [pid: 95226|app: 0|req: 163/319] 10.222.0.15 () {58 vars in 1391 bytes} [Thu Sep 16 04:37:39 2021] GET /placement/resource_providers/c0e3db13-0da2-4da3-8194-46e9fd25ebb3/allocations => generated 1150 bytes in 63 msecs (HTTP/1.1 200) 6 headers in 225 bytes (1 switches on core 0)
Sep 16 04:37:41.789260 n-d-712142-17 devstack@placement-api.service[95227]: DEBUG placement.requestlog [req-edb5e30e-3e56-4505-b642-001f98c09ff1 req-c37bcc86-3dc8-47cf-9872-9b8dd1980650 None None] Starting request: 10.222.0.50 "DELETE /placement/allocations/a9c26fa8-1fb6-4fcf-b06b-35d6acb6fba1" {{(pid=95227) __call__ /opt/stack/placement/placement/requestlog.py:55}}
Sep 16 04:37:41.853131 n-d-712142-17 devstack@placement-api.service[95227]: DEBUG placement.handlers.allocation [req-edb5e30e-3e56-4505-b642-001f98c09ff1 req-c37bcc86-3dc8-47cf-9872-9b8dd1980650 service placement] Successfully deleted allocations [<placement.objects.allocation.Allocation object at 0x7fbf50586ca0>, <placement.objects.allocation.Allocation object at 0x7fbf505862b0>, <placement.objects.allocation.Allocation object at 0x7fbf505867f0>] {{(pid=95227) delete_allocations /opt/stack/placement/placement/handlers/allocation.py:627}}
Sep 16 04:37:41.853841 n-d-712142-17 devstack@placement-api.service[95227]: INFO placement.requestlog [req-edb5e30e-3e56-4505-b642-001f98c09ff1 req-c37bcc86-3dc8-47cf-9872-9b8dd1980650 service placement] 10.222.0.50 "DELETE /placement/allocations/a9c26fa8-1fb6-4fcf-b06b-35d6acb6fba1" status: 204 len: 0 microversion: 1.0
Sep 16 04:37:41.855920 n-d-712142-17 devstack@placement-api.service[95227]: [pid: 95227|app: 0|req: 157/320] 10.222.0.50 () {60 vars in 1356 bytes} [Thu Sep 16 04:37:41 2021] DELETE /placement/allocations/a9c26fa8-1fb6-4fcf-b06b-35d6acb6fba1 => generated 0 bytes in 65 msecs (HTTP/1.1 204) 5 headers in 198 bytes (1 switches on core 0)
Sep 16 04:37:44.184097 n-d-712142-17 devstack@placement-api.service[95226]: DEBUG placement.requestlog [req-a2df5e60-31e0-45e2-894c-a7583c54e3b7 req-8310b346-410e-4af3-aa88-bd33ab656426 None None] Starting request: 10.222.0.50 "GET /placement/resource_providers/b92c19b8-270c-47a3-abee-ea8f70586219/allocations" {{(pid=95226) __call__ /opt/stack/placement/placement/requestlog.py:55}}
Sep 16 04:37:44.208772 n-d-712142-17 devstack@placement-api.service[95226]: INFO placement.requestlog [req-a2df5e60-31e0-45e2-894c-a7583c54e3b7 req-8310b346-410e-4af3-aa88-bd33ab656426 service placement] 10.222.0.50 "GET /placement/resource_providers/b92c19b8-270c-47a3-abee-ea8f70586219/allocations" status: 200 len: 1047 microversion: 1.0
Sep 16 04:37:44.209738 n-d-712142-17 devstack@placement-api.service[95226]: [pid: 95226|app: 0|req: 164/321] 10.222.0.50 () {58 vars in 1391 bytes} [Thu Sep 16 04:37:44 2021] GET /placement/resource_providers/b92c19b8-270c-47a3-abee-ea8f70586219/allocations => generated 1047 bytes in 26 msecs (HTTP/1.1 200) 6 headers in 225 bytes (1 switches on core 0)
Sep 16 04:37:45.286947 n-d-712142-17 devstack@placement-api.service[95227]: DEBUG placement.requestlog [req-cee85016-4d8a-4a3c-983d-fe03cc8625f0 req-87b72311-1028-4a77-a6d7-2b9149d9d5f4 None None] Starting request: 10.222.0.50 "DELETE /placement/allocations/cd87f8b1-42e2-4c76-acfe-bbdde9c257b7" {{(pid=95227) __call__ /opt/stack/placement/placement/requestlog.py:55}}
Sep 16 04:37:45.366541 n-d-712142-17 devstack@placement-api.service[95227]: DEBUG placement.handlers.allocation [req-cee85016-4d8a-4a3c-983d-fe03cc8625f0 req-87b72311-1028-4a77-a6d7-2b9149d9d5f4 service placement] Successfully deleted allocations [<placement.objects.allocation.Allocation object at 0x7fbf504e54f0>, <placement.objects.allocation.Allocation object at 0x7fbf504e5d30>, <placement.objects.allocation.Allocation object at 0x7fbf504e5b50>] {{(pid=95227) delete_allocations /opt/stack/placement/placement/handlers/allocation.py:627}}
Sep 16 04:37:45.367312 n-d-712142-17 devstack@placement-api.service[95227]: INFO placement.requestlog [req-cee85016-4d8a-4a3c-983d-fe03cc8625f0 req-87b72311-1028-4a77-a6d7-2b9149d9d5f4 service placement] 10.222.0.50 "DELETE /placement/allocations/cd87f8b1-42e2-4c76-acfe-bbdde9c257b7" status: 204 len: 0 microversion: 1.0
Sep 16 04:37:45.367974 n-d-712142-17 devstack@placement-api.service[95227]: [pid: 95227|app: 0|req: 158/322] 10.222.0.50 () {60 vars in 1356 bytes} [Thu Sep 16 04:37:45 2021] DELETE /placement/allocations/cd87f8b1-42e2-4c76-acfe-bbdde9c257b7 => generated 0 bytes in 81 msecs (HTTP/1.1 204) 5 headers in 198 bytes (1 switches on core 0)
Sep 16 04:37:49.754961 n-d-712142-17 devstack@placement-api.service[95226]: DEBUG placement.requestlog [req-4f4b2c52-4533-4f10-87a9-fad14dda1866 req-9a4caf10-ac75-4751-9342-97e7a54129c1 None None] Starting request: 10.222.0.53 "GET /placement/allocation_candidates?limit=1000&resources=MEMORY_MB%3A1024%2CVCPU%3A1&root_required=%21COMPUTE_STATUS_DISABLED" {{(pid=95226) __call__ /opt/stack/placement/placement/requestlog.py:55}}
Sep 16 04:37:49.800216 n-d-712142-17 devstack@placement-api.service[95227]: DEBUG placement.requestlog [req-0d0c3b56-63bf-408b-ad39-78ef52dba054 req-dad94139-e19e-421d-8878-de95c237f2e1 None None] Starting request: 10.222.0.50 "DELETE /placement/allocations/766c5081-2c12-47b7-8449-760b9e6942f7" {{(pid=95227) __call__ /opt/stack/placement/placement/requestlog.py:55}}
Sep 16 04:37:49.850604 n-d-712142-17 devstack@placement-api.service[95226]: DEBUG placement.objects.research_context [req-4f4b2c52-4533-4f10-87a9-fad14dda1866 req-9a4caf10-ac75-4751-9342-97e7a54129c1 service placement] getting providers with 1024 MEMORY_MB {{(pid=95226) __init__ /opt/stack/placement/placement/objects/research_context.py:126}}
Sep 16 04:37:49.852474 n-d-712142-17 devstack@placement-api.service[95227]: DEBUG placement.handlers.allocation [req-0d0c3b56-63bf-408b-ad39-78ef52dba054 req-dad94139-e19e-421d-8878-de95c237f2e1 service placement] Successfully deleted allocations [<placement.objects.allocation.Allocation object at 0x7fbf505ce220>, <placement.objects.allocation.Allocation object at 0x7fbf5052f550>, <placement.objects.allocation.Allocation object at 0x7fbf5052f6a0>] {{(pid=95227) delete_allocations /opt/stack/placement/placement/handlers/allocation.py:627}}
Sep 16 04:37:49.853299 n-d-712142-17 devstack@placement-api.service[95227]: INFO placement.requestlog [req-0d0c3b56-63bf-408b-ad39-78ef52dba054 req-dad94139-e19e-421d-8878-de95c237f2e1 service placement] 10.222.0.50 "DELETE /placement/allocations/766c5081-2c12-47b7-8449-760b9e6942f7" status: 204 len: 0 microversion: 1.0
Sep 16 04:37:49.854249 n-d-712142-17 devstack@placement-api.service[95227]: [pid: 95227|app: 0|req: 159/323] 10.222.0.50 () {60 vars in 1356 bytes} [Thu Sep 16 04:37:49 2021] DELETE /placement/allocations/766c5081-2c12-47b7-8449-760b9e6942f7 => generated 0 bytes in 54 msecs (HTTP/1.1 204) 5 headers in 198 bytes (1 switches on core 0)
Sep 16 04:37:49.861647 n-d-712142-17 devstack@placement-api.service[95226]: DEBUG placement.objects.research_context [req-4f4b2c52-4533-4f10-87a9-fad14dda1866 req-9a4caf10-ac75-4751-9342-97e7a54129c1 service placement] getting providers with 1 VCPU {{(pid=95226) __init__ /opt/stack/placement/placement/objects/research_context.py:126}}
Sep 16 04:37:49.868838 n-d-712142-17 devstack@placement-api.service[95226]: DEBUG placement.objects.research_context [req-4f4b2c52-4533-4f10-87a9-fad14dda1866 req-9a4caf10-ac75-4751-9342-97e7a54129c1 service placement] found 2 providers with available 1024 MEMORY_MB {{(pid=95226) get_provider_ids_matching /opt/stack/placement/placement/objects/research_context.py:549}}
Sep 16 04:37:49.869463 n-d-712142-17 devstack@placement-api.service[95226]: DEBUG placement.objects.research_context [req-4f4b2c52-4533-4f10-87a9-fad14dda1866 req-9a4caf10-ac75-4751-9342-97e7a54129c1 service placement] found 2 providers with available 1 VCPU {{(pid=95226) get_provider_ids_matching /opt/stack/placement/placement/objects/research_context.py:549}}
Sep 16 04:37:49.869949 n-d-712142-17 devstack@placement-api.service[95226]: DEBUG placement.objects.research_context [req-4f4b2c52-4533-4f10-87a9-fad14dda1866 req-9a4caf10-ac75-4751-9342-97e7a54129c1 service placement] found 2 providers after filtering by previous result {{(pid=95226) get_provider_ids_matching /opt/stack/placement/placement/objects/research_context.py:580}}
Sep 16 04:37:49.883623 n-d-712142-17 devstack@placement-api.service[95226]: DEBUG placement.objects.allocation_candidate [req-4f4b2c52-4533-4f10-87a9-fad14dda1866 req-9a4caf10-ac75-4751-9342-97e7a54129c1 service placement] RequestGroup(use_same_provider=False, resources={MEMORY_MB:1024, VCPU:1}, traits=[], aggregates=[]) (suffix '') returned 2 matches {{(pid=95226) _get_by_requests /opt/stack/placement/placement/objects/allocation_candidate.py:145}}
Sep 16 04:37:49.884325 n-d-712142-17 devstack@placement-api.service[95226]: DEBUG placement.objects.allocation_candidate [req-4f4b2c52-4533-4f10-87a9-fad14dda1866 req-9a4caf10-ac75-4751-9342-97e7a54129c1 service placement] Merging candidates yields 2 allocation requests and 2 provider summaries {{(pid=95226) _merge_candidates /opt/stack/placement/placement/objects/allocation_candidate.py:783}}
Sep 16 04:37:49.886779 n-d-712142-17 devstack@placement-api.service[95226]: INFO placement.requestlog [req-4f4b2c52-4533-4f10-87a9-fad14dda1866 req-9a4caf10-ac75-4751-9342-97e7a54129c1 service placement] 10.222.0.53 "GET /placement/allocation_candidates?limit=1000&resources=MEMORY_MB%3A1024%2CVCPU%3A1&root_required=%21COMPUTE_STATUS_DISABLED" status: 200 len: 1284 microversion: 1.36
Sep 16 04:37:49.895780 n-d-712142-17 devstack@placement-api.service[95226]: [pid: 95226|app: 0|req: 165/324] 10.222.0.53 () {60 vars in 1479 bytes} [Thu Sep 16 04:37:49 2021] GET /placement/allocation_candidates?limit=1000&resources=MEMORY_MB%3A1024%2CVCPU%3A1&root_required=%21COMPUTE_STATUS_DISABLED => generated 1284 bytes in 133 msecs (HTTP/1.1 200) 8 headers in 297 bytes (1 switches on core 0)
Sep 16 04:37:49.958926 n-d-712142-17 devstack@placement-api.service[95227]: DEBUG placement.requestlog [req-4f4b2c52-4533-4f10-87a9-fad14dda1866 req-9ae27f01-8a40-4e60-b6c0-32aad64641e8 None None] Starting request: 10.222.0.53 "GET /placement/allocations/547e53f0-236d-4605-9785-59f543d3132d" {{(pid=95227) __call__ /opt/stack/placement/placement/requestlog.py:55}}
Sep 16 04:37:49.987875 n-d-712142-17 devstack@placement-api.service[95227]: INFO placement.requestlog [req-4f4b2c52-4533-4f10-87a9-fad14dda1866 req-9ae27f01-8a40-4e60-b6c0-32aad64641e8 service placement] 10.222.0.53 "GET /placement/allocations/547e53f0-236d-4605-9785-59f543d3132d" status: 200 len: 19 microversion: 1.28
Sep 16 04:37:49.990869 n-d-712142-17 devstack@placement-api.service[95227]: [pid: 95227|app: 0|req: 160/325] 10.222.0.53 () {60 vars in 1381 bytes} [Thu Sep 16 04:37:49 2021] GET /placement/allocations/547e53f0-236d-4605-9785-59f543d3132d => generated 19 bytes in 32 msecs (HTTP/1.1 200) 8 headers in 295 bytes (1 switches on core 0)
Sep 16 04:37:50.001554 n-d-712142-17 devstack@placement-api.service[95226]: DEBUG placement.requestlog [req-4f4b2c52-4533-4f10-87a9-fad14dda1866 req-bcef9390-a2ee-45db-a42e-4cbbc778a5cc None None] Starting request: 10.222.0.53 "PUT /placement/allocations/547e53f0-236d-4605-9785-59f543d3132d" {{(pid=95226) __call__ /opt/stack/placement/placement/requestlog.py:55}}
Sep 16 04:37:50.075149 n-d-712142-17 devstack@placement-api.service[95226]: DEBUG placement.handlers.allocation [req-4f4b2c52-4533-4f10-87a9-fad14dda1866 req-bcef9390-a2ee-45db-a42e-4cbbc778a5cc service placement] Successfully wrote allocations [<placement.objects.allocation.Allocation object at 0x7fbf5067b610>, <placement.objects.allocation.Allocation object at 0x7fbf5067b070>] {{(pid=95226) _update_consumers_and_create_allocations /opt/stack/placement/placement/handlers/allocation.py:462}}
Sep 16 04:37:50.082637 n-d-712142-17 devstack@placement-api.service[95226]: INFO placement.requestlog [req-4f4b2c52-4533-4f10-87a9-fad14dda1866 req-bcef9390-a2ee-45db-a42e-4cbbc778a5cc service placement] 10.222.0.53 "PUT /placement/allocations/547e53f0-236d-4605-9785-59f543d3132d" status: 204 len: 0 microversion: 1.36
Sep 16 04:37:50.083471 n-d-712142-17 devstack@placement-api.service[95226]: [pid: 95226|app: 0|req: 166/326] 10.222.0.53 () {64 vars in 1434 bytes} [Thu Sep 16 04:37:50 2021] PUT /placement/allocations/547e53f0-236d-4605-9785-59f543d3132d => generated 0 bytes in 83 msecs (HTTP/1.1 204) 5 headers in 199 bytes (1 switches on core 0)
Sep 16 04:37:50.529342 n-d-712142-17 devstack@placement-api.service[95227]: DEBUG placement.requestlog [req-4f4b2c52-4533-4f10-87a9-fad14dda1866 req-9f91daf9-f05c-4ab2-a241-53e6248aa45e None None] Starting request: 10.222.0.50 "GET /placement/allocations/547e53f0-236d-4605-9785-59f543d3132d" {{(pid=95227) __call__ /opt/stack/placement/placement/requestlog.py:55}}
Sep 16 04:37:50.549856 n-d-712142-17 devstack@placement-api.service[95227]: INFO placement.requestlog [req-4f4b2c52-4533-4f10-87a9-fad14dda1866 req-9f91daf9-f05c-4ab2-a241-53e6248aa45e service placement] 10.222.0.50 "GET /placement/allocations/547e53f0-236d-4605-9785-59f543d3132d" status: 200 len: 245 microversion: 1.28
Sep 16 04:37:50.550627 n-d-712142-17 devstack@placement-api.service[95227]: [pid: 95227|app: 0|req: 161/327] 10.222.0.50 () {60 vars in 1378 bytes} [Thu Sep 16 04:37:50 2021] GET /placement/allocations/547e53f0-236d-4605-9785-59f543d3132d => generated 245 bytes in 21 msecs (HTTP/1.1 200) 8 headers in 296 bytes (1 switches on core 0)
Sep 16 04:37:50.779227 n-d-712142-17 devstack@placement-api.service[95226]: DEBUG placement.requestlog [req-8050a70d-467f-4790-90c9-256a33b2ef39 req-6f587fb7-bcbe-4011-b737-680fdb4d1036 None None] Starting request: 10.222.0.15 "DELETE /placement/allocations/5376d4be-88cd-48f9-a225-287c8fa5b223" {{(pid=95226) __call__ /opt/stack/placement/placement/requestlog.py:55}}
Sep 16 04:37:50.828037 n-d-712142-17 devstack@placement-api.service[95226]: DEBUG placement.handlers.allocation [req-8050a70d-467f-4790-90c9-256a33b2ef39 req-6f587fb7-bcbe-4011-b737-680fdb4d1036 service placement] Successfully deleted allocations [<placement.objects.allocation.Allocation object at 0x7fbf50505400>, <placement.objects.allocation.Allocation object at 0x7fbf50505e20>, <placement.objects.allocation.Allocation object at 0x7fbf50663a30>] {{(pid=95226) delete_allocations /opt/stack/placement/placement/handlers/allocation.py:627}}
Sep 16 04:37:50.828609 n-d-712142-17 devstack@placement-api.service[95226]: INFO placement.requestlog [req-8050a70d-467f-4790-90c9-256a33b2ef39 req-6f587fb7-bcbe-4011-b737-680fdb4d1036 service placement] 10.222.0.15 "DELETE /placement/allocations/5376d4be-88cd-48f9-a225-287c8fa5b223" status: 204 len: 0 microversion: 1.0
Sep 16 04:37:50.829120 n-d-712142-17 devstack@placement-api.service[95226]: [pid: 95226|app: 0|req: 167/328] 10.222.0.15 () {60 vars in 1356 bytes} [Thu Sep 16 04:37:50 2021] DELETE /placement/allocations/5376d4be-88cd-48f9-a225-287c8fa5b223 => generated 0 bytes in 50 msecs (HTTP/1.1 204) 5 headers in 198 bytes (1 switches on core 0)
Sep 16 04:37:56.089070 n-d-712142-17 devstack@placement-api.service[95227]: DEBUG placement.requestlog [req-651e7f14-d7fb-4f98-8ee1-30590cc6b939 req-ceaf075b-2b0e-453e-a341-b0b2c9d01434 None None] Starting request: 10.222.0.15 "DELETE /placement/allocations/33fd0b66-4aeb-4d90-bfa7-0ee7f05e6a78" {{(pid=95227) __call__ /opt/stack/placement/placement/requestlog.py:55}}
Sep 16 04:37:56.143442 n-d-712142-17 devstack@placement-api.service[95227]: DEBUG placement.handlers.allocation [req-651e7f14-d7fb-4f98-8ee1-30590cc6b939 req-ceaf075b-2b0e-453e-a341-b0b2c9d01434 service placement] Successfully deleted allocations [<placement.objects.allocation.Allocation object at 0x7fbf5353c790>, <placement.objects.allocation.Allocation object at 0x7fbf5353ca90>, <placement.objects.allocation.Allocation object at 0x7fbf5353cb50>] {{(pid=95227) delete_allocations /opt/stack/placement/placement/handlers/allocation.py:627}}
Sep 16 04:37:56.149700 n-d-712142-17 devstack@placement-api.service[95227]: INFO placement.requestlog [req-651e7f14-d7fb-4f98-8ee1-30590cc6b939 req-ceaf075b-2b0e-453e-a341-b0b2c9d01434 service placement] 10.222.0.15 "DELETE /placement/allocations/33fd0b66-4aeb-4d90-bfa7-0ee7f05e6a78" status: 204 len: 0 microversion: 1.0
Sep 16 04:37:56.150505 n-d-712142-17 devstack@placement-api.service[95227]: [pid: 95227|app: 0|req: 162/329] 10.222.0.15 () {60 vars in 1356 bytes} [Thu Sep 16 04:37:56 2021] DELETE /placement/allocations/33fd0b66-4aeb-4d90-bfa7-0ee7f05e6a78 => generated 0 bytes in 61 msecs (HTTP/1.1 204) 5 headers in 198 bytes (1 switches on core 0)
Sep 16 04:37:56.706563 n-d-712142-17 devstack@placement-api.service[95226]: DEBUG placement.requestlog [req-50adb309-39dc-4073-ab1c-cec658a68d00 req-621dfa16-8ced-47e0-8e9a-0b3f9e387fbf None None] Starting request: 10.222.0.15 "DELETE /placement/allocations/a1e39766-1be4-43d2-b5e9-0cb4c92abea2" {{(pid=95226) __call__ /opt/stack/placement/placement/requestlog.py:55}}
Sep 16 04:37:56.772845 n-d-712142-17 devstack@placement-api.service[95226]: DEBUG placement.handlers.allocation [req-50adb309-39dc-4073-ab1c-cec658a68d00 req-621dfa16-8ced-47e0-8e9a-0b3f9e387fbf service placement] Successfully deleted allocations [<placement.objects.allocation.Allocation object at 0x7fbf50595ac0>, <placement.objects.allocation.Allocation object at 0x7fbf505c7670>, <placement.objects.allocation.Allocation object at 0x7fbf505c7eb0>] {{(pid=95226) delete_allocations /opt/stack/placement/placement/handlers/allocation.py:627}}
Sep 16 04:37:56.772845 n-d-712142-17 devstack@placement-api.service[95226]: INFO placement.requestlog [req-50adb309-39dc-4073-ab1c-cec658a68d00 req-621dfa16-8ced-47e0-8e9a-0b3f9e387fbf service placement] 10.222.0.15 "DELETE /placement/allocations/a1e39766-1be4-43d2-b5e9-0cb4c92abea2" status: 204 len: 0 microversion: 1.0
Sep 16 04:37:56.773085 n-d-712142-17 devstack@placement-api.service[95226]: [pid: 95226|app: 0|req: 168/330] 10.222.0.15 () {60 vars in 1356 bytes} [Thu Sep 16 04:37:56 2021] DELETE /placement/allocations/a1e39766-1be4-43d2-b5e9-0cb4c92abea2 => generated 0 bytes in 67 msecs (HTTP/1.1 204) 5 headers in 198 bytes (1 switches on core 0)
Sep 16 04:38:02.191330 n-d-712142-17 devstack@placement-api.service[95227]: DEBUG placement.requestlog [req-133b50cb-b52b-43ba-a2f1-5664823d339b req-1bd6a9b9-31bf-4109-90fb-273c2845ff04 None None] Starting request: 10.222.0.15 "DELETE /placement/allocations/0ca9d4f3-6cd5-4e0c-8aea-3acaa49a8606" {{(pid=95227) __call__ /opt/stack/placement/placement/requestlog.py:55}}
Sep 16 04:38:02.252655 n-d-712142-17 devstack@placement-api.service[95227]: DEBUG placement.handlers.allocation [req-133b50cb-b52b-43ba-a2f1-5664823d339b req-1bd6a9b9-31bf-4109-90fb-273c2845ff04 service placement] Successfully deleted allocations [<placement.objects.allocation.Allocation object at 0x7fbf50562070>, <placement.objects.allocation.Allocation object at 0x7fbf50562b80>, <placement.objects.allocation.Allocation object at 0x7fbf50562a00>] {{(pid=95227) delete_allocations /opt/stack/placement/placement/handlers/allocation.py:627}}
Sep 16 04:38:02.253212 n-d-712142-17 devstack@placement-api.service[95227]: INFO placement.requestlog [req-133b50cb-b52b-43ba-a2f1-5664823d339b req-1bd6a9b9-31bf-4109-90fb-273c2845ff04 service placement] 10.222.0.15 "DELETE /placement/allocations/0ca9d4f3-6cd5-4e0c-8aea-3acaa49a8606" status: 204 len: 0 microversion: 1.0
Sep 16 04:38:02.253874 n-d-712142-17 devstack@placement-api.service[95227]: [pid: 95227|app: 0|req: 163/331] 10.222.0.15 () {60 vars in 1356 bytes} [Thu Sep 16 04:38:02 2021] DELETE /placement/allocations/0ca9d4f3-6cd5-4e0c-8aea-3acaa49a8606 => generated 0 bytes in 63 msecs (HTTP/1.1 204) 5 headers in 198 bytes (1 switches on core 0)
Sep 16 04:38:02.934743 n-d-712142-17 devstack@placement-api.service[95226]: DEBUG placement.requestlog [req-cd4082f4-5e6b-4cf2-8c3b-f6e6e87324ba req-c3b6ed56-7163-4a74-88de-22618df0d8df None None] Starting request: 10.222.0.50 "GET /placement/allocations/a0cbf0fb-00c7-4512-b539-8b9ec2d64365" {{(pid=95226) __call__ /opt/stack/placement/placement/requestlog.py:55}}
Sep 16 04:38:02.966990 n-d-712142-17 devstack@placement-api.service[95226]: INFO placement.requestlog [req-cd4082f4-5e6b-4cf2-8c3b-f6e6e87324ba req-c3b6ed56-7163-4a74-88de-22618df0d8df service placement] 10.222.0.50 "GET /placement/allocations/a0cbf0fb-00c7-4512-b539-8b9ec2d64365" status: 200 len: 258 microversion: 1.28
Sep 16 04:38:02.967758 n-d-712142-17 devstack@placement-api.service[95226]: [pid: 95226|app: 0|req: 169/332] 10.222.0.50 () {60 vars in 1378 bytes} [Thu Sep 16 04:38:02 2021] GET /placement/allocations/a0cbf0fb-00c7-4512-b539-8b9ec2d64365 => generated 258 bytes in 33 msecs (HTTP/1.1 200) 8 headers in 296 bytes (2 switches on core 0)
Sep 16 04:38:03.383483 n-d-712142-17 devstack@placement-api.service[95227]: DEBUG placement.requestlog [None req-76ef8415-5b6a-46c6-a51c-8f2681c97b05 None None] Starting request: 10.222.0.53 "GET /placement/" {{(pid=95227) __call__ /opt/stack/placement/placement/requestlog.py:55}}
Sep 16 04:38:03.385057 n-d-712142-17 devstack@placement-api.service[95227]: INFO placement.requestlog [None req-76ef8415-5b6a-46c6-a51c-8f2681c97b05 None None] 10.222.0.53 "GET /placement/" status: 200 len: 136 microversion: 1.0
Sep 16 04:38:03.385758 n-d-712142-17 devstack@placement-api.service[95227]: [pid: 95227|app: 0|req: 164/333] 10.222.0.53 () {54 vars in 916 bytes} [Thu Sep 16 04:38:03 2021] GET /placement => generated 136 bytes in 2 msecs (HTTP/1.1 200) 6 headers in 224 bytes (1 switches on core 0)
Sep 16 04:38:03.395349 n-d-712142-17 devstack@placement-api.service[95226]: DEBUG placement.requestlog [req-7a572305-3984-425e-8074-ddc98a4ed39b req-03cf4f0c-ab64-4d01-b940-c62f5e0c9b07 None None] Starting request: 10.222.0.53 "GET /placement/allocations/abd2b00f-d6e8-45fb-816f-2c43dec4148d" {{(pid=95226) __call__ /opt/stack/placement/placement/requestlog.py:55}}
Sep 16 04:38:03.520179 n-d-712142-17 devstack@placement-api.service[95226]: INFO placement.requestlog [req-7a572305-3984-425e-8074-ddc98a4ed39b req-03cf4f0c-ab64-4d01-b940-c62f5e0c9b07 service placement] 10.222.0.53 "GET /placement/allocations/abd2b00f-d6e8-45fb-816f-2c43dec4148d" status: 200 len: 245 microversion: 1.28
Sep 16 04:38:03.520698 n-d-712142-17 devstack@placement-api.service[95226]: [pid: 95226|app: 0|req: 170/334] 10.222.0.53 () {60 vars in 1381 bytes} [Thu Sep 16 04:38:03 2021] GET /placement/allocations/abd2b00f-d6e8-45fb-816f-2c43dec4148d => generated 245 bytes in 126 msecs (HTTP/1.1 200) 8 headers in 296 bytes (1 switches on core 0)
Sep 16 04:38:03.527504 n-d-712142-17 devstack@placement-api.service[95227]: DEBUG placement.requestlog [req-7a572305-3984-425e-8074-ddc98a4ed39b req-a4455651-74f3-481b-b88d-4d24aa3a6b6f None None] Starting request: 10.222.0.53 "GET /placement/allocations/abd2b00f-d6e8-45fb-816f-2c43dec4148d" {{(pid=95227) __call__ /opt/stack/placement/placement/requestlog.py:55}}
Sep 16 04:38:03.545715 n-d-712142-17 devstack@placement-api.service[95227]: INFO placement.requestlog [req-7a572305-3984-425e-8074-ddc98a4ed39b req-a4455651-74f3-481b-b88d-4d24aa3a6b6f service placement] 10.222.0.53 "GET /placement/allocations/abd2b00f-d6e8-45fb-816f-2c43dec4148d" status: 200 len: 245 microversion: 1.28
Sep 16 04:38:03.551945 n-d-712142-17 devstack@placement-api.service[95226]: DEBUG placement.requestlog [req-7a572305-3984-425e-8074-ddc98a4ed39b req-b8c7ffeb-4296-4e22-b34c-e36966506a8f None None] Starting request: 10.222.0.53 "GET /placement/allocations/79168f73-f1c7-4a6e-ae0c-6d07ae2c1a86" {{(pid=95226) __call__ /opt/stack/placement/placement/requestlog.py:55}}
Sep 16 04:38:03.573497 n-d-712142-17 devstack@placement-api.service[95227]: [pid: 95227|app: 0|req: 165/335] 10.222.0.53 () {60 vars in 1381 bytes} [Thu Sep 16 04:38:03 2021] GET /placement/allocations/abd2b00f-d6e8-45fb-816f-2c43dec4148d => generated 245 bytes in 46 msecs (HTTP/1.1 200) 8 headers in 296 bytes (2 switches on core 0)
Sep 16 04:38:03.578027 n-d-712142-17 devstack@placement-api.service[95226]: INFO placement.requestlog [req-7a572305-3984-425e-8074-ddc98a4ed39b req-b8c7ffeb-4296-4e22-b34c-e36966506a8f service placement] 10.222.0.53 "GET /placement/allocations/79168f73-f1c7-4a6e-ae0c-6d07ae2c1a86" status: 200 len: 19 microversion: 1.28
Sep 16 04:38:03.585038 n-d-712142-17 devstack@placement-api.service[95227]: DEBUG placement.requestlog [req-7a572305-3984-425e-8074-ddc98a4ed39b req-2a016961-b653-45fe-8bda-9be02e7d73bc None None] Starting request: 10.222.0.53 "POST /placement/allocations" {{(pid=95227) __call__ /opt/stack/placement/placement/requestlog.py:55}}
Sep 16 04:38:03.589728 n-d-712142-17 devstack@placement-api.service[95226]: [pid: 95226|app: 0|req: 171/336] 10.222.0.53 () {60 vars in 1381 bytes} [Thu Sep 16 04:38:03 2021] GET /placement/allocations/79168f73-f1c7-4a6e-ae0c-6d07ae2c1a86 => generated 19 bytes in 35 msecs (HTTP/1.1 200) 8 headers in 295 bytes (1 switches on core 0)
Sep 16 04:38:03.671144 n-d-712142-17 devstack@placement-api.service[95227]: DEBUG placement.handlers.allocation [req-7a572305-3984-425e-8074-ddc98a4ed39b req-2a016961-b653-45fe-8bda-9be02e7d73bc service placement] Successfully wrote allocations [<placement.objects.allocation.Allocation object at 0x7fbf5055a6d0>, <placement.objects.allocation.Allocation object at 0x7fbf5055afa0>, <placement.objects.allocation.Allocation object at 0x7fbf50700a90>, <placement.objects.allocation.Allocation object at 0x7fbf506931c0>] {{(pid=95227) _update_consumers_and_create_allocations /opt/stack/placement/placement/handlers/allocation.py:572}}
Sep 16 04:38:03.684830 n-d-712142-17 devstack@placement-api.service[95227]: INFO placement.requestlog [req-7a572305-3984-425e-8074-ddc98a4ed39b req-2a016961-b653-45fe-8bda-9be02e7d73bc service placement] 10.222.0.53 "POST /placement/allocations" status: 204 len: 0 microversion: 1.28
Sep 16 04:38:03.701562 n-d-712142-17 devstack@placement-api.service[95227]: [pid: 95227|app: 0|req: 166/337] 10.222.0.53 () {64 vars in 1324 bytes} [Thu Sep 16 04:38:03 2021] POST /placement/allocations => generated 0 bytes in 101 msecs (HTTP/1.1 204) 5 headers in 199 bytes (1 switches on core 0)
Sep 16 04:38:03.732810 n-d-712142-17 devstack@placement-api.service[95226]: DEBUG placement.requestlog [req-7a572305-3984-425e-8074-ddc98a4ed39b req-bfcb7224-cd30-4223-b2a4-2f3db293f292 None None] Starting request: 10.222.0.53 "GET /placement/allocations/abd2b00f-d6e8-45fb-816f-2c43dec4148d" {{(pid=95226) __call__ /opt/stack/placement/placement/requestlog.py:55}}
Sep 16 04:38:03.752744 n-d-712142-17 devstack@placement-api.service[95226]: INFO placement.requestlog [req-7a572305-3984-425e-8074-ddc98a4ed39b req-bfcb7224-cd30-4223-b2a4-2f3db293f292 service placement] 10.222.0.53 "GET /placement/allocations/abd2b00f-d6e8-45fb-816f-2c43dec4148d" status: 200 len: 19 microversion: 1.28
Sep 16 04:38:03.754806 n-d-712142-17 devstack@placement-api.service[95226]: [pid: 95226|app: 0|req: 172/338] 10.222.0.53 () {60 vars in 1381 bytes} [Thu Sep 16 04:38:03 2021] GET /placement/allocations/abd2b00f-d6e8-45fb-816f-2c43dec4148d => generated 19 bytes in 22 msecs (HTTP/1.1 200) 8 headers in 295 bytes (1 switches on core 0)
Sep 16 04:38:03.761540 n-d-712142-17 devstack@placement-api.service[95227]: DEBUG placement.requestlog [req-7a572305-3984-425e-8074-ddc98a4ed39b req-7c0178e7-58a3-49af-9f72-9c38bff6b633 None None] Starting request: 10.222.0.53 "PUT /placement/allocations/abd2b00f-d6e8-45fb-816f-2c43dec4148d" {{(pid=95227) __call__ /opt/stack/placement/placement/requestlog.py:55}}
Sep 16 04:38:03.844714 n-d-712142-17 devstack@placement-api.service[95227]: DEBUG placement.handlers.allocation [req-7a572305-3984-425e-8074-ddc98a4ed39b req-7c0178e7-58a3-49af-9f72-9c38bff6b633 service placement] Successfully wrote allocations [<placement.objects.allocation.Allocation object at 0x7fbf5358c8e0>, <placement.objects.allocation.Allocation object at 0x7fbf504a9e80>] {{(pid=95227) _update_consumers_and_create_allocations /opt/stack/placement/placement/handlers/allocation.py:462}}
Sep 16 04:38:03.884515 n-d-712142-17 devstack@placement-api.service[95227]: INFO placement.requestlog [req-7a572305-3984-425e-8074-ddc98a4ed39b req-7c0178e7-58a3-49af-9f72-9c38bff6b633 service placement] 10.222.0.53 "PUT /placement/allocations/abd2b00f-d6e8-45fb-816f-2c43dec4148d" status: 204 len: 0 microversion: 1.28
Sep 16 04:38:03.885735 n-d-712142-17 devstack@placement-api.service[95227]: [pid: 95227|app: 0|req: 167/339] 10.222.0.53 () {64 vars in 1434 bytes} [Thu Sep 16 04:38:03 2021] PUT /placement/allocations/abd2b00f-d6e8-45fb-816f-2c43dec4148d => generated 0 bytes in 124 msecs (HTTP/1.1 204) 5 headers in 199 bytes (1 switches on core 0)
Sep 16 04:38:04.161994 n-d-712142-17 devstack@placement-api.service[95226]: DEBUG placement.requestlog [req-7a572305-3984-425e-8074-ddc98a4ed39b req-8f8ad05b-664a-4966-b5d2-880b646d1fec None None] Starting request: 10.222.0.50 "GET /placement/allocations/abd2b00f-d6e8-45fb-816f-2c43dec4148d" {{(pid=95226) __call__ /opt/stack/placement/placement/requestlog.py:55}}
