Sep 16 04:36:09.504351 n-d-712142-17 devstack@placement-api.service[95227]: [pid: 95227|app: 0|req: 105/213] 10.222.0.53 () {60 vars in 1485 bytes} [Thu Sep 16 04:36:09 2021] GET /placement/allocation_candidates?resources=DISK_GB%3A1%2CMEMORY_MB%3A1024%2CVCPU%3A1&root_required=%21COMPUTE_STATUS_DISABLED => generated 1309 bytes in 144 msecs (HTTP/1.1 200) 8 headers in 297 bytes (1 switches on core 0)
Sep 16 04:36:09.590459 n-d-712142-17 devstack@placement-api.service[95226]: DEBUG placement.requestlog [req-888aa0a1-cb00-4ac6-97b9-2c91d03e3e68 req-ebf0f945-5267-4f70-a855-0ab08b22f4dd None None] Starting request: 10.222.0.53 "GET /placement/allocations/766c5081-2c12-47b7-8449-760b9e6942f7" {{(pid=95226) __call__ /opt/stack/placement/placement/requestlog.py:55}}
Sep 16 04:36:09.615665 n-d-712142-17 devstack@placement-api.service[95226]: INFO placement.requestlog [req-888aa0a1-cb00-4ac6-97b9-2c91d03e3e68 req-ebf0f945-5267-4f70-a855-0ab08b22f4dd service placement] 10.222.0.53 "GET /placement/allocations/766c5081-2c12-47b7-8449-760b9e6942f7" status: 200 len: 19 microversion: 1.28
Sep 16 04:36:09.622728 n-d-712142-17 devstack@placement-api.service[95226]: [pid: 95226|app: 0|req: 109/214] 10.222.0.53 () {60 vars in 1381 bytes} [Thu Sep 16 04:36:09 2021] GET /placement/allocations/766c5081-2c12-47b7-8449-760b9e6942f7 => generated 19 bytes in 33 msecs (HTTP/1.1 200) 8 headers in 295 bytes (1 switches on core 0)
Sep 16 04:36:09.622987 n-d-712142-17 devstack@placement-api.service[95227]: DEBUG placement.requestlog [req-888aa0a1-cb00-4ac6-97b9-2c91d03e3e68 req-b42e5f0d-e335-46be-8270-a5839cb88b15 None None] Starting request: 10.222.0.53 "PUT /placement/allocations/766c5081-2c12-47b7-8449-760b9e6942f7" {{(pid=95227) __call__ /opt/stack/placement/placement/requestlog.py:55}}
Sep 16 04:36:09.833812 n-d-712142-17 devstack@placement-api.service[95227]: DEBUG placement.handlers.allocation [req-888aa0a1-cb00-4ac6-97b9-2c91d03e3e68 req-b42e5f0d-e335-46be-8270-a5839cb88b15 service placement] Successfully wrote allocations [<placement.objects.allocation.Allocation object at 0x7fbf5060d250>, <placement.objects.allocation.Allocation object at 0x7fbf50562040>, <placement.objects.allocation.Allocation object at 0x7fbf505624f0>] {{(pid=95227) _update_consumers_and_create_allocations /opt/stack/placement/placement/handlers/allocation.py:462}}
Sep 16 04:36:09.856968 n-d-712142-17 devstack@placement-api.service[95227]: INFO placement.requestlog [req-888aa0a1-cb00-4ac6-97b9-2c91d03e3e68 req-b42e5f0d-e335-46be-8270-a5839cb88b15 service placement] 10.222.0.53 "PUT /placement/allocations/766c5081-2c12-47b7-8449-760b9e6942f7" status: 204 len: 0 microversion: 1.36
Sep 16 04:36:09.857840 n-d-712142-17 devstack@placement-api.service[95227]: [pid: 95227|app: 0|req: 106/215] 10.222.0.53 () {64 vars in 1434 bytes} [Thu Sep 16 04:36:09 2021] PUT /placement/allocations/766c5081-2c12-47b7-8449-760b9e6942f7 => generated 0 bytes in 235 msecs (HTTP/1.1 204) 5 headers in 199 bytes (2 switches on core 0)
Sep 16 04:36:09.876110 n-d-712142-17 devstack@placement-api.service[95226]: DEBUG placement.requestlog [req-888aa0a1-cb00-4ac6-97b9-2c91d03e3e68 req-20dc26e8-8185-4ec4-b13a-75f555ff09cb None None] Starting request: 10.222.0.53 "GET /placement/allocations/5376d4be-88cd-48f9-a225-287c8fa5b223" {{(pid=95226) __call__ /opt/stack/placement/placement/requestlog.py:55}}
Sep 16 04:36:09.888595 n-d-712142-17 devstack@placement-api.service[95226]: INFO placement.requestlog [req-888aa0a1-cb00-4ac6-97b9-2c91d03e3e68 req-20dc26e8-8185-4ec4-b13a-75f555ff09cb service placement] 10.222.0.53 "GET /placement/allocations/5376d4be-88cd-48f9-a225-287c8fa5b223" status: 200 len: 19 microversion: 1.28
Sep 16 04:36:09.895338 n-d-712142-17 devstack@placement-api.service[95227]: DEBUG placement.requestlog [req-888aa0a1-cb00-4ac6-97b9-2c91d03e3e68 req-3faf7907-2a15-40b6-ab25-12587e7c0303 None None] Starting request: 10.222.0.53 "PUT /placement/allocations/5376d4be-88cd-48f9-a225-287c8fa5b223" {{(pid=95227) __call__ /opt/stack/placement/placement/requestlog.py:55}}
Sep 16 04:36:09.905685 n-d-712142-17 devstack@placement-api.service[95226]: [pid: 95226|app: 0|req: 110/216] 10.222.0.53 () {60 vars in 1381 bytes} [Thu Sep 16 04:36:09 2021] GET /placement/allocations/5376d4be-88cd-48f9-a225-287c8fa5b223 => generated 19 bytes in 29 msecs (HTTP/1.1 200) 8 headers in 295 bytes (1 switches on core 0)
Sep 16 04:36:10.032020 n-d-712142-17 devstack@placement-api.service[95227]: DEBUG placement.handlers.allocation [req-888aa0a1-cb00-4ac6-97b9-2c91d03e3e68 req-3faf7907-2a15-40b6-ab25-12587e7c0303 service placement] Successfully wrote allocations [<placement.objects.allocation.Allocation object at 0x7fbf5076ed30>, <placement.objects.allocation.Allocation object at 0x7fbf5076ebe0>, <placement.objects.allocation.Allocation object at 0x7fbf5052f460>] {{(pid=95227) _update_consumers_and_create_allocations /opt/stack/placement/placement/handlers/allocation.py:462}}
Sep 16 04:36:10.038642 n-d-712142-17 devstack@placement-api.service[95227]: INFO placement.requestlog [req-888aa0a1-cb00-4ac6-97b9-2c91d03e3e68 req-3faf7907-2a15-40b6-ab25-12587e7c0303 service placement] 10.222.0.53 "PUT /placement/allocations/5376d4be-88cd-48f9-a225-287c8fa5b223" status: 204 len: 0 microversion: 1.36
Sep 16 04:36:10.051022 n-d-712142-17 devstack@placement-api.service[95227]: [pid: 95227|app: 0|req: 107/217] 10.222.0.53 () {64 vars in 1434 bytes} [Thu Sep 16 04:36:09 2021] PUT /placement/allocations/5376d4be-88cd-48f9-a225-287c8fa5b223 => generated 0 bytes in 147 msecs (HTTP/1.1 204) 5 headers in 199 bytes (1 switches on core 0)
Sep 16 04:36:10.588407 n-d-712142-17 devstack@placement-api.service[95226]: DEBUG placement.requestlog [req-888aa0a1-cb00-4ac6-97b9-2c91d03e3e68 req-b50f4103-d407-46ce-8d71-fc02a704f1da None None] Starting request: 10.222.0.50 "GET /placement/allocations/766c5081-2c12-47b7-8449-760b9e6942f7" {{(pid=95226) __call__ /opt/stack/placement/placement/requestlog.py:55}}
Sep 16 04:36:10.607081 n-d-712142-17 devstack@placement-api.service[95226]: INFO placement.requestlog [req-888aa0a1-cb00-4ac6-97b9-2c91d03e3e68 req-b50f4103-d407-46ce-8d71-fc02a704f1da service placement] 10.222.0.50 "GET /placement/allocations/766c5081-2c12-47b7-8449-760b9e6942f7" status: 200 len: 259 microversion: 1.28
Sep 16 04:36:10.607803 n-d-712142-17 devstack@placement-api.service[95227]: DEBUG placement.requestlog [req-888aa0a1-cb00-4ac6-97b9-2c91d03e3e68 req-b29c1451-2a8d-4ef6-b899-753cbd687bad None None] Starting request: 10.222.0.15 "GET /placement/allocations/5376d4be-88cd-48f9-a225-287c8fa5b223" {{(pid=95227) __call__ /opt/stack/placement/placement/requestlog.py:55}}
Sep 16 04:36:10.609059 n-d-712142-17 devstack@placement-api.service[95226]: [pid: 95226|app: 0|req: 111/218] 10.222.0.50 () {60 vars in 1378 bytes} [Thu Sep 16 04:36:10 2021] GET /placement/allocations/766c5081-2c12-47b7-8449-760b9e6942f7 => generated 259 bytes in 21 msecs (HTTP/1.1 200) 8 headers in 296 bytes (1 switches on core 0)
Sep 16 04:36:10.626903 n-d-712142-17 devstack@placement-api.service[95227]: INFO placement.requestlog [req-888aa0a1-cb00-4ac6-97b9-2c91d03e3e68 req-b29c1451-2a8d-4ef6-b899-753cbd687bad service placement] 10.222.0.15 "GET /placement/allocations/5376d4be-88cd-48f9-a225-287c8fa5b223" status: 200 len: 259 microversion: 1.28
Sep 16 04:36:10.627278 n-d-712142-17 devstack@placement-api.service[95227]: [pid: 95227|app: 0|req: 108/219] 10.222.0.15 () {60 vars in 1378 bytes} [Thu Sep 16 04:36:10 2021] GET /placement/allocations/5376d4be-88cd-48f9-a225-287c8fa5b223 => generated 259 bytes in 21 msecs (HTTP/1.1 200) 8 headers in 296 bytes (1 switches on core 0)
Sep 16 04:36:14.504526 n-d-712142-17 devstack@placement-api.service[95226]: DEBUG placement.requestlog [None req-86a55c73-d0c9-4f4f-9c61-d3bda73868db None None] Starting request: 10.222.0.53 "GET /placement/" {{(pid=95226) __call__ /opt/stack/placement/placement/requestlog.py:55}}
Sep 16 04:36:14.505640 n-d-712142-17 devstack@placement-api.service[95226]: INFO placement.requestlog [None req-86a55c73-d0c9-4f4f-9c61-d3bda73868db None None] 10.222.0.53 "GET /placement/" status: 200 len: 136 microversion: 1.0
Sep 16 04:36:14.505893 n-d-712142-17 devstack@placement-api.service[95226]: [pid: 95226|app: 0|req: 112/220] 10.222.0.53 () {54 vars in 916 bytes} [Thu Sep 16 04:36:14 2021] GET /placement => generated 136 bytes in 2 msecs (HTTP/1.1 200) 6 headers in 224 bytes (1 switches on core 0)
Sep 16 04:36:14.523758 n-d-712142-17 devstack@placement-api.service[95227]: DEBUG placement.requestlog [req-c6a2ae7c-d1c9-476f-b197-c15137bcf512 req-9cf3ea8e-f430-4f7c-88e6-23c42dc9b8af None None] Starting request: 10.222.0.53 "GET /placement/allocations/eed38d3a-8c2e-458e-9d1e-aef413e9e6ce" {{(pid=95227) __call__ /opt/stack/placement/placement/requestlog.py:55}}
Sep 16 04:36:14.692044 n-d-712142-17 devstack@placement-api.service[95227]: INFO placement.requestlog [req-c6a2ae7c-d1c9-476f-b197-c15137bcf512 req-9cf3ea8e-f430-4f7c-88e6-23c42dc9b8af service placement] 10.222.0.53 "GET /placement/allocations/eed38d3a-8c2e-458e-9d1e-aef413e9e6ce" status: 200 len: 259 microversion: 1.28
Sep 16 04:36:14.698534 n-d-712142-17 devstack@placement-api.service[95227]: [pid: 95227|app: 0|req: 109/221] 10.222.0.53 () {60 vars in 1381 bytes} [Thu Sep 16 04:36:14 2021] GET /placement/allocations/eed38d3a-8c2e-458e-9d1e-aef413e9e6ce => generated 259 bytes in 175 msecs (HTTP/1.1 200) 8 headers in 296 bytes (1 switches on core 0)
Sep 16 04:36:14.699948 n-d-712142-17 devstack@placement-api.service[95226]: DEBUG placement.requestlog [req-c6a2ae7c-d1c9-476f-b197-c15137bcf512 req-a3ddc9dd-5894-4e48-b32b-c6873a75544d None None] Starting request: 10.222.0.53 "GET /placement/allocations/eed38d3a-8c2e-458e-9d1e-aef413e9e6ce" {{(pid=95226) __call__ /opt/stack/placement/placement/requestlog.py:55}}
Sep 16 04:36:14.746020 n-d-712142-17 devstack@placement-api.service[95226]: INFO placement.requestlog [req-c6a2ae7c-d1c9-476f-b197-c15137bcf512 req-a3ddc9dd-5894-4e48-b32b-c6873a75544d service placement] 10.222.0.53 "GET /placement/allocations/eed38d3a-8c2e-458e-9d1e-aef413e9e6ce" status: 200 len: 259 microversion: 1.28
Sep 16 04:36:14.747977 n-d-712142-17 devstack@placement-api.service[95226]: [pid: 95226|app: 0|req: 113/222] 10.222.0.53 () {60 vars in 1381 bytes} [Thu Sep 16 04:36:14 2021] GET /placement/allocations/eed38d3a-8c2e-458e-9d1e-aef413e9e6ce => generated 259 bytes in 47 msecs (HTTP/1.1 200) 8 headers in 296 bytes (2 switches on core 0)
Sep 16 04:36:14.760155 n-d-712142-17 devstack@placement-api.service[95227]: DEBUG placement.requestlog [req-c6a2ae7c-d1c9-476f-b197-c15137bcf512 req-b26be259-09f7-46fd-a390-9fc30d34140a None None] Starting request: 10.222.0.53 "GET /placement/allocations/168acedc-671d-4644-b482-a5f52e842a4c" {{(pid=95227) __call__ /opt/stack/placement/placement/requestlog.py:55}}
Sep 16 04:36:14.802956 n-d-712142-17 devstack@placement-api.service[95227]: INFO placement.requestlog [req-c6a2ae7c-d1c9-476f-b197-c15137bcf512 req-b26be259-09f7-46fd-a390-9fc30d34140a service placement] 10.222.0.53 "GET /placement/allocations/168acedc-671d-4644-b482-a5f52e842a4c" status: 200 len: 19 microversion: 1.28
Sep 16 04:36:14.811797 n-d-712142-17 devstack@placement-api.service[95227]: [pid: 95227|app: 0|req: 110/223] 10.222.0.53 () {60 vars in 1381 bytes} [Thu Sep 16 04:36:14 2021] GET /placement/allocations/168acedc-671d-4644-b482-a5f52e842a4c => generated 19 bytes in 54 msecs (HTTP/1.1 200) 8 headers in 295 bytes (1 switches on core 0)
Sep 16 04:36:14.829295 n-d-712142-17 devstack@placement-api.service[95226]: DEBUG placement.requestlog [req-c6a2ae7c-d1c9-476f-b197-c15137bcf512 req-6afa66f2-b782-4a1c-8ab0-f73cd1593ef4 None None] Starting request: 10.222.0.53 "POST /placement/allocations" {{(pid=95226) __call__ /opt/stack/placement/placement/requestlog.py:55}}
Sep 16 04:36:14.975146 n-d-712142-17 devstack@placement-api.service[95226]: DEBUG placement.handlers.allocation [req-c6a2ae7c-d1c9-476f-b197-c15137bcf512 req-6afa66f2-b782-4a1c-8ab0-f73cd1593ef4 service placement] Successfully wrote allocations [<placement.objects.allocation.Allocation object at 0x7fbf5358ac40>, <placement.objects.allocation.Allocation object at 0x7fbf5358a8b0>, <placement.objects.allocation.Allocation object at 0x7fbf505dc6d0>, <placement.objects.allocation.Allocation object at 0x7fbf5081da30>, <placement.objects.allocation.Allocation object at 0x7fbf5081df70>, <placement.objects.allocation.Allocation object at 0x7fbf5081d9d0>] {{(pid=95226) _update_consumers_and_create_allocations /opt/stack/placement/placement/handlers/allocation.py:572}}
Sep 16 04:36:14.993202 n-d-712142-17 devstack@placement-api.service[95226]: INFO placement.requestlog [req-c6a2ae7c-d1c9-476f-b197-c15137bcf512 req-6afa66f2-b782-4a1c-8ab0-f73cd1593ef4 service placement] 10.222.0.53 "POST /placement/allocations" status: 204 len: 0 microversion: 1.28
Sep 16 04:36:15.005490 n-d-712142-17 devstack@placement-api.service[95226]: [pid: 95226|app: 0|req: 114/224] 10.222.0.53 () {64 vars in 1324 bytes} [Thu Sep 16 04:36:14 2021] POST /placement/allocations => generated 0 bytes in 165 msecs (HTTP/1.1 204) 5 headers in 199 bytes (1 switches on core 0)
Sep 16 04:36:15.028164 n-d-712142-17 devstack@placement-api.service[95227]: DEBUG placement.requestlog [req-c6a2ae7c-d1c9-476f-b197-c15137bcf512 req-d3e5e487-7727-4dfd-911c-078aaf283257 None None] Starting request: 10.222.0.53 "GET /placement/allocation_candidates?limit=1000&resources=DISK_GB%3A1%2CMEMORY_MB%3A512%2CVCPU%3A1&root_required=%21COMPUTE_STATUS_DISABLED" {{(pid=95227) __call__ /opt/stack/placement/placement/requestlog.py:55}}
Sep 16 04:36:15.078187 n-d-712142-17 devstack@placement-api.service[95227]: DEBUG placement.objects.research_context [req-c6a2ae7c-d1c9-476f-b197-c15137bcf512 req-d3e5e487-7727-4dfd-911c-078aaf283257 service placement] getting providers with 1 DISK_GB {{(pid=95227) __init__ /opt/stack/placement/placement/objects/research_context.py:126}}
Sep 16 04:36:15.089241 n-d-712142-17 devstack@placement-api.service[95227]: DEBUG placement.objects.research_context [req-c6a2ae7c-d1c9-476f-b197-c15137bcf512 req-d3e5e487-7727-4dfd-911c-078aaf283257 service placement] getting providers with 512 MEMORY_MB {{(pid=95227) __init__ /opt/stack/placement/placement/objects/research_context.py:126}}
Sep 16 04:36:15.101665 n-d-712142-17 devstack@placement-api.service[95227]: DEBUG placement.objects.research_context [req-c6a2ae7c-d1c9-476f-b197-c15137bcf512 req-d3e5e487-7727-4dfd-911c-078aaf283257 service placement] getting providers with 1 VCPU {{(pid=95227) __init__ /opt/stack/placement/placement/objects/research_context.py:126}}
Sep 16 04:36:15.116275 n-d-712142-17 devstack@placement-api.service[95227]: DEBUG placement.objects.research_context [req-c6a2ae7c-d1c9-476f-b197-c15137bcf512 req-d3e5e487-7727-4dfd-911c-078aaf283257 service placement] found 2 providers with available 1 DISK_GB {{(pid=95227) get_provider_ids_matching /opt/stack/placement/placement/objects/research_context.py:549}}
Sep 16 04:36:15.116991 n-d-712142-17 devstack@placement-api.service[95227]: DEBUG placement.objects.research_context [req-c6a2ae7c-d1c9-476f-b197-c15137bcf512 req-d3e5e487-7727-4dfd-911c-078aaf283257 service placement] found 2 providers with available 512 MEMORY_MB {{(pid=95227) get_provider_ids_matching /opt/stack/placement/placement/objects/research_context.py:549}}
Sep 16 04:36:15.117416 n-d-712142-17 devstack@placement-api.service[95227]: DEBUG placement.objects.research_context [req-c6a2ae7c-d1c9-476f-b197-c15137bcf512 req-d3e5e487-7727-4dfd-911c-078aaf283257 service placement] found 2 providers after filtering by previous result {{(pid=95227) get_provider_ids_matching /opt/stack/placement/placement/objects/research_context.py:580}}
Sep 16 04:36:15.119183 n-d-712142-17 devstack@placement-api.service[95227]: DEBUG placement.objects.research_context [req-c6a2ae7c-d1c9-476f-b197-c15137bcf512 req-d3e5e487-7727-4dfd-911c-078aaf283257 service placement] found 2 providers with available 1 VCPU {{(pid=95227) get_provider_ids_matching /opt/stack/placement/placement/objects/research_context.py:549}}
Sep 16 04:36:15.119655 n-d-712142-17 devstack@placement-api.service[95227]: DEBUG placement.objects.research_context [req-c6a2ae7c-d1c9-476f-b197-c15137bcf512 req-d3e5e487-7727-4dfd-911c-078aaf283257 service placement] found 2 providers after filtering by previous result {{(pid=95227) get_provider_ids_matching /opt/stack/placement/placement/objects/research_context.py:580}}
Sep 16 04:36:15.151730 n-d-712142-17 devstack@placement-api.service[95227]: DEBUG placement.objects.allocation_candidate [req-c6a2ae7c-d1c9-476f-b197-c15137bcf512 req-d3e5e487-7727-4dfd-911c-078aaf283257 service placement] RequestGroup(use_same_provider=False, resources={DISK_GB:1, MEMORY_MB:512, VCPU:1}, traits=[], aggregates=[]) (suffix '') returned 2 matches {{(pid=95227) _get_by_requests /opt/stack/placement/placement/objects/allocation_candidate.py:145}}
Sep 16 04:36:15.152106 n-d-712142-17 devstack@placement-api.service[95227]: DEBUG placement.objects.allocation_candidate [req-c6a2ae7c-d1c9-476f-b197-c15137bcf512 req-d3e5e487-7727-4dfd-911c-078aaf283257 service placement] Merging candidates yields 2 allocation requests and 2 provider summaries {{(pid=95227) _merge_candidates /opt/stack/placement/placement/objects/allocation_candidate.py:783}}
Sep 16 04:36:15.155661 n-d-712142-17 devstack@placement-api.service[95227]: INFO placement.requestlog [req-c6a2ae7c-d1c9-476f-b197-c15137bcf512 req-d3e5e487-7727-4dfd-911c-078aaf283257 service placement] 10.222.0.53 "GET /placement/allocation_candidates?limit=1000&resources=DISK_GB%3A1%2CMEMORY_MB%3A512%2CVCPU%3A1&root_required=%21COMPUTE_STATUS_DISABLED" status: 200 len: 1307 microversion: 1.36
Sep 16 04:36:15.170159 n-d-712142-17 devstack@placement-api.service[95227]: [pid: 95227|app: 0|req: 111/225] 10.222.0.53 () {60 vars in 1505 bytes} [Thu Sep 16 04:36:15 2021] GET /placement/allocation_candidates?limit=1000&resources=DISK_GB%3A1%2CMEMORY_MB%3A512%2CVCPU%3A1&root_required=%21COMPUTE_STATUS_DISABLED => generated 1307 bytes in 140 msecs (HTTP/1.1 200) 8 headers in 297 bytes (1 switches on core 0)
Sep 16 04:36:15.263258 n-d-712142-17 devstack@placement-api.service[95226]: DEBUG placement.requestlog [req-c6a2ae7c-d1c9-476f-b197-c15137bcf512 req-e5876e6d-1f05-4cef-929c-884f3a3272f5 None None] Starting request: 10.222.0.53 "GET /placement/allocations/eed38d3a-8c2e-458e-9d1e-aef413e9e6ce" {{(pid=95226) __call__ /opt/stack/placement/placement/requestlog.py:55}}
Sep 16 04:36:15.279067 n-d-712142-17 devstack@placement-api.service[95226]: INFO placement.requestlog [req-c6a2ae7c-d1c9-476f-b197-c15137bcf512 req-e5876e6d-1f05-4cef-929c-884f3a3272f5 service placement] 10.222.0.53 "GET /placement/allocations/eed38d3a-8c2e-458e-9d1e-aef413e9e6ce" status: 200 len: 19 microversion: 1.28
Sep 16 04:36:15.296305 n-d-712142-17 devstack@placement-api.service[95226]: [pid: 95226|app: 0|req: 115/226] 10.222.0.53 () {60 vars in 1381 bytes} [Thu Sep 16 04:36:15 2021] GET /placement/allocations/eed38d3a-8c2e-458e-9d1e-aef413e9e6ce => generated 19 bytes in 32 msecs (HTTP/1.1 200) 8 headers in 295 bytes (1 switches on core 0)
Sep 16 04:36:15.300732 n-d-712142-17 devstack@placement-api.service[95227]: DEBUG placement.requestlog [req-c6a2ae7c-d1c9-476f-b197-c15137bcf512 req-85dfa688-6231-4ed3-b0a5-4af3588ce810 None None] Starting request: 10.222.0.53 "PUT /placement/allocations/eed38d3a-8c2e-458e-9d1e-aef413e9e6ce" {{(pid=95227) __call__ /opt/stack/placement/placement/requestlog.py:55}}
Sep 16 04:36:15.410075 n-d-712142-17 devstack@placement-api.service[95227]: DEBUG placement.handlers.allocation [req-c6a2ae7c-d1c9-476f-b197-c15137bcf512 req-85dfa688-6231-4ed3-b0a5-4af3588ce810 service placement] Successfully wrote allocations [<placement.objects.allocation.Allocation object at 0x7fbf505927f0>, <placement.objects.allocation.Allocation object at 0x7fbf50592be0>, <placement.objects.allocation.Allocation object at 0x7fbf50553d30>] {{(pid=95227) _update_consumers_and_create_allocations /opt/stack/placement/placement/handlers/allocation.py:462}}
Sep 16 04:36:15.435037 n-d-712142-17 devstack@placement-api.service[95227]: INFO placement.requestlog [req-c6a2ae7c-d1c9-476f-b197-c15137bcf512 req-85dfa688-6231-4ed3-b0a5-4af3588ce810 service placement] 10.222.0.53 "PUT /placement/allocations/eed38d3a-8c2e-458e-9d1e-aef413e9e6ce" status: 204 len: 0 microversion: 1.36
Sep 16 04:36:15.435886 n-d-712142-17 devstack@placement-api.service[95227]: [pid: 95227|app: 0|req: 112/227] 10.222.0.53 () {64 vars in 1434 bytes} [Thu Sep 16 04:36:15 2021] PUT /placement/allocations/eed38d3a-8c2e-458e-9d1e-aef413e9e6ce => generated 0 bytes in 135 msecs (HTTP/1.1 204) 5 headers in 199 bytes (3 switches on core 0)
Sep 16 04:36:15.909713 n-d-712142-17 devstack@placement-api.service[95226]: DEBUG placement.requestlog [req-c6a2ae7c-d1c9-476f-b197-c15137bcf512 req-ef6b3709-9bfa-495e-94a2-91f5cef10fde None None] Starting request: 10.222.0.50 "GET /placement/allocations/eed38d3a-8c2e-458e-9d1e-aef413e9e6ce" {{(pid=95226) __call__ /opt/stack/placement/placement/requestlog.py:55}}
Sep 16 04:36:15.943311 n-d-712142-17 devstack@placement-api.service[95226]: INFO placement.requestlog [req-c6a2ae7c-d1c9-476f-b197-c15137bcf512 req-ef6b3709-9bfa-495e-94a2-91f5cef10fde service placement] 10.222.0.50 "GET /placement/allocations/eed38d3a-8c2e-458e-9d1e-aef413e9e6ce" status: 200 len: 258 microversion: 1.28
Sep 16 04:36:15.947554 n-d-712142-17 devstack@placement-api.service[95226]: [pid: 95226|app: 0|req: 116/228] 10.222.0.50 () {60 vars in 1378 bytes} [Thu Sep 16 04:36:15 2021] GET /placement/allocations/eed38d3a-8c2e-458e-9d1e-aef413e9e6ce => generated 258 bytes in 38 msecs (HTTP/1.1 200) 8 headers in 296 bytes (1 switches on core 0)
Sep 16 04:36:17.505930 n-d-712142-17 devstack@placement-api.service[95227]: DEBUG placement.requestlog [None req-c723297e-fc2b-4890-95c8-bb48af4d5f42 None None] Starting request: 10.222.0.53 "GET /placement/" {{(pid=95227) __call__ /opt/stack/placement/placement/requestlog.py:55}}
Sep 16 04:36:17.506926 n-d-712142-17 devstack@placement-api.service[95227]: INFO placement.requestlog [None req-c723297e-fc2b-4890-95c8-bb48af4d5f42 None None] 10.222.0.53 "GET /placement/" status: 200 len: 136 microversion: 1.0
Sep 16 04:36:17.507367 n-d-712142-17 devstack@placement-api.service[95227]: [pid: 95227|app: 0|req: 113/229] 10.222.0.53 () {54 vars in 916 bytes} [Thu Sep 16 04:36:17 2021] GET /placement => generated 136 bytes in 2 msecs (HTTP/1.1 200) 6 headers in 224 bytes (1 switches on core 0)
Sep 16 04:36:17.522683 n-d-712142-17 devstack@placement-api.service[95226]: DEBUG placement.requestlog [req-8c69e07d-d519-4a89-b20d-2bdfe6fee510 req-b1d584a8-83a5-4bd3-ac54-a1a27db036b8 None None] Starting request: 10.222.0.53 "GET /placement/allocations/50323659-bf9d-4245-ac0e-c6f6e8a5fdda" {{(pid=95226) __call__ /opt/stack/placement/placement/requestlog.py:55}}
Sep 16 04:36:17.599049 n-d-712142-17 devstack@placement-api.service[95226]: INFO placement.requestlog [req-8c69e07d-d519-4a89-b20d-2bdfe6fee510 req-b1d584a8-83a5-4bd3-ac54-a1a27db036b8 service placement] 10.222.0.53 "GET /placement/allocations/50323659-bf9d-4245-ac0e-c6f6e8a5fdda" status: 200 len: 259 microversion: 1.28
Sep 16 04:36:17.599859 n-d-712142-17 devstack@placement-api.service[95226]: [pid: 95226|app: 0|req: 117/230] 10.222.0.53 () {60 vars in 1381 bytes} [Thu Sep 16 04:36:17 2021] GET /placement/allocations/50323659-bf9d-4245-ac0e-c6f6e8a5fdda => generated 259 bytes in 77 msecs (HTTP/1.1 200) 8 headers in 296 bytes (1 switches on core 0)
Sep 16 04:36:17.608905 n-d-712142-17 devstack@placement-api.service[95227]: DEBUG placement.requestlog [req-8c69e07d-d519-4a89-b20d-2bdfe6fee510 req-16a3993f-e653-4e0d-b553-040d1c191788 None None] Starting request: 10.222.0.53 "GET /placement/allocations/50323659-bf9d-4245-ac0e-c6f6e8a5fdda" {{(pid=95227) __call__ /opt/stack/placement/placement/requestlog.py:55}}
Sep 16 04:36:17.628898 n-d-712142-17 devstack@placement-api.service[95227]: INFO placement.requestlog [req-8c69e07d-d519-4a89-b20d-2bdfe6fee510 req-16a3993f-e653-4e0d-b553-040d1c191788 service placement] 10.222.0.53 "GET /placement/allocations/50323659-bf9d-4245-ac0e-c6f6e8a5fdda" status: 200 len: 259 microversion: 1.28
Sep 16 04:36:17.635496 n-d-712142-17 devstack@placement-api.service[95226]: DEBUG placement.requestlog [req-8c69e07d-d519-4a89-b20d-2bdfe6fee510 req-224b65c2-cdf6-49f3-9f54-e2669e52ef57 None None] Starting request: 10.222.0.53 "GET /placement/allocations/06a18c65-5f91-4e0e-a2a8-31ef9b675710" {{(pid=95226) __call__ /opt/stack/placement/placement/requestlog.py:55}}
Sep 16 04:36:17.644972 n-d-712142-17 devstack@placement-api.service[95227]: [pid: 95227|app: 0|req: 114/231] 10.222.0.53 () {60 vars in 1381 bytes} [Thu Sep 16 04:36:17 2021] GET /placement/allocations/50323659-bf9d-4245-ac0e-c6f6e8a5fdda => generated 259 bytes in 36 msecs (HTTP/1.1 200) 8 headers in 296 bytes (2 switches on core 0)
Sep 16 04:36:17.647783 n-d-712142-17 devstack@placement-api.service[95226]: INFO placement.requestlog [req-8c69e07d-d519-4a89-b20d-2bdfe6fee510 req-224b65c2-cdf6-49f3-9f54-e2669e52ef57 service placement] 10.222.0.53 "GET /placement/allocations/06a18c65-5f91-4e0e-a2a8-31ef9b675710" status: 200 len: 19 microversion: 1.28
Sep 16 04:36:17.655617 n-d-712142-17 devstack@placement-api.service[95227]: DEBUG placement.requestlog [req-8c69e07d-d519-4a89-b20d-2bdfe6fee510 req-3a20f0ae-060b-4afc-8a9e-68c563acd191 None None] Starting request: 10.222.0.53 "POST /placement/allocations" {{(pid=95227) __call__ /opt/stack/placement/placement/requestlog.py:55}}
Sep 16 04:36:17.659324 n-d-712142-17 devstack@placement-api.service[95226]: [pid: 95226|app: 0|req: 118/232] 10.222.0.53 () {60 vars in 1381 bytes} [Thu Sep 16 04:36:17 2021] GET /placement/allocations/06a18c65-5f91-4e0e-a2a8-31ef9b675710 => generated 19 bytes in 24 msecs (HTTP/1.1 200) 8 headers in 295 bytes (1 switches on core 0)
Sep 16 04:36:17.773738 n-d-712142-17 devstack@placement-api.service[95227]: DEBUG placement.handlers.allocation [req-8c69e07d-d519-4a89-b20d-2bdfe6fee510 req-3a20f0ae-060b-4afc-8a9e-68c563acd191 service placement] Successfully wrote allocations [<placement.objects.allocation.Allocation object at 0x7fbf50534eb0>, <placement.objects.allocation.Allocation object at 0x7fbf50534e50>, <placement.objects.allocation.Allocation object at 0x7fbf50534c10>, <placement.objects.allocation.Allocation object at 0x7fbf50534cd0>, <placement.objects.allocation.Allocation object at 0x7fbf50534b20>, <placement.objects.allocation.Allocation object at 0x7fbf5076e340>] {{(pid=95227) _update_consumers_and_create_allocations /opt/stack/placement/placement/handlers/allocation.py:572}}
Sep 16 04:36:17.782886 n-d-712142-17 devstack@placement-api.service[95227]: INFO placement.requestlog [req-8c69e07d-d519-4a89-b20d-2bdfe6fee510 req-3a20f0ae-060b-4afc-8a9e-68c563acd191 service placement] 10.222.0.53 "POST /placement/allocations" status: 204 len: 0 microversion: 1.28
Sep 16 04:36:17.794832 n-d-712142-17 devstack@placement-api.service[95227]: [pid: 95227|app: 0|req: 115/233] 10.222.0.53 () {64 vars in 1324 bytes} [Thu Sep 16 04:36:17 2021] POST /placement/allocations => generated 0 bytes in 128 msecs (HTTP/1.1 204) 5 headers in 199 bytes (1 switches on core 0)
Sep 16 04:36:17.819535 n-d-712142-17 devstack@placement-api.service[95226]: DEBUG placement.requestlog [req-8c69e07d-d519-4a89-b20d-2bdfe6fee510 req-7eb4b0d5-335d-4d2f-9a61-72f2df808d08 None None] Starting request: 10.222.0.53 "GET /placement/allocations/50323659-bf9d-4245-ac0e-c6f6e8a5fdda" {{(pid=95226) __call__ /opt/stack/placement/placement/requestlog.py:55}}
Sep 16 04:36:17.840875 n-d-712142-17 devstack@placement-api.service[95226]: INFO placement.requestlog [req-8c69e07d-d519-4a89-b20d-2bdfe6fee510 req-7eb4b0d5-335d-4d2f-9a61-72f2df808d08 service placement] 10.222.0.53 "GET /placement/allocations/50323659-bf9d-4245-ac0e-c6f6e8a5fdda" status: 200 len: 19 microversion: 1.28
Sep 16 04:36:17.841425 n-d-712142-17 devstack@placement-api.service[95226]: [pid: 95226|app: 0|req: 119/234] 10.222.0.53 () {60 vars in 1381 bytes} [Thu Sep 16 04:36:17 2021] GET /placement/allocations/50323659-bf9d-4245-ac0e-c6f6e8a5fdda => generated 19 bytes in 22 msecs (HTTP/1.1 200) 8 headers in 295 bytes (1 switches on core 0)
Sep 16 04:36:17.857472 n-d-712142-17 devstack@placement-api.service[95227]: DEBUG placement.requestlog [req-8c69e07d-d519-4a89-b20d-2bdfe6fee510 req-9f1c9b73-2cca-476f-8e5f-306cafc5f168 None None] Starting request: 10.222.0.53 "PUT /placement/allocations/50323659-bf9d-4245-ac0e-c6f6e8a5fdda" {{(pid=95227) __call__ /opt/stack/placement/placement/requestlog.py:55}}
Sep 16 04:36:17.943660 n-d-712142-17 devstack@placement-api.service[95227]: DEBUG placement.handlers.allocation [req-8c69e07d-d519-4a89-b20d-2bdfe6fee510 req-9f1c9b73-2cca-476f-8e5f-306cafc5f168 service placement] Successfully wrote allocations [<placement.objects.allocation.Allocation object at 0x7fbf505986d0>, <placement.objects.allocation.Allocation object at 0x7fbf50598fd0>, <placement.objects.allocation.Allocation object at 0x7fbf505988e0>] {{(pid=95227) _update_consumers_and_create_allocations /opt/stack/placement/placement/handlers/allocation.py:462}}
Sep 16 04:36:17.953008 n-d-712142-17 devstack@placement-api.service[95227]: INFO placement.requestlog [req-8c69e07d-d519-4a89-b20d-2bdfe6fee510 req-9f1c9b73-2cca-476f-8e5f-306cafc5f168 service placement] 10.222.0.53 "PUT /placement/allocations/50323659-bf9d-4245-ac0e-c6f6e8a5fdda" status: 204 len: 0 microversion: 1.28
Sep 16 04:36:17.953952 n-d-712142-17 devstack@placement-api.service[95227]: [pid: 95227|app: 0|req: 116/235] 10.222.0.53 () {64 vars in 1434 bytes} [Thu Sep 16 04:36:17 2021] PUT /placement/allocations/50323659-bf9d-4245-ac0e-c6f6e8a5fdda => generated 0 bytes in 97 msecs (HTTP/1.1 204) 5 headers in 199 bytes (2 switches on core 0)
Sep 16 04:36:18.185454 n-d-712142-17 devstack@placement-api.service[95226]: DEBUG placement.requestlog [req-8c69e07d-d519-4a89-b20d-2bdfe6fee510 req-1f6e3269-a44f-4042-b671-19cc74632462 None None] Starting request: 10.222.0.15 "GET /placement/allocations/50323659-bf9d-4245-ac0e-c6f6e8a5fdda" {{(pid=95226) __call__ /opt/stack/placement/placement/requestlog.py:55}}
Sep 16 04:36:18.213390 n-d-712142-17 devstack@placement-api.service[95226]: INFO placement.requestlog [req-8c69e07d-d519-4a89-b20d-2bdfe6fee510 req-1f6e3269-a44f-4042-b671-19cc74632462 service placement] 10.222.0.15 "GET /placement/allocations/50323659-bf9d-4245-ac0e-c6f6e8a5fdda" status: 200 len: 259 microversion: 1.28
Sep 16 04:36:18.214252 n-d-712142-17 devstack@placement-api.service[95226]: [pid: 95226|app: 0|req: 120/236] 10.222.0.15 () {60 vars in 1378 bytes} [Thu Sep 16 04:36:18 2021] GET /placement/allocations/50323659-bf9d-4245-ac0e-c6f6e8a5fdda => generated 259 bytes in 29 msecs (HTTP/1.1 200) 8 headers in 296 bytes (1 switches on core 0)
Sep 16 04:36:18.633144 n-d-712142-17 devstack@placement-api.service[95227]: DEBUG placement.requestlog [req-7b61201c-eb7d-415a-b4f8-5ee9aa2d11c3 req-8710d42d-ffc4-4d6a-bfbd-9451dd024653 None None] Starting request: 10.222.0.50 "DELETE /placement/allocations/0a3f0673-06de-47c7-b6a8-864e8b2e6d22" {{(pid=95227) __call__ /opt/stack/placement/placement/requestlog.py:55}}
Sep 16 04:36:18.691879 n-d-712142-17 devstack@placement-api.service[95227]: DEBUG placement.handlers.allocation [req-7b61201c-eb7d-415a-b4f8-5ee9aa2d11c3 req-8710d42d-ffc4-4d6a-bfbd-9451dd024653 service placement] Successfully deleted allocations [<placement.objects.allocation.Allocation object at 0x7fbf505986d0>, <placement.objects.allocation.Allocation object at 0x7fbf50598cd0>, <placement.objects.allocation.Allocation object at 0x7fbf50598c10>] {{(pid=95227) delete_allocations /opt/stack/placement/placement/handlers/allocation.py:627}}
Sep 16 04:36:18.693281 n-d-712142-17 devstack@placement-api.service[95227]: INFO placement.requestlog [req-7b61201c-eb7d-415a-b4f8-5ee9aa2d11c3 req-8710d42d-ffc4-4d6a-bfbd-9451dd024653 service placement] 10.222.0.50 "DELETE /placement/allocations/0a3f0673-06de-47c7-b6a8-864e8b2e6d22" status: 204 len: 0 microversion: 1.0
Sep 16 04:36:18.694461 n-d-712142-17 devstack@placement-api.service[95227]: [pid: 95227|app: 0|req: 117/237] 10.222.0.50 () {60 vars in 1356 bytes} [Thu Sep 16 04:36:18 2021] DELETE /placement/allocations/0a3f0673-06de-47c7-b6a8-864e8b2e6d22 => generated 0 bytes in 61 msecs (HTTP/1.1 204) 5 headers in 198 bytes (1 switches on core 0)
Sep 16 04:36:21.357542 n-d-712142-17 devstack@placement-api.service[95226]: DEBUG placement.requestlog [req-f06a8e2a-e631-405d-89a7-807c64fec0a4 req-13faf3b8-7ef4-4b42-8c09-b24de760377a None None] Starting request: 10.222.0.53 "GET /placement/allocation_candidates?limit=1000&resources=DISK_GB%3A1%2CMEMORY_MB%3A1024%2CVCPU%3A1&root_required=%21COMPUTE_STATUS_DISABLED" {{(pid=95226) __call__ /opt/stack/placement/placement/requestlog.py:55}}
Sep 16 04:36:21.478561 n-d-712142-17 devstack@placement-api.service[95226]: DEBUG placement.objects.research_context [req-f06a8e2a-e631-405d-89a7-807c64fec0a4 req-13faf3b8-7ef4-4b42-8c09-b24de760377a service placement] getting providers with 1 DISK_GB {{(pid=95226) __init__ /opt/stack/placement/placement/objects/research_context.py:126}}
Sep 16 04:36:21.498384 n-d-712142-17 devstack@placement-api.service[95226]: DEBUG placement.objects.research_context [req-f06a8e2a-e631-405d-89a7-807c64fec0a4 req-13faf3b8-7ef4-4b42-8c09-b24de760377a service placement] getting providers with 1024 MEMORY_MB {{(pid=95226) __init__ /opt/stack/placement/placement/objects/research_context.py:126}}
Sep 16 04:36:21.507138 n-d-712142-17 devstack@placement-api.service[95226]: DEBUG placement.objects.research_context [req-f06a8e2a-e631-405d-89a7-807c64fec0a4 req-13faf3b8-7ef4-4b42-8c09-b24de760377a service placement] getting providers with 1 VCPU {{(pid=95226) __init__ /opt/stack/placement/placement/objects/research_context.py:126}}
Sep 16 04:36:21.534678 n-d-712142-17 devstack@placement-api.service[95226]: DEBUG placement.objects.research_context [req-f06a8e2a-e631-405d-89a7-807c64fec0a4 req-13faf3b8-7ef4-4b42-8c09-b24de760377a service placement] found 2 providers with available 1 DISK_GB {{(pid=95226) get_provider_ids_matching /opt/stack/placement/placement/objects/research_context.py:549}}
Sep 16 04:36:21.537999 n-d-712142-17 devstack@placement-api.service[95226]: DEBUG placement.objects.research_context [req-f06a8e2a-e631-405d-89a7-807c64fec0a4 req-13faf3b8-7ef4-4b42-8c09-b24de760377a service placement] found 2 providers with available 1024 MEMORY_MB {{(pid=95226) get_provider_ids_matching /opt/stack/placement/placement/objects/research_context.py:549}}
Sep 16 04:36:21.538467 n-d-712142-17 devstack@placement-api.service[95226]: DEBUG placement.objects.research_context [req-f06a8e2a-e631-405d-89a7-807c64fec0a4 req-13faf3b8-7ef4-4b42-8c09-b24de760377a service placement] found 2 providers after filtering by previous result {{(pid=95226) get_provider_ids_matching /opt/stack/placement/placement/objects/research_context.py:580}}
Sep 16 04:36:21.538879 n-d-712142-17 devstack@placement-api.service[95226]: DEBUG placement.objects.research_context [req-f06a8e2a-e631-405d-89a7-807c64fec0a4 req-13faf3b8-7ef4-4b42-8c09-b24de760377a service placement] found 2 providers with available 1 VCPU {{(pid=95226) get_provider_ids_matching /opt/stack/placement/placement/objects/research_context.py:549}}
Sep 16 04:36:21.539295 n-d-712142-17 devstack@placement-api.service[95226]: DEBUG placement.objects.research_context [req-f06a8e2a-e631-405d-89a7-807c64fec0a4 req-13faf3b8-7ef4-4b42-8c09-b24de760377a service placement] found 2 providers after filtering by previous result {{(pid=95226) get_provider_ids_matching /opt/stack/placement/placement/objects/research_context.py:580}}
Sep 16 04:36:21.576910 n-d-712142-17 devstack@placement-api.service[95226]: DEBUG placement.objects.allocation_candidate [req-f06a8e2a-e631-405d-89a7-807c64fec0a4 req-13faf3b8-7ef4-4b42-8c09-b24de760377a service placement] RequestGroup(use_same_provider=False, resources={DISK_GB:1, MEMORY_MB:1024, VCPU:1}, traits=[], aggregates=[]) (suffix '') returned 2 matches {{(pid=95226) _get_by_requests /opt/stack/placement/placement/objects/allocation_candidate.py:145}}
Sep 16 04:36:21.577721 n-d-712142-17 devstack@placement-api.service[95226]: DEBUG placement.objects.allocation_candidate [req-f06a8e2a-e631-405d-89a7-807c64fec0a4 req-13faf3b8-7ef4-4b42-8c09-b24de760377a service placement] Merging candidates yields 2 allocation requests and 2 provider summaries {{(pid=95226) _merge_candidates /opt/stack/placement/placement/objects/allocation_candidate.py:783}}
Sep 16 04:36:21.581586 n-d-712142-17 devstack@placement-api.service[95226]: INFO placement.requestlog [req-f06a8e2a-e631-405d-89a7-807c64fec0a4 req-13faf3b8-7ef4-4b42-8c09-b24de760377a service placement] 10.222.0.53 "GET /placement/allocation_candidates?limit=1000&resources=DISK_GB%3A1%2CMEMORY_MB%3A1024%2CVCPU%3A1&root_required=%21COMPUTE_STATUS_DISABLED" status: 200 len: 1309 microversion: 1.36
Sep 16 04:36:21.582091 n-d-712142-17 devstack@placement-api.service[95226]: [pid: 95226|app: 0|req: 121/238] 10.222.0.53 () {60 vars in 1507 bytes} [Thu Sep 16 04:36:21 2021] GET /placement/allocation_candidates?limit=1000&resources=DISK_GB%3A1%2CMEMORY_MB%3A1024%2CVCPU%3A1&root_required=%21COMPUTE_STATUS_DISABLED => generated 1309 bytes in 225 msecs (HTTP/1.1 200) 8 headers in 297 bytes (1 switches on core 0)
Sep 16 04:36:21.716089 n-d-712142-17 devstack@placement-api.service[95227]: DEBUG placement.requestlog [req-f06a8e2a-e631-405d-89a7-807c64fec0a4 req-95cbb53e-7344-495b-8bf9-62180b752828 None None] Starting request: 10.222.0.53 "GET /placement/allocations/6534dfdd-1877-48c2-8d9f-598380b771b3" {{(pid=95227) __call__ /opt/stack/placement/placement/requestlog.py:55}}
Sep 16 04:36:21.733468 n-d-712142-17 devstack@placement-api.service[95227]: INFO placement.requestlog [req-f06a8e2a-e631-405d-89a7-807c64fec0a4 req-95cbb53e-7344-495b-8bf9-62180b752828 service placement] 10.222.0.53 "GET /placement/allocations/6534dfdd-1877-48c2-8d9f-598380b771b3" status: 200 len: 19 microversion: 1.28
Sep 16 04:36:21.733724 n-d-712142-17 devstack@placement-api.service[95227]: [pid: 95227|app: 0|req: 118/239] 10.222.0.53 () {60 vars in 1381 bytes} [Thu Sep 16 04:36:21 2021] GET /placement/allocations/6534dfdd-1877-48c2-8d9f-598380b771b3 => generated 19 bytes in 18 msecs (HTTP/1.1 200) 8 headers in 295 bytes (1 switches on core 0)
Sep 16 04:36:21.756039 n-d-712142-17 devstack@placement-api.service[95226]: DEBUG placement.requestlog [req-f06a8e2a-e631-405d-89a7-807c64fec0a4 req-1dcf9d05-70cb-4ec0-aa48-e5f2db01f7bb None None] Starting request: 10.222.0.53 "PUT /placement/allocations/6534dfdd-1877-48c2-8d9f-598380b771b3" {{(pid=95226) __call__ /opt/stack/placement/placement/requestlog.py:55}}
Sep 16 04:36:21.867492 n-d-712142-17 devstack@placement-api.service[95226]: DEBUG placement.handlers.allocation [req-f06a8e2a-e631-405d-89a7-807c64fec0a4 req-1dcf9d05-70cb-4ec0-aa48-e5f2db01f7bb service placement] Successfully wrote allocations [<placement.objects.allocation.Allocation object at 0x7fbf50557790>, <placement.objects.allocation.Allocation object at 0x7fbf5067b610>, <placement.objects.allocation.Allocation object at 0x7fbf5067b070>] {{(pid=95226) _update_consumers_and_create_allocations /opt/stack/placement/placement/handlers/allocation.py:462}}
Sep 16 04:36:21.881588 n-d-712142-17 devstack@placement-api.service[95226]: INFO placement.requestlog [req-f06a8e2a-e631-405d-89a7-807c64fec0a4 req-1dcf9d05-70cb-4ec0-aa48-e5f2db01f7bb service placement] 10.222.0.53 "PUT /placement/allocations/6534dfdd-1877-48c2-8d9f-598380b771b3" status: 204 len: 0 microversion: 1.36
Sep 16 04:36:21.885732 n-d-712142-17 devstack@placement-api.service[95226]: [pid: 95226|app: 0|req: 122/240] 10.222.0.53 () {64 vars in 1434 bytes} [Thu Sep 16 04:36:21 2021] PUT /placement/allocations/6534dfdd-1877-48c2-8d9f-598380b771b3 => generated 0 bytes in 126 msecs (HTTP/1.1 204) 5 headers in 199 bytes (3 switches on core 0)
Sep 16 04:36:22.367235 n-d-712142-17 devstack@placement-api.service[95227]: DEBUG placement.requestlog [req-f06a8e2a-e631-405d-89a7-807c64fec0a4 req-c904ba67-4e1b-4668-8458-c8361666430b None None] Starting request: 10.222.0.50 "GET /placement/allocations/6534dfdd-1877-48c2-8d9f-598380b771b3" {{(pid=95227) __call__ /opt/stack/placement/placement/requestlog.py:55}}
Sep 16 04:36:22.385895 n-d-712142-17 devstack@placement-api.service[95227]: INFO placement.requestlog [req-f06a8e2a-e631-405d-89a7-807c64fec0a4 req-c904ba67-4e1b-4668-8458-c8361666430b service placement] 10.222.0.50 "GET /placement/allocations/6534dfdd-1877-48c2-8d9f-598380b771b3" status: 200 len: 259 microversion: 1.28
Sep 16 04:36:22.386665 n-d-712142-17 devstack@placement-api.service[95227]: [pid: 95227|app: 0|req: 119/241] 10.222.0.50 () {60 vars in 1378 bytes} [Thu Sep 16 04:36:22 2021] GET /placement/allocations/6534dfdd-1877-48c2-8d9f-598380b771b3 => generated 259 bytes in 19 msecs (HTTP/1.1 200) 8 headers in 296 bytes (1 switches on core 0)
Sep 16 04:36:30.573474 n-d-712142-17 devstack@placement-api.service[95226]: DEBUG placement.requestlog [req-dbcbc2d6-581c-4b5f-a425-fc695d918bc5 req-1cfae677-fc9d-4708-ab94-47de51c69d94 None None] Starting request: 10.222.0.53 "GET /placement/allocation_candidates?resources=DISK_GB%3A1%2CMEMORY_MB%3A1024%2CVCPU%3A1&root_required=%21COMPUTE_STATUS_DISABLED" {{(pid=95226) __call__ /opt/stack/placement/placement/requestlog.py:55}}
Sep 16 04:36:30.611767 n-d-712142-17 devstack@placement-api.service[95226]: DEBUG placement.objects.research_context [req-dbcbc2d6-581c-4b5f-a425-fc695d918bc5 req-1cfae677-fc9d-4708-ab94-47de51c69d94 service placement] getting providers with 1 DISK_GB {{(pid=95226) __init__ /opt/stack/placement/placement/objects/research_context.py:126}}
Sep 16 04:36:30.620588 n-d-712142-17 devstack@placement-api.service[95226]: DEBUG placement.objects.research_context [req-dbcbc2d6-581c-4b5f-a425-fc695d918bc5 req-1cfae677-fc9d-4708-ab94-47de51c69d94 service placement] getting providers with 1024 MEMORY_MB {{(pid=95226) __init__ /opt/stack/placement/placement/objects/research_context.py:126}}
Sep 16 04:36:30.629518 n-d-712142-17 devstack@placement-api.service[95226]: DEBUG placement.objects.research_context [req-dbcbc2d6-581c-4b5f-a425-fc695d918bc5 req-1cfae677-fc9d-4708-ab94-47de51c69d94 service placement] getting providers with 1 VCPU {{(pid=95226) __init__ /opt/stack/placement/placement/objects/research_context.py:126}}
Sep 16 04:36:30.655156 n-d-712142-17 devstack@placement-api.service[95226]: DEBUG placement.objects.research_context [req-dbcbc2d6-581c-4b5f-a425-fc695d918bc5 req-1cfae677-fc9d-4708-ab94-47de51c69d94 service placement] found 2 providers with available 1 DISK_GB {{(pid=95226) get_provider_ids_matching /opt/stack/placement/placement/objects/research_context.py:549}}
Sep 16 04:36:30.655846 n-d-712142-17 devstack@placement-api.service[95226]: DEBUG placement.objects.research_context [req-dbcbc2d6-581c-4b5f-a425-fc695d918bc5 req-1cfae677-fc9d-4708-ab94-47de51c69d94 service placement] found 2 providers with available 1024 MEMORY_MB {{(pid=95226) get_provider_ids_matching /opt/stack/placement/placement/objects/research_context.py:549}}
Sep 16 04:36:30.656845 n-d-712142-17 devstack@placement-api.service[95226]: DEBUG placement.objects.research_context [req-dbcbc2d6-581c-4b5f-a425-fc695d918bc5 req-1cfae677-fc9d-4708-ab94-47de51c69d94 service placement] found 2 providers after filtering by previous result {{(pid=95226) get_provider_ids_matching /opt/stack/placement/placement/objects/research_context.py:580}}
Sep 16 04:36:30.657297 n-d-712142-17 devstack@placement-api.service[95226]: DEBUG placement.objects.research_context [req-dbcbc2d6-581c-4b5f-a425-fc695d918bc5 req-1cfae677-fc9d-4708-ab94-47de51c69d94 service placement] found 2 providers with available 1 VCPU {{(pid=95226) get_provider_ids_matching /opt/stack/placement/placement/objects/research_context.py:549}}
Sep 16 04:36:30.657944 n-d-712142-17 devstack@placement-api.service[95226]: DEBUG placement.objects.research_context [req-dbcbc2d6-581c-4b5f-a425-fc695d918bc5 req-1cfae677-fc9d-4708-ab94-47de51c69d94 service placement] found 2 providers after filtering by previous result {{(pid=95226) get_provider_ids_matching /opt/stack/placement/placement/objects/research_context.py:580}}
Sep 16 04:36:30.687050 n-d-712142-17 devstack@placement-api.service[95226]: DEBUG placement.objects.allocation_candidate [req-dbcbc2d6-581c-4b5f-a425-fc695d918bc5 req-1cfae677-fc9d-4708-ab94-47de51c69d94 service placement] RequestGroup(use_same_provider=False, resources={DISK_GB:1, MEMORY_MB:1024, VCPU:1}, traits=[], aggregates=[]) (suffix '') returned 2 matches {{(pid=95226) _get_by_requests /opt/stack/placement/placement/objects/allocation_candidate.py:145}}
Sep 16 04:36:30.687957 n-d-712142-17 devstack@placement-api.service[95226]: DEBUG placement.objects.allocation_candidate [req-dbcbc2d6-581c-4b5f-a425-fc695d918bc5 req-1cfae677-fc9d-4708-ab94-47de51c69d94 service placement] Merging candidates yields 2 allocation requests and 2 provider summaries {{(pid=95226) _merge_candidates /opt/stack/placement/placement/objects/allocation_candidate.py:783}}
Sep 16 04:36:30.693702 n-d-712142-17 devstack@placement-api.service[95226]: INFO placement.requestlog [req-dbcbc2d6-581c-4b5f-a425-fc695d918bc5 req-1cfae677-fc9d-4708-ab94-47de51c69d94 service placement] 10.222.0.53 "GET /placement/allocation_candidates?resources=DISK_GB%3A1%2CMEMORY_MB%3A1024%2CVCPU%3A1&root_required=%21COMPUTE_STATUS_DISABLED" status: 200 len: 1311 microversion: 1.36
Sep 16 04:36:30.705898 n-d-712142-17 devstack@placement-api.service[95226]: [pid: 95226|app: 0|req: 123/242] 10.222.0.53 () {60 vars in 1485 bytes} [Thu Sep 16 04:36:30 2021] GET /placement/allocation_candidates?resources=DISK_GB%3A1%2CMEMORY_MB%3A1024%2CVCPU%3A1&root_required=%21COMPUTE_STATUS_DISABLED => generated 1311 bytes in 132 msecs (HTTP/1.1 200) 8 headers in 297 bytes (1 switches on core 0)
Sep 16 04:36:30.817684 n-d-712142-17 devstack@placement-api.service[95227]: DEBUG placement.requestlog [req-dbcbc2d6-581c-4b5f-a425-fc695d918bc5 req-aa8634d3-b43b-4b06-a5fd-f21bfea1a97d None None] Starting request: 10.222.0.53 "GET /placement/allocations/cd87f8b1-42e2-4c76-acfe-bbdde9c257b7" {{(pid=95227) __call__ /opt/stack/placement/placement/requestlog.py:55}}
Sep 16 04:36:30.832017 n-d-712142-17 devstack@placement-api.service[95227]: INFO placement.requestlog [req-dbcbc2d6-581c-4b5f-a425-fc695d918bc5 req-aa8634d3-b43b-4b06-a5fd-f21bfea1a97d service placement] 10.222.0.53 "GET /placement/allocations/cd87f8b1-42e2-4c76-acfe-bbdde9c257b7" status: 200 len: 19 microversion: 1.28
Sep 16 04:36:30.833111 n-d-712142-17 devstack@placement-api.service[95227]: [pid: 95227|app: 0|req: 120/243] 10.222.0.53 () {60 vars in 1381 bytes} [Thu Sep 16 04:36:30 2021] GET /placement/allocations/cd87f8b1-42e2-4c76-acfe-bbdde9c257b7 => generated 19 bytes in 15 msecs (HTTP/1.1 200) 8 headers in 295 bytes (1 switches on core 0)
Sep 16 04:36:30.842721 n-d-712142-17 devstack@placement-api.service[95226]: DEBUG placement.requestlog [req-dbcbc2d6-581c-4b5f-a425-fc695d918bc5 req-6397c8cf-204f-4357-b788-ec9bd34cbb49 None None] Starting request: 10.222.0.53 "PUT /placement/allocations/cd87f8b1-42e2-4c76-acfe-bbdde9c257b7" {{(pid=95226) __call__ /opt/stack/placement/placement/requestlog.py:55}}
Sep 16 04:36:30.980117 n-d-712142-17 devstack@placement-api.service[95226]: DEBUG placement.handlers.allocation [req-dbcbc2d6-581c-4b5f-a425-fc695d918bc5 req-6397c8cf-204f-4357-b788-ec9bd34cbb49 service placement] Successfully wrote allocations [<placement.objects.allocation.Allocation object at 0x7fbf50641cd0>, <placement.objects.allocation.Allocation object at 0x7fbf50641970>, <placement.objects.allocation.Allocation object at 0x7fbf50641c10>] {{(pid=95226) _update_consumers_and_create_allocations /opt/stack/placement/placement/handlers/allocation.py:462}}
Sep 16 04:36:30.998147 n-d-712142-17 devstack@placement-api.service[95226]: INFO placement.requestlog [req-dbcbc2d6-581c-4b5f-a425-fc695d918bc5 req-6397c8cf-204f-4357-b788-ec9bd34cbb49 service placement] 10.222.0.53 "PUT /placement/allocations/cd87f8b1-42e2-4c76-acfe-bbdde9c257b7" status: 204 len: 0 microversion: 1.36
Sep 16 04:36:30.998697 n-d-712142-17 devstack@placement-api.service[95226]: [pid: 95226|app: 0|req: 124/244] 10.222.0.53 () {64 vars in 1434 bytes} [Thu Sep 16 04:36:30 2021] PUT /placement/allocations/cd87f8b1-42e2-4c76-acfe-bbdde9c257b7 => generated 0 bytes in 156 msecs (HTTP/1.1 204) 5 headers in 199 bytes (1 switches on core 0)
Sep 16 04:36:31.561572 n-d-712142-17 devstack@placement-api.service[95227]: DEBUG placement.requestlog [req-dbcbc2d6-581c-4b5f-a425-fc695d918bc5 req-47d40b23-8a0c-4181-9bc5-b33dfd73a088 None None] Starting request: 10.222.0.50 "GET /placement/allocations/cd87f8b1-42e2-4c76-acfe-bbdde9c257b7" {{(pid=95227) __call__ /opt/stack/placement/placement/requestlog.py:55}}
Sep 16 04:36:31.593462 n-d-712142-17 devstack@placement-api.service[95227]: INFO placement.requestlog [req-dbcbc2d6-581c-4b5f-a425-fc695d918bc5 req-47d40b23-8a0c-4181-9bc5-b33dfd73a088 service placement] 10.222.0.50 "GET /placement/allocations/cd87f8b1-42e2-4c76-acfe-bbdde9c257b7" status: 200 len: 259 microversion: 1.28
Sep 16 04:36:31.593462 n-d-712142-17 devstack@placement-api.service[95227]: [pid: 95227|app: 0|req: 121/245] 10.222.0.50 () {60 vars in 1378 bytes} [Thu Sep 16 04:36:31 2021] GET /placement/allocations/cd87f8b1-42e2-4c76-acfe-bbdde9c257b7 => generated 259 bytes in 32 msecs (HTTP/1.1 200) 8 headers in 296 bytes (1 switches on core 0)
