Aug 29 04:16:20.398286 n-d-712142-15 neutron-server[94848]: DEBUG neutron_lib.callbacks.manager [None req-56bb9587-c17e-4f84-ac07-938e4c5a30bf None None] Notify callbacks ['neutron.plugins.ml2.plugin.SecurityGroupDbMixin._ensure_default_security_group_handler-4070234'] for port, before_update {{(pid=94848) _notify_loop /usr/local/lib/python3.8/dist-packages/neutron_lib/callbacks/manager.py:192}}
Aug 29 04:16:20.453813 n-d-712142-15 neutron-server[94845]: DEBUG neutron.api.v2.base [req-4ec62cc7-bcc9-4d21-a3af-087f8ea4d98b req-ca9c33a3-a5ae-430d-81f4-b7a3964861ab tempest-SecurityGroupsTestAdminJSON-1034125330 tempest-SecurityGroupsTestAdminJSON-1034125330-project-admin] Request body: {'security_group': {'name': 'tempest-securitygroup-115843169', 'description': 'tempest-description-54325252'}} {{(pid=94845) prepare_request_body /opt/stack/neutron/neutron/api/v2/base.py:730}}
Aug 29 04:16:20.483900 n-d-712142-15 neutron-server[94845]: DEBUG neutron_lib.callbacks.manager [req-4ec62cc7-bcc9-4d21-a3af-087f8ea4d98b req-ca9c33a3-a5ae-430d-81f4-b7a3964861ab tempest-SecurityGroupsTestAdminJSON-1034125330 tempest-SecurityGroupsTestAdminJSON-1034125330-project-admin] Notify callbacks [] for security_group, before_create {{(pid=94845) _notify_loop /usr/local/lib/python3.8/dist-packages/neutron_lib/callbacks/manager.py:192}}
Aug 29 04:16:20.524676 n-d-712142-15 neutron-server[94845]: DEBUG neutron_lib.callbacks.manager [req-4ec62cc7-bcc9-4d21-a3af-087f8ea4d98b req-ca9c33a3-a5ae-430d-81f4-b7a3964861ab tempest-SecurityGroupsTestAdminJSON-1034125330 tempest-SecurityGroupsTestAdminJSON-1034125330-project-admin] Notify callbacks [] for security_group, before_create {{(pid=94845) _notify_loop /usr/local/lib/python3.8/dist-packages/neutron_lib/callbacks/manager.py:192}}
Aug 29 04:16:20.666916 n-d-712142-15 neutron-server[94845]: DEBUG neutron.wsgi [-] (94845) accepted ('10.222.0.58', 58742) {{(pid=94845) server /usr/local/lib/python3.8/dist-packages/eventlet/wsgi.py:982}}
Aug 29 04:16:20.726540 n-d-712142-15 neutron-server[94847]: DEBUG neutron.plugins.ml2.rpc [None req-cb8f7ea7-4d68-4f51-993f-9e108fdc613f None None] Device 66f8ce8e-778c-4338-bdee-26efa84ca32a up at agent ovs-agent-n-d-712142-15 {{(pid=94847) update_device_up /opt/stack/neutron/neutron/plugins/ml2/rpc.py:296}}
Aug 29 04:16:20.740894 n-d-712142-15 neutron-server[94845]: DEBUG neutron_lib.callbacks.manager [req-4ec62cc7-bcc9-4d21-a3af-087f8ea4d98b req-ca9c33a3-a5ae-430d-81f4-b7a3964861ab tempest-SecurityGroupsTestAdminJSON-1034125330 tempest-SecurityGroupsTestAdminJSON-1034125330-project-admin] Notify callbacks [] for security_group, precommit_create {{(pid=94845) _notify_loop /usr/local/lib/python3.8/dist-packages/neutron_lib/callbacks/manager.py:192}}
Aug 29 04:16:20.746959 n-d-712142-15 neutron-server[94845]: DEBUG neutron_lib.callbacks.manager [req-4ec62cc7-bcc9-4d21-a3af-087f8ea4d98b req-ca9c33a3-a5ae-430d-81f4-b7a3964861ab tempest-SecurityGroupsTestAdminJSON-1034125330 tempest-SecurityGroupsTestAdminJSON-1034125330-project-admin] Notify callbacks ['neutron.plugins.ml2.ovo_rpc._ObjectChangeHandler.handle_event-943336'] for security_group, after_create {{(pid=94845) _notify_loop /usr/local/lib/python3.8/dist-packages/neutron_lib/callbacks/manager.py:192}}
Aug 29 04:16:20.800195 n-d-712142-15 neutron-server[94846]: DEBUG neutron_lib.callbacks.manager [None req-9e453605-5dce-4d6a-ae39-e369a84af0a5 admin admin] Notify callbacks ['neutron.plugins.ml2.plugin.SecurityGroupDbMixin._ensure_default_security_group_handler-4070234'] for port, before_create {{(pid=94846) _notify_loop /usr/local/lib/python3.8/dist-packages/neutron_lib/callbacks/manager.py:192}}
Aug 29 04:16:20.801169 n-d-712142-15 neutron-server[94847]: DEBUG neutron.db.provisioning_blocks [None req-cb8f7ea7-4d68-4f51-993f-9e108fdc613f None None] Provisioning complete for port 66f8ce8e-778c-4338-bdee-26efa84ca32a triggered by entity L2. {{(pid=94847) provisioning_complete /opt/stack/neutron/neutron/db/provisioning_blocks.py:139}}
Aug 29 04:16:20.803079 n-d-712142-15 neutron-server[94847]: DEBUG neutron_lib.callbacks.manager [None req-cb8f7ea7-4d68-4f51-993f-9e108fdc613f None None] Notify callbacks ['neutron.plugins.ml2.plugin.Ml2Plugin._port_provisioned-4110803'] for port, provisioning_complete {{(pid=94847) _notify_loop /usr/local/lib/python3.8/dist-packages/neutron_lib/callbacks/manager.py:192}}
Aug 29 04:16:20.824337 n-d-712142-15 neutron-server[94845]: DEBUG neutron.api.rpc.handlers.resources_rpc [None req-ca9c33a3-a5ae-430d-81f4-b7a3964861ab tempest-SecurityGroupsTestAdminJSON-1034125330 tempest-SecurityGroupsTestAdminJSON-1034125330-project-admin] Pushing event updated for resources: {'SecurityGroup': ['ID=26f3fbc1-3c3b-4b3c-a7b9-a0f3f5dd7d7b,revision_number=1']} {{(pid=94845) push /opt/stack/neutron/neutron/api/rpc/handlers/resources_rpc.py:237}}
Aug 29 04:16:20.880107 n-d-712142-15 neutron-server[94848]: DEBUG neutron_lib.callbacks.manager [None req-56bb9587-c17e-4f84-ac07-938e4c5a30bf None None] Notify callbacks [] for port, precommit_update {{(pid=94848) _notify_loop /usr/local/lib/python3.8/dist-packages/neutron_lib/callbacks/manager.py:192}}
Aug 29 04:16:20.930816 n-d-712142-15 neutron-server[94848]: DEBUG neutron.db.provisioning_blocks [None req-56bb9587-c17e-4f84-ac07-938e4c5a30bf None None] Transition to ACTIVE for port object 793472f6-c51b-45e5-af25-f9ecca63a074 will not be triggered until provisioned by entity L2. {{(pid=94848) add_provisioning_component /opt/stack/neutron/neutron/db/provisioning_blocks.py:73}}
Aug 29 04:16:20.934316 n-d-712142-15 neutron-server[94845]: DEBUG neutron_lib.callbacks.manager [None req-bf21adaf-3b99-4e88-b7db-05f7c1f9b7dd admin admin] Notify callbacks [] for security_group, before_create {{(pid=94845) _notify_loop /usr/local/lib/python3.8/dist-packages/neutron_lib/callbacks/manager.py:192}}
Aug 29 04:16:20.938247 n-d-712142-15 neutron-server[94848]: DEBUG neutron_lib.callbacks.manager [None req-56bb9587-c17e-4f84-ac07-938e4c5a30bf None None] Notify callbacks ['neutron.plugins.ml2.plugin.SecurityGroupServerNotifierRpcMixin._notify_sg_on_port_change-4070165', 'neutron.plugins.ml2.ovo_rpc._ObjectChangeHandler.handle_event-228662', 'neutron.api.rpc.agentnotifiers.dhcp_rpc_agent_api.DhcpAgentNotifyAPI._native_event_send_dhcp_notification-627079', 'neutron.db.l3_db.L3RpcNotifierMixin._notify_gateway_port_ip_changed-8794001954353', 'neutron.db.l3_dvrscheduler_db._notify_l3_agent_port_update-8794001403926', 'neutron.db.l3_hascheduler_db._notify_l3_agent_ha_port_update-8794001403944'] for port, after_update {{(pid=94848) _notify_loop /usr/local/lib/python3.8/dist-packages/neutron_lib/callbacks/manager.py:192}}
Aug 29 04:16:20.981773 n-d-712142-15 neutron-server[94845]: DEBUG neutron_lib.callbacks.manager [req-4ec62cc7-bcc9-4d21-a3af-087f8ea4d98b req-ca9c33a3-a5ae-430d-81f4-b7a3964861ab tempest-SecurityGroupsTestAdminJSON-1034125330 tempest-SecurityGroupsTestAdminJSON-1034125330-project-admin] Notify callbacks [] for security_group, precommit_create {{(pid=94845) _notify_loop /usr/local/lib/python3.8/dist-packages/neutron_lib/callbacks/manager.py:192}}
Aug 29 04:16:20.999805 n-d-712142-15 neutron-server[94845]: DEBUG neutron_lib.callbacks.manager [req-4ec62cc7-bcc9-4d21-a3af-087f8ea4d98b req-ca9c33a3-a5ae-430d-81f4-b7a3964861ab tempest-SecurityGroupsTestAdminJSON-1034125330 tempest-SecurityGroupsTestAdminJSON-1034125330-project-admin] Notify callbacks ['neutron.plugins.ml2.ovo_rpc._ObjectChangeHandler.handle_event-943336'] for security_group, after_create {{(pid=94845) _notify_loop /usr/local/lib/python3.8/dist-packages/neutron_lib/callbacks/manager.py:192}}
Aug 29 04:16:21.015166 n-d-712142-15 neutron-server[94848]: DEBUG neutron.api.rpc.handlers.resources_rpc [None req-94f4b0f1-901c-425a-bb49-5553432b0755 None None] Pushing event updated for resources: {'Port': ['ID=793472f6-c51b-45e5-af25-f9ecca63a074,revision_number=2']} {{(pid=94848) push /opt/stack/neutron/neutron/api/rpc/handlers/resources_rpc.py:237}}
Aug 29 04:16:21.028164 n-d-712142-15 neutron-server[94848]: DEBUG neutron.plugins.ml2.managers [None req-56bb9587-c17e-4f84-ac07-938e4c5a30bf None None] Attempting to bind port 793472f6-c51b-45e5-af25-f9ecca63a074 on host n-d-712142-15 for vnic_type normal with profile {{(pid=94848) bind_port /opt/stack/neutron/neutron/plugins/ml2/managers.py:790}}
Aug 29 04:16:21.028566 n-d-712142-15 neutron-server[94848]: DEBUG neutron.plugins.ml2.managers [None req-56bb9587-c17e-4f84-ac07-938e4c5a30bf None None] Attempting to bind port 793472f6-c51b-45e5-af25-f9ecca63a074 by drivers openvswitch,hyperv on host n-d-712142-15 at level 0 using segments [{'id': '93963830-0adf-49a5-8ff7-1ec944631d54', 'network_type': 'flat', 'physical_network': 'physnet1', 'segmentation_id': None, 'network_id': 'e42a4987-68cc-4c0b-b903-50a81ecdbb98'}] {{(pid=94848) _bind_port_level /opt/stack/neutron/neutron/plugins/ml2/managers.py:815}}
Aug 29 04:16:21.028932 n-d-712142-15 neutron-server[94848]: DEBUG neutron.plugins.ml2.drivers.mech_agent [None req-56bb9587-c17e-4f84-ac07-938e4c5a30bf None None] Attempting to bind port 793472f6-c51b-45e5-af25-f9ecca63a074 on network e42a4987-68cc-4c0b-b903-50a81ecdbb98 {{(pid=94848) bind_port /opt/stack/neutron/neutron/plugins/ml2/drivers/mech_agent.py:85}}
Aug 29 04:16:21.034923 n-d-712142-15 neutron-server[94848]: DEBUG neutron.plugins.ml2.drivers.mech_agent [None req-56bb9587-c17e-4f84-ac07-938e4c5a30bf None None] Checking agent: {'id': 'dcddc9f2-cc03-4e1c-ac7f-d12198b9f96d', 'agent_type': 'Open vSwitch agent', 'binary': 'neutron-openvswitch-agent', 'topic': 'N/A', 'host': 'n-d-712142-15', 'admin_state_up': True, 'created_at': datetime.datetime(2021, 8, 29, 4, 5, 50), 'started_at': datetime.datetime(2021, 8, 29, 4, 6, 20), 'heartbeat_timestamp': datetime.datetime(2021, 8, 29, 4, 16, 20), 'description': None, 'resources_synced': None, 'availability_zone': None, 'alive': True, 'configurations': {'arp_responder_enabled': False, 'baremetal_smartnic': False, 'bridge_mappings': {'physnet1': 'br-data'}, 'datapath_type': 'system', 'devices': 0, 'enable_distributed_routing': False, 'extensions': [], 'in_distributed_mode': False, 'integration_bridge': 'br-int', 'l2_population': False, 'log_agent_heartbeats': False, 'ovs_capabilities': {'datapath_types': ['netdev', 'system'], 'iface_types': ['erspan', 'geneve', 'gre', 'internal', 'ip6erspan', 'ip6gre', 'lisp', 'patch', 'stt', 'system', 'tap', 'vxlan']}, 'ovs_hybrid_plug': False, 'resource_provider_bandwidths': {}, 'resource_provider_hypervisors': {'br-data': 'n-d-712142-15'}, 'resource_provider_inventory_defaults': {'allocation_ratio': 1.0, 'min_unit': 1, 'step_size': 1, 'reserved': 0}, 'tunnel_types': [], 'tunneling_ip': None, 'vhostuser_socket_dir': '/var/run/openvswitch'}, 'resource_versions': {'AddressGroup': '1.2', 'ConntrackHelper': '1.0', 'Log': '1.0', 'Network': '1.1', 'Port': '1.7', 'PortForwarding': '1.2', 'QosPolicy': '1.9', 'SecurityGroup': '1.4', 'SecurityGroupRule': '1.2', 'SubPort': '1.0', 'Subnet': '1.1', 'Trunk': '1.1'}} {{(pid=94848) bind_port /opt/stack/neutron/neutron/plugins/ml2/drivers/mech_agent.py:104}}
Aug 29 04:16:21.035463 n-d-712142-15 neutron-server[94848]: DEBUG neutron.plugins.ml2.drivers.mech_agent [None req-56bb9587-c17e-4f84-ac07-938e4c5a30bf None None] Checking segment: {'id': '93963830-0adf-49a5-8ff7-1ec944631d54', 'network_type': 'flat', 'physical_network': 'physnet1', 'segmentation_id': None, 'network_id': 'e42a4987-68cc-4c0b-b903-50a81ecdbb98'} for mappings: {'physnet1': 'br-data'} with network types: ['local', 'flat', 'vlan'] {{(pid=94848) check_segment_for_agent /opt/stack/neutron/neutron/plugins/ml2/drivers/mech_agent.py:352}}
Aug 29 04:16:21.036174 n-d-712142-15 neutron-server[94848]: DEBUG neutron_lib.callbacks.manager [None req-56bb9587-c17e-4f84-ac07-938e4c5a30bf None None] Notify callbacks [] for ovs_bridge_name, before_read {{(pid=94848) _notify_loop /usr/local/lib/python3.8/dist-packages/neutron_lib/callbacks/manager.py:192}}
Aug 29 04:16:21.036663 n-d-712142-15 neutron-server[94848]: DEBUG neutron.plugins.ml2.drivers.mech_agent [None req-56bb9587-c17e-4f84-ac07-938e4c5a30bf None None] Bound using segment: {'id': '93963830-0adf-49a5-8ff7-1ec944631d54', 'network_type': 'flat', 'physical_network': 'physnet1', 'segmentation_id': None, 'network_id': 'e42a4987-68cc-4c0b-b903-50a81ecdbb98'} {{(pid=94848) bind_port /opt/stack/neutron/neutron/plugins/ml2/drivers/mech_agent.py:114}}
Aug 29 04:16:21.037181 n-d-712142-15 neutron-server[94848]: DEBUG neutron.plugins.ml2.managers [None req-56bb9587-c17e-4f84-ac07-938e4c5a30bf None None] Bound port: 793472f6-c51b-45e5-af25-f9ecca63a074, host: n-d-712142-15, vif_type: ovs, vif_details: {"connectivity": "l2", "port_filter": true, "ovs_hybrid_plug": false, "datapath_type": "system", "bridge_name": "br-int"}, binding_levels: [{'bound_driver': 'openvswitch', 'bound_segment': {'id': '93963830-0adf-49a5-8ff7-1ec944631d54', 'network_type': 'flat', 'physical_network': 'physnet1', 'segmentation_id': None, 'network_id': 'e42a4987-68cc-4c0b-b903-50a81ecdbb98'}}] {{(pid=94848) _bind_port_level /opt/stack/neutron/neutron/plugins/ml2/managers.py:928}}
Aug 29 04:16:21.037599 n-d-712142-15 neutron-server[94848]: DEBUG neutron_lib.callbacks.manager [None req-56bb9587-c17e-4f84-ac07-938e4c5a30bf None None] Notify callbacks ['neutron.plugins.ml2.plugin.SecurityGroupDbMixin._ensure_default_security_group_handler-4070234'] for port, before_update {{(pid=94848) _notify_loop /usr/local/lib/python3.8/dist-packages/neutron_lib/callbacks/manager.py:192}}
Aug 29 04:16:21.087946 n-d-712142-15 neutron-server[94847]: DEBUG neutron_lib.callbacks.manager [None req-113b9774-1dc7-40ae-8fca-5b32ad16acdd None None] Notify callbacks ['neutron.services.segments.db._update_segment_host_mapping_for_agent-8794001929436', 'neutron.plugins.ml2.plugin.Ml2Plugin._retry_binding_revived_agents-4110688'] for agent, after_update {{(pid=94847) _notify_loop /usr/local/lib/python3.8/dist-packages/neutron_lib/callbacks/manager.py:192}}
Aug 29 04:16:21.091519 n-d-712142-15 neutron-server[94845]: INFO neutron.wsgi [req-d59c74c1-00b8-4817-958d-789574b7fef4 req-1a4ce952-60a3-4b2b-b788-254001851b95 tempest-ServersWithSpecificFlavorTestJSON-1443612047 tempest-ServersWithSpecificFlavorTestJSON-1443612047-project] 10.222.0.58 "GET /v2.0/ports?device_id=bfbba6fb-4dea-4777-9741-b4897252e21f HTTP/1.1" status: 200 len: 210 time: 0.0617447
Aug 29 04:16:21.100275 n-d-712142-15 neutron-server[94845]: DEBUG neutron.api.rpc.handlers.resources_rpc [None req-ca9c33a3-a5ae-430d-81f4-b7a3964861ab tempest-SecurityGroupsTestAdminJSON-1034125330 tempest-SecurityGroupsTestAdminJSON-1034125330-project-admin] Pushing event updated for resources: {'SecurityGroup': ['ID=c8f729c9-3ed4-41e7-9228-047d0bc4e68e,revision_number=1']} {{(pid=94845) push /opt/stack/neutron/neutron/api/rpc/handlers/resources_rpc.py:237}}
Aug 29 04:16:21.123445 n-d-712142-15 neutron-server[94848]: DEBUG neutron.plugins.ml2.db [None req-56bb9587-c17e-4f84-ac07-938e4c5a30bf None None] For port 793472f6-c51b-45e5-af25-f9ecca63a074, host n-d-712142-15, cleared binding levels {{(pid=94848) clear_binding_levels /opt/stack/neutron/neutron/plugins/ml2/db.py:87}}
Aug 29 04:16:21.127776 n-d-712142-15 neutron-server[94848]: DEBUG neutron.plugins.ml2.db [None req-56bb9587-c17e-4f84-ac07-938e4c5a30bf None None] For port 793472f6-c51b-45e5-af25-f9ecca63a074, host n-d-712142-15, set binding levels [PortBindingLevel(driver='openvswitch',host='n-d-712142-15',level=0,port_id=793472f6-c51b-45e5-af25-f9ecca63a074,segment=NetworkSegment(93963830-0adf-49a5-8ff7-1ec944631d54),segment_id=93963830-0adf-49a5-8ff7-1ec944631d54)] {{(pid=94848) set_binding_levels /opt/stack/neutron/neutron/plugins/ml2/db.py:59}}
Aug 29 04:16:21.134000 n-d-712142-15 neutron-server[94848]: DEBUG neutron_lib.callbacks.manager [None req-56bb9587-c17e-4f84-ac07-938e4c5a30bf None None] Notify callbacks ['neutron.plugins.ml2.plugin.SecurityGroupServerNotifierRpcMixin._notify_sg_on_port_change-4070165', 'neutron.plugins.ml2.ovo_rpc._ObjectChangeHandler.handle_event-228662', 'neutron.api.rpc.agentnotifiers.dhcp_rpc_agent_api.DhcpAgentNotifyAPI._native_event_send_dhcp_notification-627079', 'neutron.db.l3_db.L3RpcNotifierMixin._notify_gateway_port_ip_changed-8794001954353', 'neutron.db.l3_dvrscheduler_db._notify_l3_agent_port_update-8794001403926', 'neutron.db.l3_hascheduler_db._notify_l3_agent_ha_port_update-8794001403944'] for port, after_update {{(pid=94848) _notify_loop /usr/local/lib/python3.8/dist-packages/neutron_lib/callbacks/manager.py:192}}
Aug 29 04:16:21.141611 n-d-712142-15 neutron-server[94846]: DEBUG neutron.db.db_base_plugin_common [None req-9e453605-5dce-4d6a-ae39-e369a84af0a5 admin admin] Allocated IP 172.20.0.1 (695a6f65-14b0-4f20-937c-2dc7961fbfa0/27fd8442-79f6-46be-a4ca-f9582dd29a0f/27c382a1-df8e-4b9f-9851-8f0694a8e148) {{(pid=94846) _store_ip_allocation /opt/stack/neutron/neutron/db/db_base_plugin_common.py:131}}
Aug 29 04:16:21.216823 n-d-712142-15 neutron-server[94848]: DEBUG neutron.db.l3_dvrscheduler_db [None req-56bb9587-c17e-4f84-ac07-938e4c5a30bf None None] Routers {'5f2a4a7c-c2e0-401e-8187-ca1d26b542b5'} bound to L3 agent in host n-d-712142-15 {{(pid=94848) _get_router_ids_for_agent /opt/stack/neutron/neutron/db/l3_dvrscheduler_db.py:420}}
Aug 29 04:16:21.217559 n-d-712142-15 neutron-server[94848]: DEBUG neutron.db.l3_hamode_db [None req-56bb9587-c17e-4f84-ac07-938e4c5a30bf None None] neutron.services.l3_router.l3_router_plugin.L3RouterPlugin method get_ha_sync_data_for_host called with arguments (, 'n-d-712142-15', Agent(admin_state_up=True,agent_type='L3 agent',availability_zone='nova',binary='neutron-l3-agent',configurations={"agent_mode": "legacy", "ex_gw_ports": 3, "extensions": [], "floating_ips": 0, "handle_internal_only_routers": true, "interface_driver": "openvswitch", "interfaces": 3, "log_agent_heartbeats": false, "routers": 3},created_at=2021-08-29T04:05:50Z,description=,heartbeat_timestamp=2021-08-29T04:16:20Z,host='n-d-712142-15',id=d0bbcb32-8e93-43db-beb2-34fcadeaf55d,load=0,resource_versions=,resources_synced=,started_at=2021-08-29T04:05:50Z,topic='l3_agent')) {'router_ids': ['5f2a4a7c-c2e0-401e-8187-ca1d26b542b5'], 'active': True} {{(pid=94848) wrapper /usr/local/lib/python3.8/dist-packages/oslo_log/helpers.py:65}}
Aug 29 04:16:21.222608 n-d-712142-15 neutron-server[94848]: DEBUG neutron.api.rpc.handlers.resources_rpc [None req-94f4b0f1-901c-425a-bb49-5553432b0755 None None] Pushing event updated for resources: {'Port': ['ID=793472f6-c51b-45e5-af25-f9ecca63a074,revision_number=3']} {{(pid=94848) push /opt/stack/neutron/neutron/api/rpc/handlers/resources_rpc.py:237}}
Aug 29 04:16:21.233260 n-d-712142-15 neutron-server[94845]: DEBUG neutron_lib.callbacks.manager [None req-bf21adaf-3b99-4e88-b7db-05f7c1f9b7dd admin admin] Notify callbacks [] for security_group, precommit_create {{(pid=94845) _notify_loop /usr/local/lib/python3.8/dist-packages/neutron_lib/callbacks/manager.py:192}}
Aug 29 04:16:21.250179 n-d-712142-15 neutron-server[94845]: DEBUG neutron_lib.callbacks.manager [None req-bf21adaf-3b99-4e88-b7db-05f7c1f9b7dd admin admin] Notify callbacks ['neutron.plugins.ml2.ovo_rpc._ObjectChangeHandler.handle_event-943336'] for security_group, after_create {{(pid=94845) _notify_loop /usr/local/lib/python3.8/dist-packages/neutron_lib/callbacks/manager.py:192}}
Aug 29 04:16:21.290987 n-d-712142-15 neutron-server[94845]: DEBUG neutron.api.rpc.handlers.resources_rpc [None req-bf21adaf-3b99-4e88-b7db-05f7c1f9b7dd admin admin] Pushing event updated for resources: {'SecurityGroup': ['ID=d5a77268-846a-419e-a486-aa21adea4785,revision_number=1']} {{(pid=94845) push /opt/stack/neutron/neutron/api/rpc/handlers/resources_rpc.py:237}}
Aug 29 04:16:21.296806 n-d-712142-15 neutron-server[94845]: DEBUG neutron_lib.callbacks.manager [req-4ec62cc7-bcc9-4d21-a3af-087f8ea4d98b req-ca9c33a3-a5ae-430d-81f4-b7a3964861ab tempest-SecurityGroupsTestAdminJSON-1034125330 tempest-SecurityGroupsTestAdminJSON-1034125330-project-admin] Notify callbacks [] for security_group, before_response {{(pid=94845) _notify_loop /usr/local/lib/python3.8/dist-packages/neutron_lib/callbacks/manager.py:192}}
Aug 29 04:16:21.298753 n-d-712142-15 neutron-server[94845]: INFO neutron.wsgi [req-4ec62cc7-bcc9-4d21-a3af-087f8ea4d98b req-ca9c33a3-a5ae-430d-81f4-b7a3964861ab tempest-SecurityGroupsTestAdminJSON-1034125330 tempest-SecurityGroupsTestAdminJSON-1034125330-project-admin] 10.222.0.58 "POST /v2.0/security-groups HTTP/1.1" status: 201 len: 1780 time: 0.8560176
Aug 29 04:16:21.337647 n-d-712142-15 neutron-server[94845]: DEBUG neutron.api.v2.base [req-6ef78240-33b0-4b28-8f20-5a0644c8e566 req-2db4023d-82c4-4f58-a96d-ea420bfa313e tempest-SecurityGroupsTestAdminJSON-1034125330 tempest-SecurityGroupsTestAdminJSON-1034125330-project-admin] Request body: {'security_group': {'name': 'tempest-securitygroup-1047244643', 'description': 'tempest-description-608733518'}} {{(pid=94845) prepare_request_body /opt/stack/neutron/neutron/api/v2/base.py:730}}
Aug 29 04:16:21.345965 n-d-712142-15 neutron-server[94846]: DEBUG neutron_lib.callbacks.manager [None req-9e453605-5dce-4d6a-ae39-e369a84af0a5 admin admin] Notify callbacks [] for port, precommit_create {{(pid=94846) _notify_loop /usr/local/lib/python3.8/dist-packages/neutron_lib/callbacks/manager.py:192}}
Aug 29 04:16:21.352909 n-d-712142-15 neutron-server[94845]: INFO neutron.wsgi [None req-bf21adaf-3b99-4e88-b7db-05f7c1f9b7dd admin admin] 10.222.0.58 "GET /v2.0/security-groups?tenant_id=5359e85458d6465086b05e9e12faa9dd&name=default HTTP/1.1" status: 200 len: 2979 time: 0.6851685
Aug 29 04:16:21.356494 n-d-712142-15 neutron-server[94846]: DEBUG neutron.wsgi [-] (94846) accepted ('10.222.0.58', 58770) {{(pid=94846) server /usr/local/lib/python3.8/dist-packages/eventlet/wsgi.py:982}}
Aug 29 04:16:21.371067 n-d-712142-15 neutron-server[94845]: DEBUG neutron_lib.callbacks.manager [req-6ef78240-33b0-4b28-8f20-5a0644c8e566 req-2db4023d-82c4-4f58-a96d-ea420bfa313e tempest-SecurityGroupsTestAdminJSON-1034125330 tempest-SecurityGroupsTestAdminJSON-1034125330-project-admin] Notify callbacks [] for security_group, before_create {{(pid=94845) _notify_loop /usr/local/lib/python3.8/dist-packages/neutron_lib/callbacks/manager.py:192}}
Aug 29 04:16:21.383893 n-d-712142-15 neutron-server[94848]: DEBUG neutron.db.l3_dvr_db [None req-56bb9587-c17e-4f84-ac07-938e4c5a30bf None None] Set router 5f2a4a7c-c2e0-401e-8187-ca1d26b542b5 gateway port host: n-d-712142-15 {{(pid=94848) _build_routers_list /opt/stack/neutron/neutron/db/l3_dvr_db.py:906}}
Aug 29 04:16:21.387526 n-d-712142-15 neutron-server[94846]: DEBUG neutron.db.provisioning_blocks [None req-9e453605-5dce-4d6a-ae39-e369a84af0a5 admin admin] Transition to ACTIVE for port object 27c382a1-df8e-4b9f-9851-8f0694a8e148 will not be triggered until provisioned by entity DHCP. {{(pid=94846) add_provisioning_component /opt/stack/neutron/neutron/db/provisioning_blocks.py:73}}
Aug 29 04:16:21.448075 n-d-712142-15 neutron-server[94846]: DEBUG neutron_lib.callbacks.manager [None req-75162c27-8314-4ff6-98c2-5213b7b690e9 admin admin] Notify callbacks [] for security_group, before_delete {{(pid=94846) _notify_loop /usr/local/lib/python3.8/dist-packages/neutron_lib/callbacks/manager.py:192}}
Aug 29 04:16:21.468565 n-d-712142-15 neutron-server[94845]: DEBUG neutron_lib.callbacks.manager [req-6ef78240-33b0-4b28-8f20-5a0644c8e566 req-2db4023d-82c4-4f58-a96d-ea420bfa313e tempest-SecurityGroupsTestAdminJSON-1034125330 tempest-SecurityGroupsTestAdminJSON-1034125330-project-admin] Notify callbacks [] for security_group, precommit_create {{(pid=94845) _notify_loop /usr/local/lib/python3.8/dist-packages/neutron_lib/callbacks/manager.py:192}}
Aug 29 04:16:21.479126 n-d-712142-15 neutron-server[94845]: DEBUG neutron_lib.callbacks.manager [req-6ef78240-33b0-4b28-8f20-5a0644c8e566 req-2db4023d-82c4-4f58-a96d-ea420bfa313e tempest-SecurityGroupsTestAdminJSON-1034125330 tempest-SecurityGroupsTestAdminJSON-1034125330-project-admin] Notify callbacks ['neutron.plugins.ml2.ovo_rpc._ObjectChangeHandler.handle_event-943336'] for security_group, after_create {{(pid=94845) _notify_loop /usr/local/lib/python3.8/dist-packages/neutron_lib/callbacks/manager.py:192}}
Aug 29 04:16:21.479925 n-d-712142-15 neutron-server[94846]: DEBUG neutron_lib.callbacks.manager [None req-9e453605-5dce-4d6a-ae39-e369a84af0a5 admin admin] Notify callbacks ['neutron.plugins.ml2.plugin.SecurityGroupServerNotifierRpcMixin._notify_sg_on_port_change-4070165', 'neutron.plugins.ml2.ovo_rpc._ObjectChangeHandler.handle_event-228662', 'neutron.api.rpc.agentnotifiers.dhcp_rpc_agent_api.DhcpAgentNotifyAPI._native_event_send_dhcp_notification-627079', 'neutron.db.l3_dvrscheduler_db._notify_l3_agent_new_port-8794001403908', 'neutron.services.segments.plugin.NovaSegmentNotifier._notify_port_created_or_deleted-25487022'] for port, after_create {{(pid=94846) _notify_loop /usr/local/lib/python3.8/dist-packages/neutron_lib/callbacks/manager.py:192}}
Aug 29 04:16:21.483045 n-d-712142-15 neutron-server[94846]: DEBUG neutron_lib.callbacks.manager [None req-75162c27-8314-4ff6-98c2-5213b7b690e9 admin admin] Notify callbacks [] for security_group, precommit_delete {{(pid=94846) _notify_loop /usr/local/lib/python3.8/dist-packages/neutron_lib/callbacks/manager.py:192}}
Aug 29 04:16:21.515584 n-d-712142-15 neutron-server[94845]: DEBUG neutron_lib.callbacks.manager [req-6ef78240-33b0-4b28-8f20-5a0644c8e566 req-2db4023d-82c4-4f58-a96d-ea420bfa313e tempest-SecurityGroupsTestAdminJSON-1034125330 tempest-SecurityGroupsTestAdminJSON-1034125330-project-admin] Notify callbacks [] for security_group, before_response {{(pid=94845) _notify_loop /usr/local/lib/python3.8/dist-packages/neutron_lib/callbacks/manager.py:192}}
Aug 29 04:16:21.516980 n-d-712142-15 neutron-server[94845]: INFO neutron.wsgi [req-6ef78240-33b0-4b28-8f20-5a0644c8e566 req-2db4023d-82c4-4f58-a96d-ea420bfa313e tempest-SecurityGroupsTestAdminJSON-1034125330 tempest-SecurityGroupsTestAdminJSON-1034125330-project-admin] 10.222.0.58 "POST /v2.0/security-groups HTTP/1.1" status: 201 len: 1782 time: 0.1894412
Aug 29 04:16:21.518961 n-d-712142-15 neutron-server[94845]: DEBUG neutron.api.rpc.handlers.resources_rpc [None req-2db4023d-82c4-4f58-a96d-ea420bfa313e tempest-SecurityGroupsTestAdminJSON-1034125330 tempest-SecurityGroupsTestAdminJSON-1034125330-project-admin] Pushing event updated for resources: {'SecurityGroup': ['ID=2d5d4ba5-d0db-4265-9baf-83fced937890,revision_number=1']} {{(pid=94845) push /opt/stack/neutron/neutron/api/rpc/handlers/resources_rpc.py:237}}
Aug 29 04:16:21.559901 n-d-712142-15 neutron-server[94846]: DEBUG neutron.api.rpc.handlers.resources_rpc [None req-9e453605-5dce-4d6a-ae39-e369a84af0a5 admin admin] Pushing event updated for resources: {'Port': ['ID=27c382a1-df8e-4b9f-9851-8f0694a8e148,revision_number=1']} {{(pid=94846) push /opt/stack/neutron/neutron/api/rpc/handlers/resources_rpc.py:237}}
Aug 29 04:16:21.602260 n-d-712142-15 neutron-server[94846]: DEBUG neutron.scheduler.dhcp_agent_scheduler [None req-9e453605-5dce-4d6a-ae39-e369a84af0a5 admin admin] Network 695a6f65-14b0-4f20-937c-2dc7961fbfa0 is already hosted by enough agents. {{(pid=94846) _get_dhcp_agents_hosting_network /opt/stack/neutron/neutron/scheduler/dhcp_agent_scheduler.py:275}}
Aug 29 04:16:21.607058 n-d-712142-15 neutron-server[94846]: DEBUG neutron.scheduler.base_scheduler [None req-9e453605-5dce-4d6a-ae39-e369a84af0a5 admin admin] Resources bound (agent type, host, resource id): {{(pid=94846) schedule /opt/stack/neutron/neutron/scheduler/base_scheduler.py:57}}
Aug 29 04:16:21.610605 n-d-712142-15 neutron-server[94846]: DEBUG neutron.db.l3_dvrscheduler_db [None req-9e453605-5dce-4d6a-ae39-e369a84af0a5 admin admin] Received port after_create {{(pid=94846) _notify_l3_agent_new_port /opt/stack/neutron/neutron/db/l3_dvrscheduler_db.py:535}}
Aug 29 04:16:21.670694 n-d-712142-15 neutron-server[94846]: DEBUG neutron_lib.callbacks.manager [None req-9e453605-5dce-4d6a-ae39-e369a84af0a5 admin admin] Notify callbacks ['neutron.services.l3_router.l3_router_plugin.DVRResourceOperationHandler._add_csnat_on_interface_create-535016'] for router_interface, before_create {{(pid=94846) _notify_loop /usr/local/lib/python3.8/dist-packages/neutron_lib/callbacks/manager.py:192}}
Aug 29 04:16:21.715405 n-d-712142-15 neutron-server[94848]: DEBUG neutron.db.l3_hamode_db [None req-56bb9587-c17e-4f84-ac07-938e4c5a30bf None None] neutron.services.l3_router.l3_router_plugin.L3RouterPlugin method _process_sync_ha_data called with arguments (, [{'id': '5f2a4a7c-c2e0-401e-8187-ca1d26b542b5', 'name': 'tempest-FloatingIPsAssociationTestJSON-1760446665-router', 'tenant_id': '6da80d5a92a94c6c9496d3e11818557e', 'admin_state_up': True, 'status': 'ACTIVE', 'external_gateway_info': {'network_id': 'e42a4987-68cc-4c0b-b903-50a81ecdbb98', 'external_fixed_ips': [{'subnet_id': '2e6b107e-d477-4985-805a-aecdcb5c7bbe', 'ip_address': '172.25.1.205'}], 'enable_snat': True}, 'gw_port_id': '793472f6-c51b-45e5-af25-f9ecca63a074', 'description': '', 'availability_zones': ['nova'], 'distributed': False, 'ha': False, 'ha_vr_id': 0, 'availability_zone_hints': [], 'routes': [], 'flavor_id': None, 'tags': [], 'created_at': '2021-08-29T04:16:17Z', 'updated_at': '2021-08-29T04:16:18Z', 'revision_number': 3, 'project_id': '6da80d5a92a94c6c9496d3e11818557e', 'gw_port': {'id': '793472f6-c51b-45e5-af25-f9ecca63a074', 'name': '', 'network_id': 'e42a4987-68cc-4c0b-b903-50a81ecdbb98', 'tenant_id': '', 'mac_address': 'fa:16:3e:00:5c:a3', 'admin_state_up': True, 'status': 'DOWN', 'device_id': '5f2a4a7c-c2e0-401e-8187-ca1d26b542b5', 'device_owner': 'network:router_gateway', 'standard_attr_id': 199, 'fixed_ips': [{'subnet_id': '2e6b107e-d477-4985-805a-aecdcb5c7bbe', 'ip_address': '172.25.1.205', 'prefixlen': 24}], 'allowed_address_pairs': [], 'extra_dhcp_opts': [], 'security_groups': [], 'description': '', 'binding:vnic_type': 'normal', 'binding:profile': {}, 'binding:host_id': 'n-d-712142-15', 'binding:vif_type': 'ovs', 'binding:vif_details': {'connectivity': 'l2', 'port_filter': True, 'ovs_hybrid_plug': False, 'datapath_type': 'system', 'bridge_name': 'br-int'}, 'port_security_enabled': False, 'tags': [], 'created_at': '2021-08-29T04:16:17Z', 'updated_at': '2021-08-29T04:16:21Z', 'revision_number': 3, 'project_id': '', 'subnets': [{'id': '2e6b107e-d477-4985-805a-aecdcb5c7bbe', 'cidr': '172.25.1.0/24', 'gateway_ip': '172.25.1.1', 'dns_nameservers': [], 'ipv6_ra_mode': None, 'subnetpool_id': None}], 'extra_subnets': [], 'address_scopes': {4: None, 6: None}, 'mtu': 1500}, 'enable_snat': True, 'gw_port_host': 'n-d-712142-15'}], 'n-d-712142-15', False) {} {{(pid=94848) wrapper /usr/local/lib/python3.8/dist-packages/oslo_log/helpers.py:65}}
Aug 29 04:16:21.783939 n-d-712142-15 neutron-server[94848]: DEBUG neutron.api.rpc.handlers.l3_rpc [None req-56bb9587-c17e-4f84-ac07-938e4c5a30bf None None] The sync data for ids ['5f2a4a7c-c2e0-401e-8187-ca1d26b542b5'] in n-d-712142-15 is: [{'id': '5f2a4a7c-c2e0-401e-8187-ca1d26b542b5', 'name': 'tempest-FloatingIPsAssociationTestJSON-1760446665-router', 'tenant_id': '6da80d5a92a94c6c9496d3e11818557e', 'admin_state_up': True, 'status': 'ACTIVE', 'external_gateway_info': {'network_id': 'e42a4987-68cc-4c0b-b903-50a81ecdbb98', 'external_fixed_ips': [{'subnet_id': '2e6b107e-d477-4985-805a-aecdcb5c7bbe', 'ip_address': '172.25.1.205'}], 'enable_snat': True}, 'gw_port_id': '793472f6-c51b-45e5-af25-f9ecca63a074', 'description': '', 'availability_zones': ['nova'], 'distributed': False, 'ha': False, 'ha_vr_id': 0, 'availability_zone_hints': [], 'routes': [], 'flavor_id': None, 'tags': [], 'created_at': '2021-08-29T04:16:17Z', 'updated_at': '2021-08-29T04:16:18Z', 'revision_number': 3, 'project_id': '6da80d5a92a94c6c9496d3e11818557e', 'gw_port': {'id': '793472f6-c51b-45e5-af25-f9ecca63a074', 'name': '', 'network_id': 'e42a4987-68cc-4c0b-b903-50a81ecdbb98', 'tenant_id': '', 'mac_address': 'fa:16:3e:00:5c:a3', 'admin_state_up': True, 'status': 'DOWN', 'device_id': '5f2a4a7c-c2e0-401e-8187-ca1d26b542b5', 'device_owner': 'network:router_gateway', 'standard_attr_id': 199, 'fixed_ips': [{'subnet_id': '2e6b107e-d477-4985-805a-aecdcb5c7bbe', 'ip_address': '172.25.1.205', 'prefixlen': 24}], 'allowed_address_pairs': [], 'extra_dhcp_opts': [], 'security_groups': [], 'description': '', 'binding:vnic_type': 'normal', 'binding:profile': {}, 'binding:host_id': 'n-d-712142-15', 'binding:vif_type': 'ovs', 'binding:vif_details': {'connectivity': 'l2', 'port_filter': True, 'ovs_hybrid_plug': False, 'datapath_type': 'system', 'bridge_name': 'br-int'}, 'port_security_enabled': False, 'tags': [], 'created_at': '2021-08-29T04:16:17Z', 'updated_at': '2021-08-29T04:16:21Z', 'revision_number': 3, 'project_id': '', 'subnets': [{'id': '2e6b107e-d477-4985-805a-aecdcb5c7bbe', 'cidr': '172.25.1.0/24', 'gateway_ip': '172.25.1.1', 'dns_nameservers': [], 'ipv6_ra_mode': None, 'subnetpool_id': None}], 'extra_subnets': [], 'address_scopes': {4: None, 6: None}, 'mtu': 1500}, 'enable_snat': True, 'gw_port_host': 'n-d-712142-15'}] {{(pid=94848) sync_routers /opt/stack/neutron/neutron/api/rpc/handlers/l3_rpc.py:137}}
Aug 29 04:16:21.798960 n-d-712142-15 neutron-server[94846]: DEBUG neutron_lib.callbacks.manager [None req-75162c27-8314-4ff6-98c2-5213b7b690e9 admin admin] Notify callbacks ['neutron.plugins.ml2.ovo_rpc._ObjectChangeHandler.handle_event-943336'] for security_group, after_delete {{(pid=94846) _notify_loop /usr/local/lib/python3.8/dist-packages/neutron_lib/callbacks/manager.py:192}}
Aug 29 04:16:21.804250 n-d-712142-15 neutron-server[94846]: DEBUG neutron_lib.callbacks.manager [None req-75162c27-8314-4ff6-98c2-5213b7b690e9 admin admin] Notify callbacks [] for security_group, before_response {{(pid=94846) _notify_loop /usr/local/lib/python3.8/dist-packages/neutron_lib/callbacks/manager.py:192}}
Aug 29 04:16:21.809360 n-d-712142-15 neutron-server[94846]: INFO neutron.wsgi [None req-75162c27-8314-4ff6-98c2-5213b7b690e9 admin admin] 10.222.0.58 "DELETE /v2.0/security-groups/d5a77268-846a-419e-a486-aa21adea4785 HTTP/1.1" status: 204 len: 168 time: 0.4474237
Aug 29 04:16:21.866310 n-d-712142-15 neutron-server[94846]: DEBUG neutron.api.rpc.handlers.resources_rpc [None req-75162c27-8314-4ff6-98c2-5213b7b690e9 admin admin] Pushing event deleted for resources: {'SecurityGroup': ['ID=d5a77268-846a-419e-a486-aa21adea4785,revision_number=None']} {{(pid=94846) push /opt/stack/neutron/neutron/api/rpc/handlers/resources_rpc.py:237}}
Aug 29 04:16:21.977351 n-d-712142-15 neutron-server[94846]: DEBUG neutron_lib.callbacks.manager [None req-9e453605-5dce-4d6a-ae39-e369a84af0a5 admin admin] Notify callbacks ['neutron.plugins.ml2.plugin.SecurityGroupDbMixin._ensure_default_security_group_handler-4070234'] for port, before_update {{(pid=94846) _notify_loop /usr/local/lib/python3.8/dist-packages/neutron_lib/callbacks/manager.py:192}}
Aug 29 04:16:22.082532 n-d-712142-15 neutron-server[94847]: DEBUG neutron.db.provisioning_blocks [None req-ebb1853e-6549-4e14-8088-d21d20dda867 None None] Provisioning for port 27c382a1-df8e-4b9f-9851-8f0694a8e148 completed by entity DHCP. {{(pid=94847) provisioning_complete /opt/stack/neutron/neutron/db/provisioning_blocks.py:133}}
Aug 29 04:16:22.092815 n-d-712142-15 neutron-server[94847]: DEBUG neutron.db.provisioning_blocks [None req-ebb1853e-6549-4e14-8088-d21d20dda867 None None] Provisioning complete for port 27c382a1-df8e-4b9f-9851-8f0694a8e148 triggered by entity DHCP. {{(pid=94847) provisioning_complete /opt/stack/neutron/neutron/db/provisioning_blocks.py:139}}
Aug 29 04:16:22.093375 n-d-712142-15 neutron-server[94847]: DEBUG neutron_lib.callbacks.manager [None req-ebb1853e-6549-4e14-8088-d21d20dda867 None None] Notify callbacks ['neutron.plugins.ml2.plugin.Ml2Plugin._port_provisioned-4110803'] for port, provisioning_complete {{(pid=94847) _notify_loop /usr/local/lib/python3.8/dist-packages/neutron_lib/callbacks/manager.py:192}}
Aug 29 04:16:22.119510 n-d-712142-15 neutron-server[94845]: INFO neutron.wsgi [req-21f82c97-8ebc-4081-86b5-981beba37e29 req-2e1032b9-e792-4b83-9820-e56b8e726f2d tempest-SecurityGroupsTestAdminJSON-1034125330 tempest-SecurityGroupsTestAdminJSON-1034125330-project-admin] 10.222.0.58 "GET /v2.0/security-groups HTTP/1.1" status: 200 len: 39551 time: 0.5806432
Aug 29 04:16:22.200510 n-d-712142-15 neutron-server[94847]: DEBUG neutron.plugins.ml2.plugin [None req-ebb1853e-6549-4e14-8088-d21d20dda867 None None] Port 27c382a1-df8e-4b9f-9851-8f0694a8e148 cannot update to ACTIVE because it is not bound. {{(pid=94847) _port_provisioned /opt/stack/neutron/neutron/plugins/ml2/plugin.py:337}}
Aug 29 04:16:22.229031 n-d-712142-15 neutron-server[94845]: INFO neutron.wsgi [req-21f82c97-8ebc-4081-86b5-981beba37e29 req-4e75c7c6-bd73-4b91-91de-21f298fd6a93 tempest-SecurityGroupsTestAdminJSON-1034125330 tempest-SecurityGroupsTestAdminJSON-1034125330-project-admin] 10.222.0.58 "GET /v2.0/security-groups/0038f90f-e7df-4e07-bebe-5cedc692fbc8 HTTP/1.1" status: 200 len: 2981 time: 0.0968678
Aug 29 04:16:22.298889 n-d-712142-15 neutron-server[94846]: DEBUG neutron_lib.callbacks.manager [None req-9e453605-5dce-4d6a-ae39-e369a84af0a5 admin admin] Notify callbacks [] for port, precommit_update {{(pid=94846) _notify_loop /usr/local/lib/python3.8/dist-packages/neutron_lib/callbacks/manager.py:192}}
Aug 29 04:16:22.309730 n-d-712142-15 neutron-server[94846]: DEBUG neutron_lib.callbacks.manager [None req-9e453605-5dce-4d6a-ae39-e369a84af0a5 admin admin] Notify callbacks ['neutron.plugins.ml2.plugin.SecurityGroupServerNotifierRpcMixin._notify_sg_on_port_change-4070165', 'neutron.plugins.ml2.ovo_rpc._ObjectChangeHandler.handle_event-228662', 'neutron.api.rpc.agentnotifiers.dhcp_rpc_agent_api.DhcpAgentNotifyAPI._native_event_send_dhcp_notification-627079', 'neutron.db.l3_db.L3RpcNotifierMixin._notify_gateway_port_ip_changed-8794001954353', 'neutron.db.l3_dvrscheduler_db._notify_l3_agent_port_update-8794001403926', 'neutron.db.l3_hascheduler_db._notify_l3_agent_ha_port_update-8794001403944', 'neutron.services.segments.plugin.NovaSegmentNotifier._notify_port_updated-25487031'] for port, after_update {{(pid=94846) _notify_loop /usr/local/lib/python3.8/dist-packages/neutron_lib/callbacks/manager.py:192}}
Aug 29 04:16:22.346556 n-d-712142-15 neutron-server[94845]: INFO neutron.wsgi [req-21f82c97-8ebc-4081-86b5-981beba37e29 req-89dc3f80-b9b9-4865-ae40-937a35af3209 tempest-SecurityGroupsTestAdminJSON-1034125330 tempest-SecurityGroupsTestAdminJSON-1034125330-project-admin] 10.222.0.58 "GET /v2.0/security-groups/0038f90f-e7df-4e07-bebe-5cedc692fbc8 HTTP/1.1" status: 200 len: 2981 time: 0.1096337
Aug 29 04:16:22.394557 n-d-712142-15 neutron-server[94846]: DEBUG neutron_lib.callbacks.manager [None req-9e453605-5dce-4d6a-ae39-e369a84af0a5 admin admin] Notify callbacks ['neutron.api.rpc.agentnotifiers.dhcp_rpc_agent_api.DhcpAgentNotifyAPI._after_router_interface_created-627113', 'neutron.services.l3_router.l3_router_plugin.DVRResourceOperationHandler._update_snat_v6_addrs_after_intf_update-533047'] for router_interface, after_create {{(pid=94846) _notify_loop /usr/local/lib/python3.8/dist-packages/neutron_lib/callbacks/manager.py:192}}
Aug 29 04:16:22.403786 n-d-712142-15 neutron-server[94846]: DEBUG neutron.api.rpc.handlers.resources_rpc [None req-9e453605-5dce-4d6a-ae39-e369a84af0a5 admin admin] Pushing event updated for resources: {'Port': ['ID=27c382a1-df8e-4b9f-9851-8f0694a8e148,revision_number=2']} {{(pid=94846) push /opt/stack/neutron/neutron/api/rpc/handlers/resources_rpc.py:237}}
Aug 29 04:16:22.433113 n-d-712142-15 neutron-server[94845]: INFO neutron.wsgi [req-50340adf-dd30-4b8d-8984-5607baa4512f req-614848b6-a126-4a46-918d-a6c1aac62dcc tempest-ServersWithSpecificFlavorTestJSON-1443612047 tempest-ServersWithSpecificFlavorTestJSON-1443612047-project] 10.222.0.58 "GET /v2.0/ports?device_id=bfbba6fb-4dea-4777-9741-b4897252e21f HTTP/1.1" status: 200 len: 210 time: 0.0598817
Aug 29 04:16:22.440455 n-d-712142-15 neutron-server[94845]: DEBUG neutron.wsgi [-] (94845) accepted ('10.222.0.58', 58810) {{(pid=94845) server /usr/local/lib/python3.8/dist-packages/eventlet/wsgi.py:982}}
Aug 29 04:16:22.469351 n-d-712142-15 neutron-server[94845]: INFO neutron.wsgi [req-21f82c97-8ebc-4081-86b5-981beba37e29 req-d077c55a-10b4-4dc6-994f-45ba3f4ee0eb tempest-SecurityGroupsTestAdminJSON-1034125330 tempest-SecurityGroupsTestAdminJSON-1034125330-project-admin] 10.222.0.58 "GET /v2.0/security-groups/26f3fbc1-3c3b-4b3c-a7b9-a0f3f5dd7d7b HTTP/1.1" status: 200 len: 2981 time: 0.1104486
Aug 29 04:16:22.471084 n-d-712142-15 neutron-server[94845]: DEBUG neutron_lib.callbacks.manager [None req-ce107315-9e46-4094-8958-ceccdac755ff admin admin] Notify callbacks [] for security_group, before_create {{(pid=94845) _notify_loop /usr/local/lib/python3.8/dist-packages/neutron_lib/callbacks/manager.py:192}}
Aug 29 04:16:22.520295 n-d-712142-15 neutron-server[94846]: INFO neutron.wsgi [req-89229130-6dbf-42c9-9ab3-cfb5c37ed9f1 req-b1cc2a1c-e625-47cc-8213-c5b43f4e1883 tempest-ServersWithSpecificFlavorTestJSON-1443612047 tempest-ServersWithSpecificFlavorTestJSON-1443612047-project] 10.222.0.64 "GET /v2.0/security-groups?fields=id&fields=name&tenant_id=f2e716e685f94bacab12863007e2e9cb HTTP/1.1" status: 200 len: 380 time: 0.0678279
Aug 29 04:16:22.541329 n-d-712142-15 neutron-server[94846]: DEBUG neutron.api.v2.base [req-89229130-6dbf-42c9-9ab3-cfb5c37ed9f1 req-f3d1e6bc-b22e-4199-98c1-a30dfe75c690 tempest-ServersWithSpecificFlavorTestJSON-1443612047 tempest-ServersWithSpecificFlavorTestJSON-1443612047-project] Request body: {'port': {'device_id': 'bfbba6fb-4dea-4777-9741-b4897252e21f', 'network_id': '88c820f7-ea8c-4ad4-923c-cc18d957b3a7', 'admin_state_up': True, 'tenant_id': 'f2e716e685f94bacab12863007e2e9cb', 'security_groups': ['8c3bd026-9dc5-4666-92ff-04c1d397a5bf']}} {{(pid=94846) prepare_request_body /opt/stack/neutron/neutron/api/v2/base.py:730}}
Aug 29 04:16:22.564507 n-d-712142-15 neutron-server[94845]: INFO neutron.wsgi [req-21f82c97-8ebc-4081-86b5-981beba37e29 req-03bcc14f-fd56-4f5e-aa03-2a660b11dda2 tempest-SecurityGroupsTestAdminJSON-1034125330 tempest-SecurityGroupsTestAdminJSON-1034125330-project-admin] 10.222.0.58 "GET /v2.0/security-groups/26f3fbc1-3c3b-4b3c-a7b9-a0f3f5dd7d7b HTTP/1.1" status: 200 len: 2981 time: 0.0823090
Aug 29 04:16:22.619667 n-d-712142-15 neutron-server[94846]: DEBUG neutron.scheduler.dhcp_agent_scheduler [None req-9e453605-5dce-4d6a-ae39-e369a84af0a5 admin admin] Network 695a6f65-14b0-4f20-937c-2dc7961fbfa0 is already hosted by enough agents. {{(pid=94846) _get_dhcp_agents_hosting_network /opt/stack/neutron/neutron/scheduler/dhcp_agent_scheduler.py:275}}
Aug 29 04:16:22.625060 n-d-712142-15 neutron-server[94846]: DEBUG neutron.scheduler.base_scheduler [None req-9e453605-5dce-4d6a-ae39-e369a84af0a5 admin admin] Resources bound (agent type, host, resource id): {{(pid=94846) schedule /opt/stack/neutron/neutron/scheduler/base_scheduler.py:57}}
Aug 29 04:16:22.669744 n-d-712142-15 neutron-server[94845]: INFO neutron.wsgi [req-21f82c97-8ebc-4081-86b5-981beba37e29 req-ea2265df-6f97-488b-addd-fc7ce2bd091b tempest-SecurityGroupsTestAdminJSON-1034125330 tempest-SecurityGroupsTestAdminJSON-1034125330-project-admin] 10.222.0.58 "GET /v2.0/security-groups/3a571e08-87f6-40f0-8f4a-d20e0278b609 HTTP/1.1" status: 200 len: 2977 time: 0.0928674
Aug 29 04:16:22.684537 n-d-712142-15 neutron-server[94847]: DEBUG neutron_lib.callbacks.manager [None req-47d1c750-8076-4693-9317-dacc1a188e91 None None] Notify callbacks ['neutron.services.segments.db._update_segment_host_mapping_for_agent-8794001929436', 'neutron.plugins.ml2.plugin.Ml2Plugin._retry_binding_revived_agents-4110688'] for agent, after_update {{(pid=94847) _notify_loop /usr/local/lib/python3.8/dist-packages/neutron_lib/callbacks/manager.py:192}}
Aug 29 04:16:22.690130 n-d-712142-15 neutron-server[94845]: DEBUG neutron_lib.callbacks.manager [None req-ce107315-9e46-4094-8958-ceccdac755ff admin admin] Notify callbacks [] for security_group, precommit_create {{(pid=94845) _notify_loop /usr/local/lib/python3.8/dist-packages/neutron_lib/callbacks/manager.py:192}}
Aug 29 04:16:22.722041 n-d-712142-15 neutron-server[94845]: DEBUG neutron_lib.callbacks.manager [None req-ce107315-9e46-4094-8958-ceccdac755ff admin admin] Notify callbacks ['neutron.plugins.ml2.ovo_rpc._ObjectChangeHandler.handle_event-943336'] for security_group, after_create {{(pid=94845) _notify_loop /usr/local/lib/python3.8/dist-packages/neutron_lib/callbacks/manager.py:192}}
Aug 29 04:16:22.774239 n-d-712142-15 neutron-server[94847]: DEBUG neutron.plugins.ml2.rpc [None req-cb8f7ea7-4d68-4f51-993f-9e108fdc613f None None] Device 793472f6-c51b-45e5-af25-f9ecca63a074 up at agent ovs-agent-n-d-712142-15 {{(pid=94847) update_device_up /opt/stack/neutron/neutron/plugins/ml2/rpc.py:296}}
Aug 29 04:16:22.826911 n-d-712142-15 neutron-server[94846]: DEBUG neutron.pecan_wsgi.hooks.quota_enforcement [req-89229130-6dbf-42c9-9ab3-cfb5c37ed9f1 req-f3d1e6bc-b22e-4199-98c1-a30dfe75c690 tempest-ServersWithSpecificFlavorTestJSON-1443612047 tempest-ServersWithSpecificFlavorTestJSON-1443612047-project] Made reservation on behalf of f2e716e685f94bacab12863007e2e9cb for: {'port': 1} {{(pid=94846) before /opt/stack/neutron/neutron/pecan_wsgi/hooks/quota_enforcement.py:53}}
Aug 29 04:16:22.830641 n-d-712142-15 neutron-server[94846]: DEBUG neutron_lib.callbacks.manager [req-89229130-6dbf-42c9-9ab3-cfb5c37ed9f1 req-f3d1e6bc-b22e-4199-98c1-a30dfe75c690 tempest-ServersWithSpecificFlavorTestJSON-1443612047 tempest-ServersWithSpecificFlavorTestJSON-1443612047-project] Notify callbacks ['neutron.plugins.ml2.plugin.SecurityGroupDbMixin._ensure_default_security_group_handler-4070234'] for port, before_create {{(pid=94846) _notify_loop /usr/local/lib/python3.8/dist-packages/neutron_lib/callbacks/manager.py:192}}
Aug 29 04:16:22.838107 n-d-712142-15 neutron-server[94845]: DEBUG neutron.api.rpc.handlers.resources_rpc [None req-ce107315-9e46-4094-8958-ceccdac755ff admin admin] Pushing event updated for resources: {'SecurityGroup': ['ID=93972ed3-d201-4403-a1c0-baac6e7f30d8,revision_number=1']} {{(pid=94845) push /opt/stack/neutron/neutron/api/rpc/handlers/resources_rpc.py:237}}
Aug 29 04:16:22.851899 n-d-712142-15 neutron-server[94845]: INFO neutron.wsgi [None req-ce107315-9e46-4094-8958-ceccdac755ff admin admin] 10.222.0.58 "GET /v2.0/security-groups?tenant_id=d57d86fab6364a9f9b28986aaaeb5751&name=default HTTP/1.1" status: 200 len: 2979 time: 0.4073091
Aug 29 04:16:22.857464 n-d-712142-15 neutron-server[94846]: DEBUG neutron.wsgi [-] (94846) accepted ('10.222.0.58', 58824) {{(pid=94846) server /usr/local/lib/python3.8/dist-packages/eventlet/wsgi.py:982}}
Aug 29 04:16:22.881855 n-d-712142-15 neutron-server[94845]: INFO neutron.wsgi [req-21f82c97-8ebc-4081-86b5-981beba37e29 req-9a230e86-ec79-4f27-ab0a-67ea3ed34927 tempest-SecurityGroupsTestAdminJSON-1034125330 tempest-SecurityGroupsTestAdminJSON-1034125330-project-admin] 10.222.0.58 "GET /v2.0/security-groups/3a571e08-87f6-40f0-8f4a-d20e0278b609 HTTP/1.1" status: 200 len: 2977 time: 0.1948004
Aug 29 04:16:22.950194 n-d-712142-15 neutron-server[94847]: DEBUG neutron.db.provisioning_blocks [None req-cb8f7ea7-4d68-4f51-993f-9e108fdc613f None None] Provisioning for port 793472f6-c51b-45e5-af25-f9ecca63a074 completed by entity L2. {{(pid=94847) provisioning_complete /opt/stack/neutron/neutron/db/provisioning_blocks.py:133}}
Aug 29 04:16:22.966567 n-d-712142-15 neutron-server[94847]: DEBUG neutron.db.provisioning_blocks [None req-cb8f7ea7-4d68-4f51-993f-9e108fdc613f None None] Provisioning complete for port 793472f6-c51b-45e5-af25-f9ecca63a074 triggered by entity L2. {{(pid=94847) provisioning_complete /opt/stack/neutron/neutron/db/provisioning_blocks.py:139}}
Aug 29 04:16:22.970016 n-d-712142-15 neutron-server[94847]: DEBUG neutron_lib.callbacks.manager [None req-cb8f7ea7-4d68-4f51-993f-9e108fdc613f None None] Notify callbacks ['neutron.plugins.ml2.plugin.Ml2Plugin._port_provisioned-4110803'] for port, provisioning_complete {{(pid=94847) _notify_loop /usr/local/lib/python3.8/dist-packages/neutron_lib/callbacks/manager.py:192}}
Aug 29 04:16:22.984746 n-d-712142-15 neutron-server[94845]: INFO neutron.wsgi [req-21f82c97-8ebc-4081-86b5-981beba37e29 req-f3190ae7-6bcb-460d-808f-34650fbfd28a tempest-SecurityGroupsTestAdminJSON-1034125330 tempest-SecurityGroupsTestAdminJSON-1034125330-project-admin] 10.222.0.58 "GET /v2.0/security-groups/510848d7-93ad-4486-bd72-7829446adf88 HTTP/1.1" status: 200 len: 2977 time: 0.0910132
Aug 29 04:16:23.085943 n-d-712142-15 neutron-server[94845]: INFO neutron.wsgi [req-21f82c97-8ebc-4081-86b5-981beba37e29 req-db43db8d-9830-48b7-ab1a-a2df69b0c9ec tempest-SecurityGroupsTestAdminJSON-1034125330 tempest-SecurityGroupsTestAdminJSON-1034125330-project-admin] 10.222.0.58 "GET /v2.0/security-groups/510848d7-93ad-4486-bd72-7829446adf88 HTTP/1.1" status: 200 len: 2977 time: 0.0899220
Aug 29 04:16:23.158791 n-d-712142-15 neutron-server[94847]: DEBUG neutron_lib.callbacks.manager [None req-cb8f7ea7-4d68-4f51-993f-9e108fdc613f None None] Notify callbacks ['neutron.plugins.ml2.plugin.SecurityGroupDbMixin._ensure_default_security_group_handler-4070234'] for port, before_update {{(pid=94847) _notify_loop /usr/local/lib/python3.8/dist-packages/neutron_lib/callbacks/manager.py:192}}
Aug 29 04:16:23.169919 n-d-712142-15 neutron-server[94846]: DEBUG neutron.db.db_base_plugin_common [req-89229130-6dbf-42c9-9ab3-cfb5c37ed9f1 req-f3d1e6bc-b22e-4199-98c1-a30dfe75c690 tempest-ServersWithSpecificFlavorTestJSON-1443612047 tempest-ServersWithSpecificFlavorTestJSON-1443612047-project] Allocated IP 172.20.0.9 (88c820f7-ea8c-4ad4-923c-cc18d957b3a7/abd62eca-6575-4cb6-a4f3-a8e6b82f5ce8/4a95a57f-31f4-4646-9a9a-aeef1ebbc8e7) {{(pid=94846) _store_ip_allocation /opt/stack/neutron/neutron/db/db_base_plugin_common.py:131}}
